I20260710 13:15:10.498908   431 raft_consensus.cc:2243] T e018c10243db4a77a86a64958c047e2e P 4cb179d0da5e4b60820f47df052657eb [term 1 FOLLOWER]: Raft consensus shutting down.
I20260710 13:15:10.499310   431 raft_consensus.cc:2272] T e018c10243db4a77a86a64958c047e2e P 4cb179d0da5e4b60820f47df052657eb [term 1 FOLLOWER]: Raft consensus is shut down!
I20260710 13:15:10.500900   431 tablet_replica.cc:333] T 69a271f1e3a14f4d96820e9807e67abe P 4cb179d0da5e4b60820f47df052657eb: stopping tablet replica
I20260710 13:15:10.501366   431 raft_consensus.cc:2243] T 69a271f1e3a14f4d96820e9807e67abe P 4cb179d0da5e4b60820f47df052657eb [term 2 FOLLOWER]: Raft consensus shutting down.
I20260710 13:15:10.501722   431 raft_consensus.cc:2272] T 69a271f1e3a14f4d96820e9807e67abe P 4cb179d0da5e4b60820f47df052657eb [term 2 FOLLOWER]: Raft consensus is shut down!
I20260710 13:15:10.503815   431 tablet_replica.cc:333] T 394d430e8ec1478396c48df050b09d63 P 4cb179d0da5e4b60820f47df052657eb: stopping tablet replica
I20260710 13:15:10.504292   431 raft_consensus.cc:2243] T 394d430e8ec1478396c48df050b09d63 P 4cb179d0da5e4b60820f47df052657eb [term 5 LEADER]: Raft consensus shutting down.
I20260710 13:15:10.504961   431 raft_consensus.cc:2272] T 394d430e8ec1478396c48df050b09d63 P 4cb179d0da5e4b60820f47df052657eb [term 5 FOLLOWER]: Raft consensus is shut down!
I20260710 13:15:10.506839   431 tablet_replica.cc:333] T 05690021024d4be397080c205b42219a P 4cb179d0da5e4b60820f47df052657eb: stopping tablet replica
I20260710 13:15:10.507318   431 raft_consensus.cc:2243] T 05690021024d4be397080c205b42219a P 4cb179d0da5e4b60820f47df052657eb [term 3 FOLLOWER]: Raft consensus shutting down.
I20260710 13:15:10.507800   431 raft_consensus.cc:2272] T 05690021024d4be397080c205b42219a P 4cb179d0da5e4b60820f47df052657eb [term 3 FOLLOWER]: Raft consensus is shut down!
I20260710 13:15:10.509274   431 tablet_replica.cc:333] T 49f24b8b5af74a6ba56c5e4e432147e4 P 4cb179d0da5e4b60820f47df052657eb: stopping tablet replica
I20260710 13:15:10.509708   431 raft_consensus.cc:2243] T 49f24b8b5af74a6ba56c5e4e432147e4 P 4cb179d0da5e4b60820f47df052657eb [term 2 FOLLOWER]: Raft consensus shutting down.
I20260710 13:15:10.510097   431 raft_consensus.cc:2272] T 49f24b8b5af74a6ba56c5e4e432147e4 P 4cb179d0da5e4b60820f47df052657eb [term 2 FOLLOWER]: Raft consensus is shut down!
I20260710 13:15:10.511530   431 tablet_replica.cc:333] T 1cca25e68bec475fbf6d80dd503de1e1 P 4cb179d0da5e4b60820f47df052657eb: stopping tablet replica
I20260710 13:15:10.511989   431 raft_consensus.cc:2243] T 1cca25e68bec475fbf6d80dd503de1e1 P 4cb179d0da5e4b60820f47df052657eb [term 2 FOLLOWER]: Raft consensus shutting down.
I20260710 13:15:10.512384   431 raft_consensus.cc:2272] T 1cca25e68bec475fbf6d80dd503de1e1 P 4cb179d0da5e4b60820f47df052657eb [term 2 FOLLOWER]: Raft consensus is shut down!
I20260710 13:15:10.514128   431 tablet_replica.cc:333] T e46ff95b5a154b4a8d5fe7ceb8849393 P 4cb179d0da5e4b60820f47df052657eb: stopping tablet replica
I20260710 13:15:10.514542   431 raft_consensus.cc:2243] T e46ff95b5a154b4a8d5fe7ceb8849393 P 4cb179d0da5e4b60820f47df052657eb [term 2 FOLLOWER]: Raft consensus shutting down.
I20260710 13:15:10.514961   431 raft_consensus.cc:2272] T e46ff95b5a154b4a8d5fe7ceb8849393 P 4cb179d0da5e4b60820f47df052657eb [term 2 FOLLOWER]: Raft consensus is shut down!
I20260710 13:15:10.540700   431 tablet_server.cc:196] TabletServer@127.0.107.195:0 shutdown complete.
I20260710 13:15:10.558090   431 master.cc:562] Master@127.0.107.254:38575 shutting down...
I20260710 13:15:10.576663   431 raft_consensus.cc:2243] T 00000000000000000000000000000000 P f647f7ef068a425e923ff6f18713cee5 [term 1 LEADER]: Raft consensus shutting down.
I20260710 13:15:10.577231   431 raft_consensus.cc:2272] T 00000000000000000000000000000000 P f647f7ef068a425e923ff6f18713cee5 [term 1 FOLLOWER]: Raft consensus is shut down!
I20260710 13:15:10.577554   431 tablet_replica.cc:333] T 00000000000000000000000000000000 P f647f7ef068a425e923ff6f18713cee5: stopping tablet replica
I20260710 13:15:10.597414   431 master.cc:584] Master@127.0.107.254:38575 shutdown complete.
1996062163b64c55a342ef35173f0226  5
4cb179d0da5e4b60820f47df052657eb  1
985965322c2b4594b8588bf3b39bb266  4
[       OK ] LeaderRebalancerTest.FunctionalTestForNotDivided (10348 ms)
[ RUN      ] LeaderRebalancerTest.AddTserver
I20260710 13:15:10.636819   431 internal_mini_cluster.cc:156] Creating distributed mini masters. Addrs: 127.0.107.254:44175
I20260710 13:15:10.637818   431 file_cache.cc:504] Constructed file cache file cache with capacity 419430
W20260710 13:15:10.642772  1460 instance_detector.cc:116] could not retrieve AWS instance metadata: Network error: curl error: HTTP response code said error: The requested URL returned error: 404
W20260710 13:15:10.642867  1461 instance_detector.cc:116] could not retrieve Azure instance metadata: Network error: curl error: HTTP response code said error: The requested URL returned error: 404
W20260710 13:15:10.644088  1463 instance_detector.cc:116] could not retrieve OpenStack instance metadata: Network error: curl error: HTTP response code said error: The requested URL returned error: 404
I20260710 13:15:10.645583   431 server_base.cc:1061] running on GCE node
I20260710 13:15:10.646324   431 hybrid_clock.cc:584] initializing the hybrid clock with 'system_unsync' time source
W20260710 13:15:10.646525   431 system_unsync_time.cc:38] NTP support is disabled. Clock error bounds will not be accurate. This configuration is not suitable for distributed clusters.
I20260710 13:15:10.646699   431 hybrid_clock.cc:648] HybridClock initialized: now 1783689310646680 us; error 0 us; skew 500 ppm
I20260710 13:15:10.647214   431 server_base.cc:861] Flag tcmalloc_max_total_thread_cache_bytes is not working since tcmalloc is not enabled.
I20260710 13:15:10.649489   431 webserver.cc:533] Webserver started at http://127.0.107.254:37125/ using document root <none> and password file <none>
I20260710 13:15:10.649966   431 fs_manager.cc:362] Metadata directory not provided
I20260710 13:15:10.650149   431 fs_manager.cc:368] Using write-ahead log directory (fs_wal_dir) as metadata directory
I20260710 13:15:10.650445   431 server_base.cc:909] This appears to be a new deployment of Kudu; creating new FS layout
I20260710 13:15:10.651482   431 fs_manager.cc:1068] Generated new instance metadata in path /tmp/dist-test-taskRbNpbS/test-tmp/auto_leader_rebalancer-test.0.LeaderRebalancerTest.AddTserver.1783689285136570-431-0/minicluster-data/master-0-root/instance:
uuid: "9a193eafc7d74e87afdd5a5472740091"
format_stamp: "Formatted at 2026-07-10 13:15:10 on dist-test-slave-g05l"
I20260710 13:15:10.655965   431 fs_manager.cc:696] Time spent creating directory manager: real 0.004s	user 0.003s	sys 0.001s
I20260710 13:15:10.659123  1468 log_block_manager.cc:4127] Time spent loading block containers with low live blocks: real 0.000s	user 0.000s	sys 0.000s
I20260710 13:15:10.659977   431 fs_manager.cc:730] Time spent opening block manager: real 0.002s	user 0.003s	sys 0.000s
I20260710 13:15:10.660261   431 fs_manager.cc:647] Opened local filesystem: /tmp/dist-test-taskRbNpbS/test-tmp/auto_leader_rebalancer-test.0.LeaderRebalancerTest.AddTserver.1783689285136570-431-0/minicluster-data/master-0-root
uuid: "9a193eafc7d74e87afdd5a5472740091"
format_stamp: "Formatted at 2026-07-10 13:15:10 on dist-test-slave-g05l"
I20260710 13:15:10.660562   431 fs_report.cc:389] FS layout report
--------------------
wal directory: /tmp/dist-test-taskRbNpbS/test-tmp/auto_leader_rebalancer-test.0.LeaderRebalancerTest.AddTserver.1783689285136570-431-0/minicluster-data/master-0-root
metadata directory: /tmp/dist-test-taskRbNpbS/test-tmp/auto_leader_rebalancer-test.0.LeaderRebalancerTest.AddTserver.1783689285136570-431-0/minicluster-data/master-0-root
1 data directories: /tmp/dist-test-taskRbNpbS/test-tmp/auto_leader_rebalancer-test.0.LeaderRebalancerTest.AddTserver.1783689285136570-431-0/minicluster-data/master-0-root/data
Total live blocks: 0
Total live bytes: 0
Total live bytes (after alignment): 0
Total number of LBM containers: 0 (0 full)
Did not check for missing blocks
Did not check for orphaned blocks
Total full LBM containers with extra space: 0 (0 repaired)
Total full LBM container extra space in bytes: 0 (0 repaired)
Total incomplete LBM containers: 0 (0 repaired)
Total LBM partial records: 0 (0 repaired)
Total corrupted LBM metadata records in RocksDB: 0 (0 repaired)
I20260710 13:15:10.670543   431 rpc_server.cc:225] running with OpenSSL 1.1.1  11 Sep 2018
I20260710 13:15:10.671625   431 kserver.cc:163] Server-wide thread pool size limit: 3276
I20260710 13:15:10.707863   431 rpc_server.cc:307] RPC server started. Bound to: 127.0.107.254:44175
I20260710 13:15:10.707955  1519 acceptor_pool.cc:272] collecting diagnostics on the listening RPC socket 127.0.107.254:44175 every 8 connection(s)
I20260710 13:15:10.711496  1520 data_dirs.cc:400] Could only allocate 1 dirs of requested 3 for tablet 00000000000000000000000000000000. 1 dirs total, 0 dirs full, 0 dirs failed
I20260710 13:15:10.721227  1520 tablet_bootstrap.cc:492] T 00000000000000000000000000000000 P 9a193eafc7d74e87afdd5a5472740091: Bootstrap starting.
I20260710 13:15:10.733762  1520 tablet_bootstrap.cc:654] T 00000000000000000000000000000000 P 9a193eafc7d74e87afdd5a5472740091: Neither blocks nor log segments found. Creating new log.
I20260710 13:15:10.739266  1520 tablet_bootstrap.cc:492] T 00000000000000000000000000000000 P 9a193eafc7d74e87afdd5a5472740091: No bootstrap required, opened a new log
I20260710 13:15:10.741384  1520 raft_consensus.cc:359] T 00000000000000000000000000000000 P 9a193eafc7d74e87afdd5a5472740091 [term 0 FOLLOWER]: Replica starting. Triggering 0 pending ops. Active config: opid_index: -1 OBSOLETE_local: true peers { permanent_uuid: "9a193eafc7d74e87afdd5a5472740091" member_type: VOTER }
I20260710 13:15:10.741750  1520 raft_consensus.cc:385] T 00000000000000000000000000000000 P 9a193eafc7d74e87afdd5a5472740091 [term 0 FOLLOWER]: Consensus starting up: Expiring failure detector timer to make a prompt election more likely
I20260710 13:15:10.741989  1520 raft_consensus.cc:740] T 00000000000000000000000000000000 P 9a193eafc7d74e87afdd5a5472740091 [term 0 FOLLOWER]: Becoming Follower/Learner. State: Replica: 9a193eafc7d74e87afdd5a5472740091, State: Initialized, Role: FOLLOWER
I20260710 13:15:10.742444  1520 consensus_queue.cc:260] T 00000000000000000000000000000000 P 9a193eafc7d74e87afdd5a5472740091 [NON_LEADER]: Queue going to NON_LEADER mode. State: All replicated index: 0, Majority replicated index: 0, Committed index: 0, Last appended: 0.0, Last appended by leader: 0, Current term: 0, Majority size: -1, State: 0, Mode: NON_LEADER, active raft config: opid_index: -1 OBSOLETE_local: true peers { permanent_uuid: "9a193eafc7d74e87afdd5a5472740091" member_type: VOTER }
I20260710 13:15:10.742895  1520 raft_consensus.cc:399] T 00000000000000000000000000000000 P 9a193eafc7d74e87afdd5a5472740091 [term 0 FOLLOWER]: Only one voter in the Raft config. Triggering election immediately
I20260710 13:15:10.743095  1520 raft_consensus.cc:493] T 00000000000000000000000000000000 P 9a193eafc7d74e87afdd5a5472740091 [term 0 FOLLOWER]: Starting leader election (initial election of a single-replica configuration)
I20260710 13:15:10.743294  1520 raft_consensus.cc:3060] T 00000000000000000000000000000000 P 9a193eafc7d74e87afdd5a5472740091 [term 0 FOLLOWER]: Advancing to term 1
I20260710 13:15:10.840600  1520 raft_consensus.cc:515] T 00000000000000000000000000000000 P 9a193eafc7d74e87afdd5a5472740091 [term 1 FOLLOWER]: Starting leader election with config: opid_index: -1 OBSOLETE_local: true peers { permanent_uuid: "9a193eafc7d74e87afdd5a5472740091" member_type: VOTER }
I20260710 13:15:10.841365  1520 leader_election.cc:304] T 00000000000000000000000000000000 P 9a193eafc7d74e87afdd5a5472740091 [CANDIDATE]: Term 1 election: Election decided. Result: candidate won. Election summary: received 1 responses out of 1 voters: 1 yes votes; 0 no votes. yes voters: 9a193eafc7d74e87afdd5a5472740091; no voters: 
I20260710 13:15:10.842800  1520 leader_election.cc:290] T 00000000000000000000000000000000 P 9a193eafc7d74e87afdd5a5472740091 [CANDIDATE]: Term 1 election: Requested vote from peers 
I20260710 13:15:10.843225  1523 raft_consensus.cc:2804] T 00000000000000000000000000000000 P 9a193eafc7d74e87afdd5a5472740091 [term 1 FOLLOWER]: Leader election won for term 1
I20260710 13:15:10.845176  1523 raft_consensus.cc:697] T 00000000000000000000000000000000 P 9a193eafc7d74e87afdd5a5472740091 [term 1 LEADER]: Becoming Leader. State: Replica: 9a193eafc7d74e87afdd5a5472740091, State: Running, Role: LEADER
I20260710 13:15:10.846004  1520 sys_catalog.cc:565] T 00000000000000000000000000000000 P 9a193eafc7d74e87afdd5a5472740091 [sys.catalog]: configured and running, proceeding with master startup.
I20260710 13:15:10.845875  1523 consensus_queue.cc:237] T 00000000000000000000000000000000 P 9a193eafc7d74e87afdd5a5472740091 [LEADER]: Queue going to LEADER mode. State: All replicated index: 0, Majority replicated index: 0, Committed index: 0, Last appended: 0.0, Last appended by leader: 0, Current term: 1, Majority size: 1, State: 0, Mode: LEADER, active raft config: opid_index: -1 OBSOLETE_local: true peers { permanent_uuid: "9a193eafc7d74e87afdd5a5472740091" member_type: VOTER }
I20260710 13:15:10.850267  1524 sys_catalog.cc:455] T 00000000000000000000000000000000 P 9a193eafc7d74e87afdd5a5472740091 [sys.catalog]: SysCatalogTable state changed. Reason: RaftConsensus started. Latest consensus state: current_term: 1 leader_uuid: "9a193eafc7d74e87afdd5a5472740091" committed_config { opid_index: -1 OBSOLETE_local: true peers { permanent_uuid: "9a193eafc7d74e87afdd5a5472740091" member_type: VOTER } }
I20260710 13:15:10.850898  1524 sys_catalog.cc:458] T 00000000000000000000000000000000 P 9a193eafc7d74e87afdd5a5472740091 [sys.catalog]: This master's current role is: LEADER
I20260710 13:15:10.852069  1525 sys_catalog.cc:455] T 00000000000000000000000000000000 P 9a193eafc7d74e87afdd5a5472740091 [sys.catalog]: SysCatalogTable state changed. Reason: New leader 9a193eafc7d74e87afdd5a5472740091. Latest consensus state: current_term: 1 leader_uuid: "9a193eafc7d74e87afdd5a5472740091" committed_config { opid_index: -1 OBSOLETE_local: true peers { permanent_uuid: "9a193eafc7d74e87afdd5a5472740091" member_type: VOTER } }
I20260710 13:15:10.852649  1525 sys_catalog.cc:458] T 00000000000000000000000000000000 P 9a193eafc7d74e87afdd5a5472740091 [sys.catalog]: This master's current role is: LEADER
I20260710 13:15:10.854400  1530 catalog_manager.cc:1511] Loading table and tablet metadata into memory...
I20260710 13:15:10.860683  1530 catalog_manager.cc:1520] Initializing Kudu cluster ID...
I20260710 13:15:10.861764   431 internal_mini_cluster.cc:184] Waiting to initialize catalog manager on master 0
I20260710 13:15:10.868602  1530 catalog_manager.cc:1383] Generated new cluster ID: ed873a3d2618445084fe681f51c90a1a
I20260710 13:15:10.868856  1530 catalog_manager.cc:1531] Initializing Kudu internal certificate authority...
I20260710 13:15:10.889050  1530 catalog_manager.cc:1406] Generated new certificate authority record
I20260710 13:15:10.890167  1530 catalog_manager.cc:1540] Loading token signing keys...
I20260710 13:15:10.900465  1530 catalog_manager.cc:6070] T 00000000000000000000000000000000 P 9a193eafc7d74e87afdd5a5472740091: Generated new TSK 0
I20260710 13:15:10.900976  1530 catalog_manager.cc:1550] Initializing in-progress tserver states...
I20260710 13:15:10.927809   431 file_cache.cc:504] Constructed file cache file cache with capacity 419430
W20260710 13:15:10.933593  1541 instance_detector.cc:116] could not retrieve AWS instance metadata: Network error: curl error: HTTP response code said error: The requested URL returned error: 404
W20260710 13:15:10.934864  1542 instance_detector.cc:116] could not retrieve Azure instance metadata: Network error: curl error: HTTP response code said error: The requested URL returned error: 404
W20260710 13:15:10.938136  1544 instance_detector.cc:116] could not retrieve OpenStack instance metadata: Network error: curl error: HTTP response code said error: The requested URL returned error: 404
I20260710 13:15:10.939611   431 server_base.cc:1061] running on GCE node
I20260710 13:15:10.940497   431 hybrid_clock.cc:584] initializing the hybrid clock with 'system_unsync' time source
W20260710 13:15:10.940712   431 system_unsync_time.cc:38] NTP support is disabled. Clock error bounds will not be accurate. This configuration is not suitable for distributed clusters.
I20260710 13:15:10.940893   431 hybrid_clock.cc:648] HybridClock initialized: now 1783689310940876 us; error 0 us; skew 500 ppm
I20260710 13:15:10.941457   431 server_base.cc:861] Flag tcmalloc_max_total_thread_cache_bytes is not working since tcmalloc is not enabled.
I20260710 13:15:10.945245   431 webserver.cc:533] Webserver started at http://127.0.107.193:46845/ using document root <none> and password file <none>
I20260710 13:15:10.945744   431 fs_manager.cc:362] Metadata directory not provided
I20260710 13:15:10.945959   431 fs_manager.cc:368] Using write-ahead log directory (fs_wal_dir) as metadata directory
I20260710 13:15:10.946226   431 server_base.cc:909] This appears to be a new deployment of Kudu; creating new FS layout
I20260710 13:15:10.947305   431 fs_manager.cc:1068] Generated new instance metadata in path /tmp/dist-test-taskRbNpbS/test-tmp/auto_leader_rebalancer-test.0.LeaderRebalancerTest.AddTserver.1783689285136570-431-0/minicluster-data/ts-0-root/instance:
uuid: "0cc66c8a029f43c395299e27f7ca7368"
format_stamp: "Formatted at 2026-07-10 13:15:10 on dist-test-slave-g05l"
I20260710 13:15:10.952365   431 fs_manager.cc:696] Time spent creating directory manager: real 0.004s	user 0.003s	sys 0.001s
I20260710 13:15:10.955382  1549 log_block_manager.cc:4127] Time spent loading block containers with low live blocks: real 0.000s	user 0.000s	sys 0.000s
I20260710 13:15:10.956243   431 fs_manager.cc:730] Time spent opening block manager: real 0.002s	user 0.002s	sys 0.001s
I20260710 13:15:10.956486   431 fs_manager.cc:647] Opened local filesystem: /tmp/dist-test-taskRbNpbS/test-tmp/auto_leader_rebalancer-test.0.LeaderRebalancerTest.AddTserver.1783689285136570-431-0/minicluster-data/ts-0-root
uuid: "0cc66c8a029f43c395299e27f7ca7368"
format_stamp: "Formatted at 2026-07-10 13:15:10 on dist-test-slave-g05l"
I20260710 13:15:10.956717   431 fs_report.cc:389] FS layout report
--------------------
wal directory: /tmp/dist-test-taskRbNpbS/test-tmp/auto_leader_rebalancer-test.0.LeaderRebalancerTest.AddTserver.1783689285136570-431-0/minicluster-data/ts-0-root
metadata directory: /tmp/dist-test-taskRbNpbS/test-tmp/auto_leader_rebalancer-test.0.LeaderRebalancerTest.AddTserver.1783689285136570-431-0/minicluster-data/ts-0-root
1 data directories: /tmp/dist-test-taskRbNpbS/test-tmp/auto_leader_rebalancer-test.0.LeaderRebalancerTest.AddTserver.1783689285136570-431-0/minicluster-data/ts-0-root/data
Total live blocks: 0
Total live bytes: 0
Total live bytes (after alignment): 0
Total number of LBM containers: 0 (0 full)
Did not check for missing blocks
Did not check for orphaned blocks
Total full LBM containers with extra space: 0 (0 repaired)
Total full LBM container extra space in bytes: 0 (0 repaired)
Total incomplete LBM containers: 0 (0 repaired)
Total LBM partial records: 0 (0 repaired)
Total corrupted LBM metadata records in RocksDB: 0 (0 repaired)
I20260710 13:15:10.981020   431 rpc_server.cc:225] running with OpenSSL 1.1.1  11 Sep 2018
I20260710 13:15:10.982103   431 kserver.cc:163] Server-wide thread pool size limit: 3276
I20260710 13:15:10.983408   431 txn_system_client.cc:432] TxnSystemClient initialization is disabled...
I20260710 13:15:10.986123   431 ts_tablet_manager.cc:585] Loaded tablet metadata (0 total tablets, 0 live tablets)
I20260710 13:15:10.986337   431 ts_tablet_manager.cc:531] Time spent load tablet metadata: real 0.000s	user 0.000s	sys 0.000s
I20260710 13:15:10.986577   431 ts_tablet_manager.cc:616] Registered 0 tablets
I20260710 13:15:10.986761   431 ts_tablet_manager.cc:595] Time spent register tablets: real 0.000s	user 0.000s	sys 0.000s
I20260710 13:15:11.025345   431 rpc_server.cc:307] RPC server started. Bound to: 127.0.107.193:40855
I20260710 13:15:11.025530  1611 acceptor_pool.cc:272] collecting diagnostics on the listening RPC socket 127.0.107.193:40855 every 8 connection(s)
I20260710 13:15:11.030053   431 file_cache.cc:504] Constructed file cache file cache with capacity 419430
W20260710 13:15:11.036284  1616 instance_detector.cc:116] could not retrieve AWS instance metadata: Network error: curl error: HTTP response code said error: The requested URL returned error: 404
W20260710 13:15:11.038610  1617 instance_detector.cc:116] could not retrieve Azure instance metadata: Network error: curl error: HTTP response code said error: The requested URL returned error: 404
W20260710 13:15:11.039374  1619 instance_detector.cc:116] could not retrieve OpenStack instance metadata: Network error: curl error: HTTP response code said error: The requested URL returned error: 404
I20260710 13:15:11.040872   431 server_base.cc:1061] running on GCE node
I20260710 13:15:11.041647   431 hybrid_clock.cc:584] initializing the hybrid clock with 'system_unsync' time source
W20260710 13:15:11.041851   431 system_unsync_time.cc:38] NTP support is disabled. Clock error bounds will not be accurate. This configuration is not suitable for distributed clusters.
I20260710 13:15:11.042012   431 hybrid_clock.cc:648] HybridClock initialized: now 1783689311041999 us; error 0 us; skew 500 ppm
I20260710 13:15:11.042558   431 server_base.cc:861] Flag tcmalloc_max_total_thread_cache_bytes is not working since tcmalloc is not enabled.
I20260710 13:15:11.046759   431 webserver.cc:533] Webserver started at http://127.0.107.194:33531/ using document root <none> and password file <none>
I20260710 13:15:11.047308   431 fs_manager.cc:362] Metadata directory not provided
I20260710 13:15:11.047565   431 fs_manager.cc:368] Using write-ahead log directory (fs_wal_dir) as metadata directory
I20260710 13:15:11.047757  1612 heartbeater.cc:344] Connected to a master server at 127.0.107.254:44175
I20260710 13:15:11.047931   431 server_base.cc:909] This appears to be a new deployment of Kudu; creating new FS layout
I20260710 13:15:11.048117  1612 heartbeater.cc:461] Registering TS with master...
I20260710 13:15:11.048991  1612 heartbeater.cc:507] Master 127.0.107.254:44175 requested a full tablet report, sending...
I20260710 13:15:11.049399   431 fs_manager.cc:1068] Generated new instance metadata in path /tmp/dist-test-taskRbNpbS/test-tmp/auto_leader_rebalancer-test.0.LeaderRebalancerTest.AddTserver.1783689285136570-431-0/minicluster-data/ts-1-root/instance:
uuid: "620fed031e5b4cc0ac885c2fc2670386"
format_stamp: "Formatted at 2026-07-10 13:15:11 on dist-test-slave-g05l"
I20260710 13:15:11.051251  1485 ts_manager.cc:194] Registered new tserver with Master: 0cc66c8a029f43c395299e27f7ca7368 (127.0.107.193:40855)
I20260710 13:15:11.053195  1485 master_service.cc:502] Signed X509 certificate for tserver {username='slave'} at 127.0.0.1:48930
I20260710 13:15:11.054167   431 fs_manager.cc:696] Time spent creating directory manager: real 0.004s	user 0.005s	sys 0.001s
I20260710 13:15:11.057797  1624 log_block_manager.cc:4127] Time spent loading block containers with low live blocks: real 0.000s	user 0.000s	sys 0.000s
I20260710 13:15:11.058512   431 fs_manager.cc:730] Time spent opening block manager: real 0.002s	user 0.000s	sys 0.002s
I20260710 13:15:11.058768   431 fs_manager.cc:647] Opened local filesystem: /tmp/dist-test-taskRbNpbS/test-tmp/auto_leader_rebalancer-test.0.LeaderRebalancerTest.AddTserver.1783689285136570-431-0/minicluster-data/ts-1-root
uuid: "620fed031e5b4cc0ac885c2fc2670386"
format_stamp: "Formatted at 2026-07-10 13:15:11 on dist-test-slave-g05l"
I20260710 13:15:11.059049   431 fs_report.cc:389] FS layout report
--------------------
wal directory: /tmp/dist-test-taskRbNpbS/test-tmp/auto_leader_rebalancer-test.0.LeaderRebalancerTest.AddTserver.1783689285136570-431-0/minicluster-data/ts-1-root
metadata directory: /tmp/dist-test-taskRbNpbS/test-tmp/auto_leader_rebalancer-test.0.LeaderRebalancerTest.AddTserver.1783689285136570-431-0/minicluster-data/ts-1-root
1 data directories: /tmp/dist-test-taskRbNpbS/test-tmp/auto_leader_rebalancer-test.0.LeaderRebalancerTest.AddTserver.1783689285136570-431-0/minicluster-data/ts-1-root/data
Total live blocks: 0
Total live bytes: 0
Total live bytes (after alignment): 0
Total number of LBM containers: 0 (0 full)
Did not check for missing blocks
Did not check for orphaned blocks
Total full LBM containers with extra space: 0 (0 repaired)
Total full LBM container extra space in bytes: 0 (0 repaired)
Total incomplete LBM containers: 0 (0 repaired)
Total LBM partial records: 0 (0 repaired)
Total corrupted LBM metadata records in RocksDB: 0 (0 repaired)
I20260710 13:15:11.078790   431 rpc_server.cc:225] running with OpenSSL 1.1.1  11 Sep 2018
I20260710 13:15:11.079970   431 kserver.cc:163] Server-wide thread pool size limit: 3276
I20260710 13:15:11.081331   431 txn_system_client.cc:432] TxnSystemClient initialization is disabled...
I20260710 13:15:11.083366   431 ts_tablet_manager.cc:585] Loaded tablet metadata (0 total tablets, 0 live tablets)
I20260710 13:15:11.083572   431 ts_tablet_manager.cc:531] Time spent load tablet metadata: real 0.000s	user 0.000s	sys 0.000s
I20260710 13:15:11.083819   431 ts_tablet_manager.cc:616] Registered 0 tablets
I20260710 13:15:11.083992   431 ts_tablet_manager.cc:595] Time spent register tablets: real 0.000s	user 0.000s	sys 0.000s
I20260710 13:15:11.121775   431 rpc_server.cc:307] RPC server started. Bound to: 127.0.107.194:38341
I20260710 13:15:11.121896  1686 acceptor_pool.cc:272] collecting diagnostics on the listening RPC socket 127.0.107.194:38341 every 8 connection(s)
I20260710 13:15:11.126292   431 file_cache.cc:504] Constructed file cache file cache with capacity 419430
W20260710 13:15:11.133147  1690 instance_detector.cc:116] could not retrieve AWS instance metadata: Network error: curl error: HTTP response code said error: The requested URL returned error: 404
W20260710 13:15:11.134752  1691 instance_detector.cc:116] could not retrieve Azure instance metadata: Network error: curl error: HTTP response code said error: The requested URL returned error: 404
I20260710 13:15:11.136323   431 server_base.cc:1061] running on GCE node
W20260710 13:15:11.137202  1693 instance_detector.cc:116] could not retrieve OpenStack instance metadata: Network error: curl error: HTTP response code said error: The requested URL returned error: 404
I20260710 13:15:11.138661  1687 heartbeater.cc:344] Connected to a master server at 127.0.107.254:44175
I20260710 13:15:11.138787   431 hybrid_clock.cc:584] initializing the hybrid clock with 'system_unsync' time source
I20260710 13:15:11.139042  1687 heartbeater.cc:461] Registering TS with master...
W20260710 13:15:11.139072   431 system_unsync_time.cc:38] NTP support is disabled. Clock error bounds will not be accurate. This configuration is not suitable for distributed clusters.
I20260710 13:15:11.139447   431 hybrid_clock.cc:648] HybridClock initialized: now 1783689311139428 us; error 0 us; skew 500 ppm
I20260710 13:15:11.139981  1687 heartbeater.cc:507] Master 127.0.107.254:44175 requested a full tablet report, sending...
I20260710 13:15:11.140044   431 server_base.cc:861] Flag tcmalloc_max_total_thread_cache_bytes is not working since tcmalloc is not enabled.
I20260710 13:15:11.142616   431 webserver.cc:533] Webserver started at http://127.0.107.195:39741/ using document root <none> and password file <none>
I20260710 13:15:11.143210   431 fs_manager.cc:362] Metadata directory not provided
I20260710 13:15:11.143430   431 fs_manager.cc:368] Using write-ahead log directory (fs_wal_dir) as metadata directory
I20260710 13:15:11.143728   431 server_base.cc:909] This appears to be a new deployment of Kudu; creating new FS layout
I20260710 13:15:11.145069   431 fs_manager.cc:1068] Generated new instance metadata in path /tmp/dist-test-taskRbNpbS/test-tmp/auto_leader_rebalancer-test.0.LeaderRebalancerTest.AddTserver.1783689285136570-431-0/minicluster-data/ts-2-root/instance:
uuid: "833c0c35a1f3486fab7c5842dd9b1f93"
format_stamp: "Formatted at 2026-07-10 13:15:11 on dist-test-slave-g05l"
I20260710 13:15:11.142205  1485 ts_manager.cc:194] Registered new tserver with Master: 620fed031e5b4cc0ac885c2fc2670386 (127.0.107.194:38341)
I20260710 13:15:11.148247  1485 master_service.cc:502] Signed X509 certificate for tserver {username='slave'} at 127.0.0.1:48932
I20260710 13:15:11.151294   431 fs_manager.cc:696] Time spent creating directory manager: real 0.006s	user 0.006s	sys 0.000s
I20260710 13:15:11.154341  1698 log_block_manager.cc:4127] Time spent loading block containers with low live blocks: real 0.000s	user 0.000s	sys 0.000s
I20260710 13:15:11.155050   431 fs_manager.cc:730] Time spent opening block manager: real 0.002s	user 0.000s	sys 0.002s
I20260710 13:15:11.155324   431 fs_manager.cc:647] Opened local filesystem: /tmp/dist-test-taskRbNpbS/test-tmp/auto_leader_rebalancer-test.0.LeaderRebalancerTest.AddTserver.1783689285136570-431-0/minicluster-data/ts-2-root
uuid: "833c0c35a1f3486fab7c5842dd9b1f93"
format_stamp: "Formatted at 2026-07-10 13:15:11 on dist-test-slave-g05l"
I20260710 13:15:11.155582   431 fs_report.cc:389] FS layout report
--------------------
wal directory: /tmp/dist-test-taskRbNpbS/test-tmp/auto_leader_rebalancer-test.0.LeaderRebalancerTest.AddTserver.1783689285136570-431-0/minicluster-data/ts-2-root
metadata directory: /tmp/dist-test-taskRbNpbS/test-tmp/auto_leader_rebalancer-test.0.LeaderRebalancerTest.AddTserver.1783689285136570-431-0/minicluster-data/ts-2-root
1 data directories: /tmp/dist-test-taskRbNpbS/test-tmp/auto_leader_rebalancer-test.0.LeaderRebalancerTest.AddTserver.1783689285136570-431-0/minicluster-data/ts-2-root/data
Total live blocks: 0
Total live bytes: 0
Total live bytes (after alignment): 0
Total number of LBM containers: 0 (0 full)
Did not check for missing blocks
Did not check for orphaned blocks
Total full LBM containers with extra space: 0 (0 repaired)
Total full LBM container extra space in bytes: 0 (0 repaired)
Total incomplete LBM containers: 0 (0 repaired)
Total LBM partial records: 0 (0 repaired)
Total corrupted LBM metadata records in RocksDB: 0 (0 repaired)
I20260710 13:15:11.169574   431 rpc_server.cc:225] running with OpenSSL 1.1.1  11 Sep 2018
I20260710 13:15:11.170681   431 kserver.cc:163] Server-wide thread pool size limit: 3276
I20260710 13:15:11.172150   431 txn_system_client.cc:432] TxnSystemClient initialization is disabled...
I20260710 13:15:11.174238   431 ts_tablet_manager.cc:585] Loaded tablet metadata (0 total tablets, 0 live tablets)
I20260710 13:15:11.174413   431 ts_tablet_manager.cc:531] Time spent load tablet metadata: real 0.000s	user 0.000s	sys 0.000s
I20260710 13:15:11.174696   431 ts_tablet_manager.cc:616] Registered 0 tablets
I20260710 13:15:11.174880   431 ts_tablet_manager.cc:595] Time spent register tablets: real 0.000s	user 0.000s	sys 0.000s
I20260710 13:15:11.213347   431 rpc_server.cc:307] RPC server started. Bound to: 127.0.107.195:38609
I20260710 13:15:11.213433  1760 acceptor_pool.cc:272] collecting diagnostics on the listening RPC socket 127.0.107.195:38609 every 8 connection(s)
I20260710 13:15:11.226516  1761 heartbeater.cc:344] Connected to a master server at 127.0.107.254:44175
I20260710 13:15:11.226845  1761 heartbeater.cc:461] Registering TS with master...
I20260710 13:15:11.227483  1761 heartbeater.cc:507] Master 127.0.107.254:44175 requested a full tablet report, sending...
I20260710 13:15:11.229336  1485 ts_manager.cc:194] Registered new tserver with Master: 833c0c35a1f3486fab7c5842dd9b1f93 (127.0.107.195:38609)
I20260710 13:15:11.230188   431 internal_mini_cluster.cc:371] 3 TS(s) registered with all masters after 0.013551835s
I20260710 13:15:11.230716  1485 master_service.cc:502] Signed X509 certificate for tserver {username='slave'} at 127.0.0.1:48940
I20260710 13:15:11.255270  1485 catalog_manager.cc:2283] Servicing CreateTable request from {username='slave'} at 127.0.0.1:48956:
name: "test-workload"
schema {
  columns {
    name: "key"
    type: INT32
    is_key: true
    is_nullable: false
    encoding: AUTO_ENCODING
    compression: DEFAULT_COMPRESSION
    cfile_block_size: 0
    immutable: false
  }
  columns {
    name: "int_val"
    type: INT32
    is_key: false
    is_nullable: false
    encoding: AUTO_ENCODING
    compression: DEFAULT_COMPRESSION
    cfile_block_size: 0
    immutable: false
  }
  columns {
    name: "string_val"
    type: STRING
    is_key: false
    is_nullable: true
    encoding: AUTO_ENCODING
    compression: DEFAULT_COMPRESSION
    cfile_block_size: 0
    immutable: false
  }
}
num_replicas: 3
split_rows_range_bounds {
  rows: "\004\001\000UUU\005\004\001\000\252\252\252\n\004\001\000\377\377\377\017\004\001\000TUU\025\004\001\000\251\252\252\032\004\001\000\376\377\377\037\004\001\000SUU%\004\001\000\250\252\252*\004\001\000\375\377\377/\004\001\000RUU5\004\001\000\247\252\252:\004\001\000\374\377\377?\004\001\000QUUE\004\001\000\246\252\252J\004\001\000\373\377\377O\004\001\000PUUU\004\001\000\245\252\252Z\004\001\000\372\377\377_\004\001\000OUUe\004\001\000\244\252\252j\004\001\000\371\377\377o\004\001\000NUUu\004\001\000\243\252\252z""\004\001\000UUU\005\004\001\000\252\252\252\n\004\001\000\377\377\377\017\004\001\000TUU\025\004\001\000\251\252\252\032\004\001\000\376\377\377\037\004\001\000SUU%\004\001\000\250\252\252*\004\001\000\375\377\377/\004\001\000RUU5\004\001\000\247\252\252:\004\001\000\374\377\377?\004\001\000QUUE\004\001\000\246\252\252J\004\001\000\373\377\377O\004\001\000PUUU\004\001\000\245\252\252Z\004\001\000\372\377\377_\004\001\000OUUe\004\001\000\244\252\252j\004\001\000\371\377\377o\004\001\000NUUu\004\001\000\243\252\252z"
  indirect_data: """"
}
partition_schema {
  range_schema {
    columns {
      name: "key"
    }
  }
}
W20260710 13:15:11.259250  1485 catalog_manager.cc:7077] The number of live tablet servers is not enough to re-replicate a tablet replica of the newly created table test-workload in case of a server failure: 4 tablet servers would be needed, 3 are available. Consider bringing up more tablet servers.
I20260710 13:15:11.387723  1652 tablet_service.cc:1511] Processing CreateTablet for tablet ec55c12358be46f9b26db32beccf89a0 (DEFAULT_TABLE table=test-workload [id=2f2aa9ea76ce4ebb8d16d9384788830f]), partition=RANGE (key) PARTITION VALUES < 89478485
I20260710 13:15:11.389102  1652 data_dirs.cc:400] Could only allocate 1 dirs of requested 3 for tablet ec55c12358be46f9b26db32beccf89a0. 1 dirs total, 0 dirs full, 0 dirs failed
I20260710 13:15:11.391124  1644 tablet_service.cc:1511] Processing CreateTablet for tablet 96e9f3faf03a4cab95f4c3b859bb49a9 (DEFAULT_TABLE table=test-workload [id=2f2aa9ea76ce4ebb8d16d9384788830f]), partition=RANGE (key) PARTITION 715827880 <= VALUES < 805306365
I20260710 13:15:11.391258  1645 tablet_service.cc:1511] Processing CreateTablet for tablet 5640066cca344c6a9b36290e6ff7c694 (DEFAULT_TABLE table=test-workload [id=2f2aa9ea76ce4ebb8d16d9384788830f]), partition=RANGE (key) PARTITION 626349395 <= VALUES < 715827880
I20260710 13:15:11.392485  1644 data_dirs.cc:400] Could only allocate 1 dirs of requested 3 for tablet 96e9f3faf03a4cab95f4c3b859bb49a9. 1 dirs total, 0 dirs full, 0 dirs failed
I20260710 13:15:11.393138  1646 tablet_service.cc:1511] Processing CreateTablet for tablet e886a97c6fad437ba9a4c9b73b543d3f (DEFAULT_TABLE table=test-workload [id=2f2aa9ea76ce4ebb8d16d9384788830f]), partition=RANGE (key) PARTITION 536870910 <= VALUES < 626349395
I20260710 13:15:11.394948  1643 tablet_service.cc:1511] Processing CreateTablet for tablet 41078bfc0b844c669691fb44bb6dd587 (DEFAULT_TABLE table=test-workload [id=2f2aa9ea76ce4ebb8d16d9384788830f]), partition=RANGE (key) PARTITION 805306365 <= VALUES < 894784850
I20260710 13:15:11.395063  1647 tablet_service.cc:1511] Processing CreateTablet for tablet 0b15d3769b8749b7836d26abc873def6 (DEFAULT_TABLE table=test-workload [id=2f2aa9ea76ce4ebb8d16d9384788830f]), partition=RANGE (key) PARTITION 447392425 <= VALUES < 536870910
I20260710 13:15:11.396787  1651 tablet_service.cc:1511] Processing CreateTablet for tablet 5116ab219eec4e17a7f369f377eb679d (DEFAULT_TABLE table=test-workload [id=2f2aa9ea76ce4ebb8d16d9384788830f]), partition=RANGE (key) PARTITION 89478485 <= VALUES < 178956970
I20260710 13:15:11.397007  1648 tablet_service.cc:1511] Processing CreateTablet for tablet b494b9052b3d4ab8a43e1a04716490da (DEFAULT_TABLE table=test-workload [id=2f2aa9ea76ce4ebb8d16d9384788830f]), partition=RANGE (key) PARTITION 357913940 <= VALUES < 447392425
I20260710 13:15:11.398808  1649 tablet_service.cc:1511] Processing CreateTablet for tablet 6bbffd602b474a64a1f5a7180220edff (DEFAULT_TABLE table=test-workload [id=2f2aa9ea76ce4ebb8d16d9384788830f]), partition=RANGE (key) PARTITION 268435455 <= VALUES < 357913940
I20260710 13:15:11.398813  1650 tablet_service.cc:1511] Processing CreateTablet for tablet d822a272c92e476a9739da088c8068d2 (DEFAULT_TABLE table=test-workload [id=2f2aa9ea76ce4ebb8d16d9384788830f]), partition=RANGE (key) PARTITION 178956970 <= VALUES < 268435455
I20260710 13:15:11.401113  1646 data_dirs.cc:400] Could only allocate 1 dirs of requested 3 for tablet e886a97c6fad437ba9a4c9b73b543d3f. 1 dirs total, 0 dirs full, 0 dirs failed
I20260710 13:15:11.401810  1651 data_dirs.cc:400] Could only allocate 1 dirs of requested 3 for tablet 5116ab219eec4e17a7f369f377eb679d. 1 dirs total, 0 dirs full, 0 dirs failed
I20260710 13:15:11.404232  1648 data_dirs.cc:400] Could only allocate 1 dirs of requested 3 for tablet b494b9052b3d4ab8a43e1a04716490da. 1 dirs total, 0 dirs full, 0 dirs failed
I20260710 13:15:11.405047  1645 data_dirs.cc:400] Could only allocate 1 dirs of requested 3 for tablet 5640066cca344c6a9b36290e6ff7c694. 1 dirs total, 0 dirs full, 0 dirs failed
I20260710 13:15:11.405769  1577 tablet_service.cc:1511] Processing CreateTablet for tablet ec55c12358be46f9b26db32beccf89a0 (DEFAULT_TABLE table=test-workload [id=2f2aa9ea76ce4ebb8d16d9384788830f]), partition=RANGE (key) PARTITION VALUES < 89478485
I20260710 13:15:11.407045  1577 data_dirs.cc:400] Could only allocate 1 dirs of requested 3 for tablet ec55c12358be46f9b26db32beccf89a0. 1 dirs total, 0 dirs full, 0 dirs failed
I20260710 13:15:11.406908  1575 tablet_service.cc:1511] Processing CreateTablet for tablet d822a272c92e476a9739da088c8068d2 (DEFAULT_TABLE table=test-workload [id=2f2aa9ea76ce4ebb8d16d9384788830f]), partition=RANGE (key) PARTITION 178956970 <= VALUES < 268435455
I20260710 13:15:11.408066  1649 data_dirs.cc:400] Could only allocate 1 dirs of requested 3 for tablet 6bbffd602b474a64a1f5a7180220edff. 1 dirs total, 0 dirs full, 0 dirs failed
I20260710 13:15:11.408861  1574 tablet_service.cc:1511] Processing CreateTablet for tablet 6bbffd602b474a64a1f5a7180220edff (DEFAULT_TABLE table=test-workload [id=2f2aa9ea76ce4ebb8d16d9384788830f]), partition=RANGE (key) PARTITION 268435455 <= VALUES < 357913940
I20260710 13:15:11.410465  1576 tablet_service.cc:1511] Processing CreateTablet for tablet 5116ab219eec4e17a7f369f377eb679d (DEFAULT_TABLE table=test-workload [id=2f2aa9ea76ce4ebb8d16d9384788830f]), partition=RANGE (key) PARTITION 89478485 <= VALUES < 178956970
I20260710 13:15:11.410705  1573 tablet_service.cc:1511] Processing CreateTablet for tablet b494b9052b3d4ab8a43e1a04716490da (DEFAULT_TABLE table=test-workload [id=2f2aa9ea76ce4ebb8d16d9384788830f]), partition=RANGE (key) PARTITION 357913940 <= VALUES < 447392425
I20260710 13:15:11.412058  1650 data_dirs.cc:400] Could only allocate 1 dirs of requested 3 for tablet d822a272c92e476a9739da088c8068d2. 1 dirs total, 0 dirs full, 0 dirs failed
I20260710 13:15:11.412272  1568 tablet_service.cc:1511] Processing CreateTablet for tablet 41078bfc0b844c669691fb44bb6dd587 (DEFAULT_TABLE table=test-workload [id=2f2aa9ea76ce4ebb8d16d9384788830f]), partition=RANGE (key) PARTITION 805306365 <= VALUES < 894784850
I20260710 13:15:11.413355  1571 tablet_service.cc:1511] Processing CreateTablet for tablet e886a97c6fad437ba9a4c9b73b543d3f (DEFAULT_TABLE table=test-workload [id=2f2aa9ea76ce4ebb8d16d9384788830f]), partition=RANGE (key) PARTITION 536870910 <= VALUES < 626349395
I20260710 13:15:11.413808  1725 tablet_service.cc:1511] Processing CreateTablet for tablet 5116ab219eec4e17a7f369f377eb679d (DEFAULT_TABLE table=test-workload [id=2f2aa9ea76ce4ebb8d16d9384788830f]), partition=RANGE (key) PARTITION 89478485 <= VALUES < 178956970
I20260710 13:15:11.415128  1725 data_dirs.cc:400] Could only allocate 1 dirs of requested 3 for tablet 5116ab219eec4e17a7f369f377eb679d. 1 dirs total, 0 dirs full, 0 dirs failed
I20260710 13:15:11.412101  1726 tablet_service.cc:1511] Processing CreateTablet for tablet ec55c12358be46f9b26db32beccf89a0 (DEFAULT_TABLE table=test-workload [id=2f2aa9ea76ce4ebb8d16d9384788830f]), partition=RANGE (key) PARTITION VALUES < 89478485
I20260710 13:15:11.416986  1726 data_dirs.cc:400] Could only allocate 1 dirs of requested 3 for tablet ec55c12358be46f9b26db32beccf89a0. 1 dirs total, 0 dirs full, 0 dirs failed
I20260710 13:15:11.416720  1569 tablet_service.cc:1511] Processing CreateTablet for tablet 96e9f3faf03a4cab95f4c3b859bb49a9 (DEFAULT_TABLE table=test-workload [id=2f2aa9ea76ce4ebb8d16d9384788830f]), partition=RANGE (key) PARTITION 715827880 <= VALUES < 805306365
I20260710 13:15:11.412290  1572 tablet_service.cc:1511] Processing CreateTablet for tablet 0b15d3769b8749b7836d26abc873def6 (DEFAULT_TABLE table=test-workload [id=2f2aa9ea76ce4ebb8d16d9384788830f]), partition=RANGE (key) PARTITION 447392425 <= VALUES < 536870910
I20260710 13:15:11.415184  1570 tablet_service.cc:1511] Processing CreateTablet for tablet 5640066cca344c6a9b36290e6ff7c694 (DEFAULT_TABLE table=test-workload [id=2f2aa9ea76ce4ebb8d16d9384788830f]), partition=RANGE (key) PARTITION 626349395 <= VALUES < 715827880
I20260710 13:15:11.418821  1575 data_dirs.cc:400] Could only allocate 1 dirs of requested 3 for tablet d822a272c92e476a9739da088c8068d2. 1 dirs total, 0 dirs full, 0 dirs failed
I20260710 13:15:11.422099  1572 data_dirs.cc:400] Could only allocate 1 dirs of requested 3 for tablet 0b15d3769b8749b7836d26abc873def6. 1 dirs total, 0 dirs full, 0 dirs failed
I20260710 13:15:11.424224  1569 data_dirs.cc:400] Could only allocate 1 dirs of requested 3 for tablet 96e9f3faf03a4cab95f4c3b859bb49a9. 1 dirs total, 0 dirs full, 0 dirs failed
I20260710 13:15:11.425441  1724 tablet_service.cc:1511] Processing CreateTablet for tablet d822a272c92e476a9739da088c8068d2 (DEFAULT_TABLE table=test-workload [id=2f2aa9ea76ce4ebb8d16d9384788830f]), partition=RANGE (key) PARTITION 178956970 <= VALUES < 268435455
I20260710 13:15:11.426690  1724 data_dirs.cc:400] Could only allocate 1 dirs of requested 3 for tablet d822a272c92e476a9739da088c8068d2. 1 dirs total, 0 dirs full, 0 dirs failed
I20260710 13:15:11.428442  1573 data_dirs.cc:400] Could only allocate 1 dirs of requested 3 for tablet b494b9052b3d4ab8a43e1a04716490da. 1 dirs total, 0 dirs full, 0 dirs failed
I20260710 13:15:11.432399  1571 data_dirs.cc:400] Could only allocate 1 dirs of requested 3 for tablet e886a97c6fad437ba9a4c9b73b543d3f. 1 dirs total, 0 dirs full, 0 dirs failed
I20260710 13:15:11.436360  1568 data_dirs.cc:400] Could only allocate 1 dirs of requested 3 for tablet 41078bfc0b844c669691fb44bb6dd587. 1 dirs total, 0 dirs full, 0 dirs failed
I20260710 13:15:11.441561  1574 data_dirs.cc:400] Could only allocate 1 dirs of requested 3 for tablet 6bbffd602b474a64a1f5a7180220edff. 1 dirs total, 0 dirs full, 0 dirs failed
I20260710 13:15:11.442606  1723 tablet_service.cc:1511] Processing CreateTablet for tablet 6bbffd602b474a64a1f5a7180220edff (DEFAULT_TABLE table=test-workload [id=2f2aa9ea76ce4ebb8d16d9384788830f]), partition=RANGE (key) PARTITION 268435455 <= VALUES < 357913940
I20260710 13:15:11.444031  1723 data_dirs.cc:400] Could only allocate 1 dirs of requested 3 for tablet 6bbffd602b474a64a1f5a7180220edff. 1 dirs total, 0 dirs full, 0 dirs failed
I20260710 13:15:11.444386  1576 data_dirs.cc:400] Could only allocate 1 dirs of requested 3 for tablet 5116ab219eec4e17a7f369f377eb679d. 1 dirs total, 0 dirs full, 0 dirs failed
I20260710 13:15:11.451396  1570 data_dirs.cc:400] Could only allocate 1 dirs of requested 3 for tablet 5640066cca344c6a9b36290e6ff7c694. 1 dirs total, 0 dirs full, 0 dirs failed
I20260710 13:15:11.457588  1643 data_dirs.cc:400] Could only allocate 1 dirs of requested 3 for tablet 41078bfc0b844c669691fb44bb6dd587. 1 dirs total, 0 dirs full, 0 dirs failed
I20260710 13:15:11.463057  1647 data_dirs.cc:400] Could only allocate 1 dirs of requested 3 for tablet 0b15d3769b8749b7836d26abc873def6. 1 dirs total, 0 dirs full, 0 dirs failed
I20260710 13:15:11.474615  1721 tablet_service.cc:1511] Processing CreateTablet for tablet 0b15d3769b8749b7836d26abc873def6 (DEFAULT_TABLE table=test-workload [id=2f2aa9ea76ce4ebb8d16d9384788830f]), partition=RANGE (key) PARTITION 447392425 <= VALUES < 536870910
I20260710 13:15:11.476125  1722 tablet_service.cc:1511] Processing CreateTablet for tablet b494b9052b3d4ab8a43e1a04716490da (DEFAULT_TABLE table=test-workload [id=2f2aa9ea76ce4ebb8d16d9384788830f]), partition=RANGE (key) PARTITION 357913940 <= VALUES < 447392425
I20260710 13:15:11.476999  1720 tablet_service.cc:1511] Processing CreateTablet for tablet e886a97c6fad437ba9a4c9b73b543d3f (DEFAULT_TABLE table=test-workload [id=2f2aa9ea76ce4ebb8d16d9384788830f]), partition=RANGE (key) PARTITION 536870910 <= VALUES < 626349395
I20260710 13:15:11.477519  1722 data_dirs.cc:400] Could only allocate 1 dirs of requested 3 for tablet b494b9052b3d4ab8a43e1a04716490da. 1 dirs total, 0 dirs full, 0 dirs failed
I20260710 13:15:11.478335  1720 data_dirs.cc:400] Could only allocate 1 dirs of requested 3 for tablet e886a97c6fad437ba9a4c9b73b543d3f. 1 dirs total, 0 dirs full, 0 dirs failed
I20260710 13:15:11.480888  1719 tablet_service.cc:1511] Processing CreateTablet for tablet 5640066cca344c6a9b36290e6ff7c694 (DEFAULT_TABLE table=test-workload [id=2f2aa9ea76ce4ebb8d16d9384788830f]), partition=RANGE (key) PARTITION 626349395 <= VALUES < 715827880
I20260710 13:15:11.484233  1718 tablet_service.cc:1511] Processing CreateTablet for tablet 96e9f3faf03a4cab95f4c3b859bb49a9 (DEFAULT_TABLE table=test-workload [id=2f2aa9ea76ce4ebb8d16d9384788830f]), partition=RANGE (key) PARTITION 715827880 <= VALUES < 805306365
I20260710 13:15:11.486474  1717 tablet_service.cc:1511] Processing CreateTablet for tablet 41078bfc0b844c669691fb44bb6dd587 (DEFAULT_TABLE table=test-workload [id=2f2aa9ea76ce4ebb8d16d9384788830f]), partition=RANGE (key) PARTITION 805306365 <= VALUES < 894784850
I20260710 13:15:11.490636  1572 tablet_service.cc:1511] Processing CreateTablet for tablet b7d9302c08c6415f9deb75ceda2cbd2f (DEFAULT_TABLE table=test-workload [id=2f2aa9ea76ce4ebb8d16d9384788830f]), partition=RANGE (key) PARTITION 894784850 <= VALUES < 984263335
I20260710 13:15:11.491931  1572 data_dirs.cc:400] Could only allocate 1 dirs of requested 3 for tablet b7d9302c08c6415f9deb75ceda2cbd2f. 1 dirs total, 0 dirs full, 0 dirs failed
I20260710 13:15:11.507014  1572 tablet_service.cc:1511] Processing CreateTablet for tablet 6a404ff7c1314095a46d963620c2e48a (DEFAULT_TABLE table=test-workload [id=2f2aa9ea76ce4ebb8d16d9384788830f]), partition=RANGE (key) PARTITION 984263335 <= VALUES < 1073741820
I20260710 13:15:11.508358  1572 data_dirs.cc:400] Could only allocate 1 dirs of requested 3 for tablet 6a404ff7c1314095a46d963620c2e48a. 1 dirs total, 0 dirs full, 0 dirs failed
I20260710 13:15:11.544010  1721 data_dirs.cc:400] Could only allocate 1 dirs of requested 3 for tablet 0b15d3769b8749b7836d26abc873def6. 1 dirs total, 0 dirs full, 0 dirs failed
I20260710 13:15:11.565516  1650 tablet_service.cc:1511] Processing CreateTablet for tablet b7d9302c08c6415f9deb75ceda2cbd2f (DEFAULT_TABLE table=test-workload [id=2f2aa9ea76ce4ebb8d16d9384788830f]), partition=RANGE (key) PARTITION 894784850 <= VALUES < 984263335
I20260710 13:15:11.574208  1644 tablet_service.cc:1511] Processing CreateTablet for tablet bd94544c3f044fcdbc793955ff59a905 (DEFAULT_TABLE table=test-workload [id=2f2aa9ea76ce4ebb8d16d9384788830f]), partition=RANGE (key) PARTITION 1073741820 <= VALUES < 1163220305
I20260710 13:15:11.580839  1644 data_dirs.cc:400] Could only allocate 1 dirs of requested 3 for tablet bd94544c3f044fcdbc793955ff59a905. 1 dirs total, 0 dirs full, 0 dirs failed
I20260710 13:15:11.582059  1648 tablet_service.cc:1511] Processing CreateTablet for tablet ea8afb2d6b104586a8078e77bb48e6da (DEFAULT_TABLE table=test-workload [id=2f2aa9ea76ce4ebb8d16d9384788830f]), partition=RANGE (key) PARTITION 1163220305 <= VALUES < 1252698790
I20260710 13:15:11.583433  1648 data_dirs.cc:400] Could only allocate 1 dirs of requested 3 for tablet ea8afb2d6b104586a8078e77bb48e6da. 1 dirs total, 0 dirs full, 0 dirs failed
I20260710 13:15:11.588578  1650 data_dirs.cc:400] Could only allocate 1 dirs of requested 3 for tablet b7d9302c08c6415f9deb75ceda2cbd2f. 1 dirs total, 0 dirs full, 0 dirs failed
I20260710 13:15:11.598798  1573 tablet_service.cc:1511] Processing CreateTablet for tablet bd94544c3f044fcdbc793955ff59a905 (DEFAULT_TABLE table=test-workload [id=2f2aa9ea76ce4ebb8d16d9384788830f]), partition=RANGE (key) PARTITION 1073741820 <= VALUES < 1163220305
I20260710 13:15:11.600140  1573 data_dirs.cc:400] Could only allocate 1 dirs of requested 3 for tablet bd94544c3f044fcdbc793955ff59a905. 1 dirs total, 0 dirs full, 0 dirs failed
