I20260710 13:21:55.500851 22620 raft_consensus.cc:740] T a79a6dc399e64f2ba82ac8858c200d30 P 404468a7a7ff45f2b9087d909922aa03 [term 0 FOLLOWER]: Becoming Follower/Learner. State: Replica: 404468a7a7ff45f2b9087d909922aa03, State: Initialized, Role: FOLLOWER
I20260710 13:21:55.500720 22622 raft_consensus.cc:359] T a79a6dc399e64f2ba82ac8858c200d30 P 803e953abbfa4a2dacddb94cad07b4bc [term 0 FOLLOWER]: Replica starting. Triggering 0 pending ops. Active config: opid_index: -1 OBSOLETE_local: false peers { permanent_uuid: "803e953abbfa4a2dacddb94cad07b4bc" member_type: VOTER last_known_addr { host: "127.21.76.65" port: 46569 } } peers { permanent_uuid: "a949dff768a14e0c950ad9ce41340109" member_type: VOTER last_known_addr { host: "127.21.76.66" port: 46871 } } peers { permanent_uuid: "404468a7a7ff45f2b9087d909922aa03" member_type: VOTER last_known_addr { host: "127.21.76.67" port: 32787 } }
I20260710 13:21:55.501422 22622 raft_consensus.cc:385] T a79a6dc399e64f2ba82ac8858c200d30 P 803e953abbfa4a2dacddb94cad07b4bc [term 0 FOLLOWER]: Consensus starting up: Expiring failure detector timer to make a prompt election more likely
I20260710 13:21:55.501735 22622 raft_consensus.cc:740] T a79a6dc399e64f2ba82ac8858c200d30 P 803e953abbfa4a2dacddb94cad07b4bc [term 0 FOLLOWER]: Becoming Follower/Learner. State: Replica: 803e953abbfa4a2dacddb94cad07b4bc, State: Initialized, Role: FOLLOWER
I20260710 13:21:55.501890 22620 consensus_queue.cc:260] T a79a6dc399e64f2ba82ac8858c200d30 P 404468a7a7ff45f2b9087d909922aa03 [NON_LEADER]: Queue going to NON_LEADER mode. State: All replicated index: 0, Majority replicated index: 0, Committed index: 0, Last appended: 0.0, Last appended by leader: 0, Current term: 0, Majority size: -1, State: 0, Mode: NON_LEADER, active raft config: opid_index: -1 OBSOLETE_local: false peers { permanent_uuid: "803e953abbfa4a2dacddb94cad07b4bc" member_type: VOTER last_known_addr { host: "127.21.76.65" port: 46569 } } peers { permanent_uuid: "a949dff768a14e0c950ad9ce41340109" member_type: VOTER last_known_addr { host: "127.21.76.66" port: 46871 } } peers { permanent_uuid: "404468a7a7ff45f2b9087d909922aa03" member_type: VOTER last_known_addr { host: "127.21.76.67" port: 32787 } }
I20260710 13:21:55.502656 22622 consensus_queue.cc:260] T a79a6dc399e64f2ba82ac8858c200d30 P 803e953abbfa4a2dacddb94cad07b4bc [NON_LEADER]: Queue going to NON_LEADER mode. State: All replicated index: 0, Majority replicated index: 0, Committed index: 0, Last appended: 0.0, Last appended by leader: 0, Current term: 0, Majority size: -1, State: 0, Mode: NON_LEADER, active raft config: opid_index: -1 OBSOLETE_local: false peers { permanent_uuid: "803e953abbfa4a2dacddb94cad07b4bc" member_type: VOTER last_known_addr { host: "127.21.76.65" port: 46569 } } peers { permanent_uuid: "a949dff768a14e0c950ad9ce41340109" member_type: VOTER last_known_addr { host: "127.21.76.66" port: 46871 } } peers { permanent_uuid: "404468a7a7ff45f2b9087d909922aa03" member_type: VOTER last_known_addr { host: "127.21.76.67" port: 32787 } }
I20260710 13:21:55.504941 22622 ts_tablet_manager.cc:1434] T a79a6dc399e64f2ba82ac8858c200d30 P 803e953abbfa4a2dacddb94cad07b4bc: Time spent starting tablet: real 0.007s	user 0.007s	sys 0.000s
I20260710 13:21:55.505916 22622 tablet_bootstrap.cc:492] T d398e0a6fa864fdfa96e02dc70e4d0e5 P 803e953abbfa4a2dacddb94cad07b4bc: Bootstrap starting.
I20260710 13:21:55.505951 22620 ts_tablet_manager.cc:1434] T a79a6dc399e64f2ba82ac8858c200d30 P 404468a7a7ff45f2b9087d909922aa03: Time spent starting tablet: real 0.009s	user 0.005s	sys 0.000s
I20260710 13:21:55.507066 22620 tablet_bootstrap.cc:492] T cd9f5c8b6dd14a70b66069d208616de1 P 404468a7a7ff45f2b9087d909922aa03: Bootstrap starting.
I20260710 13:21:55.509497 22621 tablet_bootstrap.cc:492] T 7c25a9c744cf44b4872100cc2b6bfbb1 P a949dff768a14e0c950ad9ce41340109: No bootstrap required, opened a new log
I20260710 13:21:55.510003 22621 ts_tablet_manager.cc:1403] T 7c25a9c744cf44b4872100cc2b6bfbb1 P a949dff768a14e0c950ad9ce41340109: Time spent bootstrapping tablet: real 0.022s	user 0.012s	sys 0.006s
I20260710 13:21:55.512780 22622 tablet_bootstrap.cc:654] T d398e0a6fa864fdfa96e02dc70e4d0e5 P 803e953abbfa4a2dacddb94cad07b4bc: Neither blocks nor log segments found. Creating new log.
I20260710 13:21:55.512868 22621 raft_consensus.cc:359] T 7c25a9c744cf44b4872100cc2b6bfbb1 P a949dff768a14e0c950ad9ce41340109 [term 0 FOLLOWER]: Replica starting. Triggering 0 pending ops. Active config: opid_index: -1 OBSOLETE_local: false peers { permanent_uuid: "803e953abbfa4a2dacddb94cad07b4bc" member_type: VOTER last_known_addr { host: "127.21.76.65" port: 46569 } } peers { permanent_uuid: "a949dff768a14e0c950ad9ce41340109" member_type: VOTER last_known_addr { host: "127.21.76.66" port: 46871 } } peers { permanent_uuid: "404468a7a7ff45f2b9087d909922aa03" member_type: VOTER last_known_addr { host: "127.21.76.67" port: 32787 } }
I20260710 13:21:55.513820 22621 raft_consensus.cc:385] T 7c25a9c744cf44b4872100cc2b6bfbb1 P a949dff768a14e0c950ad9ce41340109 [term 0 FOLLOWER]: Consensus starting up: Expiring failure detector timer to make a prompt election more likely
I20260710 13:21:55.514158 22621 raft_consensus.cc:740] T 7c25a9c744cf44b4872100cc2b6bfbb1 P a949dff768a14e0c950ad9ce41340109 [term 0 FOLLOWER]: Becoming Follower/Learner. State: Replica: a949dff768a14e0c950ad9ce41340109, State: Initialized, Role: FOLLOWER
I20260710 13:21:55.514381 22620 tablet_bootstrap.cc:654] T cd9f5c8b6dd14a70b66069d208616de1 P 404468a7a7ff45f2b9087d909922aa03: Neither blocks nor log segments found. Creating new log.
I20260710 13:21:55.515098 22621 consensus_queue.cc:260] T 7c25a9c744cf44b4872100cc2b6bfbb1 P a949dff768a14e0c950ad9ce41340109 [NON_LEADER]: Queue going to NON_LEADER mode. State: All replicated index: 0, Majority replicated index: 0, Committed index: 0, Last appended: 0.0, Last appended by leader: 0, Current term: 0, Majority size: -1, State: 0, Mode: NON_LEADER, active raft config: opid_index: -1 OBSOLETE_local: false peers { permanent_uuid: "803e953abbfa4a2dacddb94cad07b4bc" member_type: VOTER last_known_addr { host: "127.21.76.65" port: 46569 } } peers { permanent_uuid: "a949dff768a14e0c950ad9ce41340109" member_type: VOTER last_known_addr { host: "127.21.76.66" port: 46871 } } peers { permanent_uuid: "404468a7a7ff45f2b9087d909922aa03" member_type: VOTER last_known_addr { host: "127.21.76.67" port: 32787 } }
I20260710 13:21:55.519579 22621 ts_tablet_manager.cc:1434] T 7c25a9c744cf44b4872100cc2b6bfbb1 P a949dff768a14e0c950ad9ce41340109: Time spent starting tablet: real 0.009s	user 0.006s	sys 0.000s
I20260710 13:21:55.520581 22621 tablet_bootstrap.cc:492] T a79a6dc399e64f2ba82ac8858c200d30 P a949dff768a14e0c950ad9ce41340109: Bootstrap starting.
I20260710 13:21:55.525487 22622 tablet_bootstrap.cc:492] T d398e0a6fa864fdfa96e02dc70e4d0e5 P 803e953abbfa4a2dacddb94cad07b4bc: No bootstrap required, opened a new log
I20260710 13:21:55.525980 22622 ts_tablet_manager.cc:1403] T d398e0a6fa864fdfa96e02dc70e4d0e5 P 803e953abbfa4a2dacddb94cad07b4bc: Time spent bootstrapping tablet: real 0.020s	user 0.012s	sys 0.004s
I20260710 13:21:55.527096 22621 tablet_bootstrap.cc:654] T a79a6dc399e64f2ba82ac8858c200d30 P a949dff768a14e0c950ad9ce41340109: Neither blocks nor log segments found. Creating new log.
I20260710 13:21:55.529232 22620 tablet_bootstrap.cc:492] T cd9f5c8b6dd14a70b66069d208616de1 P 404468a7a7ff45f2b9087d909922aa03: No bootstrap required, opened a new log
I20260710 13:21:55.528787 22622 raft_consensus.cc:359] T d398e0a6fa864fdfa96e02dc70e4d0e5 P 803e953abbfa4a2dacddb94cad07b4bc [term 0 FOLLOWER]: Replica starting. Triggering 0 pending ops. Active config: opid_index: -1 OBSOLETE_local: false peers { permanent_uuid: "803e953abbfa4a2dacddb94cad07b4bc" member_type: VOTER last_known_addr { host: "127.21.76.65" port: 46569 } } peers { permanent_uuid: "a949dff768a14e0c950ad9ce41340109" member_type: VOTER last_known_addr { host: "127.21.76.66" port: 46871 } } peers { permanent_uuid: "404468a7a7ff45f2b9087d909922aa03" member_type: VOTER last_known_addr { host: "127.21.76.67" port: 32787 } }
I20260710 13:21:55.529675 22620 ts_tablet_manager.cc:1403] T cd9f5c8b6dd14a70b66069d208616de1 P 404468a7a7ff45f2b9087d909922aa03: Time spent bootstrapping tablet: real 0.023s	user 0.014s	sys 0.001s
I20260710 13:21:55.529623 22622 raft_consensus.cc:385] T d398e0a6fa864fdfa96e02dc70e4d0e5 P 803e953abbfa4a2dacddb94cad07b4bc [term 0 FOLLOWER]: Consensus starting up: Expiring failure detector timer to make a prompt election more likely
I20260710 13:21:55.530103 22622 raft_consensus.cc:740] T d398e0a6fa864fdfa96e02dc70e4d0e5 P 803e953abbfa4a2dacddb94cad07b4bc [term 0 FOLLOWER]: Becoming Follower/Learner. State: Replica: 803e953abbfa4a2dacddb94cad07b4bc, State: Initialized, Role: FOLLOWER
I20260710 13:21:55.531028 22622 consensus_queue.cc:260] T d398e0a6fa864fdfa96e02dc70e4d0e5 P 803e953abbfa4a2dacddb94cad07b4bc [NON_LEADER]: Queue going to NON_LEADER mode. State: All replicated index: 0, Majority replicated index: 0, Committed index: 0, Last appended: 0.0, Last appended by leader: 0, Current term: 0, Majority size: -1, State: 0, Mode: NON_LEADER, active raft config: opid_index: -1 OBSOLETE_local: false peers { permanent_uuid: "803e953abbfa4a2dacddb94cad07b4bc" member_type: VOTER last_known_addr { host: "127.21.76.65" port: 46569 } } peers { permanent_uuid: "a949dff768a14e0c950ad9ce41340109" member_type: VOTER last_known_addr { host: "127.21.76.66" port: 46871 } } peers { permanent_uuid: "404468a7a7ff45f2b9087d909922aa03" member_type: VOTER last_known_addr { host: "127.21.76.67" port: 32787 } }
I20260710 13:21:55.532552 22620 raft_consensus.cc:359] T cd9f5c8b6dd14a70b66069d208616de1 P 404468a7a7ff45f2b9087d909922aa03 [term 0 FOLLOWER]: Replica starting. Triggering 0 pending ops. Active config: opid_index: -1 OBSOLETE_local: false peers { permanent_uuid: "803e953abbfa4a2dacddb94cad07b4bc" member_type: VOTER last_known_addr { host: "127.21.76.65" port: 46569 } } peers { permanent_uuid: "a949dff768a14e0c950ad9ce41340109" member_type: VOTER last_known_addr { host: "127.21.76.66" port: 46871 } } peers { permanent_uuid: "404468a7a7ff45f2b9087d909922aa03" member_type: VOTER last_known_addr { host: "127.21.76.67" port: 32787 } }
I20260710 13:21:55.533318 22620 raft_consensus.cc:385] T cd9f5c8b6dd14a70b66069d208616de1 P 404468a7a7ff45f2b9087d909922aa03 [term 0 FOLLOWER]: Consensus starting up: Expiring failure detector timer to make a prompt election more likely
I20260710 13:21:55.533706 22620 raft_consensus.cc:740] T cd9f5c8b6dd14a70b66069d208616de1 P 404468a7a7ff45f2b9087d909922aa03 [term 0 FOLLOWER]: Becoming Follower/Learner. State: Replica: 404468a7a7ff45f2b9087d909922aa03, State: Initialized, Role: FOLLOWER
I20260710 13:21:55.534507 22620 consensus_queue.cc:260] T cd9f5c8b6dd14a70b66069d208616de1 P 404468a7a7ff45f2b9087d909922aa03 [NON_LEADER]: Queue going to NON_LEADER mode. State: All replicated index: 0, Majority replicated index: 0, Committed index: 0, Last appended: 0.0, Last appended by leader: 0, Current term: 0, Majority size: -1, State: 0, Mode: NON_LEADER, active raft config: opid_index: -1 OBSOLETE_local: false peers { permanent_uuid: "803e953abbfa4a2dacddb94cad07b4bc" member_type: VOTER last_known_addr { host: "127.21.76.65" port: 46569 } } peers { permanent_uuid: "a949dff768a14e0c950ad9ce41340109" member_type: VOTER last_known_addr { host: "127.21.76.66" port: 46871 } } peers { permanent_uuid: "404468a7a7ff45f2b9087d909922aa03" member_type: VOTER last_known_addr { host: "127.21.76.67" port: 32787 } }
I20260710 13:21:55.534955 22622 ts_tablet_manager.cc:1434] T d398e0a6fa864fdfa96e02dc70e4d0e5 P 803e953abbfa4a2dacddb94cad07b4bc: Time spent starting tablet: real 0.009s	user 0.008s	sys 0.000s
I20260710 13:21:55.535240 22621 tablet_bootstrap.cc:492] T a79a6dc399e64f2ba82ac8858c200d30 P a949dff768a14e0c950ad9ce41340109: No bootstrap required, opened a new log
I20260710 13:21:55.535717 22621 ts_tablet_manager.cc:1403] T a79a6dc399e64f2ba82ac8858c200d30 P a949dff768a14e0c950ad9ce41340109: Time spent bootstrapping tablet: real 0.015s	user 0.012s	sys 0.003s
I20260710 13:21:55.536177 22622 tablet_bootstrap.cc:492] T 5c39dad5e4f6449d85e05fb5bac6e8f9 P 803e953abbfa4a2dacddb94cad07b4bc: Bootstrap starting.
I20260710 13:21:55.536701 22620 ts_tablet_manager.cc:1434] T cd9f5c8b6dd14a70b66069d208616de1 P 404468a7a7ff45f2b9087d909922aa03: Time spent starting tablet: real 0.007s	user 0.007s	sys 0.000s
I20260710 13:21:55.538507 22621 raft_consensus.cc:359] T a79a6dc399e64f2ba82ac8858c200d30 P a949dff768a14e0c950ad9ce41340109 [term 0 FOLLOWER]: Replica starting. Triggering 0 pending ops. Active config: opid_index: -1 OBSOLETE_local: false peers { permanent_uuid: "803e953abbfa4a2dacddb94cad07b4bc" member_type: VOTER last_known_addr { host: "127.21.76.65" port: 46569 } } peers { permanent_uuid: "a949dff768a14e0c950ad9ce41340109" member_type: VOTER last_known_addr { host: "127.21.76.66" port: 46871 } } peers { permanent_uuid: "404468a7a7ff45f2b9087d909922aa03" member_type: VOTER last_known_addr { host: "127.21.76.67" port: 32787 } }
I20260710 13:21:55.539251 22621 raft_consensus.cc:385] T a79a6dc399e64f2ba82ac8858c200d30 P a949dff768a14e0c950ad9ce41340109 [term 0 FOLLOWER]: Consensus starting up: Expiring failure detector timer to make a prompt election more likely
I20260710 13:21:55.539588 22621 raft_consensus.cc:740] T a79a6dc399e64f2ba82ac8858c200d30 P a949dff768a14e0c950ad9ce41340109 [term 0 FOLLOWER]: Becoming Follower/Learner. State: Replica: a949dff768a14e0c950ad9ce41340109, State: Initialized, Role: FOLLOWER
I20260710 13:21:55.540035 22620 tablet_bootstrap.cc:492] T 7c25a9c744cf44b4872100cc2b6bfbb1 P 404468a7a7ff45f2b9087d909922aa03: Bootstrap starting.
I20260710 13:21:55.540359 22621 consensus_queue.cc:260] T a79a6dc399e64f2ba82ac8858c200d30 P a949dff768a14e0c950ad9ce41340109 [NON_LEADER]: Queue going to NON_LEADER mode. State: All replicated index: 0, Majority replicated index: 0, Committed index: 0, Last appended: 0.0, Last appended by leader: 0, Current term: 0, Majority size: -1, State: 0, Mode: NON_LEADER, active raft config: opid_index: -1 OBSOLETE_local: false peers { permanent_uuid: "803e953abbfa4a2dacddb94cad07b4bc" member_type: VOTER last_known_addr { host: "127.21.76.65" port: 46569 } } peers { permanent_uuid: "a949dff768a14e0c950ad9ce41340109" member_type: VOTER last_known_addr { host: "127.21.76.66" port: 46871 } } peers { permanent_uuid: "404468a7a7ff45f2b9087d909922aa03" member_type: VOTER last_known_addr { host: "127.21.76.67" port: 32787 } }
I20260710 13:21:55.542603 22621 ts_tablet_manager.cc:1434] T a79a6dc399e64f2ba82ac8858c200d30 P a949dff768a14e0c950ad9ce41340109: Time spent starting tablet: real 0.007s	user 0.005s	sys 0.000s
I20260710 13:21:55.543563 22621 tablet_bootstrap.cc:492] T 134667e60c92441e86ef742725b5bc4a P a949dff768a14e0c950ad9ce41340109: Bootstrap starting.
I20260710 13:21:55.545584 22622 tablet_bootstrap.cc:654] T 5c39dad5e4f6449d85e05fb5bac6e8f9 P 803e953abbfa4a2dacddb94cad07b4bc: Neither blocks nor log segments found. Creating new log.
I20260710 13:21:55.546747 22620 tablet_bootstrap.cc:654] T 7c25a9c744cf44b4872100cc2b6bfbb1 P 404468a7a7ff45f2b9087d909922aa03: Neither blocks nor log segments found. Creating new log.
I20260710 13:21:55.550309 22621 tablet_bootstrap.cc:654] T 134667e60c92441e86ef742725b5bc4a P a949dff768a14e0c950ad9ce41340109: Neither blocks nor log segments found. Creating new log.
I20260710 13:21:55.557694 22622 tablet_bootstrap.cc:492] T 5c39dad5e4f6449d85e05fb5bac6e8f9 P 803e953abbfa4a2dacddb94cad07b4bc: No bootstrap required, opened a new log
I20260710 13:21:55.558262 22622 ts_tablet_manager.cc:1403] T 5c39dad5e4f6449d85e05fb5bac6e8f9 P 803e953abbfa4a2dacddb94cad07b4bc: Time spent bootstrapping tablet: real 0.022s	user 0.012s	sys 0.006s
I20260710 13:21:55.560137 22621 tablet_bootstrap.cc:492] T 134667e60c92441e86ef742725b5bc4a P a949dff768a14e0c950ad9ce41340109: No bootstrap required, opened a new log
I20260710 13:21:55.560640 22621 ts_tablet_manager.cc:1403] T 134667e60c92441e86ef742725b5bc4a P a949dff768a14e0c950ad9ce41340109: Time spent bootstrapping tablet: real 0.017s	user 0.014s	sys 0.001s
I20260710 13:21:55.561204 22622 raft_consensus.cc:359] T 5c39dad5e4f6449d85e05fb5bac6e8f9 P 803e953abbfa4a2dacddb94cad07b4bc [term 0 FOLLOWER]: Replica starting. Triggering 0 pending ops. Active config: opid_index: -1 OBSOLETE_local: false peers { permanent_uuid: "803e953abbfa4a2dacddb94cad07b4bc" member_type: VOTER last_known_addr { host: "127.21.76.65" port: 46569 } } peers { permanent_uuid: "a949dff768a14e0c950ad9ce41340109" member_type: VOTER last_known_addr { host: "127.21.76.66" port: 46871 } } peers { permanent_uuid: "404468a7a7ff45f2b9087d909922aa03" member_type: VOTER last_known_addr { host: "127.21.76.67" port: 32787 } }
I20260710 13:21:55.561980 22622 raft_consensus.cc:385] T 5c39dad5e4f6449d85e05fb5bac6e8f9 P 803e953abbfa4a2dacddb94cad07b4bc [term 0 FOLLOWER]: Consensus starting up: Expiring failure detector timer to make a prompt election more likely
I20260710 13:21:55.562295 22622 raft_consensus.cc:740] T 5c39dad5e4f6449d85e05fb5bac6e8f9 P 803e953abbfa4a2dacddb94cad07b4bc [term 0 FOLLOWER]: Becoming Follower/Learner. State: Replica: 803e953abbfa4a2dacddb94cad07b4bc, State: Initialized, Role: FOLLOWER
I20260710 13:21:55.563174 22622 consensus_queue.cc:260] T 5c39dad5e4f6449d85e05fb5bac6e8f9 P 803e953abbfa4a2dacddb94cad07b4bc [NON_LEADER]: Queue going to NON_LEADER mode. State: All replicated index: 0, Majority replicated index: 0, Committed index: 0, Last appended: 0.0, Last appended by leader: 0, Current term: 0, Majority size: -1, State: 0, Mode: NON_LEADER, active raft config: opid_index: -1 OBSOLETE_local: false peers { permanent_uuid: "803e953abbfa4a2dacddb94cad07b4bc" member_type: VOTER last_known_addr { host: "127.21.76.65" port: 46569 } } peers { permanent_uuid: "a949dff768a14e0c950ad9ce41340109" member_type: VOTER last_known_addr { host: "127.21.76.66" port: 46871 } } peers { permanent_uuid: "404468a7a7ff45f2b9087d909922aa03" member_type: VOTER last_known_addr { host: "127.21.76.67" port: 32787 } }
I20260710 13:21:55.563948 22621 raft_consensus.cc:359] T 134667e60c92441e86ef742725b5bc4a P a949dff768a14e0c950ad9ce41340109 [term 0 FOLLOWER]: Replica starting. Triggering 0 pending ops. Active config: opid_index: -1 OBSOLETE_local: false peers { permanent_uuid: "803e953abbfa4a2dacddb94cad07b4bc" member_type: VOTER last_known_addr { host: "127.21.76.65" port: 46569 } } peers { permanent_uuid: "a949dff768a14e0c950ad9ce41340109" member_type: VOTER last_known_addr { host: "127.21.76.66" port: 46871 } } peers { permanent_uuid: "404468a7a7ff45f2b9087d909922aa03" member_type: VOTER last_known_addr { host: "127.21.76.67" port: 32787 } }
I20260710 13:21:55.564688 22621 raft_consensus.cc:385] T 134667e60c92441e86ef742725b5bc4a P a949dff768a14e0c950ad9ce41340109 [term 0 FOLLOWER]: Consensus starting up: Expiring failure detector timer to make a prompt election more likely
I20260710 13:21:55.564839 22620 tablet_bootstrap.cc:492] T 7c25a9c744cf44b4872100cc2b6bfbb1 P 404468a7a7ff45f2b9087d909922aa03: No bootstrap required, opened a new log
I20260710 13:21:55.565056 22621 raft_consensus.cc:740] T 134667e60c92441e86ef742725b5bc4a P a949dff768a14e0c950ad9ce41340109 [term 0 FOLLOWER]: Becoming Follower/Learner. State: Replica: a949dff768a14e0c950ad9ce41340109, State: Initialized, Role: FOLLOWER
I20260710 13:21:55.565407 22620 ts_tablet_manager.cc:1403] T 7c25a9c744cf44b4872100cc2b6bfbb1 P 404468a7a7ff45f2b9087d909922aa03: Time spent bootstrapping tablet: real 0.026s	user 0.012s	sys 0.008s
I20260710 13:21:55.566129 22621 consensus_queue.cc:260] T 134667e60c92441e86ef742725b5bc4a P a949dff768a14e0c950ad9ce41340109 [NON_LEADER]: Queue going to NON_LEADER mode. State: All replicated index: 0, Majority replicated index: 0, Committed index: 0, Last appended: 0.0, Last appended by leader: 0, Current term: 0, Majority size: -1, State: 0, Mode: NON_LEADER, active raft config: opid_index: -1 OBSOLETE_local: false peers { permanent_uuid: "803e953abbfa4a2dacddb94cad07b4bc" member_type: VOTER last_known_addr { host: "127.21.76.65" port: 46569 } } peers { permanent_uuid: "a949dff768a14e0c950ad9ce41340109" member_type: VOTER last_known_addr { host: "127.21.76.66" port: 46871 } } peers { permanent_uuid: "404468a7a7ff45f2b9087d909922aa03" member_type: VOTER last_known_addr { host: "127.21.76.67" port: 32787 } }
I20260710 13:21:55.568112 22622 ts_tablet_manager.cc:1434] T 5c39dad5e4f6449d85e05fb5bac6e8f9 P 803e953abbfa4a2dacddb94cad07b4bc: Time spent starting tablet: real 0.009s	user 0.003s	sys 0.003s
I20260710 13:21:55.568493 22620 raft_consensus.cc:359] T 7c25a9c744cf44b4872100cc2b6bfbb1 P 404468a7a7ff45f2b9087d909922aa03 [term 0 FOLLOWER]: Replica starting. Triggering 0 pending ops. Active config: opid_index: -1 OBSOLETE_local: false peers { permanent_uuid: "803e953abbfa4a2dacddb94cad07b4bc" member_type: VOTER last_known_addr { host: "127.21.76.65" port: 46569 } } peers { permanent_uuid: "a949dff768a14e0c950ad9ce41340109" member_type: VOTER last_known_addr { host: "127.21.76.66" port: 46871 } } peers { permanent_uuid: "404468a7a7ff45f2b9087d909922aa03" member_type: VOTER last_known_addr { host: "127.21.76.67" port: 32787 } }
I20260710 13:21:55.569074 22622 tablet_bootstrap.cc:492] T 7c25a9c744cf44b4872100cc2b6bfbb1 P 803e953abbfa4a2dacddb94cad07b4bc: Bootstrap starting.
I20260710 13:21:55.569278 22620 raft_consensus.cc:385] T 7c25a9c744cf44b4872100cc2b6bfbb1 P 404468a7a7ff45f2b9087d909922aa03 [term 0 FOLLOWER]: Consensus starting up: Expiring failure detector timer to make a prompt election more likely
I20260710 13:21:55.569684 22620 raft_consensus.cc:740] T 7c25a9c744cf44b4872100cc2b6bfbb1 P 404468a7a7ff45f2b9087d909922aa03 [term 0 FOLLOWER]: Becoming Follower/Learner. State: Replica: 404468a7a7ff45f2b9087d909922aa03, State: Initialized, Role: FOLLOWER
I20260710 13:21:55.570446 22620 consensus_queue.cc:260] T 7c25a9c744cf44b4872100cc2b6bfbb1 P 404468a7a7ff45f2b9087d909922aa03 [NON_LEADER]: Queue going to NON_LEADER mode. State: All replicated index: 0, Majority replicated index: 0, Committed index: 0, Last appended: 0.0, Last appended by leader: 0, Current term: 0, Majority size: -1, State: 0, Mode: NON_LEADER, active raft config: opid_index: -1 OBSOLETE_local: false peers { permanent_uuid: "803e953abbfa4a2dacddb94cad07b4bc" member_type: VOTER last_known_addr { host: "127.21.76.65" port: 46569 } } peers { permanent_uuid: "a949dff768a14e0c950ad9ce41340109" member_type: VOTER last_known_addr { host: "127.21.76.66" port: 46871 } } peers { permanent_uuid: "404468a7a7ff45f2b9087d909922aa03" member_type: VOTER last_known_addr { host: "127.21.76.67" port: 32787 } }
I20260710 13:21:55.571135 22621 ts_tablet_manager.cc:1434] T 134667e60c92441e86ef742725b5bc4a P a949dff768a14e0c950ad9ce41340109: Time spent starting tablet: real 0.010s	user 0.004s	sys 0.003s
I20260710 13:21:55.572154 22621 tablet_bootstrap.cc:492] T cd9f5c8b6dd14a70b66069d208616de1 P a949dff768a14e0c950ad9ce41340109: Bootstrap starting.
I20260710 13:21:55.574658 22620 ts_tablet_manager.cc:1434] T 7c25a9c744cf44b4872100cc2b6bfbb1 P 404468a7a7ff45f2b9087d909922aa03: Time spent starting tablet: real 0.009s	user 0.005s	sys 0.000s
I20260710 13:21:55.575700 22620 tablet_bootstrap.cc:492] T 5c39dad5e4f6449d85e05fb5bac6e8f9 P 404468a7a7ff45f2b9087d909922aa03: Bootstrap starting.
I20260710 13:21:55.575980 22622 tablet_bootstrap.cc:654] T 7c25a9c744cf44b4872100cc2b6bfbb1 P 803e953abbfa4a2dacddb94cad07b4bc: Neither blocks nor log segments found. Creating new log.
I20260710 13:21:55.578464 22621 tablet_bootstrap.cc:654] T cd9f5c8b6dd14a70b66069d208616de1 P a949dff768a14e0c950ad9ce41340109: Neither blocks nor log segments found. Creating new log.
I20260710 13:21:55.583837 22620 tablet_bootstrap.cc:654] T 5c39dad5e4f6449d85e05fb5bac6e8f9 P 404468a7a7ff45f2b9087d909922aa03: Neither blocks nor log segments found. Creating new log.
I20260710 13:21:55.593348 22626 raft_consensus.cc:493] T 40c6a97b66f24eb19152864460c07134 P a949dff768a14e0c950ad9ce41340109 [term 0 FOLLOWER]: Starting pre-election (no leader contacted us within the election timeout)
I20260710 13:21:55.592845 22621 tablet_bootstrap.cc:492] T cd9f5c8b6dd14a70b66069d208616de1 P a949dff768a14e0c950ad9ce41340109: No bootstrap required, opened a new log
I20260710 13:21:55.593977 22626 raft_consensus.cc:515] T 40c6a97b66f24eb19152864460c07134 P a949dff768a14e0c950ad9ce41340109 [term 0 FOLLOWER]: Starting pre-election with config: opid_index: -1 OBSOLETE_local: false peers { permanent_uuid: "803e953abbfa4a2dacddb94cad07b4bc" member_type: VOTER last_known_addr { host: "127.21.76.65" port: 46569 } } peers { permanent_uuid: "a949dff768a14e0c950ad9ce41340109" member_type: VOTER last_known_addr { host: "127.21.76.66" port: 46871 } } peers { permanent_uuid: "404468a7a7ff45f2b9087d909922aa03" member_type: VOTER last_known_addr { host: "127.21.76.67" port: 32787 } }
I20260710 13:21:55.594741 22621 ts_tablet_manager.cc:1403] T cd9f5c8b6dd14a70b66069d208616de1 P a949dff768a14e0c950ad9ce41340109: Time spent bootstrapping tablet: real 0.023s	user 0.015s	sys 0.005s
I20260710 13:21:55.596524 22622 tablet_bootstrap.cc:492] T 7c25a9c744cf44b4872100cc2b6bfbb1 P 803e953abbfa4a2dacddb94cad07b4bc: No bootstrap required, opened a new log
I20260710 13:21:55.596995 22622 ts_tablet_manager.cc:1403] T 7c25a9c744cf44b4872100cc2b6bfbb1 P 803e953abbfa4a2dacddb94cad07b4bc: Time spent bootstrapping tablet: real 0.028s	user 0.019s	sys 0.005s
I20260710 13:21:55.597468 22621 raft_consensus.cc:359] T cd9f5c8b6dd14a70b66069d208616de1 P a949dff768a14e0c950ad9ce41340109 [term 0 FOLLOWER]: Replica starting. Triggering 0 pending ops. Active config: opid_index: -1 OBSOLETE_local: false peers { permanent_uuid: "803e953abbfa4a2dacddb94cad07b4bc" member_type: VOTER last_known_addr { host: "127.21.76.65" port: 46569 } } peers { permanent_uuid: "a949dff768a14e0c950ad9ce41340109" member_type: VOTER last_known_addr { host: "127.21.76.66" port: 46871 } } peers { permanent_uuid: "404468a7a7ff45f2b9087d909922aa03" member_type: VOTER last_known_addr { host: "127.21.76.67" port: 32787 } }
I20260710 13:21:55.598111 22621 raft_consensus.cc:385] T cd9f5c8b6dd14a70b66069d208616de1 P a949dff768a14e0c950ad9ce41340109 [term 0 FOLLOWER]: Consensus starting up: Expiring failure detector timer to make a prompt election more likely
I20260710 13:21:55.598403 22621 raft_consensus.cc:740] T cd9f5c8b6dd14a70b66069d208616de1 P a949dff768a14e0c950ad9ce41340109 [term 0 FOLLOWER]: Becoming Follower/Learner. State: Replica: a949dff768a14e0c950ad9ce41340109, State: Initialized, Role: FOLLOWER
I20260710 13:21:55.599000 22621 consensus_queue.cc:260] T cd9f5c8b6dd14a70b66069d208616de1 P a949dff768a14e0c950ad9ce41340109 [NON_LEADER]: Queue going to NON_LEADER mode. State: All replicated index: 0, Majority replicated index: 0, Committed index: 0, Last appended: 0.0, Last appended by leader: 0, Current term: 0, Majority size: -1, State: 0, Mode: NON_LEADER, active raft config: opid_index: -1 OBSOLETE_local: false peers { permanent_uuid: "803e953abbfa4a2dacddb94cad07b4bc" member_type: VOTER last_known_addr { host: "127.21.76.65" port: 46569 } } peers { permanent_uuid: "a949dff768a14e0c950ad9ce41340109" member_type: VOTER last_known_addr { host: "127.21.76.66" port: 46871 } } peers { permanent_uuid: "404468a7a7ff45f2b9087d909922aa03" member_type: VOTER last_known_addr { host: "127.21.76.67" port: 32787 } }
I20260710 13:21:55.599844 22622 raft_consensus.cc:359] T 7c25a9c744cf44b4872100cc2b6bfbb1 P 803e953abbfa4a2dacddb94cad07b4bc [term 0 FOLLOWER]: Replica starting. Triggering 0 pending ops. Active config: opid_index: -1 OBSOLETE_local: false peers { permanent_uuid: "803e953abbfa4a2dacddb94cad07b4bc" member_type: VOTER last_known_addr { host: "127.21.76.65" port: 46569 } } peers { permanent_uuid: "a949dff768a14e0c950ad9ce41340109" member_type: VOTER last_known_addr { host: "127.21.76.66" port: 46871 } } peers { permanent_uuid: "404468a7a7ff45f2b9087d909922aa03" member_type: VOTER last_known_addr { host: "127.21.76.67" port: 32787 } }
I20260710 13:21:55.600560 22622 raft_consensus.cc:385] T 7c25a9c744cf44b4872100cc2b6bfbb1 P 803e953abbfa4a2dacddb94cad07b4bc [term 0 FOLLOWER]: Consensus starting up: Expiring failure detector timer to make a prompt election more likely
I20260710 13:21:55.600847 22622 raft_consensus.cc:740] T 7c25a9c744cf44b4872100cc2b6bfbb1 P 803e953abbfa4a2dacddb94cad07b4bc [term 0 FOLLOWER]: Becoming Follower/Learner. State: Replica: 803e953abbfa4a2dacddb94cad07b4bc, State: Initialized, Role: FOLLOWER
I20260710 13:21:55.601563 22622 consensus_queue.cc:260] T 7c25a9c744cf44b4872100cc2b6bfbb1 P 803e953abbfa4a2dacddb94cad07b4bc [NON_LEADER]: Queue going to NON_LEADER mode. State: All replicated index: 0, Majority replicated index: 0, Committed index: 0, Last appended: 0.0, Last appended by leader: 0, Current term: 0, Majority size: -1, State: 0, Mode: NON_LEADER, active raft config: opid_index: -1 OBSOLETE_local: false peers { permanent_uuid: "803e953abbfa4a2dacddb94cad07b4bc" member_type: VOTER last_known_addr { host: "127.21.76.65" port: 46569 } } peers { permanent_uuid: "a949dff768a14e0c950ad9ce41340109" member_type: VOTER last_known_addr { host: "127.21.76.66" port: 46871 } } peers { permanent_uuid: "404468a7a7ff45f2b9087d909922aa03" member_type: VOTER last_known_addr { host: "127.21.76.67" port: 32787 } }
I20260710 13:21:55.602213 22620 tablet_bootstrap.cc:492] T 5c39dad5e4f6449d85e05fb5bac6e8f9 P 404468a7a7ff45f2b9087d909922aa03: No bootstrap required, opened a new log
I20260710 13:21:55.602690 22620 ts_tablet_manager.cc:1403] T 5c39dad5e4f6449d85e05fb5bac6e8f9 P 404468a7a7ff45f2b9087d909922aa03: Time spent bootstrapping tablet: real 0.027s	user 0.015s	sys 0.003s
I20260710 13:21:55.605765 22622 ts_tablet_manager.cc:1434] T 7c25a9c744cf44b4872100cc2b6bfbb1 P 803e953abbfa4a2dacddb94cad07b4bc: Time spent starting tablet: real 0.008s	user 0.007s	sys 0.000s
I20260710 13:21:55.605463 22620 raft_consensus.cc:359] T 5c39dad5e4f6449d85e05fb5bac6e8f9 P 404468a7a7ff45f2b9087d909922aa03 [term 0 FOLLOWER]: Replica starting. Triggering 0 pending ops. Active config: opid_index: -1 OBSOLETE_local: false peers { permanent_uuid: "803e953abbfa4a2dacddb94cad07b4bc" member_type: VOTER last_known_addr { host: "127.21.76.65" port: 46569 } } peers { permanent_uuid: "a949dff768a14e0c950ad9ce41340109" member_type: VOTER last_known_addr { host: "127.21.76.66" port: 46871 } } peers { permanent_uuid: "404468a7a7ff45f2b9087d909922aa03" member_type: VOTER last_known_addr { host: "127.21.76.67" port: 32787 } }
I20260710 13:21:55.606267 22620 raft_consensus.cc:385] T 5c39dad5e4f6449d85e05fb5bac6e8f9 P 404468a7a7ff45f2b9087d909922aa03 [term 0 FOLLOWER]: Consensus starting up: Expiring failure detector timer to make a prompt election more likely
I20260710 13:21:55.606590 22620 raft_consensus.cc:740] T 5c39dad5e4f6449d85e05fb5bac6e8f9 P 404468a7a7ff45f2b9087d909922aa03 [term 0 FOLLOWER]: Becoming Follower/Learner. State: Replica: 404468a7a7ff45f2b9087d909922aa03, State: Initialized, Role: FOLLOWER
I20260710 13:21:55.606779 22622 tablet_bootstrap.cc:492] T adfd0039f72c42a5a94b9269d9048929 P 803e953abbfa4a2dacddb94cad07b4bc: Bootstrap starting.
I20260710 13:21:55.607470 22620 consensus_queue.cc:260] T 5c39dad5e4f6449d85e05fb5bac6e8f9 P 404468a7a7ff45f2b9087d909922aa03 [NON_LEADER]: Queue going to NON_LEADER mode. State: All replicated index: 0, Majority replicated index: 0, Committed index: 0, Last appended: 0.0, Last appended by leader: 0, Current term: 0, Majority size: -1, State: 0, Mode: NON_LEADER, active raft config: opid_index: -1 OBSOLETE_local: false peers { permanent_uuid: "803e953abbfa4a2dacddb94cad07b4bc" member_type: VOTER last_known_addr { host: "127.21.76.65" port: 46569 } } peers { permanent_uuid: "a949dff768a14e0c950ad9ce41340109" member_type: VOTER last_known_addr { host: "127.21.76.66" port: 46871 } } peers { permanent_uuid: "404468a7a7ff45f2b9087d909922aa03" member_type: VOTER last_known_addr { host: "127.21.76.67" port: 32787 } }
I20260710 13:21:55.613404 22622 tablet_bootstrap.cc:654] T adfd0039f72c42a5a94b9269d9048929 P 803e953abbfa4a2dacddb94cad07b4bc: Neither blocks nor log segments found. Creating new log.
I20260710 13:21:55.615649 22626 leader_election.cc:290] T 40c6a97b66f24eb19152864460c07134 P a949dff768a14e0c950ad9ce41340109 [CANDIDATE]: Term 1 pre-election: Requested pre-vote from peers 803e953abbfa4a2dacddb94cad07b4bc (127.21.76.65:46569), 404468a7a7ff45f2b9087d909922aa03 (127.21.76.67:32787)
I20260710 13:21:55.616793 22620 ts_tablet_manager.cc:1434] T 5c39dad5e4f6449d85e05fb5bac6e8f9 P 404468a7a7ff45f2b9087d909922aa03: Time spent starting tablet: real 0.014s	user 0.002s	sys 0.003s
I20260710 13:21:55.620570 22620 tablet_bootstrap.cc:492] T 134667e60c92441e86ef742725b5bc4a P 404468a7a7ff45f2b9087d909922aa03: Bootstrap starting.
I20260710 13:21:55.629025 22620 tablet_bootstrap.cc:654] T 134667e60c92441e86ef742725b5bc4a P 404468a7a7ff45f2b9087d909922aa03: Neither blocks nor log segments found. Creating new log.
I20260710 13:21:55.634328 22622 tablet_bootstrap.cc:492] T adfd0039f72c42a5a94b9269d9048929 P 803e953abbfa4a2dacddb94cad07b4bc: No bootstrap required, opened a new log
I20260710 13:21:55.634824 22622 ts_tablet_manager.cc:1403] T adfd0039f72c42a5a94b9269d9048929 P 803e953abbfa4a2dacddb94cad07b4bc: Time spent bootstrapping tablet: real 0.028s	user 0.012s	sys 0.004s
I20260710 13:21:55.637234 22621 ts_tablet_manager.cc:1434] T cd9f5c8b6dd14a70b66069d208616de1 P a949dff768a14e0c950ad9ce41340109: Time spent starting tablet: real 0.042s	user 0.015s	sys 0.023s
I20260710 13:21:55.637935 22621 tablet_bootstrap.cc:492] T 5c39dad5e4f6449d85e05fb5bac6e8f9 P a949dff768a14e0c950ad9ce41340109: Bootstrap starting.
I20260710 13:21:55.640328 22626 raft_consensus.cc:493] T a44b16adb5dd4dbc8f9a5c623937c7cc P a949dff768a14e0c950ad9ce41340109 [term 0 FOLLOWER]: Starting pre-election (no leader contacted us within the election timeout)
I20260710 13:21:55.640786 22626 raft_consensus.cc:515] T a44b16adb5dd4dbc8f9a5c623937c7cc P a949dff768a14e0c950ad9ce41340109 [term 0 FOLLOWER]: Starting pre-election with config: opid_index: -1 OBSOLETE_local: false peers { permanent_uuid: "404468a7a7ff45f2b9087d909922aa03" member_type: VOTER last_known_addr { host: "127.21.76.67" port: 32787 } } peers { permanent_uuid: "803e953abbfa4a2dacddb94cad07b4bc" member_type: VOTER last_known_addr { host: "127.21.76.65" port: 46569 } } peers { permanent_uuid: "a949dff768a14e0c950ad9ce41340109" member_type: VOTER last_known_addr { host: "127.21.76.66" port: 46871 } }
I20260710 13:21:55.641064 22622 raft_consensus.cc:359] T adfd0039f72c42a5a94b9269d9048929 P 803e953abbfa4a2dacddb94cad07b4bc [term 0 FOLLOWER]: Replica starting. Triggering 0 pending ops. Active config: opid_index: -1 OBSOLETE_local: false peers { permanent_uuid: "803e953abbfa4a2dacddb94cad07b4bc" member_type: VOTER last_known_addr { host: "127.21.76.65" port: 46569 } } peers { permanent_uuid: "a949dff768a14e0c950ad9ce41340109" member_type: VOTER last_known_addr { host: "127.21.76.66" port: 46871 } } peers { permanent_uuid: "404468a7a7ff45f2b9087d909922aa03" member_type: VOTER last_known_addr { host: "127.21.76.67" port: 32787 } }
I20260710 13:21:55.641705 22622 raft_consensus.cc:385] T adfd0039f72c42a5a94b9269d9048929 P 803e953abbfa4a2dacddb94cad07b4bc [term 0 FOLLOWER]: Consensus starting up: Expiring failure detector timer to make a prompt election more likely
I20260710 13:21:55.641981 22622 raft_consensus.cc:740] T adfd0039f72c42a5a94b9269d9048929 P 803e953abbfa4a2dacddb94cad07b4bc [term 0 FOLLOWER]: Becoming Follower/Learner. State: Replica: 803e953abbfa4a2dacddb94cad07b4bc, State: Initialized, Role: FOLLOWER
I20260710 13:21:55.642817 22626 leader_election.cc:290] T a44b16adb5dd4dbc8f9a5c623937c7cc P a949dff768a14e0c950ad9ce41340109 [CANDIDATE]: Term 1 pre-election: Requested pre-vote from peers 404468a7a7ff45f2b9087d909922aa03 (127.21.76.67:32787), 803e953abbfa4a2dacddb94cad07b4bc (127.21.76.65:46569)
I20260710 13:21:55.642760 22622 consensus_queue.cc:260] T adfd0039f72c42a5a94b9269d9048929 P 803e953abbfa4a2dacddb94cad07b4bc [NON_LEADER]: Queue going to NON_LEADER mode. State: All replicated index: 0, Majority replicated index: 0, Committed index: 0, Last appended: 0.0, Last appended by leader: 0, Current term: 0, Majority size: -1, State: 0, Mode: NON_LEADER, active raft config: opid_index: -1 OBSOLETE_local: false peers { permanent_uuid: "803e953abbfa4a2dacddb94cad07b4bc" member_type: VOTER last_known_addr { host: "127.21.76.65" port: 46569 } } peers { permanent_uuid: "a949dff768a14e0c950ad9ce41340109" member_type: VOTER last_known_addr { host: "127.21.76.66" port: 46871 } } peers { permanent_uuid: "404468a7a7ff45f2b9087d909922aa03" member_type: VOTER last_known_addr { host: "127.21.76.67" port: 32787 } }
I20260710 13:21:55.643424 22626 raft_consensus.cc:493] T 134667e60c92441e86ef742725b5bc4a P a949dff768a14e0c950ad9ce41340109 [term 0 FOLLOWER]: Starting pre-election (no leader contacted us within the election timeout)
I20260710 13:21:55.643832 22626 raft_consensus.cc:515] T 134667e60c92441e86ef742725b5bc4a P a949dff768a14e0c950ad9ce41340109 [term 0 FOLLOWER]: Starting pre-election with config: opid_index: -1 OBSOLETE_local: false peers { permanent_uuid: "803e953abbfa4a2dacddb94cad07b4bc" member_type: VOTER last_known_addr { host: "127.21.76.65" port: 46569 } } peers { permanent_uuid: "a949dff768a14e0c950ad9ce41340109" member_type: VOTER last_known_addr { host: "127.21.76.66" port: 46871 } } peers { permanent_uuid: "404468a7a7ff45f2b9087d909922aa03" member_type: VOTER last_known_addr { host: "127.21.76.67" port: 32787 } }
I20260710 13:21:55.645236 22622 ts_tablet_manager.cc:1434] T adfd0039f72c42a5a94b9269d9048929 P 803e953abbfa4a2dacddb94cad07b4bc: Time spent starting tablet: real 0.009s	user 0.006s	sys 0.000s
I20260710 13:21:55.645676 22626 leader_election.cc:290] T 134667e60c92441e86ef742725b5bc4a P a949dff768a14e0c950ad9ce41340109 [CANDIDATE]: Term 1 pre-election: Requested pre-vote from peers 803e953abbfa4a2dacddb94cad07b4bc (127.21.76.65:46569), 404468a7a7ff45f2b9087d909922aa03 (127.21.76.67:32787)
I20260710 13:21:55.646283 22622 tablet_bootstrap.cc:492] T cd9f5c8b6dd14a70b66069d208616de1 P 803e953abbfa4a2dacddb94cad07b4bc: Bootstrap starting.
I20260710 13:21:55.647326 22648 raft_consensus.cc:493] T 7c25a9c744cf44b4872100cc2b6bfbb1 P a949dff768a14e0c950ad9ce41340109 [term 0 FOLLOWER]: Starting pre-election (no leader contacted us within the election timeout)
I20260710 13:21:55.647770 22648 raft_consensus.cc:515] T 7c25a9c744cf44b4872100cc2b6bfbb1 P a949dff768a14e0c950ad9ce41340109 [term 0 FOLLOWER]: Starting pre-election with config: opid_index: -1 OBSOLETE_local: false peers { permanent_uuid: "803e953abbfa4a2dacddb94cad07b4bc" member_type: VOTER last_known_addr { host: "127.21.76.65" port: 46569 } } peers { permanent_uuid: "a949dff768a14e0c950ad9ce41340109" member_type: VOTER last_known_addr { host: "127.21.76.66" port: 46871 } } peers { permanent_uuid: "404468a7a7ff45f2b9087d909922aa03" member_type: VOTER last_known_addr { host: "127.21.76.67" port: 32787 } }
I20260710 13:21:55.649739 22648 leader_election.cc:290] T 7c25a9c744cf44b4872100cc2b6bfbb1 P a949dff768a14e0c950ad9ce41340109 [CANDIDATE]: Term 1 pre-election: Requested pre-vote from peers 803e953abbfa4a2dacddb94cad07b4bc (127.21.76.65:46569), 404468a7a7ff45f2b9087d909922aa03 (127.21.76.67:32787)
I20260710 13:21:55.653228 22622 tablet_bootstrap.cc:654] T cd9f5c8b6dd14a70b66069d208616de1 P 803e953abbfa4a2dacddb94cad07b4bc: Neither blocks nor log segments found. Creating new log.
I20260710 13:21:55.664561 22621 tablet_bootstrap.cc:654] T 5c39dad5e4f6449d85e05fb5bac6e8f9 P a949dff768a14e0c950ad9ce41340109: Neither blocks nor log segments found. Creating new log.
W20260710 13:21:55.665568 22377 auto_rebalancer.cc:288] Could not retrieve cluster info: Service unavailable: Tablet not running
I20260710 13:21:55.667608 22431 tablet_service.cc:1917] Received RequestConsensusVote() RPC: tablet_id: "40c6a97b66f24eb19152864460c07134" candidate_uuid: "a949dff768a14e0c950ad9ce41340109" candidate_term: 1 candidate_status { last_received { term: 0 index: 0 } } ignore_live_leader: false dest_uuid: "803e953abbfa4a2dacddb94cad07b4bc" is_pre_election: true
I20260710 13:21:55.669943 22431 tablet_service.cc:1917] Received RequestConsensusVote() RPC: tablet_id: "a44b16adb5dd4dbc8f9a5c623937c7cc" candidate_uuid: "a949dff768a14e0c950ad9ce41340109" candidate_term: 1 candidate_status { last_received { term: 0 index: 0 } } ignore_live_leader: false dest_uuid: "803e953abbfa4a2dacddb94cad07b4bc" is_pre_election: true
I20260710 13:21:55.670713 22431 raft_consensus.cc:2468] T a44b16adb5dd4dbc8f9a5c623937c7cc P 803e953abbfa4a2dacddb94cad07b4bc [term 0 FOLLOWER]: Leader pre-election vote request: Granting yes vote for candidate a949dff768a14e0c950ad9ce41340109 in term 0.
W20260710 13:21:55.678799 22470 leader_election.cc:343] T 40c6a97b66f24eb19152864460c07134 P a949dff768a14e0c950ad9ce41340109 [CANDIDATE]: Term 1 pre-election: Tablet error from VoteRequest() call to peer 803e953abbfa4a2dacddb94cad07b4bc (127.21.76.65:46569): Illegal state: must be running to vote when last-logged opid is not known
I20260710 13:21:55.679749 22470 leader_election.cc:304] T a44b16adb5dd4dbc8f9a5c623937c7cc P a949dff768a14e0c950ad9ce41340109 [CANDIDATE]: Term 1 pre-election: Election decided. Result: candidate won. Election summary: received 2 responses out of 3 voters: 2 yes votes; 0 no votes. yes voters: 803e953abbfa4a2dacddb94cad07b4bc, a949dff768a14e0c950ad9ce41340109; no voters: 
I20260710 13:21:55.679864 22430 tablet_service.cc:1917] Received RequestConsensusVote() RPC: tablet_id: "7c25a9c744cf44b4872100cc2b6bfbb1" candidate_uuid: "a949dff768a14e0c950ad9ce41340109" candidate_term: 1 candidate_status { last_received { term: 0 index: 0 } } ignore_live_leader: false dest_uuid: "803e953abbfa4a2dacddb94cad07b4bc" is_pre_election: true
I20260710 13:21:55.680617 22430 raft_consensus.cc:2468] T 7c25a9c744cf44b4872100cc2b6bfbb1 P 803e953abbfa4a2dacddb94cad07b4bc [term 0 FOLLOWER]: Leader pre-election vote request: Granting yes vote for candidate a949dff768a14e0c950ad9ce41340109 in term 0.
I20260710 13:21:55.680811 22648 raft_consensus.cc:2804] T a44b16adb5dd4dbc8f9a5c623937c7cc P a949dff768a14e0c950ad9ce41340109 [term 0 FOLLOWER]: Leader pre-election won for term 1
I20260710 13:21:55.681284 22648 raft_consensus.cc:493] T a44b16adb5dd4dbc8f9a5c623937c7cc P a949dff768a14e0c950ad9ce41340109 [term 0 FOLLOWER]: Starting leader election (no leader contacted us within the election timeout)
I20260710 13:21:55.681481 22631 raft_consensus.cc:493] T adfd0039f72c42a5a94b9269d9048929 P 803e953abbfa4a2dacddb94cad07b4bc [term 0 FOLLOWER]: Starting pre-election (no leader contacted us within the election timeout)
I20260710 13:21:55.681746 22648 raft_consensus.cc:3060] T a44b16adb5dd4dbc8f9a5c623937c7cc P a949dff768a14e0c950ad9ce41340109 [term 0 FOLLOWER]: Advancing to term 1
I20260710 13:21:55.681989 22631 raft_consensus.cc:515] T adfd0039f72c42a5a94b9269d9048929 P 803e953abbfa4a2dacddb94cad07b4bc [term 0 FOLLOWER]: Starting pre-election with config: opid_index: -1 OBSOLETE_local: false peers { permanent_uuid: "803e953abbfa4a2dacddb94cad07b4bc" member_type: VOTER last_known_addr { host: "127.21.76.65" port: 46569 } } peers { permanent_uuid: "a949dff768a14e0c950ad9ce41340109" member_type: VOTER last_known_addr { host: "127.21.76.66" port: 46871 } } peers { permanent_uuid: "404468a7a7ff45f2b9087d909922aa03" member_type: VOTER last_known_addr { host: "127.21.76.67" port: 32787 } }
I20260710 13:21:55.685696 22631 leader_election.cc:290] T adfd0039f72c42a5a94b9269d9048929 P 803e953abbfa4a2dacddb94cad07b4bc [CANDIDATE]: Term 1 pre-election: Requested pre-vote from peers a949dff768a14e0c950ad9ce41340109 (127.21.76.66:46871), 404468a7a7ff45f2b9087d909922aa03 (127.21.76.67:32787)
I20260710 13:21:55.688328 22431 tablet_service.cc:1917] Received RequestConsensusVote() RPC: tablet_id: "134667e60c92441e86ef742725b5bc4a" candidate_uuid: "a949dff768a14e0c950ad9ce41340109" candidate_term: 1 candidate_status { last_received { term: 0 index: 0 } } ignore_live_leader: false dest_uuid: "803e953abbfa4a2dacddb94cad07b4bc" is_pre_election: true
I20260710 13:21:55.694811 22622 tablet_bootstrap.cc:492] T cd9f5c8b6dd14a70b66069d208616de1 P 803e953abbfa4a2dacddb94cad07b4bc: No bootstrap required, opened a new log
I20260710 13:21:55.694814 22620 tablet_bootstrap.cc:492] T 134667e60c92441e86ef742725b5bc4a P 404468a7a7ff45f2b9087d909922aa03: No bootstrap required, opened a new log
I20260710 13:21:55.695518 22620 ts_tablet_manager.cc:1403] T 134667e60c92441e86ef742725b5bc4a P 404468a7a7ff45f2b9087d909922aa03: Time spent bootstrapping tablet: real 0.075s	user 0.028s	sys 0.026s
I20260710 13:21:55.695554 22579 tablet_service.cc:1917] Received RequestConsensusVote() RPC: tablet_id: "a44b16adb5dd4dbc8f9a5c623937c7cc" candidate_uuid: "a949dff768a14e0c950ad9ce41340109" candidate_term: 1 candidate_status { last_received { term: 0 index: 0 } } ignore_live_leader: false dest_uuid: "404468a7a7ff45f2b9087d909922aa03" is_pre_election: true
I20260710 13:21:55.696017 22580 tablet_service.cc:1917] Received RequestConsensusVote() RPC: tablet_id: "40c6a97b66f24eb19152864460c07134" candidate_uuid: "a949dff768a14e0c950ad9ce41340109" candidate_term: 1 candidate_status { last_received { term: 0 index: 0 } } ignore_live_leader: false dest_uuid: "404468a7a7ff45f2b9087d909922aa03" is_pre_election: true
I20260710 13:21:55.696439 22579 raft_consensus.cc:2468] T a44b16adb5dd4dbc8f9a5c623937c7cc P 404468a7a7ff45f2b9087d909922aa03 [term 0 FOLLOWER]: Leader pre-election vote request: Granting yes vote for candidate a949dff768a14e0c950ad9ce41340109 in term 0.
I20260710 13:21:55.696637 22580 raft_consensus.cc:2468] T 40c6a97b66f24eb19152864460c07134 P 404468a7a7ff45f2b9087d909922aa03 [term 0 FOLLOWER]: Leader pre-election vote request: Granting yes vote for candidate a949dff768a14e0c950ad9ce41340109 in term 0.
I20260710 13:21:55.697364 22622 ts_tablet_manager.cc:1403] T cd9f5c8b6dd14a70b66069d208616de1 P 803e953abbfa4a2dacddb94cad07b4bc: Time spent bootstrapping tablet: real 0.051s	user 0.021s	sys 0.018s
I20260710 13:21:55.698202 22620 raft_consensus.cc:359] T 134667e60c92441e86ef742725b5bc4a P 404468a7a7ff45f2b9087d909922aa03 [term 0 FOLLOWER]: Replica starting. Triggering 0 pending ops. Active config: opid_index: -1 OBSOLETE_local: false peers { permanent_uuid: "803e953abbfa4a2dacddb94cad07b4bc" member_type: VOTER last_known_addr { host: "127.21.76.65" port: 46569 } } peers { permanent_uuid: "a949dff768a14e0c950ad9ce41340109" member_type: VOTER last_known_addr { host: "127.21.76.66" port: 46871 } } peers { permanent_uuid: "404468a7a7ff45f2b9087d909922aa03" member_type: VOTER last_known_addr { host: "127.21.76.67" port: 32787 } }
I20260710 13:21:55.698921 22620 raft_consensus.cc:385] T 134667e60c92441e86ef742725b5bc4a P 404468a7a7ff45f2b9087d909922aa03 [term 0 FOLLOWER]: Consensus starting up: Expiring failure detector timer to make a prompt election more likely
I20260710 13:21:55.699077 22621 tablet_bootstrap.cc:492] T 5c39dad5e4f6449d85e05fb5bac6e8f9 P a949dff768a14e0c950ad9ce41340109: No bootstrap required, opened a new log
I20260710 13:21:55.690310 22470 leader_election.cc:304] T 7c25a9c744cf44b4872100cc2b6bfbb1 P a949dff768a14e0c950ad9ce41340109 [CANDIDATE]: Term 1 pre-election: Election decided. Result: candidate won. Election summary: received 2 responses out of 3 voters: 2 yes votes; 0 no votes. yes voters: 803e953abbfa4a2dacddb94cad07b4bc, a949dff768a14e0c950ad9ce41340109; no voters: 
I20260710 13:21:55.699270 22620 raft_consensus.cc:740] T 134667e60c92441e86ef742725b5bc4a P 404468a7a7ff45f2b9087d909922aa03 [term 0 FOLLOWER]: Becoming Follower/Learner. State: Replica: 404468a7a7ff45f2b9087d909922aa03, State: Initialized, Role: FOLLOWER
I20260710 13:21:55.699870 22621 ts_tablet_manager.cc:1403] T 5c39dad5e4f6449d85e05fb5bac6e8f9 P a949dff768a14e0c950ad9ce41340109: Time spent bootstrapping tablet: real 0.062s	user 0.016s	sys 0.003s
I20260710 13:21:55.699896 22626 raft_consensus.cc:2804] T 7c25a9c744cf44b4872100cc2b6bfbb1 P a949dff768a14e0c950ad9ce41340109 [term 0 FOLLOWER]: Leader pre-election won for term 1
W20260710 13:21:55.700064 22470 leader_election.cc:343] T 134667e60c92441e86ef742725b5bc4a P a949dff768a14e0c950ad9ce41340109 [CANDIDATE]: Term 1 pre-election: Tablet error from VoteRequest() call to peer 803e953abbfa4a2dacddb94cad07b4bc (127.21.76.65:46569): Illegal state: must be running to vote when last-logged opid is not known
I20260710 13:21:55.700444 22626 raft_consensus.cc:493] T 7c25a9c744cf44b4872100cc2b6bfbb1 P a949dff768a14e0c950ad9ce41340109 [term 0 FOLLOWER]: Starting leader election (no leader contacted us within the election timeout)
I20260710 13:21:55.700206 22622 raft_consensus.cc:359] T cd9f5c8b6dd14a70b66069d208616de1 P 803e953abbfa4a2dacddb94cad07b4bc [term 0 FOLLOWER]: Replica starting. Triggering 0 pending ops. Active config: opid_index: -1 OBSOLETE_local: false peers { permanent_uuid: "803e953abbfa4a2dacddb94cad07b4bc" member_type: VOTER last_known_addr { host: "127.21.76.65" port: 46569 } } peers { permanent_uuid: "a949dff768a14e0c950ad9ce41340109" member_type: VOTER last_known_addr { host: "127.21.76.66" port: 46871 } } peers { permanent_uuid: "404468a7a7ff45f2b9087d909922aa03" member_type: VOTER last_known_addr { host: "127.21.76.67" port: 32787 } }
I20260710 13:21:55.700804 22626 raft_consensus.cc:3060] T 7c25a9c744cf44b4872100cc2b6bfbb1 P a949dff768a14e0c950ad9ce41340109 [term 0 FOLLOWER]: Advancing to term 1
