I20260710 13:21:47.245682 17050 consensus_queue.cc:260] T 00000000000000000000000000000000 P eb7ea51c92274d91a5e6a8023b530a93 [NON_LEADER]: Queue going to NON_LEADER mode. State: All replicated index: 0, Majority replicated index: 0, Committed index: 0, Last appended: 0.0, Last appended by leader: 0, Current term: 0, Majority size: -1, State: 0, Mode: NON_LEADER, active raft config: opid_index: -1 OBSOLETE_local: true peers { permanent_uuid: "eb7ea51c92274d91a5e6a8023b530a93" member_type: VOTER }
I20260710 13:21:47.246120 17050 raft_consensus.cc:399] T 00000000000000000000000000000000 P eb7ea51c92274d91a5e6a8023b530a93 [term 0 FOLLOWER]: Only one voter in the Raft config. Triggering election immediately
I20260710 13:21:47.246395 17050 raft_consensus.cc:493] T 00000000000000000000000000000000 P eb7ea51c92274d91a5e6a8023b530a93 [term 0 FOLLOWER]: Starting leader election (initial election of a single-replica configuration)
I20260710 13:21:47.246676 17050 raft_consensus.cc:3060] T 00000000000000000000000000000000 P eb7ea51c92274d91a5e6a8023b530a93 [term 0 FOLLOWER]: Advancing to term 1
I20260710 13:21:47.251365 17050 raft_consensus.cc:515] T 00000000000000000000000000000000 P eb7ea51c92274d91a5e6a8023b530a93 [term 1 FOLLOWER]: Starting leader election with config: opid_index: -1 OBSOLETE_local: true peers { permanent_uuid: "eb7ea51c92274d91a5e6a8023b530a93" member_type: VOTER }
I20260710 13:21:47.252012 17050 leader_election.cc:304] T 00000000000000000000000000000000 P eb7ea51c92274d91a5e6a8023b530a93 [CANDIDATE]: Term 1 election: Election decided. Result: candidate won. Election summary: received 1 responses out of 1 voters: 1 yes votes; 0 no votes. yes voters: eb7ea51c92274d91a5e6a8023b530a93; no voters: 
I20260710 13:21:47.253291 17050 leader_election.cc:290] T 00000000000000000000000000000000 P eb7ea51c92274d91a5e6a8023b530a93 [CANDIDATE]: Term 1 election: Requested vote from peers 
I20260710 13:21:47.253867 17053 raft_consensus.cc:2804] T 00000000000000000000000000000000 P eb7ea51c92274d91a5e6a8023b530a93 [term 1 FOLLOWER]: Leader election won for term 1
I20260710 13:21:47.255398 17053 raft_consensus.cc:697] T 00000000000000000000000000000000 P eb7ea51c92274d91a5e6a8023b530a93 [term 1 LEADER]: Becoming Leader. State: Replica: eb7ea51c92274d91a5e6a8023b530a93, State: Running, Role: LEADER
I20260710 13:21:47.256376 17050 sys_catalog.cc:565] T 00000000000000000000000000000000 P eb7ea51c92274d91a5e6a8023b530a93 [sys.catalog]: configured and running, proceeding with master startup.
I20260710 13:21:47.256160 17053 consensus_queue.cc:237] T 00000000000000000000000000000000 P eb7ea51c92274d91a5e6a8023b530a93 [LEADER]: Queue going to LEADER mode. State: All replicated index: 0, Majority replicated index: 0, Committed index: 0, Last appended: 0.0, Last appended by leader: 0, Current term: 1, Majority size: 1, State: 0, Mode: LEADER, active raft config: opid_index: -1 OBSOLETE_local: true peers { permanent_uuid: "eb7ea51c92274d91a5e6a8023b530a93" member_type: VOTER }
I20260710 13:21:47.261790 17055 sys_catalog.cc:455] T 00000000000000000000000000000000 P eb7ea51c92274d91a5e6a8023b530a93 [sys.catalog]: SysCatalogTable state changed. Reason: New leader eb7ea51c92274d91a5e6a8023b530a93. Latest consensus state: current_term: 1 leader_uuid: "eb7ea51c92274d91a5e6a8023b530a93" committed_config { opid_index: -1 OBSOLETE_local: true peers { permanent_uuid: "eb7ea51c92274d91a5e6a8023b530a93" member_type: VOTER } }
I20260710 13:21:47.262571 17055 sys_catalog.cc:458] T 00000000000000000000000000000000 P eb7ea51c92274d91a5e6a8023b530a93 [sys.catalog]: This master's current role is: LEADER
I20260710 13:21:47.263265 17054 sys_catalog.cc:455] T 00000000000000000000000000000000 P eb7ea51c92274d91a5e6a8023b530a93 [sys.catalog]: SysCatalogTable state changed. Reason: RaftConsensus started. Latest consensus state: current_term: 1 leader_uuid: "eb7ea51c92274d91a5e6a8023b530a93" committed_config { opid_index: -1 OBSOLETE_local: true peers { permanent_uuid: "eb7ea51c92274d91a5e6a8023b530a93" member_type: VOTER } }
I20260710 13:21:47.263990 17054 sys_catalog.cc:458] T 00000000000000000000000000000000 P eb7ea51c92274d91a5e6a8023b530a93 [sys.catalog]: This master's current role is: LEADER
I20260710 13:21:47.265239 17061 catalog_manager.cc:1511] Loading table and tablet metadata into memory...
I20260710 13:21:47.273308 17061 catalog_manager.cc:1520] Initializing Kudu cluster ID...
I20260710 13:21:47.274412 16488 internal_mini_cluster.cc:184] Waiting to initialize catalog manager on master 0
I20260710 13:21:47.282586 17061 catalog_manager.cc:1383] Generated new cluster ID: fe2ca81d6bfb4ee889465cdfd701e71f
I20260710 13:21:47.282922 17061 catalog_manager.cc:1531] Initializing Kudu internal certificate authority...
I20260710 13:21:47.305116 17061 catalog_manager.cc:1406] Generated new certificate authority record
I20260710 13:21:47.306622 17061 catalog_manager.cc:1540] Loading token signing keys...
I20260710 13:21:47.324797 17061 catalog_manager.cc:6070] T 00000000000000000000000000000000 P eb7ea51c92274d91a5e6a8023b530a93: Generated new TSK 0
I20260710 13:21:47.325484 17061 catalog_manager.cc:1550] Initializing in-progress tserver states...
I20260710 13:21:47.340898 16488 file_cache.cc:504] Constructed file cache file cache with capacity 419430
W20260710 13:21:47.346958 17071 instance_detector.cc:116] could not retrieve AWS instance metadata: Network error: curl error: HTTP response code said error: The requested URL returned error: 404
W20260710 13:21:47.348090 17072 instance_detector.cc:116] could not retrieve Azure instance metadata: Network error: curl error: HTTP response code said error: The requested URL returned error: 404
I20260710 13:21:47.350147 16488 server_base.cc:1061] running on GCE node
W20260710 13:21:47.350096 17074 instance_detector.cc:116] could not retrieve OpenStack instance metadata: Network error: curl error: HTTP response code said error: The requested URL returned error: 404
I20260710 13:21:47.351501 16488 hybrid_clock.cc:584] initializing the hybrid clock with 'system_unsync' time source
W20260710 13:21:47.351758 16488 system_unsync_time.cc:38] NTP support is disabled. Clock error bounds will not be accurate. This configuration is not suitable for distributed clusters.
I20260710 13:21:47.351934 16488 hybrid_clock.cc:648] HybridClock initialized: now 1783689707351919 us; error 0 us; skew 500 ppm
I20260710 13:21:47.352473 16488 server_base.cc:861] Flag tcmalloc_max_total_thread_cache_bytes is not working since tcmalloc is not enabled.
I20260710 13:21:47.354959 16488 webserver.cc:533] Webserver started at http://127.16.26.1:38955/ using document root <none> and password file <none>
I20260710 13:21:47.355453 16488 fs_manager.cc:362] Metadata directory not provided
I20260710 13:21:47.355660 16488 fs_manager.cc:368] Using write-ahead log directory (fs_wal_dir) as metadata directory
I20260710 13:21:47.355926 16488 server_base.cc:909] This appears to be a new deployment of Kudu; creating new FS layout
I20260710 13:21:47.356990 16488 fs_manager.cc:1068] Generated new instance metadata in path /tmp/dist-test-taskeKj1hg/test-tmp/auto_leader_rebalancer-test.0.LeaderRebalancerTest.FunctionalTestForNotDivided.1783689694032651-16488-0/minicluster-data/ts-0-root/instance:
uuid: "5d16d895ab9f47d6a87bd4010a0c26d3"
format_stamp: "Formatted at 2026-07-10 13:21:47 on dist-test-slave-fcbk"
I20260710 13:21:47.361850 16488 fs_manager.cc:696] Time spent creating directory manager: real 0.004s	user 0.002s	sys 0.001s
I20260710 13:21:47.365765 17079 log_block_manager.cc:4127] Time spent loading block containers with low live blocks: real 0.000s	user 0.000s	sys 0.000s
I20260710 13:21:47.366801 16488 fs_manager.cc:730] Time spent opening block manager: real 0.003s	user 0.002s	sys 0.001s
I20260710 13:21:47.367118 16488 fs_manager.cc:647] Opened local filesystem: /tmp/dist-test-taskeKj1hg/test-tmp/auto_leader_rebalancer-test.0.LeaderRebalancerTest.FunctionalTestForNotDivided.1783689694032651-16488-0/minicluster-data/ts-0-root
uuid: "5d16d895ab9f47d6a87bd4010a0c26d3"
format_stamp: "Formatted at 2026-07-10 13:21:47 on dist-test-slave-fcbk"
I20260710 13:21:47.367435 16488 fs_report.cc:389] FS layout report
--------------------
wal directory: /tmp/dist-test-taskeKj1hg/test-tmp/auto_leader_rebalancer-test.0.LeaderRebalancerTest.FunctionalTestForNotDivided.1783689694032651-16488-0/minicluster-data/ts-0-root
metadata directory: /tmp/dist-test-taskeKj1hg/test-tmp/auto_leader_rebalancer-test.0.LeaderRebalancerTest.FunctionalTestForNotDivided.1783689694032651-16488-0/minicluster-data/ts-0-root
1 data directories: /tmp/dist-test-taskeKj1hg/test-tmp/auto_leader_rebalancer-test.0.LeaderRebalancerTest.FunctionalTestForNotDivided.1783689694032651-16488-0/minicluster-data/ts-0-root/data
Total live blocks: 0
Total live bytes: 0
Total live bytes (after alignment): 0
Total number of LBM containers: 0 (0 full)
Did not check for missing blocks
Did not check for orphaned blocks
Total full LBM containers with extra space: 0 (0 repaired)
Total full LBM container extra space in bytes: 0 (0 repaired)
Total incomplete LBM containers: 0 (0 repaired)
Total LBM partial records: 0 (0 repaired)
Total corrupted LBM metadata records in RocksDB: 0 (0 repaired)
I20260710 13:21:47.400416 16488 rpc_server.cc:225] running with OpenSSL 1.1.1  11 Sep 2018
I20260710 13:21:47.401921 16488 kserver.cc:163] Server-wide thread pool size limit: 3276
I20260710 13:21:47.403631 16488 txn_system_client.cc:432] TxnSystemClient initialization is disabled...
I20260710 13:21:47.406150 16488 ts_tablet_manager.cc:585] Loaded tablet metadata (0 total tablets, 0 live tablets)
I20260710 13:21:47.406347 16488 ts_tablet_manager.cc:531] Time spent load tablet metadata: real 0.000s	user 0.000s	sys 0.000s
I20260710 13:21:47.406705 16488 ts_tablet_manager.cc:616] Registered 0 tablets
I20260710 13:21:47.406876 16488 ts_tablet_manager.cc:595] Time spent register tablets: real 0.000s	user 0.000s	sys 0.000s
I20260710 13:21:47.451848 16488 rpc_server.cc:307] RPC server started. Bound to: 127.16.26.1:44517
I20260710 13:21:47.451984 17141 acceptor_pool.cc:272] collecting diagnostics on the listening RPC socket 127.16.26.1:44517 every 8 connection(s)
I20260710 13:21:47.456835 16488 file_cache.cc:504] Constructed file cache file cache with capacity 419430
W20260710 13:21:47.464414 17146 instance_detector.cc:116] could not retrieve AWS instance metadata: Network error: curl error: HTTP response code said error: The requested URL returned error: 404
W20260710 13:21:47.465795 17147 instance_detector.cc:116] could not retrieve Azure instance metadata: Network error: curl error: HTTP response code said error: The requested URL returned error: 404
W20260710 13:21:47.469318 17149 instance_detector.cc:116] could not retrieve OpenStack instance metadata: Network error: curl error: HTTP response code said error: The requested URL returned error: 404
I20260710 13:21:47.469252 16488 server_base.cc:1061] running on GCE node
I20260710 13:21:47.470468 16488 hybrid_clock.cc:584] initializing the hybrid clock with 'system_unsync' time source
W20260710 13:21:47.470685 16488 system_unsync_time.cc:38] NTP support is disabled. Clock error bounds will not be accurate. This configuration is not suitable for distributed clusters.
I20260710 13:21:47.470875 16488 hybrid_clock.cc:648] HybridClock initialized: now 1783689707470839 us; error 0 us; skew 500 ppm
I20260710 13:21:47.471452 16488 server_base.cc:861] Flag tcmalloc_max_total_thread_cache_bytes is not working since tcmalloc is not enabled.
I20260710 13:21:47.474191 16488 webserver.cc:533] Webserver started at http://127.16.26.2:36239/ using document root <none> and password file <none>
I20260710 13:21:47.474753 16488 fs_manager.cc:362] Metadata directory not provided
I20260710 13:21:47.474987 16488 fs_manager.cc:368] Using write-ahead log directory (fs_wal_dir) as metadata directory
I20260710 13:21:47.475090 17142 heartbeater.cc:344] Connected to a master server at 127.16.26.62:33589
I20260710 13:21:47.475291 16488 server_base.cc:909] This appears to be a new deployment of Kudu; creating new FS layout
I20260710 13:21:47.475576 17142 heartbeater.cc:461] Registering TS with master...
I20260710 13:21:47.476354 17142 heartbeater.cc:507] Master 127.16.26.62:33589 requested a full tablet report, sending...
I20260710 13:21:47.476642 16488 fs_manager.cc:1068] Generated new instance metadata in path /tmp/dist-test-taskeKj1hg/test-tmp/auto_leader_rebalancer-test.0.LeaderRebalancerTest.FunctionalTestForNotDivided.1783689694032651-16488-0/minicluster-data/ts-1-root/instance:
uuid: "d4b53b31ea7b46fbbd917ef4a5173252"
format_stamp: "Formatted at 2026-07-10 13:21:47 on dist-test-slave-fcbk"
I20260710 13:21:47.478523 17015 ts_manager.cc:194] Registered new tserver with Master: 5d16d895ab9f47d6a87bd4010a0c26d3 (127.16.26.1:44517)
I20260710 13:21:47.480194 17015 master_service.cc:502] Signed X509 certificate for tserver {username='slave'} at 127.0.0.1:60126
I20260710 13:21:47.481599 16488 fs_manager.cc:696] Time spent creating directory manager: real 0.004s	user 0.005s	sys 0.000s
I20260710 13:21:47.484900 17154 log_block_manager.cc:4127] Time spent loading block containers with low live blocks: real 0.000s	user 0.000s	sys 0.000s
I20260710 13:21:47.485839 16488 fs_manager.cc:730] Time spent opening block manager: real 0.002s	user 0.003s	sys 0.000s
I20260710 13:21:47.486140 16488 fs_manager.cc:647] Opened local filesystem: /tmp/dist-test-taskeKj1hg/test-tmp/auto_leader_rebalancer-test.0.LeaderRebalancerTest.FunctionalTestForNotDivided.1783689694032651-16488-0/minicluster-data/ts-1-root
uuid: "d4b53b31ea7b46fbbd917ef4a5173252"
format_stamp: "Formatted at 2026-07-10 13:21:47 on dist-test-slave-fcbk"
I20260710 13:21:47.486439 16488 fs_report.cc:389] FS layout report
--------------------
wal directory: /tmp/dist-test-taskeKj1hg/test-tmp/auto_leader_rebalancer-test.0.LeaderRebalancerTest.FunctionalTestForNotDivided.1783689694032651-16488-0/minicluster-data/ts-1-root
metadata directory: /tmp/dist-test-taskeKj1hg/test-tmp/auto_leader_rebalancer-test.0.LeaderRebalancerTest.FunctionalTestForNotDivided.1783689694032651-16488-0/minicluster-data/ts-1-root
1 data directories: /tmp/dist-test-taskeKj1hg/test-tmp/auto_leader_rebalancer-test.0.LeaderRebalancerTest.FunctionalTestForNotDivided.1783689694032651-16488-0/minicluster-data/ts-1-root/data
Total live blocks: 0
Total live bytes: 0
Total live bytes (after alignment): 0
Total number of LBM containers: 0 (0 full)
Did not check for missing blocks
Did not check for orphaned blocks
Total full LBM containers with extra space: 0 (0 repaired)
Total full LBM container extra space in bytes: 0 (0 repaired)
Total incomplete LBM containers: 0 (0 repaired)
Total LBM partial records: 0 (0 repaired)
Total corrupted LBM metadata records in RocksDB: 0 (0 repaired)
I20260710 13:21:47.500496 16488 rpc_server.cc:225] running with OpenSSL 1.1.1  11 Sep 2018
I20260710 13:21:47.501770 16488 kserver.cc:163] Server-wide thread pool size limit: 3276
I20260710 13:21:47.503175 16488 txn_system_client.cc:432] TxnSystemClient initialization is disabled...
I20260710 13:21:47.505375 16488 ts_tablet_manager.cc:585] Loaded tablet metadata (0 total tablets, 0 live tablets)
I20260710 13:21:47.505621 16488 ts_tablet_manager.cc:531] Time spent load tablet metadata: real 0.000s	user 0.000s	sys 0.000s
I20260710 13:21:47.505882 16488 ts_tablet_manager.cc:616] Registered 0 tablets
I20260710 13:21:47.506055 16488 ts_tablet_manager.cc:595] Time spent register tablets: real 0.000s	user 0.000s	sys 0.000s
I20260710 13:21:47.548537 16488 rpc_server.cc:307] RPC server started. Bound to: 127.16.26.2:45171
I20260710 13:21:47.548862 17216 acceptor_pool.cc:272] collecting diagnostics on the listening RPC socket 127.16.26.2:45171 every 8 connection(s)
I20260710 13:21:47.553207 16488 file_cache.cc:504] Constructed file cache file cache with capacity 419430
W20260710 13:21:47.560479 17220 instance_detector.cc:116] could not retrieve AWS instance metadata: Network error: curl error: HTTP response code said error: The requested URL returned error: 404
W20260710 13:21:47.564538 17221 instance_detector.cc:116] could not retrieve Azure instance metadata: Network error: curl error: HTTP response code said error: The requested URL returned error: 404
W20260710 13:21:47.565348 17223 instance_detector.cc:116] could not retrieve OpenStack instance metadata: Network error: curl error: HTTP response code said error: The requested URL returned error: 404
I20260710 13:21:47.566438 16488 server_base.cc:1061] running on GCE node
I20260710 13:21:47.567196 17217 heartbeater.cc:344] Connected to a master server at 127.16.26.62:33589
I20260710 13:21:47.567442 16488 hybrid_clock.cc:584] initializing the hybrid clock with 'system_unsync' time source
I20260710 13:21:47.567607 17217 heartbeater.cc:461] Registering TS with master...
W20260710 13:21:47.567744 16488 system_unsync_time.cc:38] NTP support is disabled. Clock error bounds will not be accurate. This configuration is not suitable for distributed clusters.
I20260710 13:21:47.568050 16488 hybrid_clock.cc:648] HybridClock initialized: now 1783689707568027 us; error 0 us; skew 500 ppm
I20260710 13:21:47.568571 16488 server_base.cc:861] Flag tcmalloc_max_total_thread_cache_bytes is not working since tcmalloc is not enabled.
I20260710 13:21:47.568686 17217 heartbeater.cc:507] Master 127.16.26.62:33589 requested a full tablet report, sending...
I20260710 13:21:47.571364 17015 ts_manager.cc:194] Registered new tserver with Master: d4b53b31ea7b46fbbd917ef4a5173252 (127.16.26.2:45171)
I20260710 13:21:47.572254 16488 webserver.cc:533] Webserver started at http://127.16.26.3:42643/ using document root <none> and password file <none>
I20260710 13:21:47.572988 16488 fs_manager.cc:362] Metadata directory not provided
I20260710 13:21:47.573242 16488 fs_manager.cc:368] Using write-ahead log directory (fs_wal_dir) as metadata directory
I20260710 13:21:47.573479 17015 master_service.cc:502] Signed X509 certificate for tserver {username='slave'} at 127.0.0.1:60136
I20260710 13:21:47.573625 16488 server_base.cc:909] This appears to be a new deployment of Kudu; creating new FS layout
I20260710 13:21:47.575122 16488 fs_manager.cc:1068] Generated new instance metadata in path /tmp/dist-test-taskeKj1hg/test-tmp/auto_leader_rebalancer-test.0.LeaderRebalancerTest.FunctionalTestForNotDivided.1783689694032651-16488-0/minicluster-data/ts-2-root/instance:
uuid: "7de8a6dab1f7446c8e1ef8c67c070083"
format_stamp: "Formatted at 2026-07-10 13:21:47 on dist-test-slave-fcbk"
I20260710 13:21:47.580102 16488 fs_manager.cc:696] Time spent creating directory manager: real 0.004s	user 0.005s	sys 0.000s
I20260710 13:21:47.583549 17228 log_block_manager.cc:4127] Time spent loading block containers with low live blocks: real 0.000s	user 0.000s	sys 0.000s
I20260710 13:21:47.584452 16488 fs_manager.cc:730] Time spent opening block manager: real 0.002s	user 0.002s	sys 0.000s
I20260710 13:21:47.584712 16488 fs_manager.cc:647] Opened local filesystem: /tmp/dist-test-taskeKj1hg/test-tmp/auto_leader_rebalancer-test.0.LeaderRebalancerTest.FunctionalTestForNotDivided.1783689694032651-16488-0/minicluster-data/ts-2-root
uuid: "7de8a6dab1f7446c8e1ef8c67c070083"
format_stamp: "Formatted at 2026-07-10 13:21:47 on dist-test-slave-fcbk"
I20260710 13:21:47.584944 16488 fs_report.cc:389] FS layout report
--------------------
wal directory: /tmp/dist-test-taskeKj1hg/test-tmp/auto_leader_rebalancer-test.0.LeaderRebalancerTest.FunctionalTestForNotDivided.1783689694032651-16488-0/minicluster-data/ts-2-root
metadata directory: /tmp/dist-test-taskeKj1hg/test-tmp/auto_leader_rebalancer-test.0.LeaderRebalancerTest.FunctionalTestForNotDivided.1783689694032651-16488-0/minicluster-data/ts-2-root
1 data directories: /tmp/dist-test-taskeKj1hg/test-tmp/auto_leader_rebalancer-test.0.LeaderRebalancerTest.FunctionalTestForNotDivided.1783689694032651-16488-0/minicluster-data/ts-2-root/data
Total live blocks: 0
Total live bytes: 0
Total live bytes (after alignment): 0
Total number of LBM containers: 0 (0 full)
Did not check for missing blocks
Did not check for orphaned blocks
Total full LBM containers with extra space: 0 (0 repaired)
Total full LBM container extra space in bytes: 0 (0 repaired)
Total incomplete LBM containers: 0 (0 repaired)
Total LBM partial records: 0 (0 repaired)
Total corrupted LBM metadata records in RocksDB: 0 (0 repaired)
I20260710 13:21:47.610212 16488 rpc_server.cc:225] running with OpenSSL 1.1.1  11 Sep 2018
I20260710 13:21:47.611307 16488 kserver.cc:163] Server-wide thread pool size limit: 3276
I20260710 13:21:47.612800 16488 txn_system_client.cc:432] TxnSystemClient initialization is disabled...
I20260710 13:21:47.615255 16488 ts_tablet_manager.cc:585] Loaded tablet metadata (0 total tablets, 0 live tablets)
I20260710 13:21:47.615449 16488 ts_tablet_manager.cc:531] Time spent load tablet metadata: real 0.000s	user 0.000s	sys 0.000s
I20260710 13:21:47.615768 16488 ts_tablet_manager.cc:616] Registered 0 tablets
I20260710 13:21:47.615913 16488 ts_tablet_manager.cc:595] Time spent register tablets: real 0.000s	user 0.000s	sys 0.000s
I20260710 13:21:47.657840 16488 rpc_server.cc:307] RPC server started. Bound to: 127.16.26.3:46793
I20260710 13:21:47.657893 17290 acceptor_pool.cc:272] collecting diagnostics on the listening RPC socket 127.16.26.3:46793 every 8 connection(s)
I20260710 13:21:47.672457 17291 heartbeater.cc:344] Connected to a master server at 127.16.26.62:33589
I20260710 13:21:47.672884 17291 heartbeater.cc:461] Registering TS with master...
I20260710 13:21:47.673780 17291 heartbeater.cc:507] Master 127.16.26.62:33589 requested a full tablet report, sending...
I20260710 13:21:47.675841 17015 ts_manager.cc:194] Registered new tserver with Master: 7de8a6dab1f7446c8e1ef8c67c070083 (127.16.26.3:46793)
I20260710 13:21:47.676656 16488 internal_mini_cluster.cc:371] 3 TS(s) registered with all masters after 0.015728718s
I20260710 13:21:47.677464 17015 master_service.cc:502] Signed X509 certificate for tserver {username='slave'} at 127.0.0.1:60148
I20260710 13:21:47.702709 17015 catalog_manager.cc:2283] Servicing CreateTable request from {username='slave'} at 127.0.0.1:60164:
name: "test-workload"
schema {
  columns {
    name: "key"
    type: INT32
    is_key: true
    is_nullable: false
    encoding: AUTO_ENCODING
    compression: DEFAULT_COMPRESSION
    cfile_block_size: 0
    immutable: false
  }
  columns {
    name: "int_val"
    type: INT32
    is_key: false
    is_nullable: false
    encoding: AUTO_ENCODING
    compression: DEFAULT_COMPRESSION
    cfile_block_size: 0
    immutable: false
  }
  columns {
    name: "string_val"
    type: STRING
    is_key: false
    is_nullable: true
    encoding: AUTO_ENCODING
    compression: DEFAULT_COMPRESSION
    cfile_block_size: 0
    immutable: false
  }
}
num_replicas: 3
split_rows_range_bounds {
  rows: "\004\001\000\314\314\314\014\004\001\000\230\231\231\031\004\001\000dff&\004\001\0000333\004\001\000\374\377\377?\004\001\000\310\314\314L\004\001\000\224\231\231Y\004\001\000`fff\004\001\000,33s""\004\001\000\314\314\314\014\004\001\000\230\231\231\031\004\001\000dff&\004\001\0000333\004\001\000\374\377\377?\004\001\000\310\314\314L\004\001\000\224\231\231Y\004\001\000`fff\004\001\000,33s"
  indirect_data: """"
}
partition_schema {
  range_schema {
    columns {
      name: "key"
    }
  }
}
W20260710 13:21:47.705618 17015 catalog_manager.cc:7077] The number of live tablet servers is not enough to re-replicate a tablet replica of the newly created table test-workload in case of a server failure: 4 tablet servers would be needed, 3 are available. Consider bringing up more tablet servers.
I20260710 13:21:47.771786 17256 tablet_service.cc:1511] Processing CreateTablet for tablet a46577559520410589e68bd6f65ec073 (DEFAULT_TABLE table=test-workload [id=e64668c28d694dce961cadeefaf4fdd1]), partition=RANGE (key) PARTITION VALUES < 214748364
I20260710 13:21:47.773350 17256 data_dirs.cc:400] Could only allocate 1 dirs of requested 3 for tablet a46577559520410589e68bd6f65ec073. 1 dirs total, 0 dirs full, 0 dirs failed
I20260710 13:21:47.777797 17107 tablet_service.cc:1511] Processing CreateTablet for tablet a46577559520410589e68bd6f65ec073 (DEFAULT_TABLE table=test-workload [id=e64668c28d694dce961cadeefaf4fdd1]), partition=RANGE (key) PARTITION VALUES < 214748364
I20260710 13:21:47.779175 17107 data_dirs.cc:400] Could only allocate 1 dirs of requested 3 for tablet a46577559520410589e68bd6f65ec073. 1 dirs total, 0 dirs full, 0 dirs failed
I20260710 13:21:47.781032 17106 tablet_service.cc:1511] Processing CreateTablet for tablet 37b9a1a6efb84f2e89a9e022321ac9f1 (DEFAULT_TABLE table=test-workload [id=e64668c28d694dce961cadeefaf4fdd1]), partition=RANGE (key) PARTITION 214748364 <= VALUES < 429496728
I20260710 13:21:47.782837 17106 data_dirs.cc:400] Could only allocate 1 dirs of requested 3 for tablet 37b9a1a6efb84f2e89a9e022321ac9f1. 1 dirs total, 0 dirs full, 0 dirs failed
I20260710 13:21:47.790001 17255 tablet_service.cc:1511] Processing CreateTablet for tablet 37b9a1a6efb84f2e89a9e022321ac9f1 (DEFAULT_TABLE table=test-workload [id=e64668c28d694dce961cadeefaf4fdd1]), partition=RANGE (key) PARTITION 214748364 <= VALUES < 429496728
I20260710 13:21:47.791467 17255 data_dirs.cc:400] Could only allocate 1 dirs of requested 3 for tablet 37b9a1a6efb84f2e89a9e022321ac9f1. 1 dirs total, 0 dirs full, 0 dirs failed
I20260710 13:21:47.794708 17105 tablet_service.cc:1511] Processing CreateTablet for tablet e46122e7e7ad4c29a132d873da879a90 (DEFAULT_TABLE table=test-workload [id=e64668c28d694dce961cadeefaf4fdd1]), partition=RANGE (key) PARTITION 429496728 <= VALUES < 644245092
I20260710 13:21:47.796095 17105 data_dirs.cc:400] Could only allocate 1 dirs of requested 3 for tablet e46122e7e7ad4c29a132d873da879a90. 1 dirs total, 0 dirs full, 0 dirs failed
I20260710 13:21:47.798627 17254 tablet_service.cc:1511] Processing CreateTablet for tablet e46122e7e7ad4c29a132d873da879a90 (DEFAULT_TABLE table=test-workload [id=e64668c28d694dce961cadeefaf4fdd1]), partition=RANGE (key) PARTITION 429496728 <= VALUES < 644245092
I20260710 13:21:47.800017 17254 data_dirs.cc:400] Could only allocate 1 dirs of requested 3 for tablet e46122e7e7ad4c29a132d873da879a90. 1 dirs total, 0 dirs full, 0 dirs failed
I20260710 13:21:47.800350 17253 tablet_service.cc:1511] Processing CreateTablet for tablet 8fec9fd5f2c94567be14c0fa3491f1f9 (DEFAULT_TABLE table=test-workload [id=e64668c28d694dce961cadeefaf4fdd1]), partition=RANGE (key) PARTITION 644245092 <= VALUES < 858993456
I20260710 13:21:47.801801 17253 data_dirs.cc:400] Could only allocate 1 dirs of requested 3 for tablet 8fec9fd5f2c94567be14c0fa3491f1f9. 1 dirs total, 0 dirs full, 0 dirs failed
I20260710 13:21:47.802843 17104 tablet_service.cc:1511] Processing CreateTablet for tablet 8fec9fd5f2c94567be14c0fa3491f1f9 (DEFAULT_TABLE table=test-workload [id=e64668c28d694dce961cadeefaf4fdd1]), partition=RANGE (key) PARTITION 644245092 <= VALUES < 858993456
I20260710 13:21:47.804656 17104 data_dirs.cc:400] Could only allocate 1 dirs of requested 3 for tablet 8fec9fd5f2c94567be14c0fa3491f1f9. 1 dirs total, 0 dirs full, 0 dirs failed
I20260710 13:21:47.811017 17102 tablet_service.cc:1511] Processing CreateTablet for tablet 3862ef2cce3b4b9f900b61509278bf4d (DEFAULT_TABLE table=test-workload [id=e64668c28d694dce961cadeefaf4fdd1]), partition=RANGE (key) PARTITION 1073741820 <= VALUES < 1288490184
I20260710 13:21:47.813674 17251 tablet_service.cc:1511] Processing CreateTablet for tablet 3862ef2cce3b4b9f900b61509278bf4d (DEFAULT_TABLE table=test-workload [id=e64668c28d694dce961cadeefaf4fdd1]), partition=RANGE (key) PARTITION 1073741820 <= VALUES < 1288490184
I20260710 13:21:47.814157 17101 tablet_service.cc:1511] Processing CreateTablet for tablet a14365e5018c4fa5aae9b166b8486a7d (DEFAULT_TABLE table=test-workload [id=e64668c28d694dce961cadeefaf4fdd1]), partition=RANGE (key) PARTITION 1288490184 <= VALUES < 1503238548
I20260710 13:21:47.815237 17251 data_dirs.cc:400] Could only allocate 1 dirs of requested 3 for tablet 3862ef2cce3b4b9f900b61509278bf4d. 1 dirs total, 0 dirs full, 0 dirs failed
I20260710 13:21:47.808771 17103 tablet_service.cc:1511] Processing CreateTablet for tablet 2a421dfe8a7c4a92a87863b3bcd5a9c5 (DEFAULT_TABLE table=test-workload [id=e64668c28d694dce961cadeefaf4fdd1]), partition=RANGE (key) PARTITION 858993456 <= VALUES < 1073741820
I20260710 13:21:47.816778 17102 data_dirs.cc:400] Could only allocate 1 dirs of requested 3 for tablet 3862ef2cce3b4b9f900b61509278bf4d. 1 dirs total, 0 dirs full, 0 dirs failed
I20260710 13:21:47.823823 17099 tablet_service.cc:1511] Processing CreateTablet for tablet 1d234c868703481ba5a281e2dc10fb9a (DEFAULT_TABLE table=test-workload [id=e64668c28d694dce961cadeefaf4fdd1]), partition=RANGE (key) PARTITION 1717986912 <= VALUES < 1932735276
I20260710 13:21:47.812125 17252 tablet_service.cc:1511] Processing CreateTablet for tablet 2a421dfe8a7c4a92a87863b3bcd5a9c5 (DEFAULT_TABLE table=test-workload [id=e64668c28d694dce961cadeefaf4fdd1]), partition=RANGE (key) PARTITION 858993456 <= VALUES < 1073741820
I20260710 13:21:47.826367 17252 data_dirs.cc:400] Could only allocate 1 dirs of requested 3 for tablet 2a421dfe8a7c4a92a87863b3bcd5a9c5. 1 dirs total, 0 dirs full, 0 dirs failed
I20260710 13:21:47.826220 17250 tablet_service.cc:1511] Processing CreateTablet for tablet a14365e5018c4fa5aae9b166b8486a7d (DEFAULT_TABLE table=test-workload [id=e64668c28d694dce961cadeefaf4fdd1]), partition=RANGE (key) PARTITION 1288490184 <= VALUES < 1503238548
I20260710 13:21:47.818787 17100 tablet_service.cc:1511] Processing CreateTablet for tablet 99bf17e1d7464da4a5b07e063255da1f (DEFAULT_TABLE table=test-workload [id=e64668c28d694dce961cadeefaf4fdd1]), partition=RANGE (key) PARTITION 1503238548 <= VALUES < 1717986912
I20260710 13:21:47.828897 17099 data_dirs.cc:400] Could only allocate 1 dirs of requested 3 for tablet 1d234c868703481ba5a281e2dc10fb9a. 1 dirs total, 0 dirs full, 0 dirs failed
I20260710 13:21:47.829267 17249 tablet_service.cc:1511] Processing CreateTablet for tablet 99bf17e1d7464da4a5b07e063255da1f (DEFAULT_TABLE table=test-workload [id=e64668c28d694dce961cadeefaf4fdd1]), partition=RANGE (key) PARTITION 1503238548 <= VALUES < 1717986912
I20260710 13:21:47.829963 17100 data_dirs.cc:400] Could only allocate 1 dirs of requested 3 for tablet 99bf17e1d7464da4a5b07e063255da1f. 1 dirs total, 0 dirs full, 0 dirs failed
I20260710 13:21:47.829416 17098 tablet_service.cc:1511] Processing CreateTablet for tablet e8312c341da641838d92821eaac3469c (DEFAULT_TABLE table=test-workload [id=e64668c28d694dce961cadeefaf4fdd1]), partition=RANGE (key) PARTITION 1932735276 <= VALUES
I20260710 13:21:47.827711 17250 data_dirs.cc:400] Could only allocate 1 dirs of requested 3 for tablet a14365e5018c4fa5aae9b166b8486a7d. 1 dirs total, 0 dirs full, 0 dirs failed
I20260710 13:21:47.831929 17101 data_dirs.cc:400] Could only allocate 1 dirs of requested 3 for tablet a14365e5018c4fa5aae9b166b8486a7d. 1 dirs total, 0 dirs full, 0 dirs failed
I20260710 13:21:47.836905 17103 data_dirs.cc:400] Could only allocate 1 dirs of requested 3 for tablet 2a421dfe8a7c4a92a87863b3bcd5a9c5. 1 dirs total, 0 dirs full, 0 dirs failed
I20260710 13:21:47.838647 17098 data_dirs.cc:400] Could only allocate 1 dirs of requested 3 for tablet e8312c341da641838d92821eaac3469c. 1 dirs total, 0 dirs full, 0 dirs failed
I20260710 13:21:47.840408 17249 data_dirs.cc:400] Could only allocate 1 dirs of requested 3 for tablet 99bf17e1d7464da4a5b07e063255da1f. 1 dirs total, 0 dirs full, 0 dirs failed
I20260710 13:21:47.851475 17248 tablet_service.cc:1511] Processing CreateTablet for tablet 1d234c868703481ba5a281e2dc10fb9a (DEFAULT_TABLE table=test-workload [id=e64668c28d694dce961cadeefaf4fdd1]), partition=RANGE (key) PARTITION 1717986912 <= VALUES < 1932735276
I20260710 13:21:47.853451 17248 data_dirs.cc:400] Could only allocate 1 dirs of requested 3 for tablet 1d234c868703481ba5a281e2dc10fb9a. 1 dirs total, 0 dirs full, 0 dirs failed
I20260710 13:21:47.874282 17177 tablet_service.cc:1511] Processing CreateTablet for tablet 3862ef2cce3b4b9f900b61509278bf4d (DEFAULT_TABLE table=test-workload [id=e64668c28d694dce961cadeefaf4fdd1]), partition=RANGE (key) PARTITION 1073741820 <= VALUES < 1288490184
I20260710 13:21:47.876497 17177 data_dirs.cc:400] Could only allocate 1 dirs of requested 3 for tablet 3862ef2cce3b4b9f900b61509278bf4d. 1 dirs total, 0 dirs full, 0 dirs failed
I20260710 13:21:47.879220 17181 tablet_service.cc:1511] Processing CreateTablet for tablet 37b9a1a6efb84f2e89a9e022321ac9f1 (DEFAULT_TABLE table=test-workload [id=e64668c28d694dce961cadeefaf4fdd1]), partition=RANGE (key) PARTITION 214748364 <= VALUES < 429496728
I20260710 13:21:47.882625 17179 tablet_service.cc:1511] Processing CreateTablet for tablet 8fec9fd5f2c94567be14c0fa3491f1f9 (DEFAULT_TABLE table=test-workload [id=e64668c28d694dce961cadeefaf4fdd1]), partition=RANGE (key) PARTITION 644245092 <= VALUES < 858993456
I20260710 13:21:47.886183 17180 tablet_service.cc:1511] Processing CreateTablet for tablet e46122e7e7ad4c29a132d873da879a90 (DEFAULT_TABLE table=test-workload [id=e64668c28d694dce961cadeefaf4fdd1]), partition=RANGE (key) PARTITION 429496728 <= VALUES < 644245092
I20260710 13:21:47.889482 17178 tablet_service.cc:1511] Processing CreateTablet for tablet 2a421dfe8a7c4a92a87863b3bcd5a9c5 (DEFAULT_TABLE table=test-workload [id=e64668c28d694dce961cadeefaf4fdd1]), partition=RANGE (key) PARTITION 858993456 <= VALUES < 1073741820
I20260710 13:21:47.901768 17181 data_dirs.cc:400] Could only allocate 1 dirs of requested 3 for tablet 37b9a1a6efb84f2e89a9e022321ac9f1. 1 dirs total, 0 dirs full, 0 dirs failed
I20260710 13:21:47.892760 17182 tablet_service.cc:1511] Processing CreateTablet for tablet a46577559520410589e68bd6f65ec073 (DEFAULT_TABLE table=test-workload [id=e64668c28d694dce961cadeefaf4fdd1]), partition=RANGE (key) PARTITION VALUES < 214748364
I20260710 13:21:47.915370 17182 data_dirs.cc:400] Could only allocate 1 dirs of requested 3 for tablet a46577559520410589e68bd6f65ec073. 1 dirs total, 0 dirs full, 0 dirs failed
I20260710 13:21:47.923837 17176 tablet_service.cc:1511] Processing CreateTablet for tablet a14365e5018c4fa5aae9b166b8486a7d (DEFAULT_TABLE table=test-workload [id=e64668c28d694dce961cadeefaf4fdd1]), partition=RANGE (key) PARTITION 1288490184 <= VALUES < 1503238548
I20260710 13:21:47.930406 17175 tablet_service.cc:1511] Processing CreateTablet for tablet 99bf17e1d7464da4a5b07e063255da1f (DEFAULT_TABLE table=test-workload [id=e64668c28d694dce961cadeefaf4fdd1]), partition=RANGE (key) PARTITION 1503238548 <= VALUES < 1717986912
I20260710 13:21:47.934470 17256 tablet_service.cc:1511] Processing CreateTablet for tablet e8312c341da641838d92821eaac3469c (DEFAULT_TABLE table=test-workload [id=e64668c28d694dce961cadeefaf4fdd1]), partition=RANGE (key) PARTITION 1932735276 <= VALUES
I20260710 13:21:47.937963 17178 data_dirs.cc:400] Could only allocate 1 dirs of requested 3 for tablet 2a421dfe8a7c4a92a87863b3bcd5a9c5. 1 dirs total, 0 dirs full, 0 dirs failed
I20260710 13:21:47.941942 17175 data_dirs.cc:400] Could only allocate 1 dirs of requested 3 for tablet 99bf17e1d7464da4a5b07e063255da1f. 1 dirs total, 0 dirs full, 0 dirs failed
I20260710 13:21:47.949982 17179 data_dirs.cc:400] Could only allocate 1 dirs of requested 3 for tablet 8fec9fd5f2c94567be14c0fa3491f1f9. 1 dirs total, 0 dirs full, 0 dirs failed
I20260710 13:21:47.953972 17180 data_dirs.cc:400] Could only allocate 1 dirs of requested 3 for tablet e46122e7e7ad4c29a132d873da879a90. 1 dirs total, 0 dirs full, 0 dirs failed
I20260710 13:21:47.958010 17176 data_dirs.cc:400] Could only allocate 1 dirs of requested 3 for tablet a14365e5018c4fa5aae9b166b8486a7d. 1 dirs total, 0 dirs full, 0 dirs failed
I20260710 13:21:47.967880 17174 tablet_service.cc:1511] Processing CreateTablet for tablet 1d234c868703481ba5a281e2dc10fb9a (DEFAULT_TABLE table=test-workload [id=e64668c28d694dce961cadeefaf4fdd1]), partition=RANGE (key) PARTITION 1717986912 <= VALUES < 1932735276
I20260710 13:21:47.970752 17174 data_dirs.cc:400] Could only allocate 1 dirs of requested 3 for tablet 1d234c868703481ba5a281e2dc10fb9a. 1 dirs total, 0 dirs full, 0 dirs failed
I20260710 13:21:47.971472 17173 tablet_service.cc:1511] Processing CreateTablet for tablet e8312c341da641838d92821eaac3469c (DEFAULT_TABLE table=test-workload [id=e64668c28d694dce961cadeefaf4fdd1]), partition=RANGE (key) PARTITION 1932735276 <= VALUES
I20260710 13:21:47.972863 17173 data_dirs.cc:400] Could only allocate 1 dirs of requested 3 for tablet e8312c341da641838d92821eaac3469c. 1 dirs total, 0 dirs full, 0 dirs failed
I20260710 13:21:47.981457 17256 data_dirs.cc:400] Could only allocate 1 dirs of requested 3 for tablet e8312c341da641838d92821eaac3469c. 1 dirs total, 0 dirs full, 0 dirs failed
I20260710 13:21:48.008483 17307 tablet_bootstrap.cc:492] T 1d234c868703481ba5a281e2dc10fb9a P 7de8a6dab1f7446c8e1ef8c67c070083: Bootstrap starting.
I20260710 13:21:48.052052 17306 tablet_bootstrap.cc:492] T a46577559520410589e68bd6f65ec073 P 5d16d895ab9f47d6a87bd4010a0c26d3: Bootstrap starting.
I20260710 13:21:48.055827 17308 tablet_bootstrap.cc:492] T 37b9a1a6efb84f2e89a9e022321ac9f1 P d4b53b31ea7b46fbbd917ef4a5173252: Bootstrap starting.
I20260710 13:21:48.064355 17308 tablet_bootstrap.cc:654] T 37b9a1a6efb84f2e89a9e022321ac9f1 P d4b53b31ea7b46fbbd917ef4a5173252: Neither blocks nor log segments found. Creating new log.
I20260710 13:21:48.074441 17307 tablet_bootstrap.cc:654] T 1d234c868703481ba5a281e2dc10fb9a P 7de8a6dab1f7446c8e1ef8c67c070083: Neither blocks nor log segments found. Creating new log.
I20260710 13:21:48.128208 17306 tablet_bootstrap.cc:654] T a46577559520410589e68bd6f65ec073 P 5d16d895ab9f47d6a87bd4010a0c26d3: Neither blocks nor log segments found. Creating new log.
I20260710 13:21:48.142673 17307 tablet_bootstrap.cc:492] T 1d234c868703481ba5a281e2dc10fb9a P 7de8a6dab1f7446c8e1ef8c67c070083: No bootstrap required, opened a new log
I20260710 13:21:48.143390 17307 ts_tablet_manager.cc:1403] T 1d234c868703481ba5a281e2dc10fb9a P 7de8a6dab1f7446c8e1ef8c67c070083: Time spent bootstrapping tablet: real 0.135s	user 0.018s	sys 0.019s
I20260710 13:21:48.147367 17307 raft_consensus.cc:359] T 1d234c868703481ba5a281e2dc10fb9a P 7de8a6dab1f7446c8e1ef8c67c070083 [term 0 FOLLOWER]: Replica starting. Triggering 0 pending ops. Active config: opid_index: -1 OBSOLETE_local: false peers { permanent_uuid: "5d16d895ab9f47d6a87bd4010a0c26d3" member_type: VOTER last_known_addr { host: "127.16.26.1" port: 44517 } } peers { permanent_uuid: "d4b53b31ea7b46fbbd917ef4a5173252" member_type: VOTER last_known_addr { host: "127.16.26.2" port: 45171 } } peers { permanent_uuid: "7de8a6dab1f7446c8e1ef8c67c070083" member_type: VOTER last_known_addr { host: "127.16.26.3" port: 46793 } }
I20260710 13:21:48.148313 17307 raft_consensus.cc:385] T 1d234c868703481ba5a281e2dc10fb9a P 7de8a6dab1f7446c8e1ef8c67c070083 [term 0 FOLLOWER]: Consensus starting up: Expiring failure detector timer to make a prompt election more likely
I20260710 13:21:48.148689 17307 raft_consensus.cc:740] T 1d234c868703481ba5a281e2dc10fb9a P 7de8a6dab1f7446c8e1ef8c67c070083 [term 0 FOLLOWER]: Becoming Follower/Learner. State: Replica: 7de8a6dab1f7446c8e1ef8c67c070083, State: Initialized, Role: FOLLOWER
I20260710 13:21:48.206857 17308 tablet_bootstrap.cc:492] T 37b9a1a6efb84f2e89a9e022321ac9f1 P d4b53b31ea7b46fbbd917ef4a5173252: No bootstrap required, opened a new log
I20260710 13:21:48.207422 17308 ts_tablet_manager.cc:1403] T 37b9a1a6efb84f2e89a9e022321ac9f1 P d4b53b31ea7b46fbbd917ef4a5173252: Time spent bootstrapping tablet: real 0.152s	user 0.024s	sys 0.045s
I20260710 13:21:48.210721 17308 raft_consensus.cc:359] T 37b9a1a6efb84f2e89a9e022321ac9f1 P d4b53b31ea7b46fbbd917ef4a5173252 [term 0 FOLLOWER]: Replica starting. Triggering 0 pending ops. Active config: opid_index: -1 OBSOLETE_local: false peers { permanent_uuid: "5d16d895ab9f47d6a87bd4010a0c26d3" member_type: VOTER last_known_addr { host: "127.16.26.1" port: 44517 } } peers { permanent_uuid: "d4b53b31ea7b46fbbd917ef4a5173252" member_type: VOTER last_known_addr { host: "127.16.26.2" port: 45171 } } peers { permanent_uuid: "7de8a6dab1f7446c8e1ef8c67c070083" member_type: VOTER last_known_addr { host: "127.16.26.3" port: 46793 } }
I20260710 13:21:48.211529 17308 raft_consensus.cc:385] T 37b9a1a6efb84f2e89a9e022321ac9f1 P d4b53b31ea7b46fbbd917ef4a5173252 [term 0 FOLLOWER]: Consensus starting up: Expiring failure detector timer to make a prompt election more likely
I20260710 13:21:48.211858 17308 raft_consensus.cc:740] T 37b9a1a6efb84f2e89a9e022321ac9f1 P d4b53b31ea7b46fbbd917ef4a5173252 [term 0 FOLLOWER]: Becoming Follower/Learner. State: Replica: d4b53b31ea7b46fbbd917ef4a5173252, State: Initialized, Role: FOLLOWER
I20260710 13:21:48.212538 17308 consensus_queue.cc:260] T 37b9a1a6efb84f2e89a9e022321ac9f1 P d4b53b31ea7b46fbbd917ef4a5173252 [NON_LEADER]: Queue going to NON_LEADER mode. State: All replicated index: 0, Majority replicated index: 0, Committed index: 0, Last appended: 0.0, Last appended by leader: 0, Current term: 0, Majority size: -1, State: 0, Mode: NON_LEADER, active raft config: opid_index: -1 OBSOLETE_local: false peers { permanent_uuid: "5d16d895ab9f47d6a87bd4010a0c26d3" member_type: VOTER last_known_addr { host: "127.16.26.1" port: 44517 } } peers { permanent_uuid: "d4b53b31ea7b46fbbd917ef4a5173252" member_type: VOTER last_known_addr { host: "127.16.26.2" port: 45171 } } peers { permanent_uuid: "7de8a6dab1f7446c8e1ef8c67c070083" member_type: VOTER last_known_addr { host: "127.16.26.3" port: 46793 } }
I20260710 13:21:48.216733 17217 heartbeater.cc:499] Master 127.16.26.62:33589 was elected leader, sending a full tablet report...
I20260710 13:21:48.217207 17308 ts_tablet_manager.cc:1434] T 37b9a1a6efb84f2e89a9e022321ac9f1 P d4b53b31ea7b46fbbd917ef4a5173252: Time spent starting tablet: real 0.009s	user 0.010s	sys 0.000s
I20260710 13:21:48.218320 17308 tablet_bootstrap.cc:492] T e8312c341da641838d92821eaac3469c P d4b53b31ea7b46fbbd917ef4a5173252: Bootstrap starting.
I20260710 13:21:48.226356 17308 tablet_bootstrap.cc:654] T e8312c341da641838d92821eaac3469c P d4b53b31ea7b46fbbd917ef4a5173252: Neither blocks nor log segments found. Creating new log.
I20260710 13:21:48.238862 17308 tablet_bootstrap.cc:492] T e8312c341da641838d92821eaac3469c P d4b53b31ea7b46fbbd917ef4a5173252: No bootstrap required, opened a new log
I20260710 13:21:48.239367 17308 ts_tablet_manager.cc:1403] T e8312c341da641838d92821eaac3469c P d4b53b31ea7b46fbbd917ef4a5173252: Time spent bootstrapping tablet: real 0.021s	user 0.015s	sys 0.001s
I20260710 13:21:48.241748 17308 raft_consensus.cc:359] T e8312c341da641838d92821eaac3469c P d4b53b31ea7b46fbbd917ef4a5173252 [term 0 FOLLOWER]: Replica starting. Triggering 0 pending ops. Active config: opid_index: -1 OBSOLETE_local: false peers { permanent_uuid: "5d16d895ab9f47d6a87bd4010a0c26d3" member_type: VOTER last_known_addr { host: "127.16.26.1" port: 44517 } } peers { permanent_uuid: "d4b53b31ea7b46fbbd917ef4a5173252" member_type: VOTER last_known_addr { host: "127.16.26.2" port: 45171 } } peers { permanent_uuid: "7de8a6dab1f7446c8e1ef8c67c070083" member_type: VOTER last_known_addr { host: "127.16.26.3" port: 46793 } }
I20260710 13:21:48.242511 17308 raft_consensus.cc:385] T e8312c341da641838d92821eaac3469c P d4b53b31ea7b46fbbd917ef4a5173252 [term 0 FOLLOWER]: Consensus starting up: Expiring failure detector timer to make a prompt election more likely
I20260710 13:21:48.242841 17308 raft_consensus.cc:740] T e8312c341da641838d92821eaac3469c P d4b53b31ea7b46fbbd917ef4a5173252 [term 0 FOLLOWER]: Becoming Follower/Learner. State: Replica: d4b53b31ea7b46fbbd917ef4a5173252, State: Initialized, Role: FOLLOWER
I20260710 13:21:48.243538 17308 consensus_queue.cc:260] T e8312c341da641838d92821eaac3469c P d4b53b31ea7b46fbbd917ef4a5173252 [NON_LEADER]: Queue going to NON_LEADER mode. State: All replicated index: 0, Majority replicated index: 0, Committed index: 0, Last appended: 0.0, Last appended by leader: 0, Current term: 0, Majority size: -1, State: 0, Mode: NON_LEADER, active raft config: opid_index: -1 OBSOLETE_local: false peers { permanent_uuid: "5d16d895ab9f47d6a87bd4010a0c26d3" member_type: VOTER last_known_addr { host: "127.16.26.1" port: 44517 } } peers { permanent_uuid: "d4b53b31ea7b46fbbd917ef4a5173252" member_type: VOTER last_known_addr { host: "127.16.26.2" port: 45171 } } peers { permanent_uuid: "7de8a6dab1f7446c8e1ef8c67c070083" member_type: VOTER last_known_addr { host: "127.16.26.3" port: 46793 } }
I20260710 13:21:48.246436 17308 ts_tablet_manager.cc:1434] T e8312c341da641838d92821eaac3469c P d4b53b31ea7b46fbbd917ef4a5173252: Time spent starting tablet: real 0.007s	user 0.004s	sys 0.003s
I20260710 13:21:48.247531 17308 tablet_bootstrap.cc:492] T a46577559520410589e68bd6f65ec073 P d4b53b31ea7b46fbbd917ef4a5173252: Bootstrap starting.
I20260710 13:21:48.254254 17308 tablet_bootstrap.cc:654] T a46577559520410589e68bd6f65ec073 P d4b53b31ea7b46fbbd917ef4a5173252: Neither blocks nor log segments found. Creating new log.
I20260710 13:21:48.259557 17308 tablet_bootstrap.cc:492] T a46577559520410589e68bd6f65ec073 P d4b53b31ea7b46fbbd917ef4a5173252: No bootstrap required, opened a new log
I20260710 13:21:48.260048 17308 ts_tablet_manager.cc:1403] T a46577559520410589e68bd6f65ec073 P d4b53b31ea7b46fbbd917ef4a5173252: Time spent bootstrapping tablet: real 0.013s	user 0.010s	sys 0.000s
I20260710 13:21:48.262820 17308 raft_consensus.cc:359] T a46577559520410589e68bd6f65ec073 P d4b53b31ea7b46fbbd917ef4a5173252 [term 0 FOLLOWER]: Replica starting. Triggering 0 pending ops. Active config: opid_index: -1 OBSOLETE_local: false peers { permanent_uuid: "7de8a6dab1f7446c8e1ef8c67c070083" member_type: VOTER last_known_addr { host: "127.16.26.3" port: 46793 } } peers { permanent_uuid: "5d16d895ab9f47d6a87bd4010a0c26d3" member_type: VOTER last_known_addr { host: "127.16.26.1" port: 44517 } } peers { permanent_uuid: "d4b53b31ea7b46fbbd917ef4a5173252" member_type: VOTER last_known_addr { host: "127.16.26.2" port: 45171 } }
I20260710 13:21:48.263406 17308 raft_consensus.cc:385] T a46577559520410589e68bd6f65ec073 P d4b53b31ea7b46fbbd917ef4a5173252 [term 0 FOLLOWER]: Consensus starting up: Expiring failure detector timer to make a prompt election more likely
I20260710 13:21:48.263734 17308 raft_consensus.cc:740] T a46577559520410589e68bd6f65ec073 P d4b53b31ea7b46fbbd917ef4a5173252 [term 0 FOLLOWER]: Becoming Follower/Learner. State: Replica: d4b53b31ea7b46fbbd917ef4a5173252, State: Initialized, Role: FOLLOWER
I20260710 13:21:48.264390 17308 consensus_queue.cc:260] T a46577559520410589e68bd6f65ec073 P d4b53b31ea7b46fbbd917ef4a5173252 [NON_LEADER]: Queue going to NON_LEADER mode. State: All replicated index: 0, Majority replicated index: 0, Committed index: 0, Last appended: 0.0, Last appended by leader: 0, Current term: 0, Majority size: -1, State: 0, Mode: NON_LEADER, active raft config: opid_index: -1 OBSOLETE_local: false peers { permanent_uuid: "7de8a6dab1f7446c8e1ef8c67c070083" member_type: VOTER last_known_addr { host: "127.16.26.3" port: 46793 } } peers { permanent_uuid: "5d16d895ab9f47d6a87bd4010a0c26d3" member_type: VOTER last_known_addr { host: "127.16.26.1" port: 44517 } } peers { permanent_uuid: "d4b53b31ea7b46fbbd917ef4a5173252" member_type: VOTER last_known_addr { host: "127.16.26.2" port: 45171 } }
I20260710 13:21:48.266912 17308 ts_tablet_manager.cc:1434] T a46577559520410589e68bd6f65ec073 P d4b53b31ea7b46fbbd917ef4a5173252: Time spent starting tablet: real 0.007s	user 0.006s	sys 0.001s
I20260710 13:21:48.267822 17308 tablet_bootstrap.cc:492] T 99bf17e1d7464da4a5b07e063255da1f P d4b53b31ea7b46fbbd917ef4a5173252: Bootstrap starting.
W20260710 13:21:48.268136 17063 auto_rebalancer.cc:288] Could not retrieve cluster info: Service unavailable: Tablet not running
I20260710 13:21:48.273891 17308 tablet_bootstrap.cc:654] T 99bf17e1d7464da4a5b07e063255da1f P d4b53b31ea7b46fbbd917ef4a5173252: Neither blocks nor log segments found. Creating new log.
I20260710 13:21:48.280097 17308 tablet_bootstrap.cc:492] T 99bf17e1d7464da4a5b07e063255da1f P d4b53b31ea7b46fbbd917ef4a5173252: No bootstrap required, opened a new log
I20260710 13:21:48.280638 17308 ts_tablet_manager.cc:1403] T 99bf17e1d7464da4a5b07e063255da1f P d4b53b31ea7b46fbbd917ef4a5173252: Time spent bootstrapping tablet: real 0.013s	user 0.007s	sys 0.003s
I20260710 13:21:48.283718 17308 raft_consensus.cc:359] T 99bf17e1d7464da4a5b07e063255da1f P d4b53b31ea7b46fbbd917ef4a5173252 [term 0 FOLLOWER]: Replica starting. Triggering 0 pending ops. Active config: opid_index: -1 OBSOLETE_local: false peers { permanent_uuid: "5d16d895ab9f47d6a87bd4010a0c26d3" member_type: VOTER last_known_addr { host: "127.16.26.1" port: 44517 } } peers { permanent_uuid: "d4b53b31ea7b46fbbd917ef4a5173252" member_type: VOTER last_known_addr { host: "127.16.26.2" port: 45171 } } peers { permanent_uuid: "7de8a6dab1f7446c8e1ef8c67c070083" member_type: VOTER last_known_addr { host: "127.16.26.3" port: 46793 } }
I20260710 13:21:48.284559 17308 raft_consensus.cc:385] T 99bf17e1d7464da4a5b07e063255da1f P d4b53b31ea7b46fbbd917ef4a5173252 [term 0 FOLLOWER]: Consensus starting up: Expiring failure detector timer to make a prompt election more likely
I20260710 13:21:48.284914 17308 raft_consensus.cc:740] T 99bf17e1d7464da4a5b07e063255da1f P d4b53b31ea7b46fbbd917ef4a5173252 [term 0 FOLLOWER]: Becoming Follower/Learner. State: Replica: d4b53b31ea7b46fbbd917ef4a5173252, State: Initialized, Role: FOLLOWER
