I20260710 13:21:58.894757 17671 tablet_service.cc:1917] Received RequestConsensusVote() RPC: tablet_id: "aa7d13417d674fc7a83636c82ce11a8c" candidate_uuid: "e4dfb56a487d41ce8455fa306e62e562" candidate_term: 1 candidate_status { last_received { term: 0 index: 0 } } ignore_live_leader: false dest_uuid: "64ff701438584490b355ee3fabbeb436" is_pre_election: true
I20260710 13:21:58.954478 17829 raft_consensus.cc:2804] T 3005814acc5645fa8e8a2289b450c7c0 P 64ff701438584490b355ee3fabbeb436 [term 1 FOLLOWER]: Leader election won for term 1
I20260710 13:21:58.954701 17637 leader_election.cc:304] T 904dfa991ef1459c8a8bac3d0a2e3243 P 64ff701438584490b355ee3fabbeb436 [CANDIDATE]: Term 1 pre-election: Election decided. Result: candidate lost. Election summary: received 3 responses out of 3 voters: 1 yes votes; 2 no votes. yes voters: 64ff701438584490b355ee3fabbeb436; no voters: cbad6d56e9364831922f0d0d0d85a895, e4dfb56a487d41ce8455fa306e62e562
I20260710 13:21:58.958798 17829 raft_consensus.cc:697] T 3005814acc5645fa8e8a2289b450c7c0 P 64ff701438584490b355ee3fabbeb436 [term 1 LEADER]: Becoming Leader. State: Replica: 64ff701438584490b355ee3fabbeb436, State: Running, Role: LEADER
I20260710 13:21:58.959179 17794 raft_consensus.cc:3060] T 904dfa991ef1459c8a8bac3d0a2e3243 P 64ff701438584490b355ee3fabbeb436 [term 0 FOLLOWER]: Advancing to term 1
I20260710 13:21:58.954447 17594 raft_consensus.cc:3060] T 472a41bc967848c49ed047506a962a42 P e4dfb56a487d41ce8455fa306e62e562 [term 0 FOLLOWER]: Advancing to term 1
I20260710 13:21:58.950613 17789 consensus_queue.cc:260] T ed6ef243a7d7488c90c0258b1bae078b P 64ff701438584490b355ee3fabbeb436 [NON_LEADER]: Queue going to NON_LEADER mode. State: All replicated index: 0, Majority replicated index: 0, Committed index: 0, Last appended: 0.0, Last appended by leader: 0, Current term: 0, Majority size: -1, State: 0, Mode: NON_LEADER, active raft config: opid_index: -1 OBSOLETE_local: false peers { permanent_uuid: "e4dfb56a487d41ce8455fa306e62e562" member_type: VOTER last_known_addr { host: "127.16.25.65" port: 37701 } } peers { permanent_uuid: "64ff701438584490b355ee3fabbeb436" member_type: VOTER last_known_addr { host: "127.16.25.66" port: 41795 } } peers { permanent_uuid: "cbad6d56e9364831922f0d0d0d85a895" member_type: VOTER last_known_addr { host: "127.16.25.67" port: 38471 } }
I20260710 13:21:58.963317 17789 ts_tablet_manager.cc:1434] T ed6ef243a7d7488c90c0258b1bae078b P 64ff701438584490b355ee3fabbeb436: Time spent starting tablet: real 0.021s	user 0.007s	sys 0.001s
I20260710 13:21:58.964874 17789 tablet_bootstrap.cc:492] T 93ac5b7edd6f442599b10b6a6149cdc0 P 64ff701438584490b355ee3fabbeb436: Bootstrap starting.
I20260710 13:21:58.955781 17821 raft_consensus.cc:493] T 614bb9cc5e764e62860f81813a213d77 P e4dfb56a487d41ce8455fa306e62e562 [term 0 FOLLOWER]: Starting pre-election (no leader contacted us within the election timeout)
I20260710 13:21:58.965583 17821 raft_consensus.cc:515] T 614bb9cc5e764e62860f81813a213d77 P e4dfb56a487d41ce8455fa306e62e562 [term 0 FOLLOWER]: Starting pre-election with config: opid_index: -1 OBSOLETE_local: false peers { permanent_uuid: "e4dfb56a487d41ce8455fa306e62e562" member_type: VOTER last_known_addr { host: "127.16.25.65" port: 37701 } } peers { permanent_uuid: "64ff701438584490b355ee3fabbeb436" member_type: VOTER last_known_addr { host: "127.16.25.66" port: 41795 } } peers { permanent_uuid: "cbad6d56e9364831922f0d0d0d85a895" member_type: VOTER last_known_addr { host: "127.16.25.67" port: 38471 } }
I20260710 13:21:58.966274 17798 raft_consensus.cc:493] T 60db5ea8098b45fb8f83d38d474ac370 P e4dfb56a487d41ce8455fa306e62e562 [term 0 FOLLOWER]: Starting pre-election (no leader contacted us within the election timeout)
I20260710 13:21:58.966943 17798 raft_consensus.cc:515] T 60db5ea8098b45fb8f83d38d474ac370 P e4dfb56a487d41ce8455fa306e62e562 [term 0 FOLLOWER]: Starting pre-election with config: opid_index: -1 OBSOLETE_local: false peers { permanent_uuid: "e4dfb56a487d41ce8455fa306e62e562" member_type: VOTER last_known_addr { host: "127.16.25.65" port: 37701 } } peers { permanent_uuid: "64ff701438584490b355ee3fabbeb436" member_type: VOTER last_known_addr { host: "127.16.25.66" port: 41795 } } peers { permanent_uuid: "cbad6d56e9364831922f0d0d0d85a895" member_type: VOTER last_known_addr { host: "127.16.25.67" port: 38471 } }
I20260710 13:21:58.969619 17821 leader_election.cc:290] T 614bb9cc5e764e62860f81813a213d77 P e4dfb56a487d41ce8455fa306e62e562 [CANDIDATE]: Term 1 pre-election: Requested pre-vote from peers 64ff701438584490b355ee3fabbeb436 (127.16.25.66:41795), cbad6d56e9364831922f0d0d0d85a895 (127.16.25.67:38471)
I20260710 13:21:58.969993 17744 tablet_service.cc:1917] Received RequestConsensusVote() RPC: tablet_id: "614bb9cc5e764e62860f81813a213d77" candidate_uuid: "e4dfb56a487d41ce8455fa306e62e562" candidate_term: 1 candidate_status { last_received { term: 0 index: 0 } } ignore_live_leader: false dest_uuid: "cbad6d56e9364831922f0d0d0d85a895" is_pre_election: true
I20260710 13:21:58.970611 17744 raft_consensus.cc:2468] T 614bb9cc5e764e62860f81813a213d77 P cbad6d56e9364831922f0d0d0d85a895 [term 0 FOLLOWER]: Leader pre-election vote request: Granting yes vote for candidate e4dfb56a487d41ce8455fa306e62e562 in term 0.
I20260710 13:21:58.970882 17747 raft_consensus.cc:2468] T 3005814acc5645fa8e8a2289b450c7c0 P cbad6d56e9364831922f0d0d0d85a895 [term 1 FOLLOWER]: Leader election vote request: Granting yes vote for candidate 64ff701438584490b355ee3fabbeb436 in term 1.
W20260710 13:21:58.971434 17564 leader_election.cc:343] T aa7d13417d674fc7a83636c82ce11a8c P e4dfb56a487d41ce8455fa306e62e562 [CANDIDATE]: Term 1 pre-election: Tablet error from VoteRequest() call to peer 64ff701438584490b355ee3fabbeb436 (127.16.25.66:41795): Illegal state: must be running to vote when last-logged opid is not known
I20260710 13:21:58.975813 17561 leader_election.cc:304] T 614bb9cc5e764e62860f81813a213d77 P e4dfb56a487d41ce8455fa306e62e562 [CANDIDATE]: Term 1 pre-election: Election decided. Result: candidate won. Election summary: received 2 responses out of 3 voters: 2 yes votes; 0 no votes. yes voters: cbad6d56e9364831922f0d0d0d85a895, e4dfb56a487d41ce8455fa306e62e562; no voters: 
I20260710 13:21:58.977540 17636 leader_election.cc:304] T 5fb0e3e8538a4743a48dbb420bc1b66d P 64ff701438584490b355ee3fabbeb436 [CANDIDATE]: Term 1 election: Election decided. Result: candidate won. Election summary: received 2 responses out of 3 voters: 2 yes votes; 0 no votes. yes voters: 64ff701438584490b355ee3fabbeb436, cbad6d56e9364831922f0d0d0d85a895; no voters: 
I20260710 13:21:58.978713 17825 raft_consensus.cc:2804] T 5fb0e3e8538a4743a48dbb420bc1b66d P 64ff701438584490b355ee3fabbeb436 [term 1 FOLLOWER]: Leader election won for term 1
I20260710 13:21:58.980262 17821 raft_consensus.cc:2804] T 614bb9cc5e764e62860f81813a213d77 P e4dfb56a487d41ce8455fa306e62e562 [term 0 FOLLOWER]: Leader pre-election won for term 1
I20260710 13:21:58.969524 17798 leader_election.cc:290] T 60db5ea8098b45fb8f83d38d474ac370 P e4dfb56a487d41ce8455fa306e62e562 [CANDIDATE]: Term 1 pre-election: Requested pre-vote from peers 64ff701438584490b355ee3fabbeb436 (127.16.25.66:41795), cbad6d56e9364831922f0d0d0d85a895 (127.16.25.67:38471)
I20260710 13:21:58.980840 17821 raft_consensus.cc:493] T 614bb9cc5e764e62860f81813a213d77 P e4dfb56a487d41ce8455fa306e62e562 [term 0 FOLLOWER]: Starting leader election (no leader contacted us within the election timeout)
I20260710 13:21:58.986341 17672 tablet_service.cc:1917] Received RequestConsensusVote() RPC: tablet_id: "614bb9cc5e764e62860f81813a213d77" candidate_uuid: "e4dfb56a487d41ce8455fa306e62e562" candidate_term: 1 candidate_status { last_received { term: 0 index: 0 } } ignore_live_leader: false dest_uuid: "64ff701438584490b355ee3fabbeb436" is_pre_election: true
I20260710 13:21:58.959990 17829 consensus_queue.cc:237] T 3005814acc5645fa8e8a2289b450c7c0 P 64ff701438584490b355ee3fabbeb436 [LEADER]: Queue going to LEADER mode. State: All replicated index: 0, Majority replicated index: 0, Committed index: 0, Last appended: 0.0, Last appended by leader: 0, Current term: 1, Majority size: 2, State: 0, Mode: LEADER, active raft config: opid_index: -1 OBSOLETE_local: false peers { permanent_uuid: "cbad6d56e9364831922f0d0d0d85a895" member_type: VOTER last_known_addr { host: "127.16.25.67" port: 38471 } } peers { permanent_uuid: "e4dfb56a487d41ce8455fa306e62e562" member_type: VOTER last_known_addr { host: "127.16.25.65" port: 37701 } } peers { permanent_uuid: "64ff701438584490b355ee3fabbeb436" member_type: VOTER last_known_addr { host: "127.16.25.66" port: 41795 } }
W20260710 13:21:58.984611 17564 leader_election.cc:343] T aa7d13417d674fc7a83636c82ce11a8c P e4dfb56a487d41ce8455fa306e62e562 [CANDIDATE]: Term 1 election: Tablet error from VoteRequest() call to peer 64ff701438584490b355ee3fabbeb436 (127.16.25.66:41795): Illegal state: must be running to vote when last-logged opid is not known
I20260710 13:21:58.992153 17821 raft_consensus.cc:3060] T 614bb9cc5e764e62860f81813a213d77 P e4dfb56a487d41ce8455fa306e62e562 [term 0 FOLLOWER]: Advancing to term 1
W20260710 13:21:59.010349 17544 auto_rebalancer.cc:288] Could not retrieve cluster info: Service unavailable: Tablet not running
I20260710 13:21:59.041258 17746 tablet_service.cc:1917] Received RequestConsensusVote() RPC: tablet_id: "60db5ea8098b45fb8f83d38d474ac370" candidate_uuid: "e4dfb56a487d41ce8455fa306e62e562" candidate_term: 1 candidate_status { last_received { term: 0 index: 0 } } ignore_live_leader: false dest_uuid: "cbad6d56e9364831922f0d0d0d85a895" is_pre_election: true
I20260710 13:21:59.042146 17746 raft_consensus.cc:2393] T 60db5ea8098b45fb8f83d38d474ac370 P cbad6d56e9364831922f0d0d0d85a895 [term 1 FOLLOWER]: Leader pre-election vote request: Denying vote to candidate e4dfb56a487d41ce8455fa306e62e562 in current term 1: Already voted for candidate 64ff701438584490b355ee3fabbeb436 in this term.
I20260710 13:21:59.027127 17671 tablet_service.cc:1917] Received RequestConsensusVote() RPC: tablet_id: "60db5ea8098b45fb8f83d38d474ac370" candidate_uuid: "e4dfb56a487d41ce8455fa306e62e562" candidate_term: 1 candidate_status { last_received { term: 0 index: 0 } } ignore_live_leader: false dest_uuid: "64ff701438584490b355ee3fabbeb436" is_pre_election: true
W20260710 13:21:59.036375 17564 outbound_call.cc:321] RPC callback for RPC call kudu.consensus.ConsensusService.RequestConsensusVote -> {remote=127.16.25.66:41795, user_credentials={real_user=slave}} blocked reactor thread for 53468us
I20260710 13:21:59.106647 17825 raft_consensus.cc:697] T 5fb0e3e8538a4743a48dbb420bc1b66d P 64ff701438584490b355ee3fabbeb436 [term 1 LEADER]: Becoming Leader. State: Replica: 64ff701438584490b355ee3fabbeb436, State: Running, Role: LEADER
I20260710 13:21:59.115808 17794 raft_consensus.cc:2749] T 904dfa991ef1459c8a8bac3d0a2e3243 P 64ff701438584490b355ee3fabbeb436 [term 1 FOLLOWER]: Leader pre-election lost for term 1. Reason: could not achieve majority
I20260710 13:21:59.116732 17788 tablet_bootstrap.cc:492] T 45a5acb46e4e4dc486b9182752dedd1d P e4dfb56a487d41ce8455fa306e62e562: No bootstrap required, opened a new log
I20260710 13:21:59.117245 17788 ts_tablet_manager.cc:1403] T 45a5acb46e4e4dc486b9182752dedd1d P e4dfb56a487d41ce8455fa306e62e562: Time spent bootstrapping tablet: real 0.197s	user 0.013s	sys 0.006s
I20260710 13:21:59.125219 17787 tablet_bootstrap.cc:492] T 93ac5b7edd6f442599b10b6a6149cdc0 P cbad6d56e9364831922f0d0d0d85a895: No bootstrap required, opened a new log
I20260710 13:21:59.125893 17787 ts_tablet_manager.cc:1403] T 93ac5b7edd6f442599b10b6a6149cdc0 P cbad6d56e9364831922f0d0d0d85a895: Time spent bootstrapping tablet: real 0.222s	user 0.025s	sys 0.003s
I20260710 13:21:59.129036 17787 raft_consensus.cc:359] T 93ac5b7edd6f442599b10b6a6149cdc0 P cbad6d56e9364831922f0d0d0d85a895 [term 0 FOLLOWER]: Replica starting. Triggering 0 pending ops. Active config: opid_index: -1 OBSOLETE_local: false peers { permanent_uuid: "e4dfb56a487d41ce8455fa306e62e562" member_type: VOTER last_known_addr { host: "127.16.25.65" port: 37701 } } peers { permanent_uuid: "64ff701438584490b355ee3fabbeb436" member_type: VOTER last_known_addr { host: "127.16.25.66" port: 41795 } } peers { permanent_uuid: "cbad6d56e9364831922f0d0d0d85a895" member_type: VOTER last_known_addr { host: "127.16.25.67" port: 38471 } }
I20260710 13:21:59.130033 17787 raft_consensus.cc:385] T 93ac5b7edd6f442599b10b6a6149cdc0 P cbad6d56e9364831922f0d0d0d85a895 [term 0 FOLLOWER]: Consensus starting up: Expiring failure detector timer to make a prompt election more likely
I20260710 13:21:59.130414 17787 raft_consensus.cc:740] T 93ac5b7edd6f442599b10b6a6149cdc0 P cbad6d56e9364831922f0d0d0d85a895 [term 0 FOLLOWER]: Becoming Follower/Learner. State: Replica: cbad6d56e9364831922f0d0d0d85a895, State: Initialized, Role: FOLLOWER
I20260710 13:21:59.131316 17787 consensus_queue.cc:260] T 93ac5b7edd6f442599b10b6a6149cdc0 P cbad6d56e9364831922f0d0d0d85a895 [NON_LEADER]: Queue going to NON_LEADER mode. State: All replicated index: 0, Majority replicated index: 0, Committed index: 0, Last appended: 0.0, Last appended by leader: 0, Current term: 0, Majority size: -1, State: 0, Mode: NON_LEADER, active raft config: opid_index: -1 OBSOLETE_local: false peers { permanent_uuid: "e4dfb56a487d41ce8455fa306e62e562" member_type: VOTER last_known_addr { host: "127.16.25.65" port: 37701 } } peers { permanent_uuid: "64ff701438584490b355ee3fabbeb436" member_type: VOTER last_known_addr { host: "127.16.25.66" port: 41795 } } peers { permanent_uuid: "cbad6d56e9364831922f0d0d0d85a895" member_type: VOTER last_known_addr { host: "127.16.25.67" port: 38471 } }
I20260710 13:21:59.119323 17794 raft_consensus.cc:493] T ed6ef243a7d7488c90c0258b1bae078b P 64ff701438584490b355ee3fabbeb436 [term 0 FOLLOWER]: Starting pre-election (no leader contacted us within the election timeout)
I20260710 13:21:59.119630 17825 consensus_queue.cc:237] T 5fb0e3e8538a4743a48dbb420bc1b66d P 64ff701438584490b355ee3fabbeb436 [LEADER]: Queue going to LEADER mode. State: All replicated index: 0, Majority replicated index: 0, Committed index: 0, Last appended: 0.0, Last appended by leader: 0, Current term: 1, Majority size: 2, State: 0, Mode: LEADER, active raft config: opid_index: -1 OBSOLETE_local: false peers { permanent_uuid: "e4dfb56a487d41ce8455fa306e62e562" member_type: VOTER last_known_addr { host: "127.16.25.65" port: 37701 } } peers { permanent_uuid: "64ff701438584490b355ee3fabbeb436" member_type: VOTER last_known_addr { host: "127.16.25.66" port: 41795 } } peers { permanent_uuid: "cbad6d56e9364831922f0d0d0d85a895" member_type: VOTER last_known_addr { host: "127.16.25.67" port: 38471 } }
I20260710 13:21:59.142484 17794 raft_consensus.cc:515] T ed6ef243a7d7488c90c0258b1bae078b P 64ff701438584490b355ee3fabbeb436 [term 0 FOLLOWER]: Starting pre-election with config: opid_index: -1 OBSOLETE_local: false peers { permanent_uuid: "e4dfb56a487d41ce8455fa306e62e562" member_type: VOTER last_known_addr { host: "127.16.25.65" port: 37701 } } peers { permanent_uuid: "64ff701438584490b355ee3fabbeb436" member_type: VOTER last_known_addr { host: "127.16.25.66" port: 41795 } } peers { permanent_uuid: "cbad6d56e9364831922f0d0d0d85a895" member_type: VOTER last_known_addr { host: "127.16.25.67" port: 38471 } }
I20260710 13:21:59.147732 17789 tablet_bootstrap.cc:654] T 93ac5b7edd6f442599b10b6a6149cdc0 P 64ff701438584490b355ee3fabbeb436: Neither blocks nor log segments found. Creating new log.
I20260710 13:21:59.148299 17794 leader_election.cc:290] T ed6ef243a7d7488c90c0258b1bae078b P 64ff701438584490b355ee3fabbeb436 [CANDIDATE]: Term 1 pre-election: Requested pre-vote from peers e4dfb56a487d41ce8455fa306e62e562 (127.16.25.65:37701), cbad6d56e9364831922f0d0d0d85a895 (127.16.25.67:38471)
I20260710 13:21:59.144210 17788 raft_consensus.cc:359] T 45a5acb46e4e4dc486b9182752dedd1d P e4dfb56a487d41ce8455fa306e62e562 [term 0 FOLLOWER]: Replica starting. Triggering 0 pending ops. Active config: opid_index: -1 OBSOLETE_local: false peers { permanent_uuid: "e4dfb56a487d41ce8455fa306e62e562" member_type: VOTER last_known_addr { host: "127.16.25.65" port: 37701 } } peers { permanent_uuid: "64ff701438584490b355ee3fabbeb436" member_type: VOTER last_known_addr { host: "127.16.25.66" port: 41795 } } peers { permanent_uuid: "cbad6d56e9364831922f0d0d0d85a895" member_type: VOTER last_known_addr { host: "127.16.25.67" port: 38471 } }
I20260710 13:21:59.149987 17788 raft_consensus.cc:385] T 45a5acb46e4e4dc486b9182752dedd1d P e4dfb56a487d41ce8455fa306e62e562 [term 0 FOLLOWER]: Consensus starting up: Expiring failure detector timer to make a prompt election more likely
I20260710 13:21:59.150348 17788 raft_consensus.cc:740] T 45a5acb46e4e4dc486b9182752dedd1d P e4dfb56a487d41ce8455fa306e62e562 [term 0 FOLLOWER]: Becoming Follower/Learner. State: Replica: e4dfb56a487d41ce8455fa306e62e562, State: Initialized, Role: FOLLOWER
I20260710 13:21:59.122233 17745 raft_consensus.cc:2468] T aa7d13417d674fc7a83636c82ce11a8c P cbad6d56e9364831922f0d0d0d85a895 [term 1 FOLLOWER]: Leader election vote request: Granting yes vote for candidate e4dfb56a487d41ce8455fa306e62e562 in term 1.
I20260710 13:21:59.155228 17787 ts_tablet_manager.cc:1434] T 93ac5b7edd6f442599b10b6a6149cdc0 P cbad6d56e9364831922f0d0d0d85a895: Time spent starting tablet: real 0.029s	user 0.007s	sys 0.001s
I20260710 13:21:59.158048 17788 consensus_queue.cc:260] T 45a5acb46e4e4dc486b9182752dedd1d P e4dfb56a487d41ce8455fa306e62e562 [NON_LEADER]: Queue going to NON_LEADER mode. State: All replicated index: 0, Majority replicated index: 0, Committed index: 0, Last appended: 0.0, Last appended by leader: 0, Current term: 0, Majority size: -1, State: 0, Mode: NON_LEADER, active raft config: opid_index: -1 OBSOLETE_local: false peers { permanent_uuid: "e4dfb56a487d41ce8455fa306e62e562" member_type: VOTER last_known_addr { host: "127.16.25.65" port: 37701 } } peers { permanent_uuid: "64ff701438584490b355ee3fabbeb436" member_type: VOTER last_known_addr { host: "127.16.25.66" port: 41795 } } peers { permanent_uuid: "cbad6d56e9364831922f0d0d0d85a895" member_type: VOTER last_known_addr { host: "127.16.25.67" port: 38471 } }
I20260710 13:21:59.136220 17809 consensus_queue.cc:1048] T 472a41bc967848c49ed047506a962a42 P cbad6d56e9364831922f0d0d0d85a895 [LEADER]: Connected to new peer: Peer: permanent_uuid: "64ff701438584490b355ee3fabbeb436" member_type: VOTER last_known_addr { host: "127.16.25.66" port: 41795 }, Status: LMP_MISMATCH, Last received: 0.0, Next index: 1, Last known committed idx: 0, Time since last communication: 0.016s
I20260710 13:21:59.160347 17787 tablet_bootstrap.cc:492] T 7a437bbbc84042eb8d1623770f98e266 P cbad6d56e9364831922f0d0d0d85a895: Bootstrap starting.
I20260710 13:21:59.160506 17561 leader_election.cc:304] T aa7d13417d674fc7a83636c82ce11a8c P e4dfb56a487d41ce8455fa306e62e562 [CANDIDATE]: Term 1 election: Election decided. Result: candidate won. Election summary: received 3 responses out of 3 voters: 2 yes votes; 1 no votes. yes voters: cbad6d56e9364831922f0d0d0d85a895, e4dfb56a487d41ce8455fa306e62e562; no voters: 64ff701438584490b355ee3fabbeb436
I20260710 13:21:59.171970 17821 raft_consensus.cc:515] T 614bb9cc5e764e62860f81813a213d77 P e4dfb56a487d41ce8455fa306e62e562 [term 1 FOLLOWER]: Starting leader election with config: opid_index: -1 OBSOLETE_local: false peers { permanent_uuid: "e4dfb56a487d41ce8455fa306e62e562" member_type: VOTER last_known_addr { host: "127.16.25.65" port: 37701 } } peers { permanent_uuid: "64ff701438584490b355ee3fabbeb436" member_type: VOTER last_known_addr { host: "127.16.25.66" port: 41795 } } peers { permanent_uuid: "cbad6d56e9364831922f0d0d0d85a895" member_type: VOTER last_known_addr { host: "127.16.25.67" port: 38471 } }
I20260710 13:21:59.180328 17864 raft_consensus.cc:2804] T aa7d13417d674fc7a83636c82ce11a8c P e4dfb56a487d41ce8455fa306e62e562 [term 1 FOLLOWER]: Leader election won for term 1
I20260710 13:21:59.191731 17793 consensus_queue.cc:1048] T 904dfa991ef1459c8a8bac3d0a2e3243 P cbad6d56e9364831922f0d0d0d85a895 [LEADER]: Connected to new peer: Peer: permanent_uuid: "e4dfb56a487d41ce8455fa306e62e562" member_type: VOTER last_known_addr { host: "127.16.25.65" port: 37701 }, Status: LMP_MISMATCH, Last received: 0.0, Next index: 1, Last known committed idx: 0, Time since last communication: 0.000s
I20260710 13:21:59.214085 17864 raft_consensus.cc:697] T aa7d13417d674fc7a83636c82ce11a8c P e4dfb56a487d41ce8455fa306e62e562 [term 1 LEADER]: Becoming Leader. State: Replica: e4dfb56a487d41ce8455fa306e62e562, State: Running, Role: LEADER
I20260710 13:21:59.228217 17747 tablet_service.cc:1917] Received RequestConsensusVote() RPC: tablet_id: "ed6ef243a7d7488c90c0258b1bae078b" candidate_uuid: "64ff701438584490b355ee3fabbeb436" candidate_term: 1 candidate_status { last_received { term: 0 index: 0 } } ignore_live_leader: false dest_uuid: "cbad6d56e9364831922f0d0d0d85a895" is_pre_election: true
I20260710 13:21:59.271013 17820 consensus_queue.cc:1048] T 904dfa991ef1459c8a8bac3d0a2e3243 P cbad6d56e9364831922f0d0d0d85a895 [LEADER]: Connected to new peer: Peer: permanent_uuid: "64ff701438584490b355ee3fabbeb436" member_type: VOTER last_known_addr { host: "127.16.25.66" port: 41795 }, Status: LMP_MISMATCH, Last received: 0.0, Next index: 1, Last known committed idx: 0, Time since last communication: 0.001s
W20260710 13:21:59.267776 17564 leader_election.cc:343] T 614bb9cc5e764e62860f81813a213d77 P e4dfb56a487d41ce8455fa306e62e562 [CANDIDATE]: Term 1 pre-election: Tablet error from VoteRequest() call to peer 64ff701438584490b355ee3fabbeb436 (127.16.25.66:41795): Illegal state: must be running to vote when last-logged opid is not known
I20260710 13:21:59.273543 17564 leader_election.cc:304] T 60db5ea8098b45fb8f83d38d474ac370 P e4dfb56a487d41ce8455fa306e62e562 [CANDIDATE]: Term 1 pre-election: Election decided. Result: candidate lost. Election summary: received 3 responses out of 3 voters: 1 yes votes; 2 no votes. yes voters: e4dfb56a487d41ce8455fa306e62e562; no voters: 64ff701438584490b355ee3fabbeb436, cbad6d56e9364831922f0d0d0d85a895
I20260710 13:21:59.268751 17798 raft_consensus.cc:493] T 472a41bc967848c49ed047506a962a42 P e4dfb56a487d41ce8455fa306e62e562 [term 1 FOLLOWER]: Starting pre-election (no leader contacted us within the election timeout)
I20260710 13:21:59.277688 17873 raft_consensus.cc:3060] T 60db5ea8098b45fb8f83d38d474ac370 P e4dfb56a487d41ce8455fa306e62e562 [term 0 FOLLOWER]: Advancing to term 1
I20260710 13:21:59.277853 17798 raft_consensus.cc:515] T 472a41bc967848c49ed047506a962a42 P e4dfb56a487d41ce8455fa306e62e562 [term 1 FOLLOWER]: Starting pre-election with config: opid_index: -1 OBSOLETE_local: false peers { permanent_uuid: "e4dfb56a487d41ce8455fa306e62e562" member_type: VOTER last_known_addr { host: "127.16.25.65" port: 37701 } } peers { permanent_uuid: "64ff701438584490b355ee3fabbeb436" member_type: VOTER last_known_addr { host: "127.16.25.66" port: 41795 } } peers { permanent_uuid: "cbad6d56e9364831922f0d0d0d85a895" member_type: VOTER last_known_addr { host: "127.16.25.67" port: 38471 } }
I20260710 13:21:59.268239 17747 raft_consensus.cc:2468] T ed6ef243a7d7488c90c0258b1bae078b P cbad6d56e9364831922f0d0d0d85a895 [term 0 FOLLOWER]: Leader pre-election vote request: Granting yes vote for candidate 64ff701438584490b355ee3fabbeb436 in term 0.
I20260710 13:21:59.284211 17788 ts_tablet_manager.cc:1434] T 45a5acb46e4e4dc486b9182752dedd1d P e4dfb56a487d41ce8455fa306e62e562: Time spent starting tablet: real 0.167s	user 0.012s	sys 0.016s
I20260710 13:21:59.285091 17788 tablet_bootstrap.cc:492] T 7a437bbbc84042eb8d1623770f98e266 P e4dfb56a487d41ce8455fa306e62e562: Bootstrap starting.
I20260710 13:21:59.288877 17594 tablet_service.cc:1917] Received RequestConsensusVote() RPC: tablet_id: "ed6ef243a7d7488c90c0258b1bae078b" candidate_uuid: "64ff701438584490b355ee3fabbeb436" candidate_term: 1 candidate_status { last_received { term: 0 index: 0 } } ignore_live_leader: false dest_uuid: "e4dfb56a487d41ce8455fa306e62e562" is_pre_election: true
I20260710 13:21:59.289532 17594 raft_consensus.cc:2468] T ed6ef243a7d7488c90c0258b1bae078b P e4dfb56a487d41ce8455fa306e62e562 [term 0 FOLLOWER]: Leader pre-election vote request: Granting yes vote for candidate 64ff701438584490b355ee3fabbeb436 in term 0.
I20260710 13:21:59.290534 17787 tablet_bootstrap.cc:654] T 7a437bbbc84042eb8d1623770f98e266 P cbad6d56e9364831922f0d0d0d85a895: Neither blocks nor log segments found. Creating new log.
I20260710 13:21:59.282752 17821 leader_election.cc:290] T 614bb9cc5e764e62860f81813a213d77 P e4dfb56a487d41ce8455fa306e62e562 [CANDIDATE]: Term 1 election: Requested vote from peers 64ff701438584490b355ee3fabbeb436 (127.16.25.66:41795), cbad6d56e9364831922f0d0d0d85a895 (127.16.25.67:38471)
I20260710 13:21:59.228681 17864 consensus_queue.cc:237] T aa7d13417d674fc7a83636c82ce11a8c P e4dfb56a487d41ce8455fa306e62e562 [LEADER]: Queue going to LEADER mode. State: All replicated index: 0, Majority replicated index: 0, Committed index: 0, Last appended: 0.0, Last appended by leader: 0, Current term: 1, Majority size: 2, State: 0, Mode: LEADER, active raft config: opid_index: -1 OBSOLETE_local: false peers { permanent_uuid: "e4dfb56a487d41ce8455fa306e62e562" member_type: VOTER last_known_addr { host: "127.16.25.65" port: 37701 } } peers { permanent_uuid: "64ff701438584490b355ee3fabbeb436" member_type: VOTER last_known_addr { host: "127.16.25.66" port: 41795 } } peers { permanent_uuid: "cbad6d56e9364831922f0d0d0d85a895" member_type: VOTER last_known_addr { host: "127.16.25.67" port: 38471 } }
I20260710 13:21:59.295241 17821 consensus_queue.cc:1048] T 2dd52a6b005a4446be6b03b5293876b8 P e4dfb56a487d41ce8455fa306e62e562 [LEADER]: Connected to new peer: Peer: permanent_uuid: "cbad6d56e9364831922f0d0d0d85a895" member_type: VOTER last_known_addr { host: "127.16.25.67" port: 38471 }, Status: LMP_MISMATCH, Last received: 0.0, Next index: 1, Last known committed idx: 0, Time since last communication: 0.000s
I20260710 13:21:59.297911 17798 leader_election.cc:290] T 472a41bc967848c49ed047506a962a42 P e4dfb56a487d41ce8455fa306e62e562 [CANDIDATE]: Term 2 pre-election: Requested pre-vote from peers 64ff701438584490b355ee3fabbeb436 (127.16.25.66:41795), cbad6d56e9364831922f0d0d0d85a895 (127.16.25.67:38471)
I20260710 13:21:59.300318 17746 tablet_service.cc:1917] Received RequestConsensusVote() RPC: tablet_id: "472a41bc967848c49ed047506a962a42" candidate_uuid: "e4dfb56a487d41ce8455fa306e62e562" candidate_term: 2 candidate_status { last_received { term: 0 index: 0 } } ignore_live_leader: false dest_uuid: "cbad6d56e9364831922f0d0d0d85a895" is_pre_election: true
I20260710 13:21:59.299661 17809 consensus_queue.cc:1048] T 472a41bc967848c49ed047506a962a42 P cbad6d56e9364831922f0d0d0d85a895 [LEADER]: Connected to new peer: Peer: permanent_uuid: "e4dfb56a487d41ce8455fa306e62e562" member_type: VOTER last_known_addr { host: "127.16.25.65" port: 37701 }, Status: LMP_MISMATCH, Last received: 0.0, Next index: 1, Last known committed idx: 0, Time since last communication: 0.002s
I20260710 13:21:59.302798 17745 tablet_service.cc:1917] Received RequestConsensusVote() RPC: tablet_id: "614bb9cc5e764e62860f81813a213d77" candidate_uuid: "e4dfb56a487d41ce8455fa306e62e562" candidate_term: 1 candidate_status { last_received { term: 0 index: 0 } } ignore_live_leader: false dest_uuid: "cbad6d56e9364831922f0d0d0d85a895"
I20260710 13:21:59.307950 17788 tablet_bootstrap.cc:654] T 7a437bbbc84042eb8d1623770f98e266 P e4dfb56a487d41ce8455fa306e62e562: Neither blocks nor log segments found. Creating new log.
I20260710 13:21:59.311847 17637 leader_election.cc:304] T ed6ef243a7d7488c90c0258b1bae078b P 64ff701438584490b355ee3fabbeb436 [CANDIDATE]: Term 1 pre-election: Election decided. Result: candidate won. Election summary: received 2 responses out of 3 voters: 2 yes votes; 0 no votes. yes voters: 64ff701438584490b355ee3fabbeb436, e4dfb56a487d41ce8455fa306e62e562; no voters: 
I20260710 13:21:59.312834 17825 raft_consensus.cc:2804] T ed6ef243a7d7488c90c0258b1bae078b P 64ff701438584490b355ee3fabbeb436 [term 0 FOLLOWER]: Leader pre-election won for term 1
I20260710 13:21:59.313337 17825 raft_consensus.cc:493] T ed6ef243a7d7488c90c0258b1bae078b P 64ff701438584490b355ee3fabbeb436 [term 0 FOLLOWER]: Starting leader election (no leader contacted us within the election timeout)
I20260710 13:21:59.313951 17829 consensus_queue.cc:1048] T c4fdb59b74064542a7c08dbf1b35c4c1 P 64ff701438584490b355ee3fabbeb436 [LEADER]: Connected to new peer: Peer: permanent_uuid: "e4dfb56a487d41ce8455fa306e62e562" member_type: VOTER last_known_addr { host: "127.16.25.65" port: 37701 }, Status: LMP_MISMATCH, Last received: 0.0, Next index: 1, Last known committed idx: 0, Time since last communication: 0.000s
I20260710 13:21:59.313730 17825 raft_consensus.cc:3060] T ed6ef243a7d7488c90c0258b1bae078b P 64ff701438584490b355ee3fabbeb436 [term 0 FOLLOWER]: Advancing to term 1
I20260710 13:21:59.319365 17873 raft_consensus.cc:2749] T 60db5ea8098b45fb8f83d38d474ac370 P e4dfb56a487d41ce8455fa306e62e562 [term 1 FOLLOWER]: Leader pre-election lost for term 1. Reason: could not achieve majority
I20260710 13:21:59.321209 17495 catalog_manager.cc:5697] T 3005814acc5645fa8e8a2289b450c7c0 P 64ff701438584490b355ee3fabbeb436 reported cstate change: term changed from 0 to 1, leader changed from <none> to 64ff701438584490b355ee3fabbeb436 (127.16.25.66). New cstate: current_term: 1 leader_uuid: "64ff701438584490b355ee3fabbeb436" committed_config { opid_index: -1 OBSOLETE_local: false peers { permanent_uuid: "cbad6d56e9364831922f0d0d0d85a895" member_type: VOTER last_known_addr { host: "127.16.25.67" port: 38471 } health_report { overall_health: UNKNOWN } } peers { permanent_uuid: "e4dfb56a487d41ce8455fa306e62e562" member_type: VOTER last_known_addr { host: "127.16.25.65" port: 37701 } health_report { overall_health: UNKNOWN } } peers { permanent_uuid: "64ff701438584490b355ee3fabbeb436" member_type: VOTER last_known_addr { host: "127.16.25.66" port: 41795 } health_report { overall_health: HEALTHY } } }
I20260710 13:21:59.327059 17829 consensus_queue.cc:1048] T 60db5ea8098b45fb8f83d38d474ac370 P 64ff701438584490b355ee3fabbeb436 [LEADER]: Connected to new peer: Peer: permanent_uuid: "e4dfb56a487d41ce8455fa306e62e562" member_type: VOTER last_known_addr { host: "127.16.25.65" port: 37701 }, Status: LMP_MISMATCH, Last received: 0.0, Next index: 1, Last known committed idx: 0, Time since last communication: 0.001s
I20260710 13:21:59.318363 17745 raft_consensus.cc:3060] T 614bb9cc5e764e62860f81813a213d77 P cbad6d56e9364831922f0d0d0d85a895 [term 0 FOLLOWER]: Advancing to term 1
I20260710 13:21:59.349408 17874 raft_consensus.cc:493] T 93ac5b7edd6f442599b10b6a6149cdc0 P e4dfb56a487d41ce8455fa306e62e562 [term 0 FOLLOWER]: Starting pre-election (no leader contacted us within the election timeout)
I20260710 13:21:59.355963 17673 tablet_service.cc:1917] Received RequestConsensusVote() RPC: tablet_id: "614bb9cc5e764e62860f81813a213d77" candidate_uuid: "e4dfb56a487d41ce8455fa306e62e562" candidate_term: 1 candidate_status { last_received { term: 0 index: 0 } } ignore_live_leader: false dest_uuid: "64ff701438584490b355ee3fabbeb436"
I20260710 13:21:59.363562 17789 tablet_bootstrap.cc:492] T 93ac5b7edd6f442599b10b6a6149cdc0 P 64ff701438584490b355ee3fabbeb436: No bootstrap required, opened a new log
I20260710 13:21:59.363991 17789 ts_tablet_manager.cc:1403] T 93ac5b7edd6f442599b10b6a6149cdc0 P 64ff701438584490b355ee3fabbeb436: Time spent bootstrapping tablet: real 0.399s	user 0.024s	sys 0.015s
I20260710 13:21:59.351226 17872 raft_consensus.cc:493] T ed6ef243a7d7488c90c0258b1bae078b P e4dfb56a487d41ce8455fa306e62e562 [term 0 FOLLOWER]: Starting pre-election (no leader contacted us within the election timeout)
W20260710 13:21:59.355969 17871 log.cc:927] Time spent T 3005814acc5645fa8e8a2289b450c7c0 P 64ff701438584490b355ee3fabbeb436: Append to log took a long time: real 0.056s	user 0.000s	sys 0.001s
I20260710 13:21:59.359002 17874 raft_consensus.cc:515] T 93ac5b7edd6f442599b10b6a6149cdc0 P e4dfb56a487d41ce8455fa306e62e562 [term 0 FOLLOWER]: Starting pre-election with config: opid_index: -1 OBSOLETE_local: false peers { permanent_uuid: "e4dfb56a487d41ce8455fa306e62e562" member_type: VOTER last_known_addr { host: "127.16.25.65" port: 37701 } } peers { permanent_uuid: "64ff701438584490b355ee3fabbeb436" member_type: VOTER last_known_addr { host: "127.16.25.66" port: 41795 } } peers { permanent_uuid: "cbad6d56e9364831922f0d0d0d85a895" member_type: VOTER last_known_addr { host: "127.16.25.67" port: 38471 } }
W20260710 13:21:59.373023 17870 log.cc:927] Time spent T 0ac7f845315745969bb5c962e0db744d P e4dfb56a487d41ce8455fa306e62e562: Append to log took a long time: real 0.155s	user 0.001s	sys 0.003s
I20260710 13:21:59.357064 17825 raft_consensus.cc:515] T ed6ef243a7d7488c90c0258b1bae078b P 64ff701438584490b355ee3fabbeb436 [term 1 FOLLOWER]: Starting leader election with config: opid_index: -1 OBSOLETE_local: false peers { permanent_uuid: "e4dfb56a487d41ce8455fa306e62e562" member_type: VOTER last_known_addr { host: "127.16.25.65" port: 37701 } } peers { permanent_uuid: "64ff701438584490b355ee3fabbeb436" member_type: VOTER last_known_addr { host: "127.16.25.66" port: 41795 } } peers { permanent_uuid: "cbad6d56e9364831922f0d0d0d85a895" member_type: VOTER last_known_addr { host: "127.16.25.67" port: 38471 } }
I20260710 13:21:59.368897 17872 raft_consensus.cc:515] T ed6ef243a7d7488c90c0258b1bae078b P e4dfb56a487d41ce8455fa306e62e562 [term 0 FOLLOWER]: Starting pre-election with config: opid_index: -1 OBSOLETE_local: false peers { permanent_uuid: "e4dfb56a487d41ce8455fa306e62e562" member_type: VOTER last_known_addr { host: "127.16.25.65" port: 37701 } } peers { permanent_uuid: "64ff701438584490b355ee3fabbeb436" member_type: VOTER last_known_addr { host: "127.16.25.66" port: 41795 } } peers { permanent_uuid: "cbad6d56e9364831922f0d0d0d85a895" member_type: VOTER last_known_addr { host: "127.16.25.67" port: 38471 } }
I20260710 13:21:59.376286 17829 consensus_queue.cc:1048] T 60db5ea8098b45fb8f83d38d474ac370 P 64ff701438584490b355ee3fabbeb436 [LEADER]: Connected to new peer: Peer: permanent_uuid: "cbad6d56e9364831922f0d0d0d85a895" member_type: VOTER last_known_addr { host: "127.16.25.67" port: 38471 }, Status: LMP_MISMATCH, Last received: 0.0, Next index: 1, Last known committed idx: 0, Time since last communication: 0.000s
I20260710 13:21:59.376328 17670 tablet_service.cc:1917] Received RequestConsensusVote() RPC: tablet_id: "472a41bc967848c49ed047506a962a42" candidate_uuid: "e4dfb56a487d41ce8455fa306e62e562" candidate_term: 2 candidate_status { last_received { term: 0 index: 0 } } ignore_live_leader: false dest_uuid: "64ff701438584490b355ee3fabbeb436" is_pre_election: true
I20260710 13:21:59.399507 17874 leader_election.cc:290] T 93ac5b7edd6f442599b10b6a6149cdc0 P e4dfb56a487d41ce8455fa306e62e562 [CANDIDATE]: Term 1 pre-election: Requested pre-vote from peers 64ff701438584490b355ee3fabbeb436 (127.16.25.66:41795), cbad6d56e9364831922f0d0d0d85a895 (127.16.25.67:38471)
I20260710 13:21:59.401295 17746 tablet_service.cc:1917] Received RequestConsensusVote() RPC: tablet_id: "93ac5b7edd6f442599b10b6a6149cdc0" candidate_uuid: "e4dfb56a487d41ce8455fa306e62e562" candidate_term: 1 candidate_status { last_received { term: 0 index: 0 } } ignore_live_leader: false dest_uuid: "cbad6d56e9364831922f0d0d0d85a895" is_pre_election: true
I20260710 13:21:59.406325 17746 raft_consensus.cc:2468] T 93ac5b7edd6f442599b10b6a6149cdc0 P cbad6d56e9364831922f0d0d0d85a895 [term 0 FOLLOWER]: Leader pre-election vote request: Granting yes vote for candidate e4dfb56a487d41ce8455fa306e62e562 in term 0.
I20260710 13:21:59.407812 17561 leader_election.cc:304] T 93ac5b7edd6f442599b10b6a6149cdc0 P e4dfb56a487d41ce8455fa306e62e562 [CANDIDATE]: Term 1 pre-election: Election decided. Result: candidate won. Election summary: received 2 responses out of 3 voters: 2 yes votes; 0 no votes. yes voters: cbad6d56e9364831922f0d0d0d85a895, e4dfb56a487d41ce8455fa306e62e562; no voters: 
W20260710 13:21:59.407977 17564 leader_election.cc:343] T 614bb9cc5e764e62860f81813a213d77 P e4dfb56a487d41ce8455fa306e62e562 [CANDIDATE]: Term 1 election: Tablet error from VoteRequest() call to peer 64ff701438584490b355ee3fabbeb436 (127.16.25.66:41795): Illegal state: must be running to vote when last-logged opid is not known
I20260710 13:21:59.408766 17874 raft_consensus.cc:2804] T 93ac5b7edd6f442599b10b6a6149cdc0 P e4dfb56a487d41ce8455fa306e62e562 [term 0 FOLLOWER]: Leader pre-election won for term 1
I20260710 13:21:59.409132 17874 raft_consensus.cc:493] T 93ac5b7edd6f442599b10b6a6149cdc0 P e4dfb56a487d41ce8455fa306e62e562 [term 0 FOLLOWER]: Starting leader election (no leader contacted us within the election timeout)
I20260710 13:21:59.409452 17874 raft_consensus.cc:3060] T 93ac5b7edd6f442599b10b6a6149cdc0 P e4dfb56a487d41ce8455fa306e62e562 [term 0 FOLLOWER]: Advancing to term 1
I20260710 13:21:59.410588 17873 consensus_queue.cc:1048] T 2dd52a6b005a4446be6b03b5293876b8 P e4dfb56a487d41ce8455fa306e62e562 [LEADER]: Connected to new peer: Peer: permanent_uuid: "64ff701438584490b355ee3fabbeb436" member_type: VOTER last_known_addr { host: "127.16.25.66" port: 41795 }, Status: LMP_MISMATCH, Last received: 0.0, Next index: 1, Last known committed idx: 0, Time since last communication: 0.000s
I20260710 13:21:59.421449 17596 tablet_service.cc:1917] Received RequestConsensusVote() RPC: tablet_id: "ed6ef243a7d7488c90c0258b1bae078b" candidate_uuid: "64ff701438584490b355ee3fabbeb436" candidate_term: 1 candidate_status { last_received { term: 0 index: 0 } } ignore_live_leader: false dest_uuid: "e4dfb56a487d41ce8455fa306e62e562"
I20260710 13:21:59.422330 17596 raft_consensus.cc:3060] T ed6ef243a7d7488c90c0258b1bae078b P e4dfb56a487d41ce8455fa306e62e562 [term 0 FOLLOWER]: Advancing to term 1
I20260710 13:21:59.424463 17872 leader_election.cc:290] T ed6ef243a7d7488c90c0258b1bae078b P e4dfb56a487d41ce8455fa306e62e562 [CANDIDATE]: Term 1 pre-election: Requested pre-vote from peers 64ff701438584490b355ee3fabbeb436 (127.16.25.66:41795), cbad6d56e9364831922f0d0d0d85a895 (127.16.25.67:38471)
I20260710 13:21:59.424821 17744 tablet_service.cc:1917] Received RequestConsensusVote() RPC: tablet_id: "ed6ef243a7d7488c90c0258b1bae078b" candidate_uuid: "e4dfb56a487d41ce8455fa306e62e562" candidate_term: 1 candidate_status { last_received { term: 0 index: 0 } } ignore_live_leader: false dest_uuid: "cbad6d56e9364831922f0d0d0d85a895" is_pre_election: true
I20260710 13:21:59.426764 17744 raft_consensus.cc:2468] T ed6ef243a7d7488c90c0258b1bae078b P cbad6d56e9364831922f0d0d0d85a895 [term 0 FOLLOWER]: Leader pre-election vote request: Granting yes vote for candidate e4dfb56a487d41ce8455fa306e62e562 in term 0.
I20260710 13:21:59.432734 17745 raft_consensus.cc:2468] T 614bb9cc5e764e62860f81813a213d77 P cbad6d56e9364831922f0d0d0d85a895 [term 1 FOLLOWER]: Leader election vote request: Granting yes vote for candidate e4dfb56a487d41ce8455fa306e62e562 in term 1.
I20260710 13:21:59.431432 17561 leader_election.cc:304] T ed6ef243a7d7488c90c0258b1bae078b P e4dfb56a487d41ce8455fa306e62e562 [CANDIDATE]: Term 1 pre-election: Election decided. Result: candidate won. Election summary: received 2 responses out of 3 voters: 2 yes votes; 0 no votes. yes voters: cbad6d56e9364831922f0d0d0d85a895, e4dfb56a487d41ce8455fa306e62e562; no voters: 
I20260710 13:21:59.436635 17561 leader_election.cc:304] T 614bb9cc5e764e62860f81813a213d77 P e4dfb56a487d41ce8455fa306e62e562 [CANDIDATE]: Term 1 election: Election decided. Result: candidate won. Election summary: received 3 responses out of 3 voters: 2 yes votes; 1 no votes. yes voters: cbad6d56e9364831922f0d0d0d85a895, e4dfb56a487d41ce8455fa306e62e562; no voters: 64ff701438584490b355ee3fabbeb436
I20260710 13:21:59.437341 17873 raft_consensus.cc:2804] T 614bb9cc5e764e62860f81813a213d77 P e4dfb56a487d41ce8455fa306e62e562 [term 1 FOLLOWER]: Leader election won for term 1
I20260710 13:21:59.437855 17873 raft_consensus.cc:697] T 614bb9cc5e764e62860f81813a213d77 P e4dfb56a487d41ce8455fa306e62e562 [term 1 LEADER]: Becoming Leader. State: Replica: e4dfb56a487d41ce8455fa306e62e562, State: Running, Role: LEADER
I20260710 13:21:59.438704 17873 consensus_queue.cc:237] T 614bb9cc5e764e62860f81813a213d77 P e4dfb56a487d41ce8455fa306e62e562 [LEADER]: Queue going to LEADER mode. State: All replicated index: 0, Majority replicated index: 0, Committed index: 0, Last appended: 0.0, Last appended by leader: 0, Current term: 1, Majority size: 2, State: 0, Mode: LEADER, active raft config: opid_index: -1 OBSOLETE_local: false peers { permanent_uuid: "e4dfb56a487d41ce8455fa306e62e562" member_type: VOTER last_known_addr { host: "127.16.25.65" port: 37701 } } peers { permanent_uuid: "64ff701438584490b355ee3fabbeb436" member_type: VOTER last_known_addr { host: "127.16.25.66" port: 41795 } } peers { permanent_uuid: "cbad6d56e9364831922f0d0d0d85a895" member_type: VOTER last_known_addr { host: "127.16.25.67" port: 38471 } }
I20260710 13:21:59.443989 17825 leader_election.cc:290] T ed6ef243a7d7488c90c0258b1bae078b P 64ff701438584490b355ee3fabbeb436 [CANDIDATE]: Term 1 election: Requested vote from peers e4dfb56a487d41ce8455fa306e62e562 (127.16.25.65:37701), cbad6d56e9364831922f0d0d0d85a895 (127.16.25.67:38471)
I20260710 13:21:59.448004 17596 raft_consensus.cc:2468] T ed6ef243a7d7488c90c0258b1bae078b P e4dfb56a487d41ce8455fa306e62e562 [term 1 FOLLOWER]: Leader election vote request: Granting yes vote for candidate 64ff701438584490b355ee3fabbeb436 in term 1.
W20260710 13:21:59.448382 17878 log.cc:927] Time spent T 904dfa991ef1459c8a8bac3d0a2e3243 P e4dfb56a487d41ce8455fa306e62e562: Append to log took a long time: real 0.086s	user 0.001s	sys 0.000s
I20260710 13:21:59.459398 17789 raft_consensus.cc:359] T 93ac5b7edd6f442599b10b6a6149cdc0 P 64ff701438584490b355ee3fabbeb436 [term 0 FOLLOWER]: Replica starting. Triggering 0 pending ops. Active config: opid_index: -1 OBSOLETE_local: false peers { permanent_uuid: "e4dfb56a487d41ce8455fa306e62e562" member_type: VOTER last_known_addr { host: "127.16.25.65" port: 37701 } } peers { permanent_uuid: "64ff701438584490b355ee3fabbeb436" member_type: VOTER last_known_addr { host: "127.16.25.66" port: 41795 } } peers { permanent_uuid: "cbad6d56e9364831922f0d0d0d85a895" member_type: VOTER last_known_addr { host: "127.16.25.67" port: 38471 } }
I20260710 13:21:59.461025 17787 tablet_bootstrap.cc:492] T 7a437bbbc84042eb8d1623770f98e266 P cbad6d56e9364831922f0d0d0d85a895: No bootstrap required, opened a new log
I20260710 13:21:59.460947 17789 raft_consensus.cc:385] T 93ac5b7edd6f442599b10b6a6149cdc0 P 64ff701438584490b355ee3fabbeb436 [term 0 FOLLOWER]: Consensus starting up: Expiring failure detector timer to make a prompt election more likely
I20260710 13:21:59.461570 17787 ts_tablet_manager.cc:1403] T 7a437bbbc84042eb8d1623770f98e266 P cbad6d56e9364831922f0d0d0d85a895: Time spent bootstrapping tablet: real 0.301s	user 0.021s	sys 0.006s
I20260710 13:21:59.461884 17789 raft_consensus.cc:740] T 93ac5b7edd6f442599b10b6a6149cdc0 P 64ff701438584490b355ee3fabbeb436 [term 0 FOLLOWER]: Becoming Follower/Learner. State: Replica: 64ff701438584490b355ee3fabbeb436, State: Initialized, Role: FOLLOWER
I20260710 13:21:59.463801 17637 leader_election.cc:304] T ed6ef243a7d7488c90c0258b1bae078b P 64ff701438584490b355ee3fabbeb436 [CANDIDATE]: Term 1 election: Election decided. Result: candidate won. Election summary: received 2 responses out of 3 voters: 2 yes votes; 0 no votes. yes voters: 64ff701438584490b355ee3fabbeb436, e4dfb56a487d41ce8455fa306e62e562; no voters: 
I20260710 13:21:59.450031 17864 raft_consensus.cc:2764] T ed6ef243a7d7488c90c0258b1bae078b P e4dfb56a487d41ce8455fa306e62e562 [term 1 FOLLOWER]: Leader pre-election decision vote started in defunct term 0: won
I20260710 13:21:59.467898 17787 raft_consensus.cc:359] T 7a437bbbc84042eb8d1623770f98e266 P cbad6d56e9364831922f0d0d0d85a895 [term 0 FOLLOWER]: Replica starting. Triggering 0 pending ops. Active config: opid_index: -1 OBSOLETE_local: false peers { permanent_uuid: "e4dfb56a487d41ce8455fa306e62e562" member_type: VOTER last_known_addr { host: "127.16.25.65" port: 37701 } } peers { permanent_uuid: "64ff701438584490b355ee3fabbeb436" member_type: VOTER last_known_addr { host: "127.16.25.66" port: 41795 } } peers { permanent_uuid: "cbad6d56e9364831922f0d0d0d85a895" member_type: VOTER last_known_addr { host: "127.16.25.67" port: 38471 } }
I20260710 13:21:59.468537 17787 raft_consensus.cc:385] T 7a437bbbc84042eb8d1623770f98e266 P cbad6d56e9364831922f0d0d0d85a895 [term 0 FOLLOWER]: Consensus starting up: Expiring failure detector timer to make a prompt election more likely
I20260710 13:21:59.468743 17787 raft_consensus.cc:740] T 7a437bbbc84042eb8d1623770f98e266 P cbad6d56e9364831922f0d0d0d85a895 [term 0 FOLLOWER]: Becoming Follower/Learner. State: Replica: cbad6d56e9364831922f0d0d0d85a895, State: Initialized, Role: FOLLOWER
I20260710 13:21:59.470078 17789 consensus_queue.cc:260] T 93ac5b7edd6f442599b10b6a6149cdc0 P 64ff701438584490b355ee3fabbeb436 [NON_LEADER]: Queue going to NON_LEADER mode. State: All replicated index: 0, Majority replicated index: 0, Committed index: 0, Last appended: 0.0, Last appended by leader: 0, Current term: 0, Majority size: -1, State: 0, Mode: NON_LEADER, active raft config: opid_index: -1 OBSOLETE_local: false peers { permanent_uuid: "e4dfb56a487d41ce8455fa306e62e562" member_type: VOTER last_known_addr { host: "127.16.25.65" port: 37701 } } peers { permanent_uuid: "64ff701438584490b355ee3fabbeb436" member_type: VOTER last_known_addr { host: "127.16.25.66" port: 41795 } } peers { permanent_uuid: "cbad6d56e9364831922f0d0d0d85a895" member_type: VOTER last_known_addr { host: "127.16.25.67" port: 38471 } }
I20260710 13:21:59.470752 17787 consensus_queue.cc:260] T 7a437bbbc84042eb8d1623770f98e266 P cbad6d56e9364831922f0d0d0d85a895 [NON_LEADER]: Queue going to NON_LEADER mode. State: All replicated index: 0, Majority replicated index: 0, Committed index: 0, Last appended: 0.0, Last appended by leader: 0, Current term: 0, Majority size: -1, State: 0, Mode: NON_LEADER, active raft config: opid_index: -1 OBSOLETE_local: false peers { permanent_uuid: "e4dfb56a487d41ce8455fa306e62e562" member_type: VOTER last_known_addr { host: "127.16.25.65" port: 37701 } } peers { permanent_uuid: "64ff701438584490b355ee3fabbeb436" member_type: VOTER last_known_addr { host: "127.16.25.66" port: 41795 } } peers { permanent_uuid: "cbad6d56e9364831922f0d0d0d85a895" member_type: VOTER last_known_addr { host: "127.16.25.67" port: 38471 } }
I20260710 13:21:59.474026 17564 leader_election.cc:304] T 472a41bc967848c49ed047506a962a42 P e4dfb56a487d41ce8455fa306e62e562 [CANDIDATE]: Term 2 pre-election: Election decided. Result: candidate lost. Election summary: received 3 responses out of 3 voters: 1 yes votes; 2 no votes. yes voters: e4dfb56a487d41ce8455fa306e62e562; no voters: 64ff701438584490b355ee3fabbeb436, cbad6d56e9364831922f0d0d0d85a895
I20260710 13:21:59.474188 17866 raft_consensus.cc:2804] T ed6ef243a7d7488c90c0258b1bae078b P 64ff701438584490b355ee3fabbeb436 [term 1 FOLLOWER]: Leader election won for term 1
I20260710 13:21:59.477458 17789 ts_tablet_manager.cc:1434] T 93ac5b7edd6f442599b10b6a6149cdc0 P 64ff701438584490b355ee3fabbeb436: Time spent starting tablet: real 0.113s	user 0.009s	sys 0.001s
I20260710 13:21:59.482424 17789 tablet_bootstrap.cc:492] T aa7d13417d674fc7a83636c82ce11a8c P 64ff701438584490b355ee3fabbeb436: Bootstrap starting.
I20260710 13:21:59.475632 17866 raft_consensus.cc:697] T ed6ef243a7d7488c90c0258b1bae078b P 64ff701438584490b355ee3fabbeb436 [term 1 LEADER]: Becoming Leader. State: Replica: 64ff701438584490b355ee3fabbeb436, State: Running, Role: LEADER
I20260710 13:21:59.483315 17787 ts_tablet_manager.cc:1434] T 7a437bbbc84042eb8d1623770f98e266 P cbad6d56e9364831922f0d0d0d85a895: Time spent starting tablet: real 0.021s	user 0.005s	sys 0.000s
I20260710 13:21:59.484253 17876 raft_consensus.cc:2749] T 472a41bc967848c49ed047506a962a42 P e4dfb56a487d41ce8455fa306e62e562 [term 1 FOLLOWER]: Leader pre-election lost for term 2. Reason: could not achieve majority
I20260710 13:21:59.486320 17866 consensus_queue.cc:237] T ed6ef243a7d7488c90c0258b1bae078b P 64ff701438584490b355ee3fabbeb436 [LEADER]: Queue going to LEADER mode. State: All replicated index: 0, Majority replicated index: 0, Committed index: 0, Last appended: 0.0, Last appended by leader: 0, Current term: 1, Majority size: 2, State: 0, Mode: LEADER, active raft config: opid_index: -1 OBSOLETE_local: false peers { permanent_uuid: "e4dfb56a487d41ce8455fa306e62e562" member_type: VOTER last_known_addr { host: "127.16.25.65" port: 37701 } } peers { permanent_uuid: "64ff701438584490b355ee3fabbeb436" member_type: VOTER last_known_addr { host: "127.16.25.66" port: 41795 } } peers { permanent_uuid: "cbad6d56e9364831922f0d0d0d85a895" member_type: VOTER last_known_addr { host: "127.16.25.67" port: 38471 } }
I20260710 13:21:59.493662 17672 tablet_service.cc:1917] Received RequestConsensusVote() RPC: tablet_id: "93ac5b7edd6f442599b10b6a6149cdc0" candidate_uuid: "e4dfb56a487d41ce8455fa306e62e562" candidate_term: 1 candidate_status { last_received { term: 0 index: 0 } } ignore_live_leader: false dest_uuid: "64ff701438584490b355ee3fabbeb436" is_pre_election: true
I20260710 13:21:59.494379 17672 raft_consensus.cc:2468] T 93ac5b7edd6f442599b10b6a6149cdc0 P 64ff701438584490b355ee3fabbeb436 [term 0 FOLLOWER]: Leader pre-election vote request: Granting yes vote for candidate e4dfb56a487d41ce8455fa306e62e562 in term 0.
I20260710 13:21:59.495945 17787 tablet_bootstrap.cc:492] T 45a5acb46e4e4dc486b9182752dedd1d P cbad6d56e9364831922f0d0d0d85a895: Bootstrap starting.
