I20260710 13:21:57.101048 12480 raft_consensus.cc:740] T e036d5a7e61c463d84754fa0f3bee3ea P ea5ff9e4df7c48159f151545b4d4a4f5 [term 1 LEADER]: Becoming Follower/Learner. State: Replica: ea5ff9e4df7c48159f151545b4d4a4f5, State: Running, Role: LEADER
I20260710 13:21:57.101824 12480 consensus_queue.cc:260] T e036d5a7e61c463d84754fa0f3bee3ea P ea5ff9e4df7c48159f151545b4d4a4f5 [NON_LEADER]: Queue going to NON_LEADER mode. State: All replicated index: 0, Majority replicated index: 0, Committed index: 0, Last appended: 1.1, Last appended by leader: 1, Current term: 1, Majority size: -1, State: 0, Mode: NON_LEADER, active raft config: opid_index: -1 OBSOLETE_local: false peers { permanent_uuid: "7fc56f1d3fa84a82bd1ca16338241301" member_type: VOTER last_known_addr { host: "127.10.221.193" port: 34351 } } peers { permanent_uuid: "b26ce4c511434f0a99fd9334d7e35f0a" member_type: VOTER last_known_addr { host: "127.10.221.194" port: 34873 } } peers { permanent_uuid: "ea5ff9e4df7c48159f151545b4d4a4f5" member_type: VOTER last_known_addr { host: "127.10.221.195" port: 42309 } }
I20260710 13:21:57.101688 12148 catalog_manager.cc:5697] T 7445d1064683403480110654fa615acc P ea5ff9e4df7c48159f151545b4d4a4f5 reported cstate change: term changed from 0 to 1, leader changed from <none> to ea5ff9e4df7c48159f151545b4d4a4f5 (127.10.221.195). New cstate: current_term: 1 leader_uuid: "ea5ff9e4df7c48159f151545b4d4a4f5" committed_config { opid_index: -1 OBSOLETE_local: false peers { permanent_uuid: "7fc56f1d3fa84a82bd1ca16338241301" member_type: VOTER last_known_addr { host: "127.10.221.193" port: 34351 } health_report { overall_health: UNKNOWN } } peers { permanent_uuid: "b26ce4c511434f0a99fd9334d7e35f0a" member_type: VOTER last_known_addr { host: "127.10.221.194" port: 34873 } health_report { overall_health: UNKNOWN } } peers { permanent_uuid: "ea5ff9e4df7c48159f151545b4d4a4f5" member_type: VOTER last_known_addr { host: "127.10.221.195" port: 42309 } health_report { overall_health: HEALTHY } } }
I20260710 13:21:57.102811 12480 raft_consensus.cc:3060] T e036d5a7e61c463d84754fa0f3bee3ea P ea5ff9e4df7c48159f151545b4d4a4f5 [term 1 FOLLOWER]: Advancing to term 2
I20260710 13:21:57.106287 12399 raft_consensus.cc:2468] T 4f3b4c33b7a849cdb0d7a9a0fe865889 P ea5ff9e4df7c48159f151545b4d4a4f5 [term 1 FOLLOWER]: Leader election vote request: Granting yes vote for candidate 7fc56f1d3fa84a82bd1ca16338241301 in term 1.
I20260710 13:21:57.107587 12214 leader_election.cc:304] T 4f3b4c33b7a849cdb0d7a9a0fe865889 P 7fc56f1d3fa84a82bd1ca16338241301 [CANDIDATE]: Term 1 election: Election decided. Result: candidate won. Election summary: received 3 responses out of 3 voters: 2 yes votes; 1 no votes. yes voters: 7fc56f1d3fa84a82bd1ca16338241301, ea5ff9e4df7c48159f151545b4d4a4f5; no voters: b26ce4c511434f0a99fd9334d7e35f0a
I20260710 13:21:57.108364 12463 raft_consensus.cc:2804] T 4f3b4c33b7a849cdb0d7a9a0fe865889 P 7fc56f1d3fa84a82bd1ca16338241301 [term 1 FOLLOWER]: Leader election won for term 1
I20260710 13:21:57.108989 12463 raft_consensus.cc:697] T 4f3b4c33b7a849cdb0d7a9a0fe865889 P 7fc56f1d3fa84a82bd1ca16338241301 [term 1 LEADER]: Becoming Leader. State: Replica: 7fc56f1d3fa84a82bd1ca16338241301, State: Running, Role: LEADER
I20260710 13:21:57.109788 12463 consensus_queue.cc:237] T 4f3b4c33b7a849cdb0d7a9a0fe865889 P 7fc56f1d3fa84a82bd1ca16338241301 [LEADER]: Queue going to LEADER mode. State: All replicated index: 0, Majority replicated index: 0, Committed index: 0, Last appended: 0.0, Last appended by leader: 0, Current term: 1, Majority size: 2, State: 0, Mode: LEADER, active raft config: opid_index: -1 OBSOLETE_local: false peers { permanent_uuid: "7fc56f1d3fa84a82bd1ca16338241301" member_type: VOTER last_known_addr { host: "127.10.221.193" port: 34351 } } peers { permanent_uuid: "b26ce4c511434f0a99fd9334d7e35f0a" member_type: VOTER last_known_addr { host: "127.10.221.194" port: 34873 } } peers { permanent_uuid: "ea5ff9e4df7c48159f151545b4d4a4f5" member_type: VOTER last_known_addr { host: "127.10.221.195" port: 42309 } }
I20260710 13:21:57.114970 12250 raft_consensus.cc:2468] T 7445d1064683403480110654fa615acc P 7fc56f1d3fa84a82bd1ca16338241301 [term 1 FOLLOWER]: Leader election vote request: Granting yes vote for candidate ea5ff9e4df7c48159f151545b4d4a4f5 in term 1.
I20260710 13:21:57.119762 12438 tablet_bootstrap.cc:492] T 32a989f757e84cf98675962a6bfbae0e P 7fc56f1d3fa84a82bd1ca16338241301: No bootstrap required, opened a new log
I20260710 13:21:57.120324 12438 ts_tablet_manager.cc:1403] T 32a989f757e84cf98675962a6bfbae0e P 7fc56f1d3fa84a82bd1ca16338241301: Time spent bootstrapping tablet: real 0.172s	user 0.022s	sys 0.041s
I20260710 13:21:57.121186 12440 tablet_bootstrap.cc:492] T c186053a48ff46cda15f4c9b6204aad6 P b26ce4c511434f0a99fd9334d7e35f0a: No bootstrap required, opened a new log
I20260710 13:21:57.121742 12440 ts_tablet_manager.cc:1403] T c186053a48ff46cda15f4c9b6204aad6 P b26ce4c511434f0a99fd9334d7e35f0a: Time spent bootstrapping tablet: real 0.158s	user 0.008s	sys 0.002s
I20260710 13:21:57.123198 12438 raft_consensus.cc:359] T 32a989f757e84cf98675962a6bfbae0e P 7fc56f1d3fa84a82bd1ca16338241301 [term 0 FOLLOWER]: Replica starting. Triggering 0 pending ops. Active config: opid_index: -1 OBSOLETE_local: false peers { permanent_uuid: "7fc56f1d3fa84a82bd1ca16338241301" member_type: VOTER last_known_addr { host: "127.10.221.193" port: 34351 } } peers { permanent_uuid: "b26ce4c511434f0a99fd9334d7e35f0a" member_type: VOTER last_known_addr { host: "127.10.221.194" port: 34873 } } peers { permanent_uuid: "ea5ff9e4df7c48159f151545b4d4a4f5" member_type: VOTER last_known_addr { host: "127.10.221.195" port: 42309 } }
I20260710 13:21:57.124647 12438 raft_consensus.cc:385] T 32a989f757e84cf98675962a6bfbae0e P 7fc56f1d3fa84a82bd1ca16338241301 [term 0 FOLLOWER]: Consensus starting up: Expiring failure detector timer to make a prompt election more likely
I20260710 13:21:57.125053 12438 raft_consensus.cc:740] T 32a989f757e84cf98675962a6bfbae0e P 7fc56f1d3fa84a82bd1ca16338241301 [term 0 FOLLOWER]: Becoming Follower/Learner. State: Replica: 7fc56f1d3fa84a82bd1ca16338241301, State: Initialized, Role: FOLLOWER
I20260710 13:21:57.125087 12440 raft_consensus.cc:359] T c186053a48ff46cda15f4c9b6204aad6 P b26ce4c511434f0a99fd9334d7e35f0a [term 0 FOLLOWER]: Replica starting. Triggering 0 pending ops. Active config: opid_index: -1 OBSOLETE_local: false peers { permanent_uuid: "7fc56f1d3fa84a82bd1ca16338241301" member_type: VOTER last_known_addr { host: "127.10.221.193" port: 34351 } } peers { permanent_uuid: "b26ce4c511434f0a99fd9334d7e35f0a" member_type: VOTER last_known_addr { host: "127.10.221.194" port: 34873 } } peers { permanent_uuid: "ea5ff9e4df7c48159f151545b4d4a4f5" member_type: VOTER last_known_addr { host: "127.10.221.195" port: 42309 } }
I20260710 13:21:57.126103 12440 raft_consensus.cc:385] T c186053a48ff46cda15f4c9b6204aad6 P b26ce4c511434f0a99fd9334d7e35f0a [term 0 FOLLOWER]: Consensus starting up: Expiring failure detector timer to make a prompt election more likely
I20260710 13:21:57.126492 12440 raft_consensus.cc:740] T c186053a48ff46cda15f4c9b6204aad6 P b26ce4c511434f0a99fd9334d7e35f0a [term 0 FOLLOWER]: Becoming Follower/Learner. State: Replica: b26ce4c511434f0a99fd9334d7e35f0a, State: Initialized, Role: FOLLOWER
I20260710 13:21:57.126962 12438 consensus_queue.cc:260] T 32a989f757e84cf98675962a6bfbae0e P 7fc56f1d3fa84a82bd1ca16338241301 [NON_LEADER]: Queue going to NON_LEADER mode. State: All replicated index: 0, Majority replicated index: 0, Committed index: 0, Last appended: 0.0, Last appended by leader: 0, Current term: 0, Majority size: -1, State: 0, Mode: NON_LEADER, active raft config: opid_index: -1 OBSOLETE_local: false peers { permanent_uuid: "7fc56f1d3fa84a82bd1ca16338241301" member_type: VOTER last_known_addr { host: "127.10.221.193" port: 34351 } } peers { permanent_uuid: "b26ce4c511434f0a99fd9334d7e35f0a" member_type: VOTER last_known_addr { host: "127.10.221.194" port: 34873 } } peers { permanent_uuid: "ea5ff9e4df7c48159f151545b4d4a4f5" member_type: VOTER last_known_addr { host: "127.10.221.195" port: 42309 } }
I20260710 13:21:57.130072 12438 ts_tablet_manager.cc:1434] T 32a989f757e84cf98675962a6bfbae0e P 7fc56f1d3fa84a82bd1ca16338241301: Time spent starting tablet: real 0.009s	user 0.004s	sys 0.002s
I20260710 13:21:57.130630 12439 tablet_bootstrap.cc:492] T babc1ddcd0d74e3786abb98c7d1c0076 P ea5ff9e4df7c48159f151545b4d4a4f5: No bootstrap required, opened a new log
I20260710 13:21:57.130875 12324 tablet_service.cc:1917] Received RequestConsensusVote() RPC: tablet_id: "e036d5a7e61c463d84754fa0f3bee3ea" candidate_uuid: "7fc56f1d3fa84a82bd1ca16338241301" candidate_term: 2 candidate_status { last_received { term: 0 index: 0 } } ignore_live_leader: false dest_uuid: "b26ce4c511434f0a99fd9334d7e35f0a"
I20260710 13:21:57.131716 12438 tablet_bootstrap.cc:492] T 65f0bc64664b46d680cfa8a166cb88be P 7fc56f1d3fa84a82bd1ca16338241301: Bootstrap starting.
I20260710 13:21:57.131490 12324 raft_consensus.cc:3060] T e036d5a7e61c463d84754fa0f3bee3ea P b26ce4c511434f0a99fd9334d7e35f0a [term 1 FOLLOWER]: Advancing to term 2
I20260710 13:21:57.131084 12439 ts_tablet_manager.cc:1403] T babc1ddcd0d74e3786abb98c7d1c0076 P ea5ff9e4df7c48159f151545b4d4a4f5: Time spent bootstrapping tablet: real 0.097s	user 0.028s	sys 0.037s
I20260710 13:21:57.135191 12439 raft_consensus.cc:359] T babc1ddcd0d74e3786abb98c7d1c0076 P ea5ff9e4df7c48159f151545b4d4a4f5 [term 0 FOLLOWER]: Replica starting. Triggering 0 pending ops. Active config: opid_index: -1 OBSOLETE_local: false peers { permanent_uuid: "7fc56f1d3fa84a82bd1ca16338241301" member_type: VOTER last_known_addr { host: "127.10.221.193" port: 34351 } } peers { permanent_uuid: "b26ce4c511434f0a99fd9334d7e35f0a" member_type: VOTER last_known_addr { host: "127.10.221.194" port: 34873 } } peers { permanent_uuid: "ea5ff9e4df7c48159f151545b4d4a4f5" member_type: VOTER last_known_addr { host: "127.10.221.195" port: 42309 } }
I20260710 13:21:57.135903 12439 raft_consensus.cc:385] T babc1ddcd0d74e3786abb98c7d1c0076 P ea5ff9e4df7c48159f151545b4d4a4f5 [term 0 FOLLOWER]: Consensus starting up: Expiring failure detector timer to make a prompt election more likely
I20260710 13:21:57.135259 12146 catalog_manager.cc:5697] T 4f3b4c33b7a849cdb0d7a9a0fe865889 P 7fc56f1d3fa84a82bd1ca16338241301 reported cstate change: term changed from 0 to 1, leader changed from <none> to 7fc56f1d3fa84a82bd1ca16338241301 (127.10.221.193). New cstate: current_term: 1 leader_uuid: "7fc56f1d3fa84a82bd1ca16338241301" committed_config { opid_index: -1 OBSOLETE_local: false peers { permanent_uuid: "7fc56f1d3fa84a82bd1ca16338241301" member_type: VOTER last_known_addr { host: "127.10.221.193" port: 34351 } health_report { overall_health: HEALTHY } } peers { permanent_uuid: "b26ce4c511434f0a99fd9334d7e35f0a" member_type: VOTER last_known_addr { host: "127.10.221.194" port: 34873 } health_report { overall_health: UNKNOWN } } peers { permanent_uuid: "ea5ff9e4df7c48159f151545b4d4a4f5" member_type: VOTER last_known_addr { host: "127.10.221.195" port: 42309 } health_report { overall_health: UNKNOWN } } }
I20260710 13:21:57.138211 12438 tablet_bootstrap.cc:654] T 65f0bc64664b46d680cfa8a166cb88be P 7fc56f1d3fa84a82bd1ca16338241301: Neither blocks nor log segments found. Creating new log.
I20260710 13:21:57.140548 12324 raft_consensus.cc:2468] T e036d5a7e61c463d84754fa0f3bee3ea P b26ce4c511434f0a99fd9334d7e35f0a [term 2 FOLLOWER]: Leader election vote request: Granting yes vote for candidate 7fc56f1d3fa84a82bd1ca16338241301 in term 2.
I20260710 13:21:57.141520 12440 consensus_queue.cc:260] T c186053a48ff46cda15f4c9b6204aad6 P b26ce4c511434f0a99fd9334d7e35f0a [NON_LEADER]: Queue going to NON_LEADER mode. State: All replicated index: 0, Majority replicated index: 0, Committed index: 0, Last appended: 0.0, Last appended by leader: 0, Current term: 0, Majority size: -1, State: 0, Mode: NON_LEADER, active raft config: opid_index: -1 OBSOLETE_local: false peers { permanent_uuid: "7fc56f1d3fa84a82bd1ca16338241301" member_type: VOTER last_known_addr { host: "127.10.221.193" port: 34351 } } peers { permanent_uuid: "b26ce4c511434f0a99fd9334d7e35f0a" member_type: VOTER last_known_addr { host: "127.10.221.194" port: 34873 } } peers { permanent_uuid: "ea5ff9e4df7c48159f151545b4d4a4f5" member_type: VOTER last_known_addr { host: "127.10.221.195" port: 42309 } }
I20260710 13:21:57.141844 12214 leader_election.cc:304] T e036d5a7e61c463d84754fa0f3bee3ea P 7fc56f1d3fa84a82bd1ca16338241301 [CANDIDATE]: Term 2 election: Election decided. Result: candidate won. Election summary: received 2 responses out of 3 voters: 2 yes votes; 0 no votes. yes voters: 7fc56f1d3fa84a82bd1ca16338241301, b26ce4c511434f0a99fd9334d7e35f0a; no voters: 
I20260710 13:21:57.142795 12463 raft_consensus.cc:2804] T e036d5a7e61c463d84754fa0f3bee3ea P 7fc56f1d3fa84a82bd1ca16338241301 [term 2 FOLLOWER]: Leader election won for term 2
I20260710 13:21:57.136196 12439 raft_consensus.cc:740] T babc1ddcd0d74e3786abb98c7d1c0076 P ea5ff9e4df7c48159f151545b4d4a4f5 [term 0 FOLLOWER]: Becoming Follower/Learner. State: Replica: ea5ff9e4df7c48159f151545b4d4a4f5, State: Initialized, Role: FOLLOWER
I20260710 13:21:57.143940 12463 raft_consensus.cc:697] T e036d5a7e61c463d84754fa0f3bee3ea P 7fc56f1d3fa84a82bd1ca16338241301 [term 2 LEADER]: Becoming Leader. State: Replica: 7fc56f1d3fa84a82bd1ca16338241301, State: Running, Role: LEADER
I20260710 13:21:57.155323 12476 consensus_queue.cc:1048] T 5478bdde85274d3a9b74fbeafb03eb42 P 7fc56f1d3fa84a82bd1ca16338241301 [LEADER]: Connected to new peer: Peer: permanent_uuid: "ea5ff9e4df7c48159f151545b4d4a4f5" member_type: VOTER last_known_addr { host: "127.10.221.195" port: 42309 }, Status: LMP_MISMATCH, Last received: 0.0, Next index: 1, Last known committed idx: 0, Time since last communication: 0.006s
I20260710 13:21:57.143594 12440 ts_tablet_manager.cc:1434] T c186053a48ff46cda15f4c9b6204aad6 P b26ce4c511434f0a99fd9334d7e35f0a: Time spent starting tablet: real 0.021s	user 0.009s	sys 0.000s
I20260710 13:21:57.161983 12439 consensus_queue.cc:260] T babc1ddcd0d74e3786abb98c7d1c0076 P ea5ff9e4df7c48159f151545b4d4a4f5 [NON_LEADER]: Queue going to NON_LEADER mode. State: All replicated index: 0, Majority replicated index: 0, Committed index: 0, Last appended: 0.0, Last appended by leader: 0, Current term: 0, Majority size: -1, State: 0, Mode: NON_LEADER, active raft config: opid_index: -1 OBSOLETE_local: false peers { permanent_uuid: "7fc56f1d3fa84a82bd1ca16338241301" member_type: VOTER last_known_addr { host: "127.10.221.193" port: 34351 } } peers { permanent_uuid: "b26ce4c511434f0a99fd9334d7e35f0a" member_type: VOTER last_known_addr { host: "127.10.221.194" port: 34873 } } peers { permanent_uuid: "ea5ff9e4df7c48159f151545b4d4a4f5" member_type: VOTER last_known_addr { host: "127.10.221.195" port: 42309 } }
I20260710 13:21:57.162171 12463 consensus_queue.cc:237] T e036d5a7e61c463d84754fa0f3bee3ea P 7fc56f1d3fa84a82bd1ca16338241301 [LEADER]: Queue going to LEADER mode. State: All replicated index: 0, Majority replicated index: 0, Committed index: 0, Last appended: 0.0, Last appended by leader: 0, Current term: 2, Majority size: 2, State: 0, Mode: LEADER, active raft config: opid_index: -1 OBSOLETE_local: false peers { permanent_uuid: "7fc56f1d3fa84a82bd1ca16338241301" member_type: VOTER last_known_addr { host: "127.10.221.193" port: 34351 } } peers { permanent_uuid: "b26ce4c511434f0a99fd9334d7e35f0a" member_type: VOTER last_known_addr { host: "127.10.221.194" port: 34873 } } peers { permanent_uuid: "ea5ff9e4df7c48159f151545b4d4a4f5" member_type: VOTER last_known_addr { host: "127.10.221.195" port: 42309 } }
I20260710 13:21:57.145311 12398 tablet_service.cc:1917] Received RequestConsensusVote() RPC: tablet_id: "e036d5a7e61c463d84754fa0f3bee3ea" candidate_uuid: "7fc56f1d3fa84a82bd1ca16338241301" candidate_term: 2 candidate_status { last_received { term: 0 index: 0 } } ignore_live_leader: false dest_uuid: "ea5ff9e4df7c48159f151545b4d4a4f5"
I20260710 13:21:57.155038 12438 tablet_bootstrap.cc:492] T 65f0bc64664b46d680cfa8a166cb88be P 7fc56f1d3fa84a82bd1ca16338241301: No bootstrap required, opened a new log
I20260710 13:21:57.163703 12398 raft_consensus.cc:2410] T e036d5a7e61c463d84754fa0f3bee3ea P ea5ff9e4df7c48159f151545b4d4a4f5 [term 2 FOLLOWER]: Leader election vote request: Denying vote to candidate 7fc56f1d3fa84a82bd1ca16338241301 for term 2 because replica has last-logged OpId of term: 1 index: 1, which is greater than that of the candidate, which has last-logged OpId of term: 0 index: 0.
I20260710 13:21:57.164117 12438 ts_tablet_manager.cc:1403] T 65f0bc64664b46d680cfa8a166cb88be P 7fc56f1d3fa84a82bd1ca16338241301: Time spent bootstrapping tablet: real 0.033s	user 0.007s	sys 0.009s
I20260710 13:21:57.149034 12452 consensus_queue.cc:1048] T 4750337607f94bc89ff33f568e5a19d7 P b26ce4c511434f0a99fd9334d7e35f0a [LEADER]: Connected to new peer: Peer: permanent_uuid: "ea5ff9e4df7c48159f151545b4d4a4f5" member_type: VOTER last_known_addr { host: "127.10.221.195" port: 42309 }, Status: LMP_MISMATCH, Last received: 0.0, Next index: 1, Last known committed idx: 0, Time since last communication: 0.013s
I20260710 13:21:57.165663 12440 tablet_bootstrap.cc:492] T 1173427e5b8842f48f5fe1b38d16fbdb P b26ce4c511434f0a99fd9334d7e35f0a: Bootstrap starting.
I20260710 13:21:57.167335 12438 raft_consensus.cc:359] T 65f0bc64664b46d680cfa8a166cb88be P 7fc56f1d3fa84a82bd1ca16338241301 [term 0 FOLLOWER]: Replica starting. Triggering 0 pending ops. Active config: opid_index: -1 OBSOLETE_local: false peers { permanent_uuid: "7fc56f1d3fa84a82bd1ca16338241301" member_type: VOTER last_known_addr { host: "127.10.221.193" port: 34351 } } peers { permanent_uuid: "b26ce4c511434f0a99fd9334d7e35f0a" member_type: VOTER last_known_addr { host: "127.10.221.194" port: 34873 } } peers { permanent_uuid: "ea5ff9e4df7c48159f151545b4d4a4f5" member_type: VOTER last_known_addr { host: "127.10.221.195" port: 42309 } }
I20260710 13:21:57.168332 12438 raft_consensus.cc:385] T 65f0bc64664b46d680cfa8a166cb88be P 7fc56f1d3fa84a82bd1ca16338241301 [term 0 FOLLOWER]: Consensus starting up: Expiring failure detector timer to make a prompt election more likely
I20260710 13:21:57.168733 12438 raft_consensus.cc:740] T 65f0bc64664b46d680cfa8a166cb88be P 7fc56f1d3fa84a82bd1ca16338241301 [term 0 FOLLOWER]: Becoming Follower/Learner. State: Replica: 7fc56f1d3fa84a82bd1ca16338241301, State: Initialized, Role: FOLLOWER
I20260710 13:21:57.169598 12438 consensus_queue.cc:260] T 65f0bc64664b46d680cfa8a166cb88be P 7fc56f1d3fa84a82bd1ca16338241301 [NON_LEADER]: Queue going to NON_LEADER mode. State: All replicated index: 0, Majority replicated index: 0, Committed index: 0, Last appended: 0.0, Last appended by leader: 0, Current term: 0, Majority size: -1, State: 0, Mode: NON_LEADER, active raft config: opid_index: -1 OBSOLETE_local: false peers { permanent_uuid: "7fc56f1d3fa84a82bd1ca16338241301" member_type: VOTER last_known_addr { host: "127.10.221.193" port: 34351 } } peers { permanent_uuid: "b26ce4c511434f0a99fd9334d7e35f0a" member_type: VOTER last_known_addr { host: "127.10.221.194" port: 34873 } } peers { permanent_uuid: "ea5ff9e4df7c48159f151545b4d4a4f5" member_type: VOTER last_known_addr { host: "127.10.221.195" port: 42309 } }
I20260710 13:21:57.171300 12440 tablet_bootstrap.cc:654] T 1173427e5b8842f48f5fe1b38d16fbdb P b26ce4c511434f0a99fd9334d7e35f0a: Neither blocks nor log segments found. Creating new log.
I20260710 13:21:57.157354 12445 leader_election.cc:290] T e036d5a7e61c463d84754fa0f3bee3ea P 7fc56f1d3fa84a82bd1ca16338241301 [CANDIDATE]: Term 2 election: Requested vote from peers b26ce4c511434f0a99fd9334d7e35f0a (127.10.221.194:34873), ea5ff9e4df7c48159f151545b4d4a4f5 (127.10.221.195:42309)
I20260710 13:21:57.172809 12438 ts_tablet_manager.cc:1434] T 65f0bc64664b46d680cfa8a166cb88be P 7fc56f1d3fa84a82bd1ca16338241301: Time spent starting tablet: real 0.008s	user 0.005s	sys 0.001s
I20260710 13:21:57.175284 12438 tablet_bootstrap.cc:492] T 073fcf3299ad49af91f1d8a0cbe7b5e3 P 7fc56f1d3fa84a82bd1ca16338241301: Bootstrap starting.
I20260710 13:21:57.176433 12445 consensus_queue.cc:1048] T 5478bdde85274d3a9b74fbeafb03eb42 P 7fc56f1d3fa84a82bd1ca16338241301 [LEADER]: Connected to new peer: Peer: permanent_uuid: "b26ce4c511434f0a99fd9334d7e35f0a" member_type: VOTER last_known_addr { host: "127.10.221.194" port: 34873 }, Status: LMP_MISMATCH, Last received: 0.0, Next index: 1, Last known committed idx: 0, Time since last communication: 0.000s
I20260710 13:21:57.178839 12442 raft_consensus.cc:493] T babc1ddcd0d74e3786abb98c7d1c0076 P ea5ff9e4df7c48159f151545b4d4a4f5 [term 0 FOLLOWER]: Starting pre-election (no leader contacted us within the election timeout)
I20260710 13:21:57.179406 12439 ts_tablet_manager.cc:1434] T babc1ddcd0d74e3786abb98c7d1c0076 P ea5ff9e4df7c48159f151545b4d4a4f5: Time spent starting tablet: real 0.047s	user 0.011s	sys 0.000s
I20260710 13:21:57.179282 12442 raft_consensus.cc:515] T babc1ddcd0d74e3786abb98c7d1c0076 P ea5ff9e4df7c48159f151545b4d4a4f5 [term 0 FOLLOWER]: Starting pre-election with config: opid_index: -1 OBSOLETE_local: false peers { permanent_uuid: "7fc56f1d3fa84a82bd1ca16338241301" member_type: VOTER last_known_addr { host: "127.10.221.193" port: 34351 } } peers { permanent_uuid: "b26ce4c511434f0a99fd9334d7e35f0a" member_type: VOTER last_known_addr { host: "127.10.221.194" port: 34873 } } peers { permanent_uuid: "ea5ff9e4df7c48159f151545b4d4a4f5" member_type: VOTER last_known_addr { host: "127.10.221.195" port: 42309 } }
I20260710 13:21:57.180280 12439 tablet_bootstrap.cc:492] T c186053a48ff46cda15f4c9b6204aad6 P ea5ff9e4df7c48159f151545b4d4a4f5: Bootstrap starting.
I20260710 13:21:57.181510 12438 tablet_bootstrap.cc:654] T 073fcf3299ad49af91f1d8a0cbe7b5e3 P 7fc56f1d3fa84a82bd1ca16338241301: Neither blocks nor log segments found. Creating new log.
I20260710 13:21:57.183687 12247 tablet_service.cc:1917] Received RequestConsensusVote() RPC: tablet_id: "babc1ddcd0d74e3786abb98c7d1c0076" candidate_uuid: "ea5ff9e4df7c48159f151545b4d4a4f5" candidate_term: 1 candidate_status { last_received { term: 0 index: 0 } } ignore_live_leader: false dest_uuid: "7fc56f1d3fa84a82bd1ca16338241301" is_pre_election: true
I20260710 13:21:57.184352 12247 raft_consensus.cc:2468] T babc1ddcd0d74e3786abb98c7d1c0076 P 7fc56f1d3fa84a82bd1ca16338241301 [term 0 FOLLOWER]: Leader pre-election vote request: Granting yes vote for candidate ea5ff9e4df7c48159f151545b4d4a4f5 in term 0.
I20260710 13:21:57.185734 12323 tablet_service.cc:1917] Received RequestConsensusVote() RPC: tablet_id: "babc1ddcd0d74e3786abb98c7d1c0076" candidate_uuid: "ea5ff9e4df7c48159f151545b4d4a4f5" candidate_term: 1 candidate_status { last_received { term: 0 index: 0 } } ignore_live_leader: false dest_uuid: "b26ce4c511434f0a99fd9334d7e35f0a" is_pre_election: true
I20260710 13:21:57.186537 12323 raft_consensus.cc:2468] T babc1ddcd0d74e3786abb98c7d1c0076 P b26ce4c511434f0a99fd9334d7e35f0a [term 0 FOLLOWER]: Leader pre-election vote request: Granting yes vote for candidate ea5ff9e4df7c48159f151545b4d4a4f5 in term 0.
I20260710 13:21:57.192330 12452 consensus_queue.cc:1048] T 235ef9f0cb824842a87cbc494f8bd46c P b26ce4c511434f0a99fd9334d7e35f0a [LEADER]: Connected to new peer: Peer: permanent_uuid: "ea5ff9e4df7c48159f151545b4d4a4f5" member_type: VOTER last_known_addr { host: "127.10.221.195" port: 42309 }, Status: LMP_MISMATCH, Last received: 0.0, Next index: 1, Last known committed idx: 0, Time since last communication: 0.000s
I20260710 13:21:57.193264 12363 leader_election.cc:304] T babc1ddcd0d74e3786abb98c7d1c0076 P ea5ff9e4df7c48159f151545b4d4a4f5 [CANDIDATE]: Term 1 pre-election: Election decided. Result: candidate won. Election summary: received 2 responses out of 3 voters: 2 yes votes; 0 no votes. yes voters: 7fc56f1d3fa84a82bd1ca16338241301, ea5ff9e4df7c48159f151545b4d4a4f5; no voters: 
I20260710 13:21:57.194306 12480 raft_consensus.cc:2804] T babc1ddcd0d74e3786abb98c7d1c0076 P ea5ff9e4df7c48159f151545b4d4a4f5 [term 0 FOLLOWER]: Leader pre-election won for term 1
I20260710 13:21:57.194692 12480 raft_consensus.cc:493] T babc1ddcd0d74e3786abb98c7d1c0076 P ea5ff9e4df7c48159f151545b4d4a4f5 [term 0 FOLLOWER]: Starting leader election (no leader contacted us within the election timeout)
I20260710 13:21:57.181357 12442 leader_election.cc:290] T babc1ddcd0d74e3786abb98c7d1c0076 P ea5ff9e4df7c48159f151545b4d4a4f5 [CANDIDATE]: Term 1 pre-election: Requested pre-vote from peers 7fc56f1d3fa84a82bd1ca16338241301 (127.10.221.193:34351), b26ce4c511434f0a99fd9334d7e35f0a (127.10.221.194:34873)
I20260710 13:21:57.195026 12480 raft_consensus.cc:3060] T babc1ddcd0d74e3786abb98c7d1c0076 P ea5ff9e4df7c48159f151545b4d4a4f5 [term 0 FOLLOWER]: Advancing to term 1
I20260710 13:21:57.196521 12439 tablet_bootstrap.cc:654] T c186053a48ff46cda15f4c9b6204aad6 P ea5ff9e4df7c48159f151545b4d4a4f5: Neither blocks nor log segments found. Creating new log.
W20260710 13:21:57.209722 12363 consensus_peers.cc:597] T 1173427e5b8842f48f5fe1b38d16fbdb P ea5ff9e4df7c48159f151545b4d4a4f5 -> Peer b26ce4c511434f0a99fd9334d7e35f0a (127.10.221.194:34873): Couldn't send request to peer b26ce4c511434f0a99fd9334d7e35f0a. Error code: TABLET_NOT_RUNNING (12). Status: Illegal state: Tablet not RUNNING: BOOTSTRAPPING. This is attempt 1: this message will repeat every 5th retry.
I20260710 13:21:57.220456 12442 raft_consensus.cc:493] T 2ceaef49011f4d888f41f399042be92b P ea5ff9e4df7c48159f151545b4d4a4f5 [term 0 FOLLOWER]: Starting pre-election (no leader contacted us within the election timeout)
I20260710 13:21:57.221117 12442 raft_consensus.cc:515] T 2ceaef49011f4d888f41f399042be92b P ea5ff9e4df7c48159f151545b4d4a4f5 [term 0 FOLLOWER]: Starting pre-election with config: opid_index: -1 OBSOLETE_local: false peers { permanent_uuid: "7fc56f1d3fa84a82bd1ca16338241301" member_type: VOTER last_known_addr { host: "127.10.221.193" port: 34351 } } peers { permanent_uuid: "b26ce4c511434f0a99fd9334d7e35f0a" member_type: VOTER last_known_addr { host: "127.10.221.194" port: 34873 } } peers { permanent_uuid: "ea5ff9e4df7c48159f151545b4d4a4f5" member_type: VOTER last_known_addr { host: "127.10.221.195" port: 42309 } }
I20260710 13:21:57.211475 12480 raft_consensus.cc:515] T babc1ddcd0d74e3786abb98c7d1c0076 P ea5ff9e4df7c48159f151545b4d4a4f5 [term 1 FOLLOWER]: Starting leader election with config: opid_index: -1 OBSOLETE_local: false peers { permanent_uuid: "7fc56f1d3fa84a82bd1ca16338241301" member_type: VOTER last_known_addr { host: "127.10.221.193" port: 34351 } } peers { permanent_uuid: "b26ce4c511434f0a99fd9334d7e35f0a" member_type: VOTER last_known_addr { host: "127.10.221.194" port: 34873 } } peers { permanent_uuid: "ea5ff9e4df7c48159f151545b4d4a4f5" member_type: VOTER last_known_addr { host: "127.10.221.195" port: 42309 } }
I20260710 13:21:57.223644 12442 leader_election.cc:290] T 2ceaef49011f4d888f41f399042be92b P ea5ff9e4df7c48159f151545b4d4a4f5 [CANDIDATE]: Term 1 pre-election: Requested pre-vote from peers 7fc56f1d3fa84a82bd1ca16338241301 (127.10.221.193:34351), b26ce4c511434f0a99fd9334d7e35f0a (127.10.221.194:34873)
I20260710 13:21:57.225301 12247 tablet_service.cc:1917] Received RequestConsensusVote() RPC: tablet_id: "2ceaef49011f4d888f41f399042be92b" candidate_uuid: "ea5ff9e4df7c48159f151545b4d4a4f5" candidate_term: 1 candidate_status { last_received { term: 0 index: 0 } } ignore_live_leader: false dest_uuid: "7fc56f1d3fa84a82bd1ca16338241301" is_pre_election: true
I20260710 13:21:57.224857 12480 leader_election.cc:290] T babc1ddcd0d74e3786abb98c7d1c0076 P ea5ff9e4df7c48159f151545b4d4a4f5 [CANDIDATE]: Term 1 election: Requested vote from peers 7fc56f1d3fa84a82bd1ca16338241301 (127.10.221.193:34351), b26ce4c511434f0a99fd9334d7e35f0a (127.10.221.194:34873)
I20260710 13:21:57.231105 12323 tablet_service.cc:1917] Received RequestConsensusVote() RPC: tablet_id: "2ceaef49011f4d888f41f399042be92b" candidate_uuid: "ea5ff9e4df7c48159f151545b4d4a4f5" candidate_term: 1 candidate_status { last_received { term: 0 index: 0 } } ignore_live_leader: false dest_uuid: "b26ce4c511434f0a99fd9334d7e35f0a" is_pre_election: true
I20260710 13:21:57.245575 12247 tablet_service.cc:1917] Received RequestConsensusVote() RPC: tablet_id: "babc1ddcd0d74e3786abb98c7d1c0076" candidate_uuid: "ea5ff9e4df7c48159f151545b4d4a4f5" candidate_term: 1 candidate_status { last_received { term: 0 index: 0 } } ignore_live_leader: false dest_uuid: "7fc56f1d3fa84a82bd1ca16338241301"
I20260710 13:21:57.246397 12247 raft_consensus.cc:3060] T babc1ddcd0d74e3786abb98c7d1c0076 P 7fc56f1d3fa84a82bd1ca16338241301 [term 0 FOLLOWER]: Advancing to term 1
I20260710 13:21:57.251655 12324 tablet_service.cc:1917] Received RequestConsensusVote() RPC: tablet_id: "babc1ddcd0d74e3786abb98c7d1c0076" candidate_uuid: "ea5ff9e4df7c48159f151545b4d4a4f5" candidate_term: 1 candidate_status { last_received { term: 0 index: 0 } } ignore_live_leader: false dest_uuid: "b26ce4c511434f0a99fd9334d7e35f0a"
I20260710 13:21:57.252295 12324 raft_consensus.cc:3060] T babc1ddcd0d74e3786abb98c7d1c0076 P b26ce4c511434f0a99fd9334d7e35f0a [term 0 FOLLOWER]: Advancing to term 1
I20260710 13:21:57.255734 12148 catalog_manager.cc:5697] T e036d5a7e61c463d84754fa0f3bee3ea P 7fc56f1d3fa84a82bd1ca16338241301 reported cstate change: term changed from 1 to 2, leader changed from ea5ff9e4df7c48159f151545b4d4a4f5 (127.10.221.195) to 7fc56f1d3fa84a82bd1ca16338241301 (127.10.221.193). New cstate: current_term: 2 leader_uuid: "7fc56f1d3fa84a82bd1ca16338241301" committed_config { opid_index: -1 OBSOLETE_local: false peers { permanent_uuid: "7fc56f1d3fa84a82bd1ca16338241301" member_type: VOTER last_known_addr { host: "127.10.221.193" port: 34351 } health_report { overall_health: HEALTHY } } peers { permanent_uuid: "b26ce4c511434f0a99fd9334d7e35f0a" member_type: VOTER last_known_addr { host: "127.10.221.194" port: 34873 } health_report { overall_health: UNKNOWN } } peers { permanent_uuid: "ea5ff9e4df7c48159f151545b4d4a4f5" member_type: VOTER last_known_addr { host: "127.10.221.195" port: 42309 } health_report { overall_health: UNKNOWN } } }
W20260710 13:21:57.257262 12363 leader_election.cc:343] T 2ceaef49011f4d888f41f399042be92b P ea5ff9e4df7c48159f151545b4d4a4f5 [CANDIDATE]: Term 1 pre-election: Tablet error from VoteRequest() call to peer 7fc56f1d3fa84a82bd1ca16338241301 (127.10.221.193:34351): Illegal state: must be running to vote when last-logged opid is not known
W20260710 13:21:57.258550 12363 leader_election.cc:343] T 2ceaef49011f4d888f41f399042be92b P ea5ff9e4df7c48159f151545b4d4a4f5 [CANDIDATE]: Term 1 pre-election: Tablet error from VoteRequest() call to peer b26ce4c511434f0a99fd9334d7e35f0a (127.10.221.194:34873): Illegal state: must be running to vote when last-logged opid is not known
I20260710 13:21:57.270172 12440 tablet_bootstrap.cc:492] T 1173427e5b8842f48f5fe1b38d16fbdb P b26ce4c511434f0a99fd9334d7e35f0a: No bootstrap required, opened a new log
I20260710 13:21:57.270610 12440 ts_tablet_manager.cc:1403] T 1173427e5b8842f48f5fe1b38d16fbdb P b26ce4c511434f0a99fd9334d7e35f0a: Time spent bootstrapping tablet: real 0.105s	user 0.011s	sys 0.003s
I20260710 13:21:57.260560 12363 leader_election.cc:304] T 2ceaef49011f4d888f41f399042be92b P ea5ff9e4df7c48159f151545b4d4a4f5 [CANDIDATE]: Term 1 pre-election: Election decided. Result: candidate lost. Election summary: received 3 responses out of 3 voters: 1 yes votes; 2 no votes. yes voters: ea5ff9e4df7c48159f151545b4d4a4f5; no voters: 7fc56f1d3fa84a82bd1ca16338241301, b26ce4c511434f0a99fd9334d7e35f0a
I20260710 13:21:57.273114 12452 consensus_queue.cc:1048] T 235ef9f0cb824842a87cbc494f8bd46c P b26ce4c511434f0a99fd9334d7e35f0a [LEADER]: Connected to new peer: Peer: permanent_uuid: "7fc56f1d3fa84a82bd1ca16338241301" member_type: VOTER last_known_addr { host: "127.10.221.193" port: 34351 }, Status: LMP_MISMATCH, Last received: 0.0, Next index: 1, Last known committed idx: 0, Time since last communication: 0.000s
I20260710 13:21:57.273504 12247 raft_consensus.cc:2468] T babc1ddcd0d74e3786abb98c7d1c0076 P 7fc56f1d3fa84a82bd1ca16338241301 [term 1 FOLLOWER]: Leader election vote request: Granting yes vote for candidate ea5ff9e4df7c48159f151545b4d4a4f5 in term 1.
I20260710 13:21:57.269753 12324 raft_consensus.cc:2468] T babc1ddcd0d74e3786abb98c7d1c0076 P b26ce4c511434f0a99fd9334d7e35f0a [term 1 FOLLOWER]: Leader election vote request: Granting yes vote for candidate ea5ff9e4df7c48159f151545b4d4a4f5 in term 1.
I20260710 13:21:57.276726 12480 raft_consensus.cc:2749] T 2ceaef49011f4d888f41f399042be92b P ea5ff9e4df7c48159f151545b4d4a4f5 [term 0 FOLLOWER]: Leader pre-election lost for term 1. Reason: could not achieve majority
I20260710 13:21:57.276960 12442 consensus_queue.cc:1048] T ac498f2e38ee444fbbd47151d0e08299 P ea5ff9e4df7c48159f151545b4d4a4f5 [LEADER]: Connected to new peer: Peer: permanent_uuid: "7fc56f1d3fa84a82bd1ca16338241301" member_type: VOTER last_known_addr { host: "127.10.221.193" port: 34351 }, Status: LMP_MISMATCH, Last received: 0.0, Next index: 1, Last known committed idx: 0, Time since last communication: 0.000s
I20260710 13:21:57.277959 12363 leader_election.cc:304] T babc1ddcd0d74e3786abb98c7d1c0076 P ea5ff9e4df7c48159f151545b4d4a4f5 [CANDIDATE]: Term 1 election: Election decided. Result: candidate won. Election summary: received 2 responses out of 3 voters: 2 yes votes; 0 no votes. yes voters: 7fc56f1d3fa84a82bd1ca16338241301, ea5ff9e4df7c48159f151545b4d4a4f5; no voters: 
I20260710 13:21:57.281409 12480 raft_consensus.cc:2804] T babc1ddcd0d74e3786abb98c7d1c0076 P ea5ff9e4df7c48159f151545b4d4a4f5 [term 1 FOLLOWER]: Leader election won for term 1
I20260710 13:21:57.282099 12480 raft_consensus.cc:697] T babc1ddcd0d74e3786abb98c7d1c0076 P ea5ff9e4df7c48159f151545b4d4a4f5 [term 1 LEADER]: Becoming Leader. State: Replica: ea5ff9e4df7c48159f151545b4d4a4f5, State: Running, Role: LEADER
I20260710 13:21:57.282972 12480 consensus_queue.cc:237] T babc1ddcd0d74e3786abb98c7d1c0076 P ea5ff9e4df7c48159f151545b4d4a4f5 [LEADER]: Queue going to LEADER mode. State: All replicated index: 0, Majority replicated index: 0, Committed index: 0, Last appended: 0.0, Last appended by leader: 0, Current term: 1, Majority size: 2, State: 0, Mode: LEADER, active raft config: opid_index: -1 OBSOLETE_local: false peers { permanent_uuid: "7fc56f1d3fa84a82bd1ca16338241301" member_type: VOTER last_known_addr { host: "127.10.221.193" port: 34351 } } peers { permanent_uuid: "b26ce4c511434f0a99fd9334d7e35f0a" member_type: VOTER last_known_addr { host: "127.10.221.194" port: 34873 } } peers { permanent_uuid: "ea5ff9e4df7c48159f151545b4d4a4f5" member_type: VOTER last_known_addr { host: "127.10.221.195" port: 42309 } }
I20260710 13:21:57.290141 12493 consensus_queue.cc:1048] T 32a989f757e84cf98675962a6bfbae0e P ea5ff9e4df7c48159f151545b4d4a4f5 [LEADER]: Connected to new peer: Peer: permanent_uuid: "b26ce4c511434f0a99fd9334d7e35f0a" member_type: VOTER last_known_addr { host: "127.10.221.194" port: 34873 }, Status: LMP_MISMATCH, Last received: 0.0, Next index: 1, Last known committed idx: 0, Time since last communication: 0.001s
I20260710 13:21:57.306653 12248 raft_consensus.cc:3060] T 32a989f757e84cf98675962a6bfbae0e P 7fc56f1d3fa84a82bd1ca16338241301 [term 0 FOLLOWER]: Advancing to term 1
I20260710 13:21:57.310182 12439 tablet_bootstrap.cc:492] T c186053a48ff46cda15f4c9b6204aad6 P ea5ff9e4df7c48159f151545b4d4a4f5: No bootstrap required, opened a new log
I20260710 13:21:57.310748 12439 ts_tablet_manager.cc:1403] T c186053a48ff46cda15f4c9b6204aad6 P ea5ff9e4df7c48159f151545b4d4a4f5: Time spent bootstrapping tablet: real 0.131s	user 0.017s	sys 0.045s
I20260710 13:21:57.314311 12438 tablet_bootstrap.cc:492] T 073fcf3299ad49af91f1d8a0cbe7b5e3 P 7fc56f1d3fa84a82bd1ca16338241301: No bootstrap required, opened a new log
I20260710 13:21:57.315984 12438 ts_tablet_manager.cc:1403] T 073fcf3299ad49af91f1d8a0cbe7b5e3 P 7fc56f1d3fa84a82bd1ca16338241301: Time spent bootstrapping tablet: real 0.141s	user 0.018s	sys 0.022s
I20260710 13:21:57.314792 12439 raft_consensus.cc:359] T c186053a48ff46cda15f4c9b6204aad6 P ea5ff9e4df7c48159f151545b4d4a4f5 [term 0 FOLLOWER]: Replica starting. Triggering 0 pending ops. Active config: opid_index: -1 OBSOLETE_local: false peers { permanent_uuid: "7fc56f1d3fa84a82bd1ca16338241301" member_type: VOTER last_known_addr { host: "127.10.221.193" port: 34351 } } peers { permanent_uuid: "b26ce4c511434f0a99fd9334d7e35f0a" member_type: VOTER last_known_addr { host: "127.10.221.194" port: 34873 } } peers { permanent_uuid: "ea5ff9e4df7c48159f151545b4d4a4f5" member_type: VOTER last_known_addr { host: "127.10.221.195" port: 42309 } }
I20260710 13:21:57.317553 12439 raft_consensus.cc:385] T c186053a48ff46cda15f4c9b6204aad6 P ea5ff9e4df7c48159f151545b4d4a4f5 [term 0 FOLLOWER]: Consensus starting up: Expiring failure detector timer to make a prompt election more likely
I20260710 13:21:57.318817 12439 raft_consensus.cc:740] T c186053a48ff46cda15f4c9b6204aad6 P ea5ff9e4df7c48159f151545b4d4a4f5 [term 0 FOLLOWER]: Becoming Follower/Learner. State: Replica: ea5ff9e4df7c48159f151545b4d4a4f5, State: Initialized, Role: FOLLOWER
I20260710 13:21:57.311484 12440 raft_consensus.cc:359] T 1173427e5b8842f48f5fe1b38d16fbdb P b26ce4c511434f0a99fd9334d7e35f0a [term 0 FOLLOWER]: Replica starting. Triggering 0 pending ops. Active config: opid_index: -1 OBSOLETE_local: false peers { permanent_uuid: "7fc56f1d3fa84a82bd1ca16338241301" member_type: VOTER last_known_addr { host: "127.10.221.193" port: 34351 } } peers { permanent_uuid: "b26ce4c511434f0a99fd9334d7e35f0a" member_type: VOTER last_known_addr { host: "127.10.221.194" port: 34873 } } peers { permanent_uuid: "ea5ff9e4df7c48159f151545b4d4a4f5" member_type: VOTER last_known_addr { host: "127.10.221.195" port: 42309 } }
I20260710 13:21:57.319701 12440 raft_consensus.cc:385] T 1173427e5b8842f48f5fe1b38d16fbdb P b26ce4c511434f0a99fd9334d7e35f0a [term 0 FOLLOWER]: Consensus starting up: Expiring failure detector timer to make a prompt election more likely
I20260710 13:21:57.321269 12438 raft_consensus.cc:359] T 073fcf3299ad49af91f1d8a0cbe7b5e3 P 7fc56f1d3fa84a82bd1ca16338241301 [term 0 FOLLOWER]: Replica starting. Triggering 0 pending ops. Active config: opid_index: -1 OBSOLETE_local: false peers { permanent_uuid: "7fc56f1d3fa84a82bd1ca16338241301" member_type: VOTER last_known_addr { host: "127.10.221.193" port: 34351 } } peers { permanent_uuid: "b26ce4c511434f0a99fd9334d7e35f0a" member_type: VOTER last_known_addr { host: "127.10.221.194" port: 34873 } } peers { permanent_uuid: "ea5ff9e4df7c48159f151545b4d4a4f5" member_type: VOTER last_known_addr { host: "127.10.221.195" port: 42309 } }
I20260710 13:21:57.333684 12480 consensus_queue.cc:1048] T ac498f2e38ee444fbbd47151d0e08299 P ea5ff9e4df7c48159f151545b4d4a4f5 [LEADER]: Connected to new peer: Peer: permanent_uuid: "b26ce4c511434f0a99fd9334d7e35f0a" member_type: VOTER last_known_addr { host: "127.10.221.194" port: 34873 }, Status: LMP_MISMATCH, Last received: 0.0, Next index: 1, Last known committed idx: 0, Time since last communication: 0.000s
I20260710 13:21:57.334157 12438 raft_consensus.cc:385] T 073fcf3299ad49af91f1d8a0cbe7b5e3 P 7fc56f1d3fa84a82bd1ca16338241301 [term 0 FOLLOWER]: Consensus starting up: Expiring failure detector timer to make a prompt election more likely
I20260710 13:21:57.334280 12440 raft_consensus.cc:740] T 1173427e5b8842f48f5fe1b38d16fbdb P b26ce4c511434f0a99fd9334d7e35f0a [term 0 FOLLOWER]: Becoming Follower/Learner. State: Replica: b26ce4c511434f0a99fd9334d7e35f0a, State: Initialized, Role: FOLLOWER
I20260710 13:21:57.334540 12438 raft_consensus.cc:740] T 073fcf3299ad49af91f1d8a0cbe7b5e3 P 7fc56f1d3fa84a82bd1ca16338241301 [term 0 FOLLOWER]: Becoming Follower/Learner. State: Replica: 7fc56f1d3fa84a82bd1ca16338241301, State: Initialized, Role: FOLLOWER
I20260710 13:21:57.322845 12442 consensus_queue.cc:1048] T bb1c667e946d4eaa845149925feb415b P ea5ff9e4df7c48159f151545b4d4a4f5 [LEADER]: Connected to new peer: Peer: permanent_uuid: "7fc56f1d3fa84a82bd1ca16338241301" member_type: VOTER last_known_addr { host: "127.10.221.193" port: 34351 }, Status: LMP_MISMATCH, Last received: 0.0, Next index: 1, Last known committed idx: 0, Time since last communication: 0.001s
I20260710 13:21:57.332501 12493 consensus_queue.cc:1048] T 32a989f757e84cf98675962a6bfbae0e P ea5ff9e4df7c48159f151545b4d4a4f5 [LEADER]: Connected to new peer: Peer: permanent_uuid: "7fc56f1d3fa84a82bd1ca16338241301" member_type: VOTER last_known_addr { host: "127.10.221.193" port: 34351 }, Status: LMP_MISMATCH, Last received: 0.0, Next index: 1, Last known committed idx: 0, Time since last communication: 0.001s
I20260710 13:21:57.335414 12440 consensus_queue.cc:260] T 1173427e5b8842f48f5fe1b38d16fbdb P b26ce4c511434f0a99fd9334d7e35f0a [NON_LEADER]: Queue going to NON_LEADER mode. State: All replicated index: 0, Majority replicated index: 0, Committed index: 0, Last appended: 0.0, Last appended by leader: 0, Current term: 0, Majority size: -1, State: 0, Mode: NON_LEADER, active raft config: opid_index: -1 OBSOLETE_local: false peers { permanent_uuid: "7fc56f1d3fa84a82bd1ca16338241301" member_type: VOTER last_known_addr { host: "127.10.221.193" port: 34351 } } peers { permanent_uuid: "b26ce4c511434f0a99fd9334d7e35f0a" member_type: VOTER last_known_addr { host: "127.10.221.194" port: 34873 } } peers { permanent_uuid: "ea5ff9e4df7c48159f151545b4d4a4f5" member_type: VOTER last_known_addr { host: "127.10.221.195" port: 42309 } }
I20260710 13:21:57.336210 12438 consensus_queue.cc:260] T 073fcf3299ad49af91f1d8a0cbe7b5e3 P 7fc56f1d3fa84a82bd1ca16338241301 [NON_LEADER]: Queue going to NON_LEADER mode. State: All replicated index: 0, Majority replicated index: 0, Committed index: 0, Last appended: 0.0, Last appended by leader: 0, Current term: 0, Majority size: -1, State: 0, Mode: NON_LEADER, active raft config: opid_index: -1 OBSOLETE_local: false peers { permanent_uuid: "7fc56f1d3fa84a82bd1ca16338241301" member_type: VOTER last_known_addr { host: "127.10.221.193" port: 34351 } } peers { permanent_uuid: "b26ce4c511434f0a99fd9334d7e35f0a" member_type: VOTER last_known_addr { host: "127.10.221.194" port: 34873 } } peers { permanent_uuid: "ea5ff9e4df7c48159f151545b4d4a4f5" member_type: VOTER last_known_addr { host: "127.10.221.195" port: 42309 } }
I20260710 13:21:57.333467 12439 consensus_queue.cc:260] T c186053a48ff46cda15f4c9b6204aad6 P ea5ff9e4df7c48159f151545b4d4a4f5 [NON_LEADER]: Queue going to NON_LEADER mode. State: All replicated index: 0, Majority replicated index: 0, Committed index: 0, Last appended: 0.0, Last appended by leader: 0, Current term: 0, Majority size: -1, State: 0, Mode: NON_LEADER, active raft config: opid_index: -1 OBSOLETE_local: false peers { permanent_uuid: "7fc56f1d3fa84a82bd1ca16338241301" member_type: VOTER last_known_addr { host: "127.10.221.193" port: 34351 } } peers { permanent_uuid: "b26ce4c511434f0a99fd9334d7e35f0a" member_type: VOTER last_known_addr { host: "127.10.221.194" port: 34873 } } peers { permanent_uuid: "ea5ff9e4df7c48159f151545b4d4a4f5" member_type: VOTER last_known_addr { host: "127.10.221.195" port: 42309 } }
I20260710 13:21:57.349128 12507 raft_consensus.cc:493] T 1173427e5b8842f48f5fe1b38d16fbdb P b26ce4c511434f0a99fd9334d7e35f0a [term 0 FOLLOWER]: Starting pre-election (no leader contacted us within the election timeout)
I20260710 13:21:57.351634 12439 ts_tablet_manager.cc:1434] T c186053a48ff46cda15f4c9b6204aad6 P ea5ff9e4df7c48159f151545b4d4a4f5: Time spent starting tablet: real 0.041s	user 0.005s	sys 0.003s
I20260710 13:21:57.352315 12440 ts_tablet_manager.cc:1434] T 1173427e5b8842f48f5fe1b38d16fbdb P b26ce4c511434f0a99fd9334d7e35f0a: Time spent starting tablet: real 0.081s	user 0.007s	sys 0.003s
I20260710 13:21:57.352741 12439 tablet_bootstrap.cc:492] T 65f0bc64664b46d680cfa8a166cb88be P ea5ff9e4df7c48159f151545b4d4a4f5: Bootstrap starting.
I20260710 13:21:57.357425 12440 tablet_bootstrap.cc:492] T e4b2eafe249944ed856fa7ba3c2ea331 P b26ce4c511434f0a99fd9334d7e35f0a: Bootstrap starting.
I20260710 13:21:57.364033 12440 tablet_bootstrap.cc:654] T e4b2eafe249944ed856fa7ba3c2ea331 P b26ce4c511434f0a99fd9334d7e35f0a: Neither blocks nor log segments found. Creating new log.
I20260710 13:21:57.341966 12146 catalog_manager.cc:5697] T babc1ddcd0d74e3786abb98c7d1c0076 P ea5ff9e4df7c48159f151545b4d4a4f5 reported cstate change: term changed from 0 to 1, leader changed from <none> to ea5ff9e4df7c48159f151545b4d4a4f5 (127.10.221.195). New cstate: current_term: 1 leader_uuid: "ea5ff9e4df7c48159f151545b4d4a4f5" committed_config { opid_index: -1 OBSOLETE_local: false peers { permanent_uuid: "7fc56f1d3fa84a82bd1ca16338241301" member_type: VOTER last_known_addr { host: "127.10.221.193" port: 34351 } health_report { overall_health: UNKNOWN } } peers { permanent_uuid: "b26ce4c511434f0a99fd9334d7e35f0a" member_type: VOTER last_known_addr { host: "127.10.221.194" port: 34873 } health_report { overall_health: UNKNOWN } } peers { permanent_uuid: "ea5ff9e4df7c48159f151545b4d4a4f5" member_type: VOTER last_known_addr { host: "127.10.221.195" port: 42309 } health_report { overall_health: HEALTHY } } }
I20260710 13:21:57.352273 12507 raft_consensus.cc:515] T 1173427e5b8842f48f5fe1b38d16fbdb P b26ce4c511434f0a99fd9334d7e35f0a [term 0 FOLLOWER]: Starting pre-election with config: opid_index: -1 OBSOLETE_local: false peers { permanent_uuid: "7fc56f1d3fa84a82bd1ca16338241301" member_type: VOTER last_known_addr { host: "127.10.221.193" port: 34351 } } peers { permanent_uuid: "b26ce4c511434f0a99fd9334d7e35f0a" member_type: VOTER last_known_addr { host: "127.10.221.194" port: 34873 } } peers { permanent_uuid: "ea5ff9e4df7c48159f151545b4d4a4f5" member_type: VOTER last_known_addr { host: "127.10.221.195" port: 42309 } }
I20260710 13:21:57.363063 12439 tablet_bootstrap.cc:654] T 65f0bc64664b46d680cfa8a166cb88be P ea5ff9e4df7c48159f151545b4d4a4f5: Neither blocks nor log segments found. Creating new log.
I20260710 13:21:57.349129 12438 ts_tablet_manager.cc:1434] T 073fcf3299ad49af91f1d8a0cbe7b5e3 P 7fc56f1d3fa84a82bd1ca16338241301: Time spent starting tablet: real 0.033s	user 0.003s	sys 0.003s
W20260710 13:21:57.354672 12363 consensus_peers.cc:597] T bb1c667e946d4eaa845149925feb415b P ea5ff9e4df7c48159f151545b4d4a4f5 -> Peer b26ce4c511434f0a99fd9334d7e35f0a (127.10.221.194:34873): Couldn't send request to peer b26ce4c511434f0a99fd9334d7e35f0a. Error code: TABLET_NOT_RUNNING (12). Status: Illegal state: Tablet not RUNNING: INITIALIZED. This is attempt 1: this message will repeat every 5th retry.
I20260710 13:21:57.368585 12438 tablet_bootstrap.cc:492] T 2ceaef49011f4d888f41f399042be92b P 7fc56f1d3fa84a82bd1ca16338241301: Bootstrap starting.
I20260710 13:21:57.372867 12399 tablet_service.cc:1917] Received RequestConsensusVote() RPC: tablet_id: "1173427e5b8842f48f5fe1b38d16fbdb" candidate_uuid: "b26ce4c511434f0a99fd9334d7e35f0a" candidate_term: 1 candidate_status { last_received { term: 0 index: 0 } } ignore_live_leader: false dest_uuid: "ea5ff9e4df7c48159f151545b4d4a4f5" is_pre_election: true
I20260710 13:21:57.374485 12507 leader_election.cc:290] T 1173427e5b8842f48f5fe1b38d16fbdb P b26ce4c511434f0a99fd9334d7e35f0a [CANDIDATE]: Term 1 pre-election: Requested pre-vote from peers 7fc56f1d3fa84a82bd1ca16338241301 (127.10.221.193:34351), ea5ff9e4df7c48159f151545b4d4a4f5 (127.10.221.195:42309)
I20260710 13:21:57.378293 12438 tablet_bootstrap.cc:654] T 2ceaef49011f4d888f41f399042be92b P 7fc56f1d3fa84a82bd1ca16338241301: Neither blocks nor log segments found. Creating new log.
I20260710 13:21:57.378811 12480 consensus_queue.cc:1048] T 1173427e5b8842f48f5fe1b38d16fbdb P ea5ff9e4df7c48159f151545b4d4a4f5 [LEADER]: Connected to new peer: Peer: permanent_uuid: "7fc56f1d3fa84a82bd1ca16338241301" member_type: VOTER last_known_addr { host: "127.10.221.193" port: 34351 }, Status: LMP_MISMATCH, Last received: 0.0, Next index: 1, Last known committed idx: 0, Time since last communication: 0.000s
I20260710 13:21:57.382903 12439 tablet_bootstrap.cc:492] T 65f0bc64664b46d680cfa8a166cb88be P ea5ff9e4df7c48159f151545b4d4a4f5: No bootstrap required, opened a new log
I20260710 13:21:57.383289 12439 ts_tablet_manager.cc:1403] T 65f0bc64664b46d680cfa8a166cb88be P ea5ff9e4df7c48159f151545b4d4a4f5: Time spent bootstrapping tablet: real 0.031s	user 0.005s	sys 0.010s
I20260710 13:21:57.385551 12439 raft_consensus.cc:359] T 65f0bc64664b46d680cfa8a166cb88be P ea5ff9e4df7c48159f151545b4d4a4f5 [term 0 FOLLOWER]: Replica starting. Triggering 0 pending ops. Active config: opid_index: -1 OBSOLETE_local: false peers { permanent_uuid: "7fc56f1d3fa84a82bd1ca16338241301" member_type: VOTER last_known_addr { host: "127.10.221.193" port: 34351 } } peers { permanent_uuid: "b26ce4c511434f0a99fd9334d7e35f0a" member_type: VOTER last_known_addr { host: "127.10.221.194" port: 34873 } } peers { permanent_uuid: "ea5ff9e4df7c48159f151545b4d4a4f5" member_type: VOTER last_known_addr { host: "127.10.221.195" port: 42309 } }
I20260710 13:21:57.386184 12439 raft_consensus.cc:385] T 65f0bc64664b46d680cfa8a166cb88be P ea5ff9e4df7c48159f151545b4d4a4f5 [term 0 FOLLOWER]: Consensus starting up: Expiring failure detector timer to make a prompt election more likely
I20260710 13:21:57.386409 12439 raft_consensus.cc:740] T 65f0bc64664b46d680cfa8a166cb88be P ea5ff9e4df7c48159f151545b4d4a4f5 [term 0 FOLLOWER]: Becoming Follower/Learner. State: Replica: ea5ff9e4df7c48159f151545b4d4a4f5, State: Initialized, Role: FOLLOWER
I20260710 13:21:57.390484 12486 consensus_queue.cc:1048] T 5aadf406b4d64993a80bd33fbd879d80 P b26ce4c511434f0a99fd9334d7e35f0a [LEADER]: Connected to new peer: Peer: permanent_uuid: "ea5ff9e4df7c48159f151545b4d4a4f5" member_type: VOTER last_known_addr { host: "127.10.221.195" port: 42309 }, Status: LMP_MISMATCH, Last received: 0.0, Next index: 1, Last known committed idx: 0, Time since last communication: 0.001s
