I20260710 13:21:52.522876 17850 raft_consensus.cc:1275] T 354a84e172ad4506a161334ad7aaa9df P 2a5e0326dd9b4d9595a769ef075b834b [term 1 FOLLOWER]: Refusing update from remote peer a0ed2deb64144784899b25af060dd2ff: Log matching property violated. Preceding OpId in replica: term: 1 index: 2. Preceding OpId from leader: term: 1 index: 3. (index mismatch)
I20260710 13:21:52.524886 18209 consensus_queue.cc:1048] T 877813814cba45009f2b49cd3ce442b9 P 2a5e0326dd9b4d9595a769ef075b834b [LEADER]: Connected to new peer: Peer: permanent_uuid: "02e8825c3fcd4d609b52741060a2b41f" member_type: VOTER last_known_addr { host: "127.16.54.4" port: 33993 } attrs { promote: false }, Status: LMP_MISMATCH, Last received: 0.0, Next index: 4, Last known committed idx: 3, Time since last communication: 0.000s
I20260710 13:21:52.525245 18218 consensus_queue.cc:1048] T 354a84e172ad4506a161334ad7aaa9df P a0ed2deb64144784899b25af060dd2ff [LEADER]: Connected to new peer: Peer: permanent_uuid: "2a5e0326dd9b4d9595a769ef075b834b" member_type: VOTER last_known_addr { host: "127.16.54.3" port: 37029 } attrs { replace: true }, Status: LMP_MISMATCH, Last received: 0.0, Next index: 3, Last known committed idx: 2, Time since last communication: 0.001s
I20260710 13:21:52.530599 17777 raft_consensus.cc:1275] T 877813814cba45009f2b49cd3ce442b9 P a0ed2deb64144784899b25af060dd2ff [term 1 FOLLOWER]: Refusing update from remote peer 2a5e0326dd9b4d9595a769ef075b834b: Log matching property violated. Preceding OpId in replica: term: 1 index: 3. Preceding OpId from leader: term: 1 index: 4. (index mismatch)
I20260710 13:21:52.530972 17702 raft_consensus.cc:1275] T 354a84e172ad4506a161334ad7aaa9df P af15230c4ca84a908af1ee09483908e7 [term 1 FOLLOWER]: Refusing update from remote peer a0ed2deb64144784899b25af060dd2ff: Log matching property violated. Preceding OpId in replica: term: 1 index: 2. Preceding OpId from leader: term: 1 index: 3. (index mismatch)
I20260710 13:21:52.532840 18207 raft_consensus.cc:2955] T 877813814cba45009f2b49cd3ce442b9 P 2a5e0326dd9b4d9595a769ef075b834b [term 1 LEADER]: Committing config change with OpId 1.4: config changed from index 3 to 4, VOTER af15230c4ca84a908af1ee09483908e7 (127.16.54.1) evicted. New config: { opid_index: 4 OBSOLETE_local: false peers { permanent_uuid: "a0ed2deb64144784899b25af060dd2ff" member_type: VOTER last_known_addr { host: "127.16.54.2" port: 35579 } } peers { permanent_uuid: "2a5e0326dd9b4d9595a769ef075b834b" member_type: VOTER last_known_addr { host: "127.16.54.3" port: 37029 } } peers { permanent_uuid: "02e8825c3fcd4d609b52741060a2b41f" member_type: VOTER last_known_addr { host: "127.16.54.4" port: 33993 } attrs { promote: false } } }
I20260710 13:21:52.534142 18051 consensus_queue.cc:1048] T 877813814cba45009f2b49cd3ce442b9 P 2a5e0326dd9b4d9595a769ef075b834b [LEADER]: Connected to new peer: Peer: permanent_uuid: "a0ed2deb64144784899b25af060dd2ff" member_type: VOTER last_known_addr { host: "127.16.54.2" port: 35579 }, Status: LMP_MISMATCH, Last received: 0.0, Next index: 4, Last known committed idx: 3, Time since last communication: 0.000s
I20260710 13:21:52.537765 18125 raft_consensus.cc:2955] T 877813814cba45009f2b49cd3ce442b9 P 02e8825c3fcd4d609b52741060a2b41f [term 1 FOLLOWER]: Committing config change with OpId 1.4: config changed from index 3 to 4, VOTER af15230c4ca84a908af1ee09483908e7 (127.16.54.1) evicted. New config: { opid_index: 4 OBSOLETE_local: false peers { permanent_uuid: "a0ed2deb64144784899b25af060dd2ff" member_type: VOTER last_known_addr { host: "127.16.54.2" port: 35579 } } peers { permanent_uuid: "2a5e0326dd9b4d9595a769ef075b834b" member_type: VOTER last_known_addr { host: "127.16.54.3" port: 37029 } } peers { permanent_uuid: "02e8825c3fcd4d609b52741060a2b41f" member_type: VOTER last_known_addr { host: "127.16.54.4" port: 33993 } attrs { promote: false } } }
I20260710 13:21:52.540215 17777 raft_consensus.cc:2955] T 877813814cba45009f2b49cd3ce442b9 P a0ed2deb64144784899b25af060dd2ff [term 1 FOLLOWER]: Committing config change with OpId 1.4: config changed from index 3 to 4, VOTER af15230c4ca84a908af1ee09483908e7 (127.16.54.1) evicted. New config: { opid_index: 4 OBSOLETE_local: false peers { permanent_uuid: "a0ed2deb64144784899b25af060dd2ff" member_type: VOTER last_known_addr { host: "127.16.54.2" port: 35579 } } peers { permanent_uuid: "2a5e0326dd9b4d9595a769ef075b834b" member_type: VOTER last_known_addr { host: "127.16.54.3" port: 37029 } } peers { permanent_uuid: "02e8825c3fcd4d609b52741060a2b41f" member_type: VOTER last_known_addr { host: "127.16.54.4" port: 33993 } attrs { promote: false } } }
I20260710 13:21:52.543305 17850 raft_consensus.cc:1275] T b2b140aafcf34c2fbd3f060e4079b3fd P 2a5e0326dd9b4d9595a769ef075b834b [term 1 FOLLOWER]: Refusing update from remote peer a0ed2deb64144784899b25af060dd2ff: Log matching property violated. Preceding OpId in replica: term: 1 index: 2. Preceding OpId from leader: term: 1 index: 3. (index mismatch)
I20260710 13:21:52.541236 18222 consensus_queue.cc:1048] T 354a84e172ad4506a161334ad7aaa9df P a0ed2deb64144784899b25af060dd2ff [LEADER]: Connected to new peer: Peer: permanent_uuid: "af15230c4ca84a908af1ee09483908e7" member_type: VOTER last_known_addr { host: "127.16.54.1" port: 46227 }, Status: LMP_MISMATCH, Last received: 0.0, Next index: 3, Last known committed idx: 2, Time since last communication: 0.001s
I20260710 13:21:52.544874 17930 consensus_queue.cc:1048] T b2b140aafcf34c2fbd3f060e4079b3fd P a0ed2deb64144784899b25af060dd2ff [LEADER]: Connected to new peer: Peer: permanent_uuid: "2a5e0326dd9b4d9595a769ef075b834b" member_type: VOTER last_known_addr { host: "127.16.54.3" port: 37029 } attrs { replace: true }, Status: LMP_MISMATCH, Last received: 0.0, Next index: 3, Last known committed idx: 2, Time since last communication: 0.001s
I20260710 13:21:52.547628 17704 raft_consensus.cc:1275] T b2b140aafcf34c2fbd3f060e4079b3fd P af15230c4ca84a908af1ee09483908e7 [term 1 FOLLOWER]: Refusing update from remote peer a0ed2deb64144784899b25af060dd2ff: Log matching property violated. Preceding OpId in replica: term: 1 index: 2. Preceding OpId from leader: term: 1 index: 3. (index mismatch)
I20260710 13:21:52.549609 18218 consensus_queue.cc:1048] T b2b140aafcf34c2fbd3f060e4079b3fd P a0ed2deb64144784899b25af060dd2ff [LEADER]: Connected to new peer: Peer: permanent_uuid: "af15230c4ca84a908af1ee09483908e7" member_type: VOTER last_known_addr { host: "127.16.54.1" port: 46227 }, Status: LMP_MISMATCH, Last received: 0.0, Next index: 3, Last known committed idx: 2, Time since last communication: 0.000s
I20260710 13:21:52.555877 17587 catalog_manager.cc:5210] ChangeConfig:REMOVE_PEER RPC for tablet 877813814cba45009f2b49cd3ce442b9 with cas_config_opid_index 3: ChangeConfig:REMOVE_PEER succeeded (attempt 1)
I20260710 13:21:52.566582 17599 catalog_manager.cc:5697] T 877813814cba45009f2b49cd3ce442b9 P 02e8825c3fcd4d609b52741060a2b41f reported cstate change: config changed from index 3 to 4, VOTER af15230c4ca84a908af1ee09483908e7 (127.16.54.1) evicted. New cstate: current_term: 1 leader_uuid: "2a5e0326dd9b4d9595a769ef075b834b" committed_config { opid_index: 4 OBSOLETE_local: false peers { permanent_uuid: "a0ed2deb64144784899b25af060dd2ff" member_type: VOTER last_known_addr { host: "127.16.54.2" port: 35579 } } peers { permanent_uuid: "2a5e0326dd9b4d9595a769ef075b834b" member_type: VOTER last_known_addr { host: "127.16.54.3" port: 37029 } } peers { permanent_uuid: "02e8825c3fcd4d609b52741060a2b41f" member_type: VOTER last_known_addr { host: "127.16.54.4" port: 33993 } attrs { promote: false } } }
I20260710 13:21:52.588227 17688 tablet_service.cc:1558] Processing DeleteTablet for tablet 877813814cba45009f2b49cd3ce442b9 with delete_type TABLET_DATA_TOMBSTONED (TS af15230c4ca84a908af1ee09483908e7 not found in new config with opid_index 4) from {username='slave'} at 127.0.0.1:60132
I20260710 13:21:52.602506 18218 raft_consensus.cc:2955] T b2b140aafcf34c2fbd3f060e4079b3fd P a0ed2deb64144784899b25af060dd2ff [term 1 LEADER]: Committing config change with OpId 1.3: config changed from index 2 to 3, 02e8825c3fcd4d609b52741060a2b41f (127.16.54.4) changed from NON_VOTER to VOTER. New config: { opid_index: 3 OBSOLETE_local: false peers { permanent_uuid: "af15230c4ca84a908af1ee09483908e7" member_type: VOTER last_known_addr { host: "127.16.54.1" port: 46227 } } peers { permanent_uuid: "a0ed2deb64144784899b25af060dd2ff" member_type: VOTER last_known_addr { host: "127.16.54.2" port: 35579 } } peers { permanent_uuid: "2a5e0326dd9b4d9595a769ef075b834b" member_type: VOTER last_known_addr { host: "127.16.54.3" port: 37029 } attrs { replace: true } } peers { permanent_uuid: "02e8825c3fcd4d609b52741060a2b41f" member_type: VOTER last_known_addr { host: "127.16.54.4" port: 33993 } attrs { promote: false } } }
I20260710 13:21:52.607798 18197 raft_consensus.cc:2955] T 354a84e172ad4506a161334ad7aaa9df P a0ed2deb64144784899b25af060dd2ff [term 1 LEADER]: Committing config change with OpId 1.3: config changed from index 2 to 3, 02e8825c3fcd4d609b52741060a2b41f (127.16.54.4) changed from NON_VOTER to VOTER. New config: { opid_index: 3 OBSOLETE_local: false peers { permanent_uuid: "af15230c4ca84a908af1ee09483908e7" member_type: VOTER last_known_addr { host: "127.16.54.1" port: 46227 } } peers { permanent_uuid: "a0ed2deb64144784899b25af060dd2ff" member_type: VOTER last_known_addr { host: "127.16.54.2" port: 35579 } } peers { permanent_uuid: "2a5e0326dd9b4d9595a769ef075b834b" member_type: VOTER last_known_addr { host: "127.16.54.3" port: 37029 } attrs { replace: true } } peers { permanent_uuid: "02e8825c3fcd4d609b52741060a2b41f" member_type: VOTER last_known_addr { host: "127.16.54.4" port: 33993 } attrs { promote: false } } }
I20260710 13:21:52.611357 18227 tablet_replica.cc:333] T 877813814cba45009f2b49cd3ce442b9 P af15230c4ca84a908af1ee09483908e7: stopping tablet replica
I20260710 13:21:52.617378 18227 raft_consensus.cc:2243] T 877813814cba45009f2b49cd3ce442b9 P af15230c4ca84a908af1ee09483908e7 [term 1 FOLLOWER]: Raft consensus shutting down.
I20260710 13:21:52.618216 18227 raft_consensus.cc:2272] T 877813814cba45009f2b49cd3ce442b9 P af15230c4ca84a908af1ee09483908e7 [term 1 FOLLOWER]: Raft consensus is shut down!
I20260710 13:21:52.613363 17702 raft_consensus.cc:2955] T b2b140aafcf34c2fbd3f060e4079b3fd P af15230c4ca84a908af1ee09483908e7 [term 1 FOLLOWER]: Committing config change with OpId 1.3: config changed from index 2 to 3, 02e8825c3fcd4d609b52741060a2b41f (127.16.54.4) changed from NON_VOTER to VOTER. New config: { opid_index: 3 OBSOLETE_local: false peers { permanent_uuid: "af15230c4ca84a908af1ee09483908e7" member_type: VOTER last_known_addr { host: "127.16.54.1" port: 46227 } } peers { permanent_uuid: "a0ed2deb64144784899b25af060dd2ff" member_type: VOTER last_known_addr { host: "127.16.54.2" port: 35579 } } peers { permanent_uuid: "2a5e0326dd9b4d9595a769ef075b834b" member_type: VOTER last_known_addr { host: "127.16.54.3" port: 37029 } attrs { replace: true } } peers { permanent_uuid: "02e8825c3fcd4d609b52741060a2b41f" member_type: VOTER last_known_addr { host: "127.16.54.4" port: 33993 } attrs { promote: false } } }
I20260710 13:21:52.620141 17850 raft_consensus.cc:2955] T b2b140aafcf34c2fbd3f060e4079b3fd P 2a5e0326dd9b4d9595a769ef075b834b [term 1 FOLLOWER]: Committing config change with OpId 1.3: config changed from index 2 to 3, 02e8825c3fcd4d609b52741060a2b41f (127.16.54.4) changed from NON_VOTER to VOTER. New config: { opid_index: 3 OBSOLETE_local: false peers { permanent_uuid: "af15230c4ca84a908af1ee09483908e7" member_type: VOTER last_known_addr { host: "127.16.54.1" port: 46227 } } peers { permanent_uuid: "a0ed2deb64144784899b25af060dd2ff" member_type: VOTER last_known_addr { host: "127.16.54.2" port: 35579 } } peers { permanent_uuid: "2a5e0326dd9b4d9595a769ef075b834b" member_type: VOTER last_known_addr { host: "127.16.54.3" port: 37029 } attrs { replace: true } } peers { permanent_uuid: "02e8825c3fcd4d609b52741060a2b41f" member_type: VOTER last_known_addr { host: "127.16.54.4" port: 33993 } attrs { promote: false } } }
I20260710 13:21:52.609864 17704 raft_consensus.cc:2955] T 354a84e172ad4506a161334ad7aaa9df P af15230c4ca84a908af1ee09483908e7 [term 1 FOLLOWER]: Committing config change with OpId 1.3: config changed from index 2 to 3, 02e8825c3fcd4d609b52741060a2b41f (127.16.54.4) changed from NON_VOTER to VOTER. New config: { opid_index: 3 OBSOLETE_local: false peers { permanent_uuid: "af15230c4ca84a908af1ee09483908e7" member_type: VOTER last_known_addr { host: "127.16.54.1" port: 46227 } } peers { permanent_uuid: "a0ed2deb64144784899b25af060dd2ff" member_type: VOTER last_known_addr { host: "127.16.54.2" port: 35579 } } peers { permanent_uuid: "2a5e0326dd9b4d9595a769ef075b834b" member_type: VOTER last_known_addr { host: "127.16.54.3" port: 37029 } attrs { replace: true } } peers { permanent_uuid: "02e8825c3fcd4d609b52741060a2b41f" member_type: VOTER last_known_addr { host: "127.16.54.4" port: 33993 } attrs { promote: false } } }
I20260710 13:21:52.621367 17851 raft_consensus.cc:2955] T 354a84e172ad4506a161334ad7aaa9df P 2a5e0326dd9b4d9595a769ef075b834b [term 1 FOLLOWER]: Committing config change with OpId 1.3: config changed from index 2 to 3, 02e8825c3fcd4d609b52741060a2b41f (127.16.54.4) changed from NON_VOTER to VOTER. New config: { opid_index: 3 OBSOLETE_local: false peers { permanent_uuid: "af15230c4ca84a908af1ee09483908e7" member_type: VOTER last_known_addr { host: "127.16.54.1" port: 46227 } } peers { permanent_uuid: "a0ed2deb64144784899b25af060dd2ff" member_type: VOTER last_known_addr { host: "127.16.54.2" port: 35579 } } peers { permanent_uuid: "2a5e0326dd9b4d9595a769ef075b834b" member_type: VOTER last_known_addr { host: "127.16.54.3" port: 37029 } attrs { replace: true } } peers { permanent_uuid: "02e8825c3fcd4d609b52741060a2b41f" member_type: VOTER last_known_addr { host: "127.16.54.4" port: 33993 } attrs { promote: false } } }
I20260710 13:21:52.638590 18123 raft_consensus.cc:2955] T 354a84e172ad4506a161334ad7aaa9df P 02e8825c3fcd4d609b52741060a2b41f [term 1 FOLLOWER]: Committing config change with OpId 1.3: config changed from index 2 to 3, 02e8825c3fcd4d609b52741060a2b41f (127.16.54.4) changed from NON_VOTER to VOTER. New config: { opid_index: 3 OBSOLETE_local: false peers { permanent_uuid: "af15230c4ca84a908af1ee09483908e7" member_type: VOTER last_known_addr { host: "127.16.54.1" port: 46227 } } peers { permanent_uuid: "a0ed2deb64144784899b25af060dd2ff" member_type: VOTER last_known_addr { host: "127.16.54.2" port: 35579 } } peers { permanent_uuid: "2a5e0326dd9b4d9595a769ef075b834b" member_type: VOTER last_known_addr { host: "127.16.54.3" port: 37029 } attrs { replace: true } } peers { permanent_uuid: "02e8825c3fcd4d609b52741060a2b41f" member_type: VOTER last_known_addr { host: "127.16.54.4" port: 33993 } attrs { promote: false } } }
I20260710 13:21:52.640601 17602 catalog_manager.cc:5697] T 354a84e172ad4506a161334ad7aaa9df P af15230c4ca84a908af1ee09483908e7 reported cstate change: config changed from index 2 to 3, 02e8825c3fcd4d609b52741060a2b41f (127.16.54.4) changed from NON_VOTER to VOTER. New cstate: current_term: 1 leader_uuid: "a0ed2deb64144784899b25af060dd2ff" committed_config { opid_index: 3 OBSOLETE_local: false peers { permanent_uuid: "af15230c4ca84a908af1ee09483908e7" member_type: VOTER last_known_addr { host: "127.16.54.1" port: 46227 } } peers { permanent_uuid: "a0ed2deb64144784899b25af060dd2ff" member_type: VOTER last_known_addr { host: "127.16.54.2" port: 35579 } } peers { permanent_uuid: "2a5e0326dd9b4d9595a769ef075b834b" member_type: VOTER last_known_addr { host: "127.16.54.3" port: 37029 } attrs { replace: true } } peers { permanent_uuid: "02e8825c3fcd4d609b52741060a2b41f" member_type: VOTER last_known_addr { host: "127.16.54.4" port: 33993 } attrs { promote: false } } }
I20260710 13:21:52.634691 18227 ts_tablet_manager.cc:1916] T 877813814cba45009f2b49cd3ce442b9 P af15230c4ca84a908af1ee09483908e7: Deleting tablet data with delete state TABLET_DATA_TOMBSTONED
I20260710 13:21:52.644827 18125 raft_consensus.cc:2955] T b2b140aafcf34c2fbd3f060e4079b3fd P 02e8825c3fcd4d609b52741060a2b41f [term 1 FOLLOWER]: Committing config change with OpId 1.3: config changed from index 2 to 3, 02e8825c3fcd4d609b52741060a2b41f (127.16.54.4) changed from NON_VOTER to VOTER. New config: { opid_index: 3 OBSOLETE_local: false peers { permanent_uuid: "af15230c4ca84a908af1ee09483908e7" member_type: VOTER last_known_addr { host: "127.16.54.1" port: 46227 } } peers { permanent_uuid: "a0ed2deb64144784899b25af060dd2ff" member_type: VOTER last_known_addr { host: "127.16.54.2" port: 35579 } } peers { permanent_uuid: "2a5e0326dd9b4d9595a769ef075b834b" member_type: VOTER last_known_addr { host: "127.16.54.3" port: 37029 } attrs { replace: true } } peers { permanent_uuid: "02e8825c3fcd4d609b52741060a2b41f" member_type: VOTER last_known_addr { host: "127.16.54.4" port: 33993 } attrs { promote: false } } }
W20260710 13:21:52.655900 18221 consensus_queue.cc:1175] T 354a84e172ad4506a161334ad7aaa9df P a0ed2deb64144784899b25af060dd2ff [LEADER]: Queue is closed or peer was untracked, disregarding peer response. Response: responder_uuid: "2a5e0326dd9b4d9595a769ef075b834b" responder_term: 1 status { last_received { term: 1 index: 3 } last_committed_idx: 3 last_received_current_leader { term: 1 index: 3 } }
I20260710 13:21:52.662771 17777 consensus_queue.cc:237] T 354a84e172ad4506a161334ad7aaa9df P a0ed2deb64144784899b25af060dd2ff [LEADER]: Queue going to LEADER mode. State: All replicated index: 0, Majority replicated index: 3, Committed index: 3, Last appended: 1.3, Last appended by leader: 0, Current term: 1, Majority size: 2, State: 0, Mode: LEADER, active raft config: opid_index: 4 OBSOLETE_local: false peers { permanent_uuid: "af15230c4ca84a908af1ee09483908e7" member_type: VOTER last_known_addr { host: "127.16.54.1" port: 46227 } } peers { permanent_uuid: "a0ed2deb64144784899b25af060dd2ff" member_type: VOTER last_known_addr { host: "127.16.54.2" port: 35579 } } peers { permanent_uuid: "02e8825c3fcd4d609b52741060a2b41f" member_type: VOTER last_known_addr { host: "127.16.54.4" port: 33993 } attrs { promote: false } }
I20260710 13:21:52.687047 18123 raft_consensus.cc:1275] T 354a84e172ad4506a161334ad7aaa9df P 02e8825c3fcd4d609b52741060a2b41f [term 1 FOLLOWER]: Refusing update from remote peer a0ed2deb64144784899b25af060dd2ff: Log matching property violated. Preceding OpId in replica: term: 1 index: 3. Preceding OpId from leader: term: 1 index: 4. (index mismatch)
I20260710 13:21:52.688717 18218 consensus_queue.cc:1048] T 354a84e172ad4506a161334ad7aaa9df P a0ed2deb64144784899b25af060dd2ff [LEADER]: Connected to new peer: Peer: permanent_uuid: "02e8825c3fcd4d609b52741060a2b41f" member_type: VOTER last_known_addr { host: "127.16.54.4" port: 33993 } attrs { promote: false }, Status: LMP_MISMATCH, Last received: 0.0, Next index: 4, Last known committed idx: 3, Time since last communication: 0.000s
I20260710 13:21:52.690953 17599 catalog_manager.cc:5697] T b2b140aafcf34c2fbd3f060e4079b3fd P af15230c4ca84a908af1ee09483908e7 reported cstate change: config changed from index 2 to 3, 02e8825c3fcd4d609b52741060a2b41f (127.16.54.4) changed from NON_VOTER to VOTER. New cstate: current_term: 1 leader_uuid: "a0ed2deb64144784899b25af060dd2ff" committed_config { opid_index: 3 OBSOLETE_local: false peers { permanent_uuid: "af15230c4ca84a908af1ee09483908e7" member_type: VOTER last_known_addr { host: "127.16.54.1" port: 46227 } } peers { permanent_uuid: "a0ed2deb64144784899b25af060dd2ff" member_type: VOTER last_known_addr { host: "127.16.54.2" port: 35579 } } peers { permanent_uuid: "2a5e0326dd9b4d9595a769ef075b834b" member_type: VOTER last_known_addr { host: "127.16.54.3" port: 37029 } attrs { replace: true } } peers { permanent_uuid: "02e8825c3fcd4d609b52741060a2b41f" member_type: VOTER last_known_addr { host: "127.16.54.4" port: 33993 } attrs { promote: false } } }
I20260710 13:21:52.696585 17702 raft_consensus.cc:1275] T 354a84e172ad4506a161334ad7aaa9df P af15230c4ca84a908af1ee09483908e7 [term 1 FOLLOWER]: Refusing update from remote peer a0ed2deb64144784899b25af060dd2ff: Log matching property violated. Preceding OpId in replica: term: 1 index: 3. Preceding OpId from leader: term: 1 index: 4. (index mismatch)
I20260710 13:21:52.698063 18197 consensus_queue.cc:1048] T 354a84e172ad4506a161334ad7aaa9df P a0ed2deb64144784899b25af060dd2ff [LEADER]: Connected to new peer: Peer: permanent_uuid: "af15230c4ca84a908af1ee09483908e7" member_type: VOTER last_known_addr { host: "127.16.54.1" port: 46227 }, Status: LMP_MISMATCH, Last received: 0.0, Next index: 4, Last known committed idx: 3, Time since last communication: 0.000s
I20260710 13:21:52.700372 18227 ts_tablet_manager.cc:1929] T 877813814cba45009f2b49cd3ce442b9 P af15230c4ca84a908af1ee09483908e7: tablet deleted with delete type TABLET_DATA_TOMBSTONED: last-logged OpId 1.3
I20260710 13:21:52.700866 18227 log.cc:1199] T 877813814cba45009f2b49cd3ce442b9 P af15230c4ca84a908af1ee09483908e7: Deleting WAL directory at /tmp/dist-test-tasktZd6WL/test-tmp/auto_leader_rebalancer-test.0.LeaderRebalancerTest.AddTserver.1783689683039961-16600-0/minicluster-data/ts-0-root/wals/877813814cba45009f2b49cd3ce442b9
I20260710 13:21:52.702986 17588 catalog_manager.cc:5028] TS af15230c4ca84a908af1ee09483908e7 (127.16.54.1:46227): tablet 877813814cba45009f2b49cd3ce442b9 (table test-workload [id=3a0e7043aeb0414389dc838465481659]) successfully deleted
I20260710 13:21:52.705873 18221 raft_consensus.cc:2955] T 354a84e172ad4506a161334ad7aaa9df P a0ed2deb64144784899b25af060dd2ff [term 1 LEADER]: Committing config change with OpId 1.4: config changed from index 3 to 4, VOTER 2a5e0326dd9b4d9595a769ef075b834b (127.16.54.3) evicted. New config: { opid_index: 4 OBSOLETE_local: false peers { permanent_uuid: "af15230c4ca84a908af1ee09483908e7" member_type: VOTER last_known_addr { host: "127.16.54.1" port: 46227 } } peers { permanent_uuid: "a0ed2deb64144784899b25af060dd2ff" member_type: VOTER last_known_addr { host: "127.16.54.2" port: 35579 } } peers { permanent_uuid: "02e8825c3fcd4d609b52741060a2b41f" member_type: VOTER last_known_addr { host: "127.16.54.4" port: 33993 } attrs { promote: false } } }
I20260710 13:21:52.710925 17701 raft_consensus.cc:2955] T 354a84e172ad4506a161334ad7aaa9df P af15230c4ca84a908af1ee09483908e7 [term 1 FOLLOWER]: Committing config change with OpId 1.4: config changed from index 3 to 4, VOTER 2a5e0326dd9b4d9595a769ef075b834b (127.16.54.3) evicted. New config: { opid_index: 4 OBSOLETE_local: false peers { permanent_uuid: "af15230c4ca84a908af1ee09483908e7" member_type: VOTER last_known_addr { host: "127.16.54.1" port: 46227 } } peers { permanent_uuid: "a0ed2deb64144784899b25af060dd2ff" member_type: VOTER last_known_addr { host: "127.16.54.2" port: 35579 } } peers { permanent_uuid: "02e8825c3fcd4d609b52741060a2b41f" member_type: VOTER last_known_addr { host: "127.16.54.4" port: 33993 } attrs { promote: false } } }
I20260710 13:21:52.719859 17779 consensus_queue.cc:237] T b2b140aafcf34c2fbd3f060e4079b3fd P a0ed2deb64144784899b25af060dd2ff [LEADER]: Queue going to LEADER mode. State: All replicated index: 0, Majority replicated index: 3, Committed index: 3, Last appended: 1.3, Last appended by leader: 0, Current term: 1, Majority size: 2, State: 0, Mode: LEADER, active raft config: opid_index: 4 OBSOLETE_local: false peers { permanent_uuid: "af15230c4ca84a908af1ee09483908e7" member_type: VOTER last_known_addr { host: "127.16.54.1" port: 46227 } } peers { permanent_uuid: "a0ed2deb64144784899b25af060dd2ff" member_type: VOTER last_known_addr { host: "127.16.54.2" port: 35579 } } peers { permanent_uuid: "02e8825c3fcd4d609b52741060a2b41f" member_type: VOTER last_known_addr { host: "127.16.54.4" port: 33993 } attrs { promote: false } }
I20260710 13:21:52.729249 18124 raft_consensus.cc:1275] T b2b140aafcf34c2fbd3f060e4079b3fd P 02e8825c3fcd4d609b52741060a2b41f [term 1 FOLLOWER]: Refusing update from remote peer a0ed2deb64144784899b25af060dd2ff: Log matching property violated. Preceding OpId in replica: term: 1 index: 3. Preceding OpId from leader: term: 1 index: 4. (index mismatch)
I20260710 13:21:52.733417 18218 consensus_queue.cc:1048] T b2b140aafcf34c2fbd3f060e4079b3fd P a0ed2deb64144784899b25af060dd2ff [LEADER]: Connected to new peer: Peer: permanent_uuid: "02e8825c3fcd4d609b52741060a2b41f" member_type: VOTER last_known_addr { host: "127.16.54.4" port: 33993 } attrs { promote: false }, Status: LMP_MISMATCH, Last received: 0.0, Next index: 4, Last known committed idx: 3, Time since last communication: 0.000s
I20260710 13:21:52.739384 17704 raft_consensus.cc:1275] T b2b140aafcf34c2fbd3f060e4079b3fd P af15230c4ca84a908af1ee09483908e7 [term 1 FOLLOWER]: Refusing update from remote peer a0ed2deb64144784899b25af060dd2ff: Log matching property violated. Preceding OpId in replica: term: 1 index: 3. Preceding OpId from leader: term: 1 index: 4. (index mismatch)
I20260710 13:21:52.740888 18124 raft_consensus.cc:2955] T 354a84e172ad4506a161334ad7aaa9df P 02e8825c3fcd4d609b52741060a2b41f [term 1 FOLLOWER]: Committing config change with OpId 1.4: config changed from index 3 to 4, VOTER 2a5e0326dd9b4d9595a769ef075b834b (127.16.54.3) evicted. New config: { opid_index: 4 OBSOLETE_local: false peers { permanent_uuid: "af15230c4ca84a908af1ee09483908e7" member_type: VOTER last_known_addr { host: "127.16.54.1" port: 46227 } } peers { permanent_uuid: "a0ed2deb64144784899b25af060dd2ff" member_type: VOTER last_known_addr { host: "127.16.54.2" port: 35579 } } peers { permanent_uuid: "02e8825c3fcd4d609b52741060a2b41f" member_type: VOTER last_known_addr { host: "127.16.54.4" port: 33993 } attrs { promote: false } } }
I20260710 13:21:52.742090 18197 consensus_queue.cc:1048] T b2b140aafcf34c2fbd3f060e4079b3fd P a0ed2deb64144784899b25af060dd2ff [LEADER]: Connected to new peer: Peer: permanent_uuid: "af15230c4ca84a908af1ee09483908e7" member_type: VOTER last_known_addr { host: "127.16.54.1" port: 46227 }, Status: LMP_MISMATCH, Last received: 0.0, Next index: 4, Last known committed idx: 3, Time since last communication: 0.001s
I20260710 13:21:52.752020 18218 raft_consensus.cc:2955] T b2b140aafcf34c2fbd3f060e4079b3fd P a0ed2deb64144784899b25af060dd2ff [term 1 LEADER]: Committing config change with OpId 1.4: config changed from index 3 to 4, VOTER 2a5e0326dd9b4d9595a769ef075b834b (127.16.54.3) evicted. New config: { opid_index: 4 OBSOLETE_local: false peers { permanent_uuid: "af15230c4ca84a908af1ee09483908e7" member_type: VOTER last_known_addr { host: "127.16.54.1" port: 46227 } } peers { permanent_uuid: "a0ed2deb64144784899b25af060dd2ff" member_type: VOTER last_known_addr { host: "127.16.54.2" port: 35579 } } peers { permanent_uuid: "02e8825c3fcd4d609b52741060a2b41f" member_type: VOTER last_known_addr { host: "127.16.54.4" port: 33993 } attrs { promote: false } } }
I20260710 13:21:52.759209 17703 raft_consensus.cc:2955] T b2b140aafcf34c2fbd3f060e4079b3fd P af15230c4ca84a908af1ee09483908e7 [term 1 FOLLOWER]: Committing config change with OpId 1.4: config changed from index 3 to 4, VOTER 2a5e0326dd9b4d9595a769ef075b834b (127.16.54.3) evicted. New config: { opid_index: 4 OBSOLETE_local: false peers { permanent_uuid: "af15230c4ca84a908af1ee09483908e7" member_type: VOTER last_known_addr { host: "127.16.54.1" port: 46227 } } peers { permanent_uuid: "a0ed2deb64144784899b25af060dd2ff" member_type: VOTER last_known_addr { host: "127.16.54.2" port: 35579 } } peers { permanent_uuid: "02e8825c3fcd4d609b52741060a2b41f" member_type: VOTER last_known_addr { host: "127.16.54.4" port: 33993 } attrs { promote: false } } }
I20260710 13:21:52.770062 17599 catalog_manager.cc:5697] T 354a84e172ad4506a161334ad7aaa9df P af15230c4ca84a908af1ee09483908e7 reported cstate change: config changed from index 3 to 4, VOTER 2a5e0326dd9b4d9595a769ef075b834b (127.16.54.3) evicted. New cstate: current_term: 1 leader_uuid: "a0ed2deb64144784899b25af060dd2ff" committed_config { opid_index: 4 OBSOLETE_local: false peers { permanent_uuid: "af15230c4ca84a908af1ee09483908e7" member_type: VOTER last_known_addr { host: "127.16.54.1" port: 46227 } } peers { permanent_uuid: "a0ed2deb64144784899b25af060dd2ff" member_type: VOTER last_known_addr { host: "127.16.54.2" port: 35579 } } peers { permanent_uuid: "02e8825c3fcd4d609b52741060a2b41f" member_type: VOTER last_known_addr { host: "127.16.54.4" port: 33993 } attrs { promote: false } } }
I20260710 13:21:52.777129 17589 catalog_manager.cc:5210] ChangeConfig:REMOVE_PEER RPC for tablet b2b140aafcf34c2fbd3f060e4079b3fd with cas_config_opid_index 3: ChangeConfig:REMOVE_PEER succeeded (attempt 1)
I20260710 13:21:52.793422 17589 catalog_manager.cc:5210] ChangeConfig:REMOVE_PEER RPC for tablet 354a84e172ad4506a161334ad7aaa9df with cas_config_opid_index 3: ChangeConfig:REMOVE_PEER succeeded (attempt 1)
I20260710 13:21:52.797151 17842 tablet_service.cc:1558] Processing DeleteTablet for tablet 354a84e172ad4506a161334ad7aaa9df with delete_type TABLET_DATA_TOMBSTONED (TS 2a5e0326dd9b4d9595a769ef075b834b not found in new config with opid_index 4) from {username='slave'} at 127.0.0.1:37200
I20260710 13:21:52.801483 18228 tablet_replica.cc:333] T 354a84e172ad4506a161334ad7aaa9df P 2a5e0326dd9b4d9595a769ef075b834b: stopping tablet replica
I20260710 13:21:52.802328 18228 raft_consensus.cc:2243] T 354a84e172ad4506a161334ad7aaa9df P 2a5e0326dd9b4d9595a769ef075b834b [term 1 FOLLOWER]: Raft consensus shutting down.
I20260710 13:21:52.810355 18228 raft_consensus.cc:2272] T 354a84e172ad4506a161334ad7aaa9df P 2a5e0326dd9b4d9595a769ef075b834b [term 1 FOLLOWER]: Raft consensus is shut down!
I20260710 13:21:52.814411 18228 ts_tablet_manager.cc:1916] T 354a84e172ad4506a161334ad7aaa9df P 2a5e0326dd9b4d9595a769ef075b834b: Deleting tablet data with delete state TABLET_DATA_TOMBSTONED
I20260710 13:21:52.815639 17601 catalog_manager.cc:5697] T b2b140aafcf34c2fbd3f060e4079b3fd P a0ed2deb64144784899b25af060dd2ff reported cstate change: config changed from index 3 to 4, VOTER 2a5e0326dd9b4d9595a769ef075b834b (127.16.54.3) evicted. New cstate: current_term: 1 leader_uuid: "a0ed2deb64144784899b25af060dd2ff" committed_config { opid_index: 4 OBSOLETE_local: false peers { permanent_uuid: "af15230c4ca84a908af1ee09483908e7" member_type: VOTER last_known_addr { host: "127.16.54.1" port: 46227 } health_report { overall_health: HEALTHY } } peers { permanent_uuid: "a0ed2deb64144784899b25af060dd2ff" member_type: VOTER last_known_addr { host: "127.16.54.2" port: 35579 } health_report { overall_health: HEALTHY } } peers { permanent_uuid: "02e8825c3fcd4d609b52741060a2b41f" member_type: VOTER last_known_addr { host: "127.16.54.4" port: 33993 } attrs { promote: false } health_report { overall_health: HEALTHY } } }
I20260710 13:21:52.816615 18125 raft_consensus.cc:2955] T b2b140aafcf34c2fbd3f060e4079b3fd P 02e8825c3fcd4d609b52741060a2b41f [term 1 FOLLOWER]: Committing config change with OpId 1.4: config changed from index 3 to 4, VOTER 2a5e0326dd9b4d9595a769ef075b834b (127.16.54.3) evicted. New config: { opid_index: 4 OBSOLETE_local: false peers { permanent_uuid: "af15230c4ca84a908af1ee09483908e7" member_type: VOTER last_known_addr { host: "127.16.54.1" port: 46227 } } peers { permanent_uuid: "a0ed2deb64144784899b25af060dd2ff" member_type: VOTER last_known_addr { host: "127.16.54.2" port: 35579 } } peers { permanent_uuid: "02e8825c3fcd4d609b52741060a2b41f" member_type: VOTER last_known_addr { host: "127.16.54.4" port: 33993 } attrs { promote: false } } }
I20260710 13:21:52.839864 18228 ts_tablet_manager.cc:1929] T 354a84e172ad4506a161334ad7aaa9df P 2a5e0326dd9b4d9595a769ef075b834b: tablet deleted with delete type TABLET_DATA_TOMBSTONED: last-logged OpId 1.3
I20260710 13:21:52.840358 18228 log.cc:1199] T 354a84e172ad4506a161334ad7aaa9df P 2a5e0326dd9b4d9595a769ef075b834b: Deleting WAL directory at /tmp/dist-test-tasktZd6WL/test-tmp/auto_leader_rebalancer-test.0.LeaderRebalancerTest.AddTserver.1783689683039961-16600-0/minicluster-data/ts-2-root/wals/354a84e172ad4506a161334ad7aaa9df
I20260710 13:21:52.842026 17587 catalog_manager.cc:5028] TS 2a5e0326dd9b4d9595a769ef075b834b (127.16.54.3:37029): tablet 354a84e172ad4506a161334ad7aaa9df (table test-workload [id=3a0e7043aeb0414389dc838465481659]) successfully deleted
I20260710 13:21:52.844312 17842 tablet_service.cc:1558] Processing DeleteTablet for tablet b2b140aafcf34c2fbd3f060e4079b3fd with delete_type TABLET_DATA_TOMBSTONED (TS 2a5e0326dd9b4d9595a769ef075b834b not found in new config with opid_index 4) from {username='slave'} at 127.0.0.1:37200
I20260710 13:21:52.845476 18228 tablet_replica.cc:333] T b2b140aafcf34c2fbd3f060e4079b3fd P 2a5e0326dd9b4d9595a769ef075b834b: stopping tablet replica
I20260710 13:21:52.846407 18228 raft_consensus.cc:2243] T b2b140aafcf34c2fbd3f060e4079b3fd P 2a5e0326dd9b4d9595a769ef075b834b [term 1 FOLLOWER]: Raft consensus shutting down.
I20260710 13:21:52.847470 18228 raft_consensus.cc:2272] T b2b140aafcf34c2fbd3f060e4079b3fd P 2a5e0326dd9b4d9595a769ef075b834b [term 1 FOLLOWER]: Raft consensus is shut down!
I20260710 13:21:52.852509 18228 ts_tablet_manager.cc:1916] T b2b140aafcf34c2fbd3f060e4079b3fd P 2a5e0326dd9b4d9595a769ef075b834b: Deleting tablet data with delete state TABLET_DATA_TOMBSTONED
I20260710 13:21:52.868950 18228 ts_tablet_manager.cc:1929] T b2b140aafcf34c2fbd3f060e4079b3fd P 2a5e0326dd9b4d9595a769ef075b834b: tablet deleted with delete type TABLET_DATA_TOMBSTONED: last-logged OpId 1.3
I20260710 13:21:52.869361 18228 log.cc:1199] T b2b140aafcf34c2fbd3f060e4079b3fd P 2a5e0326dd9b4d9595a769ef075b834b: Deleting WAL directory at /tmp/dist-test-tasktZd6WL/test-tmp/auto_leader_rebalancer-test.0.LeaderRebalancerTest.AddTserver.1783689683039961-16600-0/minicluster-data/ts-2-root/wals/b2b140aafcf34c2fbd3f060e4079b3fd
I20260710 13:21:52.870826 17587 catalog_manager.cc:5028] TS 2a5e0326dd9b4d9595a769ef075b834b (127.16.54.3:37029): tablet b2b140aafcf34c2fbd3f060e4079b3fd (table test-workload [id=3a0e7043aeb0414389dc838465481659]) successfully deleted
I20260710 13:21:53.889714 17850 consensus_queue.cc:237] T 8258aecf339d48dca7de7e309d4b85e3 P 2a5e0326dd9b4d9595a769ef075b834b [LEADER]: Queue going to LEADER mode. State: All replicated index: 0, Majority replicated index: 1, Committed index: 1, Last appended: 1.1, Last appended by leader: 0, Current term: 1, Majority size: 2, State: 0, Mode: LEADER, active raft config: opid_index: 2 OBSOLETE_local: false peers { permanent_uuid: "af15230c4ca84a908af1ee09483908e7" member_type: VOTER last_known_addr { host: "127.16.54.1" port: 46227 } attrs { replace: true } } peers { permanent_uuid: "a0ed2deb64144784899b25af060dd2ff" member_type: VOTER last_known_addr { host: "127.16.54.2" port: 35579 } } peers { permanent_uuid: "2a5e0326dd9b4d9595a769ef075b834b" member_type: VOTER last_known_addr { host: "127.16.54.3" port: 37029 } } peers { permanent_uuid: "02e8825c3fcd4d609b52741060a2b41f" member_type: NON_VOTER last_known_addr { host: "127.16.54.4" port: 33993 } attrs { promote: true } }
I20260710 13:21:53.899364 17779 raft_consensus.cc:1275] T 8258aecf339d48dca7de7e309d4b85e3 P a0ed2deb64144784899b25af060dd2ff [term 1 FOLLOWER]: Refusing update from remote peer 2a5e0326dd9b4d9595a769ef075b834b: Log matching property violated. Preceding OpId in replica: term: 1 index: 1. Preceding OpId from leader: term: 1 index: 2. (index mismatch)
W20260710 13:21:53.903076 17819 consensus_peers.cc:597] T 8258aecf339d48dca7de7e309d4b85e3 P 2a5e0326dd9b4d9595a769ef075b834b -> Peer 02e8825c3fcd4d609b52741060a2b41f (127.16.54.4:33993): Couldn't send request to peer 02e8825c3fcd4d609b52741060a2b41f. Error code: TABLET_NOT_FOUND (6). Status: Not found: Tablet not found: 8258aecf339d48dca7de7e309d4b85e3. This is attempt 1: this message will repeat every 5th retry.
I20260710 13:21:53.903560 17703 raft_consensus.cc:1275] T 8258aecf339d48dca7de7e309d4b85e3 P af15230c4ca84a908af1ee09483908e7 [term 1 FOLLOWER]: Refusing update from remote peer 2a5e0326dd9b4d9595a769ef075b834b: Log matching property violated. Preceding OpId in replica: term: 1 index: 1. Preceding OpId from leader: term: 1 index: 2. (index mismatch)
I20260710 13:21:53.904229 18207 consensus_queue.cc:1048] T 8258aecf339d48dca7de7e309d4b85e3 P 2a5e0326dd9b4d9595a769ef075b834b [LEADER]: Connected to new peer: Peer: permanent_uuid: "a0ed2deb64144784899b25af060dd2ff" member_type: VOTER last_known_addr { host: "127.16.54.2" port: 35579 }, Status: LMP_MISMATCH, Last received: 0.0, Next index: 2, Last known committed idx: 1, Time since last communication: 0.001s
I20260710 13:21:53.905407 18233 consensus_queue.cc:1048] T 8258aecf339d48dca7de7e309d4b85e3 P 2a5e0326dd9b4d9595a769ef075b834b [LEADER]: Connected to new peer: Peer: permanent_uuid: "af15230c4ca84a908af1ee09483908e7" member_type: VOTER last_known_addr { host: "127.16.54.1" port: 46227 } attrs { replace: true }, Status: LMP_MISMATCH, Last received: 0.0, Next index: 2, Last known committed idx: 1, Time since last communication: 0.000s
I20260710 13:21:53.914000 18233 raft_consensus.cc:2955] T 8258aecf339d48dca7de7e309d4b85e3 P 2a5e0326dd9b4d9595a769ef075b834b [term 1 LEADER]: Committing config change with OpId 1.2: config changed from index -1 to 2, NON_VOTER 02e8825c3fcd4d609b52741060a2b41f (127.16.54.4) added. New config: { opid_index: 2 OBSOLETE_local: false peers { permanent_uuid: "af15230c4ca84a908af1ee09483908e7" member_type: VOTER last_known_addr { host: "127.16.54.1" port: 46227 } attrs { replace: true } } peers { permanent_uuid: "a0ed2deb64144784899b25af060dd2ff" member_type: VOTER last_known_addr { host: "127.16.54.2" port: 35579 } } peers { permanent_uuid: "2a5e0326dd9b4d9595a769ef075b834b" member_type: VOTER last_known_addr { host: "127.16.54.3" port: 37029 } } peers { permanent_uuid: "02e8825c3fcd4d609b52741060a2b41f" member_type: NON_VOTER last_known_addr { host: "127.16.54.4" port: 33993 } attrs { promote: true } } }
I20260710 13:21:53.915861 17779 raft_consensus.cc:2955] T 8258aecf339d48dca7de7e309d4b85e3 P a0ed2deb64144784899b25af060dd2ff [term 1 FOLLOWER]: Committing config change with OpId 1.2: config changed from index -1 to 2, NON_VOTER 02e8825c3fcd4d609b52741060a2b41f (127.16.54.4) added. New config: { opid_index: 2 OBSOLETE_local: false peers { permanent_uuid: "af15230c4ca84a908af1ee09483908e7" member_type: VOTER last_known_addr { host: "127.16.54.1" port: 46227 } attrs { replace: true } } peers { permanent_uuid: "a0ed2deb64144784899b25af060dd2ff" member_type: VOTER last_known_addr { host: "127.16.54.2" port: 35579 } } peers { permanent_uuid: "2a5e0326dd9b4d9595a769ef075b834b" member_type: VOTER last_known_addr { host: "127.16.54.3" port: 37029 } } peers { permanent_uuid: "02e8825c3fcd4d609b52741060a2b41f" member_type: NON_VOTER last_known_addr { host: "127.16.54.4" port: 33993 } attrs { promote: true } } }
I20260710 13:21:53.931252 17850 consensus_queue.cc:237] T 066d1b2a47074de09268a2af6ea2dc1f P 2a5e0326dd9b4d9595a769ef075b834b [LEADER]: Queue going to LEADER mode. State: All replicated index: 0, Majority replicated index: 1, Committed index: 1, Last appended: 1.1, Last appended by leader: 0, Current term: 1, Majority size: 2, State: 0, Mode: LEADER, active raft config: opid_index: 2 OBSOLETE_local: false peers { permanent_uuid: "af15230c4ca84a908af1ee09483908e7" member_type: VOTER last_known_addr { host: "127.16.54.1" port: 46227 } } peers { permanent_uuid: "a0ed2deb64144784899b25af060dd2ff" member_type: VOTER last_known_addr { host: "127.16.54.2" port: 35579 } attrs { replace: true } } peers { permanent_uuid: "2a5e0326dd9b4d9595a769ef075b834b" member_type: VOTER last_known_addr { host: "127.16.54.3" port: 37029 } } peers { permanent_uuid: "02e8825c3fcd4d609b52741060a2b41f" member_type: NON_VOTER last_known_addr { host: "127.16.54.4" port: 33993 } attrs { promote: true } }
I20260710 13:21:53.932386 17703 raft_consensus.cc:2955] T 8258aecf339d48dca7de7e309d4b85e3 P af15230c4ca84a908af1ee09483908e7 [term 1 FOLLOWER]: Committing config change with OpId 1.2: config changed from index -1 to 2, NON_VOTER 02e8825c3fcd4d609b52741060a2b41f (127.16.54.4) added. New config: { opid_index: 2 OBSOLETE_local: false peers { permanent_uuid: "af15230c4ca84a908af1ee09483908e7" member_type: VOTER last_known_addr { host: "127.16.54.1" port: 46227 } attrs { replace: true } } peers { permanent_uuid: "a0ed2deb64144784899b25af060dd2ff" member_type: VOTER last_known_addr { host: "127.16.54.2" port: 35579 } } peers { permanent_uuid: "2a5e0326dd9b4d9595a769ef075b834b" member_type: VOTER last_known_addr { host: "127.16.54.3" port: 37029 } } peers { permanent_uuid: "02e8825c3fcd4d609b52741060a2b41f" member_type: NON_VOTER last_known_addr { host: "127.16.54.4" port: 33993 } attrs { promote: true } } }
I20260710 13:21:53.943863 17600 catalog_manager.cc:5697] T 8258aecf339d48dca7de7e309d4b85e3 P a0ed2deb64144784899b25af060dd2ff reported cstate change: config changed from index -1 to 2, NON_VOTER 02e8825c3fcd4d609b52741060a2b41f (127.16.54.4) added. New cstate: current_term: 1 leader_uuid: "2a5e0326dd9b4d9595a769ef075b834b" committed_config { opid_index: 2 OBSOLETE_local: false peers { permanent_uuid: "af15230c4ca84a908af1ee09483908e7" member_type: VOTER last_known_addr { host: "127.16.54.1" port: 46227 } attrs { replace: true } } peers { permanent_uuid: "a0ed2deb64144784899b25af060dd2ff" member_type: VOTER last_known_addr { host: "127.16.54.2" port: 35579 } } peers { permanent_uuid: "2a5e0326dd9b4d9595a769ef075b834b" member_type: VOTER last_known_addr { host: "127.16.54.3" port: 37029 } } peers { permanent_uuid: "02e8825c3fcd4d609b52741060a2b41f" member_type: NON_VOTER last_known_addr { host: "127.16.54.4" port: 33993 } attrs { promote: true } } }
I20260710 13:21:53.964248 17779 raft_consensus.cc:1275] T 066d1b2a47074de09268a2af6ea2dc1f P a0ed2deb64144784899b25af060dd2ff [term 1 FOLLOWER]: Refusing update from remote peer 2a5e0326dd9b4d9595a769ef075b834b: Log matching property violated. Preceding OpId in replica: term: 1 index: 1. Preceding OpId from leader: term: 1 index: 2. (index mismatch)
I20260710 13:21:53.965961 18237 consensus_queue.cc:1048] T 066d1b2a47074de09268a2af6ea2dc1f P 2a5e0326dd9b4d9595a769ef075b834b [LEADER]: Connected to new peer: Peer: permanent_uuid: "a0ed2deb64144784899b25af060dd2ff" member_type: VOTER last_known_addr { host: "127.16.54.2" port: 35579 } attrs { replace: true }, Status: LMP_MISMATCH, Last received: 0.0, Next index: 2, Last known committed idx: 1, Time since last communication: 0.000s
I20260710 13:21:53.970043 17703 raft_consensus.cc:1275] T 066d1b2a47074de09268a2af6ea2dc1f P af15230c4ca84a908af1ee09483908e7 [term 1 FOLLOWER]: Refusing update from remote peer 2a5e0326dd9b4d9595a769ef075b834b: Log matching property violated. Preceding OpId in replica: term: 1 index: 1. Preceding OpId from leader: term: 1 index: 2. (index mismatch)
W20260710 13:21:53.970671 17819 consensus_peers.cc:597] T 066d1b2a47074de09268a2af6ea2dc1f P 2a5e0326dd9b4d9595a769ef075b834b -> Peer 02e8825c3fcd4d609b52741060a2b41f (127.16.54.4:33993): Couldn't send request to peer 02e8825c3fcd4d609b52741060a2b41f. Error code: TABLET_NOT_FOUND (6). Status: Not found: Tablet not found: 066d1b2a47074de09268a2af6ea2dc1f. This is attempt 1: this message will repeat every 5th retry.
I20260710 13:21:53.971745 18237 consensus_queue.cc:1048] T 066d1b2a47074de09268a2af6ea2dc1f P 2a5e0326dd9b4d9595a769ef075b834b [LEADER]: Connected to new peer: Peer: permanent_uuid: "af15230c4ca84a908af1ee09483908e7" member_type: VOTER last_known_addr { host: "127.16.54.1" port: 46227 }, Status: LMP_MISMATCH, Last received: 0.0, Next index: 2, Last known committed idx: 1, Time since last communication: 0.011s
I20260710 13:21:53.983739 18207 raft_consensus.cc:2955] T 066d1b2a47074de09268a2af6ea2dc1f P 2a5e0326dd9b4d9595a769ef075b834b [term 1 LEADER]: Committing config change with OpId 1.2: config changed from index -1 to 2, NON_VOTER 02e8825c3fcd4d609b52741060a2b41f (127.16.54.4) added. New config: { opid_index: 2 OBSOLETE_local: false peers { permanent_uuid: "af15230c4ca84a908af1ee09483908e7" member_type: VOTER last_known_addr { host: "127.16.54.1" port: 46227 } } peers { permanent_uuid: "a0ed2deb64144784899b25af060dd2ff" member_type: VOTER last_known_addr { host: "127.16.54.2" port: 35579 } attrs { replace: true } } peers { permanent_uuid: "2a5e0326dd9b4d9595a769ef075b834b" member_type: VOTER last_known_addr { host: "127.16.54.3" port: 37029 } } peers { permanent_uuid: "02e8825c3fcd4d609b52741060a2b41f" member_type: NON_VOTER last_known_addr { host: "127.16.54.4" port: 33993 } attrs { promote: true } } }
I20260710 13:21:53.985625 17779 raft_consensus.cc:2955] T 066d1b2a47074de09268a2af6ea2dc1f P a0ed2deb64144784899b25af060dd2ff [term 1 FOLLOWER]: Committing config change with OpId 1.2: config changed from index -1 to 2, NON_VOTER 02e8825c3fcd4d609b52741060a2b41f (127.16.54.4) added. New config: { opid_index: 2 OBSOLETE_local: false peers { permanent_uuid: "af15230c4ca84a908af1ee09483908e7" member_type: VOTER last_known_addr { host: "127.16.54.1" port: 46227 } } peers { permanent_uuid: "a0ed2deb64144784899b25af060dd2ff" member_type: VOTER last_known_addr { host: "127.16.54.2" port: 35579 } attrs { replace: true } } peers { permanent_uuid: "2a5e0326dd9b4d9595a769ef075b834b" member_type: VOTER last_known_addr { host: "127.16.54.3" port: 37029 } } peers { permanent_uuid: "02e8825c3fcd4d609b52741060a2b41f" member_type: NON_VOTER last_known_addr { host: "127.16.54.4" port: 33993 } attrs { promote: true } } }
I20260710 13:21:53.999986 17850 consensus_queue.cc:237] T 61e6a09454664e1ea5ee49f97b615f61 P 2a5e0326dd9b4d9595a769ef075b834b [LEADER]: Queue going to LEADER mode. State: All replicated index: 0, Majority replicated index: 1, Committed index: 1, Last appended: 1.1, Last appended by leader: 0, Current term: 1, Majority size: 2, State: 0, Mode: LEADER, active raft config: opid_index: 2 OBSOLETE_local: false peers { permanent_uuid: "af15230c4ca84a908af1ee09483908e7" member_type: VOTER last_known_addr { host: "127.16.54.1" port: 46227 } } peers { permanent_uuid: "a0ed2deb64144784899b25af060dd2ff" member_type: VOTER last_known_addr { host: "127.16.54.2" port: 35579 } attrs { replace: true } } peers { permanent_uuid: "2a5e0326dd9b4d9595a769ef075b834b" member_type: VOTER last_known_addr { host: "127.16.54.3" port: 37029 } } peers { permanent_uuid: "02e8825c3fcd4d609b52741060a2b41f" member_type: NON_VOTER last_known_addr { host: "127.16.54.4" port: 33993 } attrs { promote: true } }
I20260710 13:21:54.025688 17703 raft_consensus.cc:2955] T 066d1b2a47074de09268a2af6ea2dc1f P af15230c4ca84a908af1ee09483908e7 [term 1 FOLLOWER]: Committing config change with OpId 1.2: config changed from index -1 to 2, NON_VOTER 02e8825c3fcd4d609b52741060a2b41f (127.16.54.4) added. New config: { opid_index: 2 OBSOLETE_local: false peers { permanent_uuid: "af15230c4ca84a908af1ee09483908e7" member_type: VOTER last_known_addr { host: "127.16.54.1" port: 46227 } } peers { permanent_uuid: "a0ed2deb64144784899b25af060dd2ff" member_type: VOTER last_known_addr { host: "127.16.54.2" port: 35579 } attrs { replace: true } } peers { permanent_uuid: "2a5e0326dd9b4d9595a769ef075b834b" member_type: VOTER last_known_addr { host: "127.16.54.3" port: 37029 } } peers { permanent_uuid: "02e8825c3fcd4d609b52741060a2b41f" member_type: NON_VOTER last_known_addr { host: "127.16.54.4" port: 33993 } attrs { promote: true } } }
I20260710 13:21:54.034317 17779 raft_consensus.cc:1275] T 61e6a09454664e1ea5ee49f97b615f61 P a0ed2deb64144784899b25af060dd2ff [term 1 FOLLOWER]: Refusing update from remote peer 2a5e0326dd9b4d9595a769ef075b834b: Log matching property violated. Preceding OpId in replica: term: 1 index: 1. Preceding OpId from leader: term: 1 index: 2. (index mismatch)
I20260710 13:21:54.036296 17701 raft_consensus.cc:1275] T 61e6a09454664e1ea5ee49f97b615f61 P af15230c4ca84a908af1ee09483908e7 [term 1 FOLLOWER]: Refusing update from remote peer 2a5e0326dd9b4d9595a769ef075b834b: Log matching property violated. Preceding OpId in replica: term: 1 index: 1. Preceding OpId from leader: term: 1 index: 2. (index mismatch)
I20260710 13:21:54.038472 18236 consensus_queue.cc:1048] T 61e6a09454664e1ea5ee49f97b615f61 P 2a5e0326dd9b4d9595a769ef075b834b [LEADER]: Connected to new peer: Peer: permanent_uuid: "a0ed2deb64144784899b25af060dd2ff" member_type: VOTER last_known_addr { host: "127.16.54.2" port: 35579 } attrs { replace: true }, Status: LMP_MISMATCH, Last received: 0.0, Next index: 2, Last known committed idx: 1, Time since last communication: 0.001s
W20260710 13:21:54.038043 17819 consensus_peers.cc:597] T 61e6a09454664e1ea5ee49f97b615f61 P 2a5e0326dd9b4d9595a769ef075b834b -> Peer 02e8825c3fcd4d609b52741060a2b41f (127.16.54.4:33993): Couldn't send request to peer 02e8825c3fcd4d609b52741060a2b41f. Error code: TABLET_NOT_FOUND (6). Status: Not found: Tablet not found: 61e6a09454664e1ea5ee49f97b615f61. This is attempt 1: this message will repeat every 5th retry.
I20260710 13:21:54.039525 18233 consensus_queue.cc:1048] T 61e6a09454664e1ea5ee49f97b615f61 P 2a5e0326dd9b4d9595a769ef075b834b [LEADER]: Connected to new peer: Peer: permanent_uuid: "af15230c4ca84a908af1ee09483908e7" member_type: VOTER last_known_addr { host: "127.16.54.1" port: 46227 }, Status: LMP_MISMATCH, Last received: 0.0, Next index: 2, Last known committed idx: 1, Time since last communication: 0.000s
