[==========] Running 8 tests from 2 test suites.
[----------] Global test environment set-up.
[----------] 6 tests from LeaderRebalancerTest
[ RUN      ] LeaderRebalancerTest.FunctionalTestForDivided
WARNING: Logging before InitGoogleLogging() is written to STDERR
I20260710 13:21:23.204241 16600 internal_mini_cluster.cc:156] Creating distributed mini masters. Addrs: 127.16.54.62:33389
I20260710 13:21:23.205703 16600 env_posix.cc:2285] Not raising this process' open files per process limit of 1048576; it is already as high as it can go
I20260710 13:21:23.206655 16600 file_cache.cc:504] Constructed file cache file cache with capacity 419430
W20260710 13:21:23.223261 16606 instance_detector.cc:116] could not retrieve AWS instance metadata: Network error: curl error: HTTP response code said error: The requested URL returned error: 404
W20260710 13:21:23.223269 16607 instance_detector.cc:116] could not retrieve Azure instance metadata: Network error: curl error: HTTP response code said error: The requested URL returned error: 404
I20260710 13:21:23.224534 16600 server_base.cc:1061] running on GCE node
W20260710 13:21:23.223726 16609 instance_detector.cc:116] could not retrieve OpenStack instance metadata: Network error: curl error: HTTP response code said error: The requested URL returned error: 404
I20260710 13:21:24.438710 16600 hybrid_clock.cc:584] initializing the hybrid clock with 'system_unsync' time source
W20260710 13:21:24.438939 16600 system_unsync_time.cc:38] NTP support is disabled. Clock error bounds will not be accurate. This configuration is not suitable for distributed clusters.
I20260710 13:21:24.439131 16600 hybrid_clock.cc:648] HybridClock initialized: now 1783689684439112 us; error 0 us; skew 500 ppm
I20260710 13:21:24.439906 16600 server_base.cc:861] Flag tcmalloc_max_total_thread_cache_bytes is not working since tcmalloc is not enabled.
I20260710 13:21:24.446348 16600 webserver.cc:533] Webserver started at http://127.16.54.62:45349/ using document root <none> and password file <none>
I20260710 13:21:24.447168 16600 fs_manager.cc:362] Metadata directory not provided
I20260710 13:21:24.447355 16600 fs_manager.cc:368] Using write-ahead log directory (fs_wal_dir) as metadata directory
I20260710 13:21:24.447739 16600 server_base.cc:909] This appears to be a new deployment of Kudu; creating new FS layout
I20260710 13:21:24.453478 16600 fs_manager.cc:1068] Generated new instance metadata in path /tmp/dist-test-tasktZd6WL/test-tmp/auto_leader_rebalancer-test.0.LeaderRebalancerTest.FunctionalTestForDivided.1783689683039961-16600-0/minicluster-data/master-0-root/instance:
uuid: "22f6e48b437e4314ae1a6abb41f6ff1b"
format_stamp: "Formatted at 2026-07-10 13:21:24 on dist-test-slave-wl5k"
I20260710 13:21:24.460996 16600 fs_manager.cc:696] Time spent creating directory manager: real 0.007s	user 0.006s	sys 0.001s
I20260710 13:21:24.465873 16615 log_block_manager.cc:4127] Time spent loading block containers with low live blocks: real 0.000s	user 0.000s	sys 0.000s
I20260710 13:21:24.467006 16600 fs_manager.cc:730] Time spent opening block manager: real 0.003s	user 0.005s	sys 0.000s
I20260710 13:21:24.467300 16600 fs_manager.cc:647] Opened local filesystem: /tmp/dist-test-tasktZd6WL/test-tmp/auto_leader_rebalancer-test.0.LeaderRebalancerTest.FunctionalTestForDivided.1783689683039961-16600-0/minicluster-data/master-0-root
uuid: "22f6e48b437e4314ae1a6abb41f6ff1b"
format_stamp: "Formatted at 2026-07-10 13:21:24 on dist-test-slave-wl5k"
I20260710 13:21:24.467586 16600 fs_report.cc:389] FS layout report
--------------------
wal directory: /tmp/dist-test-tasktZd6WL/test-tmp/auto_leader_rebalancer-test.0.LeaderRebalancerTest.FunctionalTestForDivided.1783689683039961-16600-0/minicluster-data/master-0-root
metadata directory: /tmp/dist-test-tasktZd6WL/test-tmp/auto_leader_rebalancer-test.0.LeaderRebalancerTest.FunctionalTestForDivided.1783689683039961-16600-0/minicluster-data/master-0-root
1 data directories: /tmp/dist-test-tasktZd6WL/test-tmp/auto_leader_rebalancer-test.0.LeaderRebalancerTest.FunctionalTestForDivided.1783689683039961-16600-0/minicluster-data/master-0-root/data
Total live blocks: 0
Total live bytes: 0
Total live bytes (after alignment): 0
Total number of LBM containers: 0 (0 full)
Did not check for missing blocks
Did not check for orphaned blocks
Total full LBM containers with extra space: 0 (0 repaired)
Total full LBM container extra space in bytes: 0 (0 repaired)
Total incomplete LBM containers: 0 (0 repaired)
Total LBM partial records: 0 (0 repaired)
Total corrupted LBM metadata records in RocksDB: 0 (0 repaired)
I20260710 13:21:24.523140 16600 rpc_server.cc:225] running with OpenSSL 1.1.1  11 Sep 2018
I20260710 13:21:24.524621 16600 env_posix.cc:2285] Not raising this process' running threads per effective uid limit of 18446744073709551615; it is already as high as it can go
I20260710 13:21:24.525020 16600 kserver.cc:163] Server-wide thread pool size limit: 3276
I20260710 13:21:24.598914 16600 rpc_server.cc:307] RPC server started. Bound to: 127.16.54.62:33389
I20260710 13:21:24.598973 16666 acceptor_pool.cc:272] collecting diagnostics on the listening RPC socket 127.16.54.62:33389 every 8 connection(s)
I20260710 13:21:24.606859 16667 data_dirs.cc:400] Could only allocate 1 dirs of requested 3 for tablet 00000000000000000000000000000000. 1 dirs total, 0 dirs full, 0 dirs failed
I20260710 13:21:24.629359 16667 tablet_bootstrap.cc:492] T 00000000000000000000000000000000 P 22f6e48b437e4314ae1a6abb41f6ff1b: Bootstrap starting.
I20260710 13:21:24.635123 16667 tablet_bootstrap.cc:654] T 00000000000000000000000000000000 P 22f6e48b437e4314ae1a6abb41f6ff1b: Neither blocks nor log segments found. Creating new log.
I20260710 13:21:24.636865 16667 log.cc:826] T 00000000000000000000000000000000 P 22f6e48b437e4314ae1a6abb41f6ff1b: Log is configured to *not* fsync() on all Append() calls
I20260710 13:21:24.641114 16667 tablet_bootstrap.cc:492] T 00000000000000000000000000000000 P 22f6e48b437e4314ae1a6abb41f6ff1b: No bootstrap required, opened a new log
I20260710 13:21:24.661005 16667 raft_consensus.cc:359] T 00000000000000000000000000000000 P 22f6e48b437e4314ae1a6abb41f6ff1b [term 0 FOLLOWER]: Replica starting. Triggering 0 pending ops. Active config: opid_index: -1 OBSOLETE_local: true peers { permanent_uuid: "22f6e48b437e4314ae1a6abb41f6ff1b" member_type: VOTER }
I20260710 13:21:24.661522 16667 raft_consensus.cc:385] T 00000000000000000000000000000000 P 22f6e48b437e4314ae1a6abb41f6ff1b [term 0 FOLLOWER]: Consensus starting up: Expiring failure detector timer to make a prompt election more likely
I20260710 13:21:24.661724 16667 raft_consensus.cc:740] T 00000000000000000000000000000000 P 22f6e48b437e4314ae1a6abb41f6ff1b [term 0 FOLLOWER]: Becoming Follower/Learner. State: Replica: 22f6e48b437e4314ae1a6abb41f6ff1b, State: Initialized, Role: FOLLOWER
I20260710 13:21:24.662626 16667 consensus_queue.cc:260] T 00000000000000000000000000000000 P 22f6e48b437e4314ae1a6abb41f6ff1b [NON_LEADER]: Queue going to NON_LEADER mode. State: All replicated index: 0, Majority replicated index: 0, Committed index: 0, Last appended: 0.0, Last appended by leader: 0, Current term: 0, Majority size: -1, State: 0, Mode: NON_LEADER, active raft config: opid_index: -1 OBSOLETE_local: true peers { permanent_uuid: "22f6e48b437e4314ae1a6abb41f6ff1b" member_type: VOTER }
I20260710 13:21:24.663070 16667 raft_consensus.cc:399] T 00000000000000000000000000000000 P 22f6e48b437e4314ae1a6abb41f6ff1b [term 0 FOLLOWER]: Only one voter in the Raft config. Triggering election immediately
I20260710 13:21:24.663304 16667 raft_consensus.cc:493] T 00000000000000000000000000000000 P 22f6e48b437e4314ae1a6abb41f6ff1b [term 0 FOLLOWER]: Starting leader election (initial election of a single-replica configuration)
I20260710 13:21:24.663589 16667 raft_consensus.cc:3060] T 00000000000000000000000000000000 P 22f6e48b437e4314ae1a6abb41f6ff1b [term 0 FOLLOWER]: Advancing to term 1
I20260710 13:21:24.667443 16667 raft_consensus.cc:515] T 00000000000000000000000000000000 P 22f6e48b437e4314ae1a6abb41f6ff1b [term 1 FOLLOWER]: Starting leader election with config: opid_index: -1 OBSOLETE_local: true peers { permanent_uuid: "22f6e48b437e4314ae1a6abb41f6ff1b" member_type: VOTER }
I20260710 13:21:24.668071 16667 leader_election.cc:304] T 00000000000000000000000000000000 P 22f6e48b437e4314ae1a6abb41f6ff1b [CANDIDATE]: Term 1 election: Election decided. Result: candidate won. Election summary: received 1 responses out of 1 voters: 1 yes votes; 0 no votes. yes voters: 22f6e48b437e4314ae1a6abb41f6ff1b; no voters: 
I20260710 13:21:24.669747 16667 leader_election.cc:290] T 00000000000000000000000000000000 P 22f6e48b437e4314ae1a6abb41f6ff1b [CANDIDATE]: Term 1 election: Requested vote from peers 
I20260710 13:21:24.670104 16670 raft_consensus.cc:2804] T 00000000000000000000000000000000 P 22f6e48b437e4314ae1a6abb41f6ff1b [term 1 FOLLOWER]: Leader election won for term 1
I20260710 13:21:24.672302 16670 raft_consensus.cc:697] T 00000000000000000000000000000000 P 22f6e48b437e4314ae1a6abb41f6ff1b [term 1 LEADER]: Becoming Leader. State: Replica: 22f6e48b437e4314ae1a6abb41f6ff1b, State: Running, Role: LEADER
I20260710 13:21:24.673247 16670 consensus_queue.cc:237] T 00000000000000000000000000000000 P 22f6e48b437e4314ae1a6abb41f6ff1b [LEADER]: Queue going to LEADER mode. State: All replicated index: 0, Majority replicated index: 0, Committed index: 0, Last appended: 0.0, Last appended by leader: 0, Current term: 1, Majority size: 1, State: 0, Mode: LEADER, active raft config: opid_index: -1 OBSOLETE_local: true peers { permanent_uuid: "22f6e48b437e4314ae1a6abb41f6ff1b" member_type: VOTER }
I20260710 13:21:24.674289 16667 sys_catalog.cc:565] T 00000000000000000000000000000000 P 22f6e48b437e4314ae1a6abb41f6ff1b [sys.catalog]: configured and running, proceeding with master startup.
I20260710 13:21:24.684099 16672 sys_catalog.cc:455] T 00000000000000000000000000000000 P 22f6e48b437e4314ae1a6abb41f6ff1b [sys.catalog]: SysCatalogTable state changed. Reason: New leader 22f6e48b437e4314ae1a6abb41f6ff1b. Latest consensus state: current_term: 1 leader_uuid: "22f6e48b437e4314ae1a6abb41f6ff1b" committed_config { opid_index: -1 OBSOLETE_local: true peers { permanent_uuid: "22f6e48b437e4314ae1a6abb41f6ff1b" member_type: VOTER } }
I20260710 13:21:24.684288 16671 sys_catalog.cc:455] T 00000000000000000000000000000000 P 22f6e48b437e4314ae1a6abb41f6ff1b [sys.catalog]: SysCatalogTable state changed. Reason: RaftConsensus started. Latest consensus state: current_term: 1 leader_uuid: "22f6e48b437e4314ae1a6abb41f6ff1b" committed_config { opid_index: -1 OBSOLETE_local: true peers { permanent_uuid: "22f6e48b437e4314ae1a6abb41f6ff1b" member_type: VOTER } }
I20260710 13:21:24.684868 16672 sys_catalog.cc:458] T 00000000000000000000000000000000 P 22f6e48b437e4314ae1a6abb41f6ff1b [sys.catalog]: This master's current role is: LEADER
I20260710 13:21:24.684929 16671 sys_catalog.cc:458] T 00000000000000000000000000000000 P 22f6e48b437e4314ae1a6abb41f6ff1b [sys.catalog]: This master's current role is: LEADER
I20260710 13:21:24.688578 16678 catalog_manager.cc:1511] Loading table and tablet metadata into memory...
I20260710 13:21:24.700575 16678 catalog_manager.cc:1520] Initializing Kudu cluster ID...
I20260710 13:21:24.705049 16600 internal_mini_cluster.cc:184] Waiting to initialize catalog manager on master 0
I20260710 13:21:24.718003 16678 catalog_manager.cc:1383] Generated new cluster ID: f896c7edff2a416c9abdbd4bc56522eb
I20260710 13:21:24.718278 16678 catalog_manager.cc:1531] Initializing Kudu internal certificate authority...
I20260710 13:21:24.735076 16678 catalog_manager.cc:1406] Generated new certificate authority record
I20260710 13:21:24.736575 16678 catalog_manager.cc:1540] Loading token signing keys...
I20260710 13:21:24.755666 16678 catalog_manager.cc:6070] T 00000000000000000000000000000000 P 22f6e48b437e4314ae1a6abb41f6ff1b: Generated new TSK 0
I20260710 13:21:24.756613 16678 catalog_manager.cc:1550] Initializing in-progress tserver states...
I20260710 13:21:24.771801 16600 file_cache.cc:504] Constructed file cache file cache with capacity 419430
W20260710 13:21:24.781822 16689 instance_detector.cc:116] could not retrieve AWS instance metadata: Network error: curl error: HTTP response code said error: The requested URL returned error: 404
W20260710 13:21:24.782694 16690 instance_detector.cc:116] could not retrieve Azure instance metadata: Network error: curl error: HTTP response code said error: The requested URL returned error: 404
I20260710 13:21:24.786718 16600 server_base.cc:1061] running on GCE node
W20260710 13:21:24.787246 16692 instance_detector.cc:116] could not retrieve OpenStack instance metadata: Network error: curl error: HTTP response code said error: The requested URL returned error: 404
I20260710 13:21:24.788157 16600 hybrid_clock.cc:584] initializing the hybrid clock with 'system_unsync' time source
W20260710 13:21:24.788388 16600 system_unsync_time.cc:38] NTP support is disabled. Clock error bounds will not be accurate. This configuration is not suitable for distributed clusters.
I20260710 13:21:24.788628 16600 hybrid_clock.cc:648] HybridClock initialized: now 1783689684788609 us; error 0 us; skew 500 ppm
I20260710 13:21:24.789260 16600 server_base.cc:861] Flag tcmalloc_max_total_thread_cache_bytes is not working since tcmalloc is not enabled.
I20260710 13:21:24.793581 16600 webserver.cc:533] Webserver started at http://127.16.54.1:46493/ using document root <none> and password file <none>
I20260710 13:21:24.794188 16600 fs_manager.cc:362] Metadata directory not provided
I20260710 13:21:24.794410 16600 fs_manager.cc:368] Using write-ahead log directory (fs_wal_dir) as metadata directory
I20260710 13:21:24.794732 16600 server_base.cc:909] This appears to be a new deployment of Kudu; creating new FS layout
I20260710 13:21:24.795820 16600 fs_manager.cc:1068] Generated new instance metadata in path /tmp/dist-test-tasktZd6WL/test-tmp/auto_leader_rebalancer-test.0.LeaderRebalancerTest.FunctionalTestForDivided.1783689683039961-16600-0/minicluster-data/ts-0-root/instance:
uuid: "a158e1603d5e43178c3a67a33e0c1bbf"
format_stamp: "Formatted at 2026-07-10 13:21:24 on dist-test-slave-wl5k"
I20260710 13:21:24.801623 16600 fs_manager.cc:696] Time spent creating directory manager: real 0.005s	user 0.004s	sys 0.003s
I20260710 13:21:24.806160 16697 log_block_manager.cc:4127] Time spent loading block containers with low live blocks: real 0.000s	user 0.000s	sys 0.000s
I20260710 13:21:24.806988 16600 fs_manager.cc:730] Time spent opening block manager: real 0.003s	user 0.004s	sys 0.000s
I20260710 13:21:24.807272 16600 fs_manager.cc:647] Opened local filesystem: /tmp/dist-test-tasktZd6WL/test-tmp/auto_leader_rebalancer-test.0.LeaderRebalancerTest.FunctionalTestForDivided.1783689683039961-16600-0/minicluster-data/ts-0-root
uuid: "a158e1603d5e43178c3a67a33e0c1bbf"
format_stamp: "Formatted at 2026-07-10 13:21:24 on dist-test-slave-wl5k"
I20260710 13:21:24.807574 16600 fs_report.cc:389] FS layout report
--------------------
wal directory: /tmp/dist-test-tasktZd6WL/test-tmp/auto_leader_rebalancer-test.0.LeaderRebalancerTest.FunctionalTestForDivided.1783689683039961-16600-0/minicluster-data/ts-0-root
metadata directory: /tmp/dist-test-tasktZd6WL/test-tmp/auto_leader_rebalancer-test.0.LeaderRebalancerTest.FunctionalTestForDivided.1783689683039961-16600-0/minicluster-data/ts-0-root
1 data directories: /tmp/dist-test-tasktZd6WL/test-tmp/auto_leader_rebalancer-test.0.LeaderRebalancerTest.FunctionalTestForDivided.1783689683039961-16600-0/minicluster-data/ts-0-root/data
Total live blocks: 0
Total live bytes: 0
Total live bytes (after alignment): 0
Total number of LBM containers: 0 (0 full)
Did not check for missing blocks
Did not check for orphaned blocks
Total full LBM containers with extra space: 0 (0 repaired)
Total full LBM container extra space in bytes: 0 (0 repaired)
Total incomplete LBM containers: 0 (0 repaired)
Total LBM partial records: 0 (0 repaired)
Total corrupted LBM metadata records in RocksDB: 0 (0 repaired)
I20260710 13:21:24.827913 16600 rpc_server.cc:225] running with OpenSSL 1.1.1  11 Sep 2018
I20260710 13:21:24.829298 16600 kserver.cc:163] Server-wide thread pool size limit: 3276
I20260710 13:21:24.831998 16600 txn_system_client.cc:432] TxnSystemClient initialization is disabled...
I20260710 13:21:24.836601 16600 ts_tablet_manager.cc:585] Loaded tablet metadata (0 total tablets, 0 live tablets)
I20260710 13:21:24.836826 16600 ts_tablet_manager.cc:531] Time spent load tablet metadata: real 0.000s	user 0.000s	sys 0.000s
I20260710 13:21:24.837139 16600 ts_tablet_manager.cc:616] Registered 0 tablets
I20260710 13:21:24.837311 16600 ts_tablet_manager.cc:595] Time spent register tablets: real 0.000s	user 0.000s	sys 0.000s
I20260710 13:21:24.942229 16600 rpc_server.cc:307] RPC server started. Bound to: 127.16.54.1:36393
I20260710 13:21:24.942365 16759 acceptor_pool.cc:272] collecting diagnostics on the listening RPC socket 127.16.54.1:36393 every 8 connection(s)
I20260710 13:21:24.950343 16600 file_cache.cc:504] Constructed file cache file cache with capacity 419430
W20260710 13:21:24.962661 16764 instance_detector.cc:116] could not retrieve AWS instance metadata: Network error: curl error: HTTP response code said error: The requested URL returned error: 404
W20260710 13:21:24.974931 16765 instance_detector.cc:116] could not retrieve Azure instance metadata: Network error: curl error: HTTP response code said error: The requested URL returned error: 404
I20260710 13:21:24.979027 16600 server_base.cc:1061] running on GCE node
I20260710 13:21:24.980217 16760 heartbeater.cc:344] Connected to a master server at 127.16.54.62:33389
I20260710 13:21:24.980741 16760 heartbeater.cc:461] Registering TS with master...
W20260710 13:21:24.980892 16767 instance_detector.cc:116] could not retrieve OpenStack instance metadata: Network error: curl error: HTTP response code said error: The requested URL returned error: 404
I20260710 13:21:24.981947 16760 heartbeater.cc:507] Master 127.16.54.62:33389 requested a full tablet report, sending...
I20260710 13:21:24.982052 16600 hybrid_clock.cc:584] initializing the hybrid clock with 'system_unsync' time source
W20260710 13:21:24.982317 16600 system_unsync_time.cc:38] NTP support is disabled. Clock error bounds will not be accurate. This configuration is not suitable for distributed clusters.
I20260710 13:21:24.982532 16600 hybrid_clock.cc:648] HybridClock initialized: now 1783689684982515 us; error 0 us; skew 500 ppm
I20260710 13:21:24.983328 16600 server_base.cc:861] Flag tcmalloc_max_total_thread_cache_bytes is not working since tcmalloc is not enabled.
I20260710 13:21:24.985419 16632 ts_manager.cc:194] Registered new tserver with Master: a158e1603d5e43178c3a67a33e0c1bbf (127.16.54.1:36393)
I20260710 13:21:24.986398 16600 webserver.cc:533] Webserver started at http://127.16.54.2:45143/ using document root <none> and password file <none>
I20260710 13:21:24.986929 16600 fs_manager.cc:362] Metadata directory not provided
I20260710 13:21:24.987156 16600 fs_manager.cc:368] Using write-ahead log directory (fs_wal_dir) as metadata directory
I20260710 13:21:24.987442 16600 server_base.cc:909] This appears to be a new deployment of Kudu; creating new FS layout
I20260710 13:21:24.988272 16632 master_service.cc:502] Signed X509 certificate for tserver {username='slave'} at 127.0.0.1:34172
I20260710 13:21:24.988688 16600 fs_manager.cc:1068] Generated new instance metadata in path /tmp/dist-test-tasktZd6WL/test-tmp/auto_leader_rebalancer-test.0.LeaderRebalancerTest.FunctionalTestForDivided.1783689683039961-16600-0/minicluster-data/ts-1-root/instance:
uuid: "9d2ecb1949094efc8a2ad87055ea28f3"
format_stamp: "Formatted at 2026-07-10 13:21:24 on dist-test-slave-wl5k"
I20260710 13:21:24.995159 16600 fs_manager.cc:696] Time spent creating directory manager: real 0.006s	user 0.006s	sys 0.000s
I20260710 13:21:24.999382 16772 log_block_manager.cc:4127] Time spent loading block containers with low live blocks: real 0.000s	user 0.000s	sys 0.000s
I20260710 13:21:25.000173 16600 fs_manager.cc:730] Time spent opening block manager: real 0.003s	user 0.002s	sys 0.000s
I20260710 13:21:25.000487 16600 fs_manager.cc:647] Opened local filesystem: /tmp/dist-test-tasktZd6WL/test-tmp/auto_leader_rebalancer-test.0.LeaderRebalancerTest.FunctionalTestForDivided.1783689683039961-16600-0/minicluster-data/ts-1-root
uuid: "9d2ecb1949094efc8a2ad87055ea28f3"
format_stamp: "Formatted at 2026-07-10 13:21:24 on dist-test-slave-wl5k"
I20260710 13:21:25.000754 16600 fs_report.cc:389] FS layout report
--------------------
wal directory: /tmp/dist-test-tasktZd6WL/test-tmp/auto_leader_rebalancer-test.0.LeaderRebalancerTest.FunctionalTestForDivided.1783689683039961-16600-0/minicluster-data/ts-1-root
metadata directory: /tmp/dist-test-tasktZd6WL/test-tmp/auto_leader_rebalancer-test.0.LeaderRebalancerTest.FunctionalTestForDivided.1783689683039961-16600-0/minicluster-data/ts-1-root
1 data directories: /tmp/dist-test-tasktZd6WL/test-tmp/auto_leader_rebalancer-test.0.LeaderRebalancerTest.FunctionalTestForDivided.1783689683039961-16600-0/minicluster-data/ts-1-root/data
Total live blocks: 0
Total live bytes: 0
Total live bytes (after alignment): 0
Total number of LBM containers: 0 (0 full)
Did not check for missing blocks
Did not check for orphaned blocks
Total full LBM containers with extra space: 0 (0 repaired)
Total full LBM container extra space in bytes: 0 (0 repaired)
Total incomplete LBM containers: 0 (0 repaired)
Total LBM partial records: 0 (0 repaired)
Total corrupted LBM metadata records in RocksDB: 0 (0 repaired)
I20260710 13:21:25.030226 16600 rpc_server.cc:225] running with OpenSSL 1.1.1  11 Sep 2018
I20260710 13:21:25.031528 16600 kserver.cc:163] Server-wide thread pool size limit: 3276
I20260710 13:21:25.034219 16600 txn_system_client.cc:432] TxnSystemClient initialization is disabled...
I20260710 13:21:25.037019 16600 ts_tablet_manager.cc:585] Loaded tablet metadata (0 total tablets, 0 live tablets)
I20260710 13:21:25.037194 16600 ts_tablet_manager.cc:531] Time spent load tablet metadata: real 0.000s	user 0.000s	sys 0.000s
I20260710 13:21:25.037487 16600 ts_tablet_manager.cc:616] Registered 0 tablets
I20260710 13:21:25.037652 16600 ts_tablet_manager.cc:595] Time spent register tablets: real 0.000s	user 0.000s	sys 0.000s
I20260710 13:21:25.136693 16600 rpc_server.cc:307] RPC server started. Bound to: 127.16.54.2:43959
I20260710 13:21:25.136758 16834 acceptor_pool.cc:272] collecting diagnostics on the listening RPC socket 127.16.54.2:43959 every 8 connection(s)
I20260710 13:21:25.142438 16600 file_cache.cc:504] Constructed file cache file cache with capacity 419430
W20260710 13:21:25.150115 16838 instance_detector.cc:116] could not retrieve AWS instance metadata: Network error: curl error: HTTP response code said error: The requested URL returned error: 404
W20260710 13:21:25.151612 16839 instance_detector.cc:116] could not retrieve Azure instance metadata: Network error: curl error: HTTP response code said error: The requested URL returned error: 404
W20260710 13:21:25.157462 16841 instance_detector.cc:116] could not retrieve OpenStack instance metadata: Network error: curl error: HTTP response code said error: The requested URL returned error: 404
I20260710 13:21:25.158916 16600 server_base.cc:1061] running on GCE node
I20260710 13:21:25.160900 16600 hybrid_clock.cc:584] initializing the hybrid clock with 'system_unsync' time source
W20260710 13:21:25.161134 16600 system_unsync_time.cc:38] NTP support is disabled. Clock error bounds will not be accurate. This configuration is not suitable for distributed clusters.
I20260710 13:21:25.161362 16600 hybrid_clock.cc:648] HybridClock initialized: now 1783689685161343 us; error 0 us; skew 500 ppm
I20260710 13:21:25.162084 16600 server_base.cc:861] Flag tcmalloc_max_total_thread_cache_bytes is not working since tcmalloc is not enabled.
I20260710 13:21:25.163743 16835 heartbeater.cc:344] Connected to a master server at 127.16.54.62:33389
I20260710 13:21:25.164084 16835 heartbeater.cc:461] Registering TS with master...
I20260710 13:21:25.164968 16835 heartbeater.cc:507] Master 127.16.54.62:33389 requested a full tablet report, sending...
I20260710 13:21:25.166693 16600 webserver.cc:533] Webserver started at http://127.16.54.3:45225/ using document root <none> and password file <none>
I20260710 13:21:25.167209 16600 fs_manager.cc:362] Metadata directory not provided
I20260710 13:21:25.167426 16600 fs_manager.cc:368] Using write-ahead log directory (fs_wal_dir) as metadata directory
I20260710 13:21:25.167322 16632 ts_manager.cc:194] Registered new tserver with Master: 9d2ecb1949094efc8a2ad87055ea28f3 (127.16.54.2:43959)
I20260710 13:21:25.168687 16600 server_base.cc:909] This appears to be a new deployment of Kudu; creating new FS layout
I20260710 13:21:25.168828 16632 master_service.cc:502] Signed X509 certificate for tserver {username='slave'} at 127.0.0.1:34180
I20260710 13:21:25.170508 16600 fs_manager.cc:1068] Generated new instance metadata in path /tmp/dist-test-tasktZd6WL/test-tmp/auto_leader_rebalancer-test.0.LeaderRebalancerTest.FunctionalTestForDivided.1783689683039961-16600-0/minicluster-data/ts-2-root/instance:
uuid: "cdebde46c1e44cfa9768e13cc1e5ae5d"
format_stamp: "Formatted at 2026-07-10 13:21:25 on dist-test-slave-wl5k"
I20260710 13:21:25.175359 16600 fs_manager.cc:696] Time spent creating directory manager: real 0.004s	user 0.004s	sys 0.000s
I20260710 13:21:25.179034 16846 log_block_manager.cc:4127] Time spent loading block containers with low live blocks: real 0.000s	user 0.000s	sys 0.000s
I20260710 13:21:25.179880 16600 fs_manager.cc:730] Time spent opening block manager: real 0.003s	user 0.002s	sys 0.000s
I20260710 13:21:25.180158 16600 fs_manager.cc:647] Opened local filesystem: /tmp/dist-test-tasktZd6WL/test-tmp/auto_leader_rebalancer-test.0.LeaderRebalancerTest.FunctionalTestForDivided.1783689683039961-16600-0/minicluster-data/ts-2-root
uuid: "cdebde46c1e44cfa9768e13cc1e5ae5d"
format_stamp: "Formatted at 2026-07-10 13:21:25 on dist-test-slave-wl5k"
I20260710 13:21:25.180428 16600 fs_report.cc:389] FS layout report
--------------------
wal directory: /tmp/dist-test-tasktZd6WL/test-tmp/auto_leader_rebalancer-test.0.LeaderRebalancerTest.FunctionalTestForDivided.1783689683039961-16600-0/minicluster-data/ts-2-root
metadata directory: /tmp/dist-test-tasktZd6WL/test-tmp/auto_leader_rebalancer-test.0.LeaderRebalancerTest.FunctionalTestForDivided.1783689683039961-16600-0/minicluster-data/ts-2-root
1 data directories: /tmp/dist-test-tasktZd6WL/test-tmp/auto_leader_rebalancer-test.0.LeaderRebalancerTest.FunctionalTestForDivided.1783689683039961-16600-0/minicluster-data/ts-2-root/data
Total live blocks: 0
Total live bytes: 0
Total live bytes (after alignment): 0
Total number of LBM containers: 0 (0 full)
Did not check for missing blocks
Did not check for orphaned blocks
Total full LBM containers with extra space: 0 (0 repaired)
Total full LBM container extra space in bytes: 0 (0 repaired)
Total incomplete LBM containers: 0 (0 repaired)
Total LBM partial records: 0 (0 repaired)
Total corrupted LBM metadata records in RocksDB: 0 (0 repaired)
I20260710 13:21:25.203517 16600 rpc_server.cc:225] running with OpenSSL 1.1.1  11 Sep 2018
I20260710 13:21:25.204835 16600 kserver.cc:163] Server-wide thread pool size limit: 3276
I20260710 13:21:25.206326 16600 txn_system_client.cc:432] TxnSystemClient initialization is disabled...
I20260710 13:21:25.208365 16600 ts_tablet_manager.cc:585] Loaded tablet metadata (0 total tablets, 0 live tablets)
I20260710 13:21:25.208638 16600 ts_tablet_manager.cc:531] Time spent load tablet metadata: real 0.000s	user 0.000s	sys 0.000s
I20260710 13:21:25.208905 16600 ts_tablet_manager.cc:616] Registered 0 tablets
I20260710 13:21:25.209046 16600 ts_tablet_manager.cc:595] Time spent register tablets: real 0.000s	user 0.000s	sys 0.000s
I20260710 13:21:25.300688 16600 rpc_server.cc:307] RPC server started. Bound to: 127.16.54.3:41033
I20260710 13:21:25.300907 16908 acceptor_pool.cc:272] collecting diagnostics on the listening RPC socket 127.16.54.3:41033 every 8 connection(s)
I20260710 13:21:25.316447 16909 heartbeater.cc:344] Connected to a master server at 127.16.54.62:33389
I20260710 13:21:25.316864 16909 heartbeater.cc:461] Registering TS with master...
I20260710 13:21:25.317835 16909 heartbeater.cc:507] Master 127.16.54.62:33389 requested a full tablet report, sending...
I20260710 13:21:25.319981 16632 ts_manager.cc:194] Registered new tserver with Master: cdebde46c1e44cfa9768e13cc1e5ae5d (127.16.54.3:41033)
I20260710 13:21:25.320998 16600 internal_mini_cluster.cc:371] 3 TS(s) registered with all masters after 0.016067219s
I20260710 13:21:25.321663 16632 master_service.cc:502] Signed X509 certificate for tserver {username='slave'} at 127.0.0.1:34186
I20260710 13:21:25.369973 16632 catalog_manager.cc:2283] Servicing CreateTable request from {username='slave'} at 127.0.0.1:34198:
name: "test-workload"
schema {
  columns {
    name: "key"
    type: INT32
    is_key: true
    is_nullable: false
    encoding: AUTO_ENCODING
    compression: DEFAULT_COMPRESSION
    cfile_block_size: 0
    immutable: false
  }
  columns {
    name: "int_val"
    type: INT32
    is_key: false
    is_nullable: false
    encoding: AUTO_ENCODING
    compression: DEFAULT_COMPRESSION
    cfile_block_size: 0
    immutable: false
  }
  columns {
    name: "string_val"
    type: STRING
    is_key: false
    is_nullable: true
    encoding: AUTO_ENCODING
    compression: DEFAULT_COMPRESSION
    cfile_block_size: 0
    immutable: false
  }
}
num_replicas: 3
split_rows_range_bounds {
  rows: "\004\001\000\216\3438\016\004\001\000\034\307q\034\004\001\000\252\252\252*\004\001\0008\216\3438\004\001\000\306q\034G\004\001\000TUUU\004\001\000\3428\216c\004\001\000p\034\307q""\004\001\000\216\3438\016\004\001\000\034\307q\034\004\001\000\252\252\252*\004\001\0008\216\3438\004\001\000\306q\034G\004\001\000TUUU\004\001\000\3428\216c\004\001\000p\034\307q"
  indirect_data: """"
}
partition_schema {
  range_schema {
    columns {
      name: "key"
    }
  }
}
W20260710 13:21:25.373548 16632 catalog_manager.cc:7077] The number of live tablet servers is not enough to re-replicate a tablet replica of the newly created table test-workload in case of a server failure: 4 tablet servers would be needed, 3 are available. Consider bringing up more tablet servers.
I20260710 13:21:25.484020 16873 tablet_service.cc:1511] Processing CreateTablet for tablet 7501c40eec9c4ed0b4c3b920b46c019d (DEFAULT_TABLE table=test-workload [id=23f1135f35d94dfb8743b139e7f94cfa]), partition=RANGE (key) PARTITION 238609294 <= VALUES < 477218588
I20260710 13:21:25.484807 16870 tablet_service.cc:1511] Processing CreateTablet for tablet 10bfd613a04f4e908846523501019687 (DEFAULT_TABLE table=test-workload [id=23f1135f35d94dfb8743b139e7f94cfa]), partition=RANGE (key) PARTITION 954437176 <= VALUES < 1193046470
I20260710 13:21:25.485328 16874 tablet_service.cc:1511] Processing CreateTablet for tablet 9db696b321404ccdb3496d86b75eeec2 (DEFAULT_TABLE table=test-workload [id=23f1135f35d94dfb8743b139e7f94cfa]), partition=RANGE (key) PARTITION VALUES < 238609294
I20260710 13:21:25.487149 16872 tablet_service.cc:1511] Processing CreateTablet for tablet ede2a45c7078428db491a6ca1f50b6e8 (DEFAULT_TABLE table=test-workload [id=23f1135f35d94dfb8743b139e7f94cfa]), partition=RANGE (key) PARTITION 477218588 <= VALUES < 715827882
I20260710 13:21:25.487586 16871 tablet_service.cc:1511] Processing CreateTablet for tablet 488c91915f034059b72bb03959884f9a (DEFAULT_TABLE table=test-workload [id=23f1135f35d94dfb8743b139e7f94cfa]), partition=RANGE (key) PARTITION 715827882 <= VALUES < 954437176
I20260710 13:21:25.490996 16725 tablet_service.cc:1511] Processing CreateTablet for tablet 9db696b321404ccdb3496d86b75eeec2 (DEFAULT_TABLE table=test-workload [id=23f1135f35d94dfb8743b139e7f94cfa]), partition=RANGE (key) PARTITION VALUES < 238609294
I20260710 13:21:25.492161 16725 data_dirs.cc:400] Could only allocate 1 dirs of requested 3 for tablet 9db696b321404ccdb3496d86b75eeec2. 1 dirs total, 0 dirs full, 0 dirs failed
I20260710 13:21:25.491834 16800 tablet_service.cc:1511] Processing CreateTablet for tablet 9db696b321404ccdb3496d86b75eeec2 (DEFAULT_TABLE table=test-workload [id=23f1135f35d94dfb8743b139e7f94cfa]), partition=RANGE (key) PARTITION VALUES < 238609294
I20260710 13:21:25.493116 16800 data_dirs.cc:400] Could only allocate 1 dirs of requested 3 for tablet 9db696b321404ccdb3496d86b75eeec2. 1 dirs total, 0 dirs full, 0 dirs failed
I20260710 13:21:25.493364 16798 tablet_service.cc:1511] Processing CreateTablet for tablet ede2a45c7078428db491a6ca1f50b6e8 (DEFAULT_TABLE table=test-workload [id=23f1135f35d94dfb8743b139e7f94cfa]), partition=RANGE (key) PARTITION 477218588 <= VALUES < 715827882
I20260710 13:21:25.494259 16798 data_dirs.cc:400] Could only allocate 1 dirs of requested 3 for tablet ede2a45c7078428db491a6ca1f50b6e8. 1 dirs total, 0 dirs full, 0 dirs failed
I20260710 13:21:25.496819 16796 tablet_service.cc:1511] Processing CreateTablet for tablet 10bfd613a04f4e908846523501019687 (DEFAULT_TABLE table=test-workload [id=23f1135f35d94dfb8743b139e7f94cfa]), partition=RANGE (key) PARTITION 954437176 <= VALUES < 1193046470
I20260710 13:21:25.497416 16799 tablet_service.cc:1511] Processing CreateTablet for tablet 7501c40eec9c4ed0b4c3b920b46c019d (DEFAULT_TABLE table=test-workload [id=23f1135f35d94dfb8743b139e7f94cfa]), partition=RANGE (key) PARTITION 238609294 <= VALUES < 477218588
I20260710 13:21:25.498128 16796 data_dirs.cc:400] Could only allocate 1 dirs of requested 3 for tablet 10bfd613a04f4e908846523501019687. 1 dirs total, 0 dirs full, 0 dirs failed
I20260710 13:21:25.499629 16797 tablet_service.cc:1511] Processing CreateTablet for tablet 488c91915f034059b72bb03959884f9a (DEFAULT_TABLE table=test-workload [id=23f1135f35d94dfb8743b139e7f94cfa]), partition=RANGE (key) PARTITION 715827882 <= VALUES < 954437176
I20260710 13:21:25.500910 16797 data_dirs.cc:400] Could only allocate 1 dirs of requested 3 for tablet 488c91915f034059b72bb03959884f9a. 1 dirs total, 0 dirs full, 0 dirs failed
I20260710 13:21:25.501693 16724 tablet_service.cc:1511] Processing CreateTablet for tablet 7501c40eec9c4ed0b4c3b920b46c019d (DEFAULT_TABLE table=test-workload [id=23f1135f35d94dfb8743b139e7f94cfa]), partition=RANGE (key) PARTITION 238609294 <= VALUES < 477218588
I20260710 13:21:25.502978 16724 data_dirs.cc:400] Could only allocate 1 dirs of requested 3 for tablet 7501c40eec9c4ed0b4c3b920b46c019d. 1 dirs total, 0 dirs full, 0 dirs failed
I20260710 13:21:25.504771 16723 tablet_service.cc:1511] Processing CreateTablet for tablet ede2a45c7078428db491a6ca1f50b6e8 (DEFAULT_TABLE table=test-workload [id=23f1135f35d94dfb8743b139e7f94cfa]), partition=RANGE (key) PARTITION 477218588 <= VALUES < 715827882
I20260710 13:21:25.506049 16723 data_dirs.cc:400] Could only allocate 1 dirs of requested 3 for tablet ede2a45c7078428db491a6ca1f50b6e8. 1 dirs total, 0 dirs full, 0 dirs failed
I20260710 13:21:25.506580 16721 tablet_service.cc:1511] Processing CreateTablet for tablet 10bfd613a04f4e908846523501019687 (DEFAULT_TABLE table=test-workload [id=23f1135f35d94dfb8743b139e7f94cfa]), partition=RANGE (key) PARTITION 954437176 <= VALUES < 1193046470
I20260710 13:21:25.507844 16721 data_dirs.cc:400] Could only allocate 1 dirs of requested 3 for tablet 10bfd613a04f4e908846523501019687. 1 dirs total, 0 dirs full, 0 dirs failed
I20260710 13:21:25.509706 16722 tablet_service.cc:1511] Processing CreateTablet for tablet 488c91915f034059b72bb03959884f9a (DEFAULT_TABLE table=test-workload [id=23f1135f35d94dfb8743b139e7f94cfa]), partition=RANGE (key) PARTITION 715827882 <= VALUES < 954437176
I20260710 13:21:25.510953 16722 data_dirs.cc:400] Could only allocate 1 dirs of requested 3 for tablet 488c91915f034059b72bb03959884f9a. 1 dirs total, 0 dirs full, 0 dirs failed
I20260710 13:21:25.513568 16873 data_dirs.cc:400] Could only allocate 1 dirs of requested 3 for tablet 7501c40eec9c4ed0b4c3b920b46c019d. 1 dirs total, 0 dirs full, 0 dirs failed
I20260710 13:21:25.517614 16720 tablet_service.cc:1511] Processing CreateTablet for tablet 07190b4d9c884ede8bc13391770c88aa (DEFAULT_TABLE table=test-workload [id=23f1135f35d94dfb8743b139e7f94cfa]), partition=RANGE (key) PARTITION 1193046470 <= VALUES < 1431655764
I20260710 13:21:25.519865 16720 data_dirs.cc:400] Could only allocate 1 dirs of requested 3 for tablet 07190b4d9c884ede8bc13391770c88aa. 1 dirs total, 0 dirs full, 0 dirs failed
I20260710 13:21:25.524518 16799 data_dirs.cc:400] Could only allocate 1 dirs of requested 3 for tablet 7501c40eec9c4ed0b4c3b920b46c019d. 1 dirs total, 0 dirs full, 0 dirs failed
I20260710 13:21:25.531209 16870 data_dirs.cc:400] Could only allocate 1 dirs of requested 3 for tablet 10bfd613a04f4e908846523501019687. 1 dirs total, 0 dirs full, 0 dirs failed
I20260710 13:21:25.532598 16795 tablet_service.cc:1511] Processing CreateTablet for tablet 07190b4d9c884ede8bc13391770c88aa (DEFAULT_TABLE table=test-workload [id=23f1135f35d94dfb8743b139e7f94cfa]), partition=RANGE (key) PARTITION 1193046470 <= VALUES < 1431655764
I20260710 13:21:25.535212 16874 data_dirs.cc:400] Could only allocate 1 dirs of requested 3 for tablet 9db696b321404ccdb3496d86b75eeec2. 1 dirs total, 0 dirs full, 0 dirs failed
I20260710 13:21:25.537539 16795 data_dirs.cc:400] Could only allocate 1 dirs of requested 3 for tablet 07190b4d9c884ede8bc13391770c88aa. 1 dirs total, 0 dirs full, 0 dirs failed
I20260710 13:21:25.542637 16869 tablet_service.cc:1511] Processing CreateTablet for tablet 07190b4d9c884ede8bc13391770c88aa (DEFAULT_TABLE table=test-workload [id=23f1135f35d94dfb8743b139e7f94cfa]), partition=RANGE (key) PARTITION 1193046470 <= VALUES < 1431655764
I20260710 13:21:25.554795 16871 data_dirs.cc:400] Could only allocate 1 dirs of requested 3 for tablet 488c91915f034059b72bb03959884f9a. 1 dirs total, 0 dirs full, 0 dirs failed
I20260710 13:21:25.558007 16927 tablet_bootstrap.cc:492] T ede2a45c7078428db491a6ca1f50b6e8 P 9d2ecb1949094efc8a2ad87055ea28f3: Bootstrap starting.
I20260710 13:21:25.558140 16869 data_dirs.cc:400] Could only allocate 1 dirs of requested 3 for tablet 07190b4d9c884ede8bc13391770c88aa. 1 dirs total, 0 dirs full, 0 dirs failed
I20260710 13:21:25.560474 16719 tablet_service.cc:1511] Processing CreateTablet for tablet 6b4b517669004f6aad6b7fbb6660652c (DEFAULT_TABLE table=test-workload [id=23f1135f35d94dfb8743b139e7f94cfa]), partition=RANGE (key) PARTITION 1431655764 <= VALUES < 1670265058
I20260710 13:21:25.564834 16719 data_dirs.cc:400] Could only allocate 1 dirs of requested 3 for tablet 6b4b517669004f6aad6b7fbb6660652c. 1 dirs total, 0 dirs full, 0 dirs failed
I20260710 13:21:25.582198 16872 data_dirs.cc:400] Could only allocate 1 dirs of requested 3 for tablet ede2a45c7078428db491a6ca1f50b6e8. 1 dirs total, 0 dirs full, 0 dirs failed
I20260710 13:21:25.604810 16798 tablet_service.cc:1511] Processing CreateTablet for tablet 6b4b517669004f6aad6b7fbb6660652c (DEFAULT_TABLE table=test-workload [id=23f1135f35d94dfb8743b139e7f94cfa]), partition=RANGE (key) PARTITION 1431655764 <= VALUES < 1670265058
I20260710 13:21:25.609344 16798 data_dirs.cc:400] Could only allocate 1 dirs of requested 3 for tablet 6b4b517669004f6aad6b7fbb6660652c. 1 dirs total, 0 dirs full, 0 dirs failed
I20260710 13:21:25.623915 16928 tablet_bootstrap.cc:492] T 9db696b321404ccdb3496d86b75eeec2 P a158e1603d5e43178c3a67a33e0c1bbf: Bootstrap starting.
I20260710 13:21:25.625762 16868 tablet_service.cc:1511] Processing CreateTablet for tablet 6b4b517669004f6aad6b7fbb6660652c (DEFAULT_TABLE table=test-workload [id=23f1135f35d94dfb8743b139e7f94cfa]), partition=RANGE (key) PARTITION 1431655764 <= VALUES < 1670265058
I20260710 13:21:25.631979 16868 data_dirs.cc:400] Could only allocate 1 dirs of requested 3 for tablet 6b4b517669004f6aad6b7fbb6660652c. 1 dirs total, 0 dirs full, 0 dirs failed
I20260710 13:21:25.652541 16722 tablet_service.cc:1511] Processing CreateTablet for tablet 6ba9aa97d9b647c2953a083ce065ba90 (DEFAULT_TABLE table=test-workload [id=23f1135f35d94dfb8743b139e7f94cfa]), partition=RANGE (key) PARTITION 1670265058 <= VALUES < 1908874352
I20260710 13:21:25.653705 16800 tablet_service.cc:1511] Processing CreateTablet for tablet 6ba9aa97d9b647c2953a083ce065ba90 (DEFAULT_TABLE table=test-workload [id=23f1135f35d94dfb8743b139e7f94cfa]), partition=RANGE (key) PARTITION 1670265058 <= VALUES < 1908874352
I20260710 13:21:25.653802 16722 data_dirs.cc:400] Could only allocate 1 dirs of requested 3 for tablet 6ba9aa97d9b647c2953a083ce065ba90. 1 dirs total, 0 dirs full, 0 dirs failed
I20260710 13:21:25.659107 16867 tablet_service.cc:1511] Processing CreateTablet for tablet 6ba9aa97d9b647c2953a083ce065ba90 (DEFAULT_TABLE table=test-workload [id=23f1135f35d94dfb8743b139e7f94cfa]), partition=RANGE (key) PARTITION 1670265058 <= VALUES < 1908874352
I20260710 13:21:25.660941 16867 data_dirs.cc:400] Could only allocate 1 dirs of requested 3 for tablet 6ba9aa97d9b647c2953a083ce065ba90. 1 dirs total, 0 dirs full, 0 dirs failed
I20260710 13:21:25.660977 16927 tablet_bootstrap.cc:654] T ede2a45c7078428db491a6ca1f50b6e8 P 9d2ecb1949094efc8a2ad87055ea28f3: Neither blocks nor log segments found. Creating new log.
I20260710 13:21:25.661870 16721 tablet_service.cc:1511] Processing CreateTablet for tablet afcdcddffcc44f89a9a8bdc535087a5a (DEFAULT_TABLE table=test-workload [id=23f1135f35d94dfb8743b139e7f94cfa]), partition=RANGE (key) PARTITION 1908874352 <= VALUES
I20260710 13:21:25.665928 16721 data_dirs.cc:400] Could only allocate 1 dirs of requested 3 for tablet afcdcddffcc44f89a9a8bdc535087a5a. 1 dirs total, 0 dirs full, 0 dirs failed
I20260710 13:21:25.668342 16866 tablet_service.cc:1511] Processing CreateTablet for tablet afcdcddffcc44f89a9a8bdc535087a5a (DEFAULT_TABLE table=test-workload [id=23f1135f35d94dfb8743b139e7f94cfa]), partition=RANGE (key) PARTITION 1908874352 <= VALUES
I20260710 13:21:25.670008 16866 data_dirs.cc:400] Could only allocate 1 dirs of requested 3 for tablet afcdcddffcc44f89a9a8bdc535087a5a. 1 dirs total, 0 dirs full, 0 dirs failed
I20260710 13:21:25.679476 16795 tablet_service.cc:1511] Processing CreateTablet for tablet afcdcddffcc44f89a9a8bdc535087a5a (DEFAULT_TABLE table=test-workload [id=23f1135f35d94dfb8743b139e7f94cfa]), partition=RANGE (key) PARTITION 1908874352 <= VALUES
I20260710 13:21:25.677999 16800 data_dirs.cc:400] Could only allocate 1 dirs of requested 3 for tablet 6ba9aa97d9b647c2953a083ce065ba90. 1 dirs total, 0 dirs full, 0 dirs failed
I20260710 13:21:25.687526 16928 tablet_bootstrap.cc:654] T 9db696b321404ccdb3496d86b75eeec2 P a158e1603d5e43178c3a67a33e0c1bbf: Neither blocks nor log segments found. Creating new log.
W20260710 13:21:25.693657 16680 auto_rebalancer.cc:288] Could not retrieve cluster info: Service unavailable: Tablet not running
I20260710 13:21:25.708494 16795 data_dirs.cc:400] Could only allocate 1 dirs of requested 3 for tablet afcdcddffcc44f89a9a8bdc535087a5a. 1 dirs total, 0 dirs full, 0 dirs failed
I20260710 13:21:25.735778 16927 tablet_bootstrap.cc:492] T ede2a45c7078428db491a6ca1f50b6e8 P 9d2ecb1949094efc8a2ad87055ea28f3: No bootstrap required, opened a new log
I20260710 13:21:25.736536 16927 ts_tablet_manager.cc:1403] T ede2a45c7078428db491a6ca1f50b6e8 P 9d2ecb1949094efc8a2ad87055ea28f3: Time spent bootstrapping tablet: real 0.192s	user 0.016s	sys 0.016s
I20260710 13:21:25.737732 16929 tablet_bootstrap.cc:492] T ede2a45c7078428db491a6ca1f50b6e8 P cdebde46c1e44cfa9768e13cc1e5ae5d: Bootstrap starting.
I20260710 13:21:25.741510 16927 raft_consensus.cc:359] T ede2a45c7078428db491a6ca1f50b6e8 P 9d2ecb1949094efc8a2ad87055ea28f3 [term 0 FOLLOWER]: Replica starting. Triggering 0 pending ops. Active config: opid_index: -1 OBSOLETE_local: false peers { permanent_uuid: "a158e1603d5e43178c3a67a33e0c1bbf" member_type: VOTER last_known_addr { host: "127.16.54.1" port: 36393 } } peers { permanent_uuid: "9d2ecb1949094efc8a2ad87055ea28f3" member_type: VOTER last_known_addr { host: "127.16.54.2" port: 43959 } } peers { permanent_uuid: "cdebde46c1e44cfa9768e13cc1e5ae5d" member_type: VOTER last_known_addr { host: "127.16.54.3" port: 41033 } }
I20260710 13:21:25.742359 16927 raft_consensus.cc:385] T ede2a45c7078428db491a6ca1f50b6e8 P 9d2ecb1949094efc8a2ad87055ea28f3 [term 0 FOLLOWER]: Consensus starting up: Expiring failure detector timer to make a prompt election more likely
I20260710 13:21:25.744345 16927 raft_consensus.cc:740] T ede2a45c7078428db491a6ca1f50b6e8 P 9d2ecb1949094efc8a2ad87055ea28f3 [term 0 FOLLOWER]: Becoming Follower/Learner. State: Replica: 9d2ecb1949094efc8a2ad87055ea28f3, State: Initialized, Role: FOLLOWER
I20260710 13:21:25.746773 16927 consensus_queue.cc:260] T ede2a45c7078428db491a6ca1f50b6e8 P 9d2ecb1949094efc8a2ad87055ea28f3 [NON_LEADER]: Queue going to NON_LEADER mode. State: All replicated index: 0, Majority replicated index: 0, Committed index: 0, Last appended: 0.0, Last appended by leader: 0, Current term: 0, Majority size: -1, State: 0, Mode: NON_LEADER, active raft config: opid_index: -1 OBSOLETE_local: false peers { permanent_uuid: "a158e1603d5e43178c3a67a33e0c1bbf" member_type: VOTER last_known_addr { host: "127.16.54.1" port: 36393 } } peers { permanent_uuid: "9d2ecb1949094efc8a2ad87055ea28f3" member_type: VOTER last_known_addr { host: "127.16.54.2" port: 43959 } } peers { permanent_uuid: "cdebde46c1e44cfa9768e13cc1e5ae5d" member_type: VOTER last_known_addr { host: "127.16.54.3" port: 41033 } }
I20260710 13:21:25.747931 16928 tablet_bootstrap.cc:492] T 9db696b321404ccdb3496d86b75eeec2 P a158e1603d5e43178c3a67a33e0c1bbf: No bootstrap required, opened a new log
I20260710 13:21:25.750569 16928 ts_tablet_manager.cc:1403] T 9db696b321404ccdb3496d86b75eeec2 P a158e1603d5e43178c3a67a33e0c1bbf: Time spent bootstrapping tablet: real 0.128s	user 0.008s	sys 0.010s
I20260710 13:21:25.753149 16927 ts_tablet_manager.cc:1434] T ede2a45c7078428db491a6ca1f50b6e8 P 9d2ecb1949094efc8a2ad87055ea28f3: Time spent starting tablet: real 0.016s	user 0.008s	sys 0.003s
I20260710 13:21:25.753502 16929 tablet_bootstrap.cc:654] T ede2a45c7078428db491a6ca1f50b6e8 P cdebde46c1e44cfa9768e13cc1e5ae5d: Neither blocks nor log segments found. Creating new log.
I20260710 13:21:25.754060 16835 heartbeater.cc:499] Master 127.16.54.62:33389 was elected leader, sending a full tablet report...
I20260710 13:21:25.759685 16928 raft_consensus.cc:359] T 9db696b321404ccdb3496d86b75eeec2 P a158e1603d5e43178c3a67a33e0c1bbf [term 0 FOLLOWER]: Replica starting. Triggering 0 pending ops. Active config: opid_index: -1 OBSOLETE_local: false peers { permanent_uuid: "cdebde46c1e44cfa9768e13cc1e5ae5d" member_type: VOTER last_known_addr { host: "127.16.54.3" port: 41033 } } peers { permanent_uuid: "9d2ecb1949094efc8a2ad87055ea28f3" member_type: VOTER last_known_addr { host: "127.16.54.2" port: 43959 } } peers { permanent_uuid: "a158e1603d5e43178c3a67a33e0c1bbf" member_type: VOTER last_known_addr { host: "127.16.54.1" port: 36393 } }
I20260710 13:21:25.760530 16928 raft_consensus.cc:385] T 9db696b321404ccdb3496d86b75eeec2 P a158e1603d5e43178c3a67a33e0c1bbf [term 0 FOLLOWER]: Consensus starting up: Expiring failure detector timer to make a prompt election more likely
I20260710 13:21:25.760849 16928 raft_consensus.cc:740] T 9db696b321404ccdb3496d86b75eeec2 P a158e1603d5e43178c3a67a33e0c1bbf [term 0 FOLLOWER]: Becoming Follower/Learner. State: Replica: a158e1603d5e43178c3a67a33e0c1bbf, State: Initialized, Role: FOLLOWER
I20260710 13:21:25.761634 16928 consensus_queue.cc:260] T 9db696b321404ccdb3496d86b75eeec2 P a158e1603d5e43178c3a67a33e0c1bbf [NON_LEADER]: Queue going to NON_LEADER mode. State: All replicated index: 0, Majority replicated index: 0, Committed index: 0, Last appended: 0.0, Last appended by leader: 0, Current term: 0, Majority size: -1, State: 0, Mode: NON_LEADER, active raft config: opid_index: -1 OBSOLETE_local: false peers { permanent_uuid: "cdebde46c1e44cfa9768e13cc1e5ae5d" member_type: VOTER last_known_addr { host: "127.16.54.3" port: 41033 } } peers { permanent_uuid: "9d2ecb1949094efc8a2ad87055ea28f3" member_type: VOTER last_known_addr { host: "127.16.54.2" port: 43959 } } peers { permanent_uuid: "a158e1603d5e43178c3a67a33e0c1bbf" member_type: VOTER last_known_addr { host: "127.16.54.1" port: 36393 } }
I20260710 13:21:25.767200 16928 ts_tablet_manager.cc:1434] T 9db696b321404ccdb3496d86b75eeec2 P a158e1603d5e43178c3a67a33e0c1bbf: Time spent starting tablet: real 0.015s	user 0.004s	sys 0.004s
I20260710 13:21:25.767999 16760 heartbeater.cc:499] Master 127.16.54.62:33389 was elected leader, sending a full tablet report...
I20260710 13:21:25.768251 16928 tablet_bootstrap.cc:492] T 10bfd613a04f4e908846523501019687 P a158e1603d5e43178c3a67a33e0c1bbf: Bootstrap starting.
I20260710 13:21:25.776576 16928 tablet_bootstrap.cc:654] T 10bfd613a04f4e908846523501019687 P a158e1603d5e43178c3a67a33e0c1bbf: Neither blocks nor log segments found. Creating new log.
I20260710 13:21:25.782490 16927 tablet_bootstrap.cc:492] T 7501c40eec9c4ed0b4c3b920b46c019d P 9d2ecb1949094efc8a2ad87055ea28f3: Bootstrap starting.
I20260710 13:21:25.790068 16927 tablet_bootstrap.cc:654] T 7501c40eec9c4ed0b4c3b920b46c019d P 9d2ecb1949094efc8a2ad87055ea28f3: Neither blocks nor log segments found. Creating new log.
I20260710 13:21:25.798774 16928 tablet_bootstrap.cc:492] T 10bfd613a04f4e908846523501019687 P a158e1603d5e43178c3a67a33e0c1bbf: No bootstrap required, opened a new log
I20260710 13:21:25.799309 16928 ts_tablet_manager.cc:1403] T 10bfd613a04f4e908846523501019687 P a158e1603d5e43178c3a67a33e0c1bbf: Time spent bootstrapping tablet: real 0.031s	user 0.010s	sys 0.004s
