I20260710 13:21:21.921844 11480 raft_consensus.cc:2468] T 5fa2ebb7dff94577a8c13d7a8c5f45c2 P 58b34a1179f94ecab4a93f311c32d3b9 [term 1 FOLLOWER]: Leader election vote request: Granting yes vote for candidate e52f715973d446f0893e0fd92a95b2a5 in term 1.
I20260710 13:21:21.923231 11370 leader_election.cc:304] T 5fa2ebb7dff94577a8c13d7a8c5f45c2 P e52f715973d446f0893e0fd92a95b2a5 [CANDIDATE]: Term 1 election: Election decided. Result: candidate won. Election summary: received 2 responses out of 3 voters: 2 yes votes; 0 no votes. yes voters: 58b34a1179f94ecab4a93f311c32d3b9, e52f715973d446f0893e0fd92a95b2a5; no voters: 
I20260710 13:21:21.923475 11524 raft_consensus.cc:359] T 986441ad2e3e4989b62c61f9bf4f9e51 P 58b34a1179f94ecab4a93f311c32d3b9 [term 0 FOLLOWER]: Replica starting. Triggering 0 pending ops. Active config: opid_index: -1 OBSOLETE_local: false peers { permanent_uuid: "0b74dc94958a4c4f8e714781ef4b86ce" member_type: VOTER last_known_addr { host: "127.10.239.1" port: 41195 } } peers { permanent_uuid: "e52f715973d446f0893e0fd92a95b2a5" member_type: VOTER last_known_addr { host: "127.10.239.2" port: 46019 } } peers { permanent_uuid: "58b34a1179f94ecab4a93f311c32d3b9" member_type: VOTER last_known_addr { host: "127.10.239.3" port: 38387 } }
I20260710 13:21:21.924372 11524 raft_consensus.cc:385] T 986441ad2e3e4989b62c61f9bf4f9e51 P 58b34a1179f94ecab4a93f311c32d3b9 [term 0 FOLLOWER]: Consensus starting up: Expiring failure detector timer to make a prompt election more likely
I20260710 13:21:21.926060 11524 raft_consensus.cc:740] T 986441ad2e3e4989b62c61f9bf4f9e51 P 58b34a1179f94ecab4a93f311c32d3b9 [term 0 FOLLOWER]: Becoming Follower/Learner. State: Replica: 58b34a1179f94ecab4a93f311c32d3b9, State: Initialized, Role: FOLLOWER
I20260710 13:21:21.927325 11479 tablet_service.cc:1917] Received RequestConsensusVote() RPC: tablet_id: "1daf530033114f6bbf49c390c0b527a8" candidate_uuid: "0b74dc94958a4c4f8e714781ef4b86ce" candidate_term: 1 candidate_status { last_received { term: 0 index: 0 } } ignore_live_leader: false dest_uuid: "58b34a1179f94ecab4a93f311c32d3b9"
I20260710 13:21:21.927227 11524 consensus_queue.cc:260] T 986441ad2e3e4989b62c61f9bf4f9e51 P 58b34a1179f94ecab4a93f311c32d3b9 [NON_LEADER]: Queue going to NON_LEADER mode. State: All replicated index: 0, Majority replicated index: 0, Committed index: 0, Last appended: 0.0, Last appended by leader: 0, Current term: 0, Majority size: -1, State: 0, Mode: NON_LEADER, active raft config: opid_index: -1 OBSOLETE_local: false peers { permanent_uuid: "0b74dc94958a4c4f8e714781ef4b86ce" member_type: VOTER last_known_addr { host: "127.10.239.1" port: 41195 } } peers { permanent_uuid: "e52f715973d446f0893e0fd92a95b2a5" member_type: VOTER last_known_addr { host: "127.10.239.2" port: 46019 } } peers { permanent_uuid: "58b34a1179f94ecab4a93f311c32d3b9" member_type: VOTER last_known_addr { host: "127.10.239.3" port: 38387 } }
I20260710 13:21:21.928135 11479 raft_consensus.cc:3060] T 1daf530033114f6bbf49c390c0b527a8 P 58b34a1179f94ecab4a93f311c32d3b9 [term 0 FOLLOWER]: Advancing to term 1
I20260710 13:21:21.924610 11406 tablet_service.cc:1917] Received RequestConsensusVote() RPC: tablet_id: "1daf530033114f6bbf49c390c0b527a8" candidate_uuid: "0b74dc94958a4c4f8e714781ef4b86ce" candidate_term: 1 candidate_status { last_received { term: 0 index: 0 } } ignore_live_leader: false dest_uuid: "e52f715973d446f0893e0fd92a95b2a5"
W20260710 13:21:21.931687 11294 leader_election.cc:343] T 1daf530033114f6bbf49c390c0b527a8 P 0b74dc94958a4c4f8e714781ef4b86ce [CANDIDATE]: Term 1 election: Tablet error from VoteRequest() call to peer e52f715973d446f0893e0fd92a95b2a5 (127.10.239.2:46019): Illegal state: must be running to vote when last-logged opid is not known
I20260710 13:21:21.931860 11524 ts_tablet_manager.cc:1434] T 986441ad2e3e4989b62c61f9bf4f9e51 P 58b34a1179f94ecab4a93f311c32d3b9: Time spent starting tablet: real 0.024s	user 0.009s	sys 0.000s
I20260710 13:21:21.932708 11330 tablet_service.cc:1917] Received RequestConsensusVote() RPC: tablet_id: "5fa2ebb7dff94577a8c13d7a8c5f45c2" candidate_uuid: "e52f715973d446f0893e0fd92a95b2a5" candidate_term: 1 candidate_status { last_received { term: 0 index: 0 } } ignore_live_leader: false dest_uuid: "0b74dc94958a4c4f8e714781ef4b86ce"
I20260710 13:21:21.933678 11524 tablet_bootstrap.cc:492] T 4ac6b60b64484a939b74aa9b4e49c2d0 P 58b34a1179f94ecab4a93f311c32d3b9: Bootstrap starting.
I20260710 13:21:21.923998 11529 leader_election.cc:290] T 1daf530033114f6bbf49c390c0b527a8 P 0b74dc94958a4c4f8e714781ef4b86ce [CANDIDATE]: Term 1 election: Requested vote from peers e52f715973d446f0893e0fd92a95b2a5 (127.10.239.2:46019), 58b34a1179f94ecab4a93f311c32d3b9 (127.10.239.3:38387)
I20260710 13:21:21.924189 11532 raft_consensus.cc:2804] T 5fa2ebb7dff94577a8c13d7a8c5f45c2 P e52f715973d446f0893e0fd92a95b2a5 [term 1 FOLLOWER]: Leader election won for term 1
I20260710 13:21:21.936201 11525 ts_tablet_manager.cc:1403] T 37073c14a1304d79b7937daa6e5a5e95 P e52f715973d446f0893e0fd92a95b2a5: Time spent bootstrapping tablet: real 0.204s	user 0.028s	sys 0.003s
W20260710 13:21:21.936079 11371 leader_election.cc:343] T 5fa2ebb7dff94577a8c13d7a8c5f45c2 P e52f715973d446f0893e0fd92a95b2a5 [CANDIDATE]: Term 1 election: Tablet error from VoteRequest() call to peer 0b74dc94958a4c4f8e714781ef4b86ce (127.10.239.1:41195): Illegal state: must be running to vote when last-logged opid is not known
I20260710 13:21:21.939707 11532 raft_consensus.cc:697] T 5fa2ebb7dff94577a8c13d7a8c5f45c2 P e52f715973d446f0893e0fd92a95b2a5 [term 1 LEADER]: Becoming Leader. State: Replica: e52f715973d446f0893e0fd92a95b2a5, State: Running, Role: LEADER
I20260710 13:21:21.936333 11226 catalog_manager.cc:5697] T 58a2371bbf9f42bba0770c4addc84f7d P e52f715973d446f0893e0fd92a95b2a5 reported cstate change: term changed from 0 to 1, leader changed from <none> to e52f715973d446f0893e0fd92a95b2a5 (127.10.239.2). New cstate: current_term: 1 leader_uuid: "e52f715973d446f0893e0fd92a95b2a5" committed_config { opid_index: -1 OBSOLETE_local: false peers { permanent_uuid: "0b74dc94958a4c4f8e714781ef4b86ce" member_type: VOTER last_known_addr { host: "127.10.239.1" port: 41195 } health_report { overall_health: UNKNOWN } } peers { permanent_uuid: "e52f715973d446f0893e0fd92a95b2a5" member_type: VOTER last_known_addr { host: "127.10.239.2" port: 46019 } health_report { overall_health: HEALTHY } } peers { permanent_uuid: "58b34a1179f94ecab4a93f311c32d3b9" member_type: VOTER last_known_addr { host: "127.10.239.3" port: 38387 } health_report { overall_health: UNKNOWN } } }
I20260710 13:21:21.940608 11532 consensus_queue.cc:237] T 5fa2ebb7dff94577a8c13d7a8c5f45c2 P e52f715973d446f0893e0fd92a95b2a5 [LEADER]: Queue going to LEADER mode. State: All replicated index: 0, Majority replicated index: 0, Committed index: 0, Last appended: 0.0, Last appended by leader: 0, Current term: 1, Majority size: 2, State: 0, Mode: LEADER, active raft config: opid_index: -1 OBSOLETE_local: false peers { permanent_uuid: "0b74dc94958a4c4f8e714781ef4b86ce" member_type: VOTER last_known_addr { host: "127.10.239.1" port: 41195 } } peers { permanent_uuid: "e52f715973d446f0893e0fd92a95b2a5" member_type: VOTER last_known_addr { host: "127.10.239.2" port: 46019 } } peers { permanent_uuid: "58b34a1179f94ecab4a93f311c32d3b9" member_type: VOTER last_known_addr { host: "127.10.239.3" port: 38387 } }
I20260710 13:21:21.948371 11479 raft_consensus.cc:2468] T 1daf530033114f6bbf49c390c0b527a8 P 58b34a1179f94ecab4a93f311c32d3b9 [term 1 FOLLOWER]: Leader election vote request: Granting yes vote for candidate 0b74dc94958a4c4f8e714781ef4b86ce in term 1.
I20260710 13:21:21.951005 11295 leader_election.cc:304] T 1daf530033114f6bbf49c390c0b527a8 P 0b74dc94958a4c4f8e714781ef4b86ce [CANDIDATE]: Term 1 election: Election decided. Result: candidate won. Election summary: received 3 responses out of 3 voters: 2 yes votes; 1 no votes. yes voters: 0b74dc94958a4c4f8e714781ef4b86ce, 58b34a1179f94ecab4a93f311c32d3b9; no voters: e52f715973d446f0893e0fd92a95b2a5
I20260710 13:21:21.952703 11529 raft_consensus.cc:2804] T 1daf530033114f6bbf49c390c0b527a8 P 0b74dc94958a4c4f8e714781ef4b86ce [term 1 FOLLOWER]: Leader election won for term 1
I20260710 13:21:21.953274 11529 raft_consensus.cc:697] T 1daf530033114f6bbf49c390c0b527a8 P 0b74dc94958a4c4f8e714781ef4b86ce [term 1 LEADER]: Becoming Leader. State: Replica: 0b74dc94958a4c4f8e714781ef4b86ce, State: Running, Role: LEADER
I20260710 13:21:21.954890 11529 consensus_queue.cc:237] T 1daf530033114f6bbf49c390c0b527a8 P 0b74dc94958a4c4f8e714781ef4b86ce [LEADER]: Queue going to LEADER mode. State: All replicated index: 0, Majority replicated index: 0, Committed index: 0, Last appended: 0.0, Last appended by leader: 0, Current term: 1, Majority size: 2, State: 0, Mode: LEADER, active raft config: opid_index: -1 OBSOLETE_local: false peers { permanent_uuid: "0b74dc94958a4c4f8e714781ef4b86ce" member_type: VOTER last_known_addr { host: "127.10.239.1" port: 41195 } } peers { permanent_uuid: "e52f715973d446f0893e0fd92a95b2a5" member_type: VOTER last_known_addr { host: "127.10.239.2" port: 46019 } } peers { permanent_uuid: "58b34a1179f94ecab4a93f311c32d3b9" member_type: VOTER last_known_addr { host: "127.10.239.3" port: 38387 } }
I20260710 13:21:21.956306 11525 raft_consensus.cc:359] T 37073c14a1304d79b7937daa6e5a5e95 P e52f715973d446f0893e0fd92a95b2a5 [term 0 FOLLOWER]: Replica starting. Triggering 0 pending ops. Active config: opid_index: -1 OBSOLETE_local: false peers { permanent_uuid: "58b34a1179f94ecab4a93f311c32d3b9" member_type: VOTER last_known_addr { host: "127.10.239.3" port: 38387 } } peers { permanent_uuid: "0b74dc94958a4c4f8e714781ef4b86ce" member_type: VOTER last_known_addr { host: "127.10.239.1" port: 41195 } } peers { permanent_uuid: "e52f715973d446f0893e0fd92a95b2a5" member_type: VOTER last_known_addr { host: "127.10.239.2" port: 46019 } }
I20260710 13:21:21.960482 11525 raft_consensus.cc:385] T 37073c14a1304d79b7937daa6e5a5e95 P e52f715973d446f0893e0fd92a95b2a5 [term 0 FOLLOWER]: Consensus starting up: Expiring failure detector timer to make a prompt election more likely
I20260710 13:21:21.964032 11525 raft_consensus.cc:740] T 37073c14a1304d79b7937daa6e5a5e95 P e52f715973d446f0893e0fd92a95b2a5 [term 0 FOLLOWER]: Becoming Follower/Learner. State: Replica: e52f715973d446f0893e0fd92a95b2a5, State: Initialized, Role: FOLLOWER
I20260710 13:21:21.962586 11228 catalog_manager.cc:5697] T a6b8cfc63c384a32b6613d0b0db89426 P 58b34a1179f94ecab4a93f311c32d3b9 reported cstate change: term changed from 0 to 1, leader changed from <none> to 58b34a1179f94ecab4a93f311c32d3b9 (127.10.239.3). New cstate: current_term: 1 leader_uuid: "58b34a1179f94ecab4a93f311c32d3b9" committed_config { opid_index: -1 OBSOLETE_local: false peers { permanent_uuid: "0b74dc94958a4c4f8e714781ef4b86ce" member_type: VOTER last_known_addr { host: "127.10.239.1" port: 41195 } health_report { overall_health: UNKNOWN } } peers { permanent_uuid: "e52f715973d446f0893e0fd92a95b2a5" member_type: VOTER last_known_addr { host: "127.10.239.2" port: 46019 } health_report { overall_health: UNKNOWN } } peers { permanent_uuid: "58b34a1179f94ecab4a93f311c32d3b9" member_type: VOTER last_known_addr { host: "127.10.239.3" port: 38387 } health_report { overall_health: HEALTHY } } }
I20260710 13:21:21.975662 11523 tablet_bootstrap.cc:492] T 4ac6b60b64484a939b74aa9b4e49c2d0 P 0b74dc94958a4c4f8e714781ef4b86ce: No bootstrap required, opened a new log
I20260710 13:21:21.976414 11523 ts_tablet_manager.cc:1403] T 4ac6b60b64484a939b74aa9b4e49c2d0 P 0b74dc94958a4c4f8e714781ef4b86ce: Time spent bootstrapping tablet: real 0.119s	user 0.014s	sys 0.012s
I20260710 13:21:21.967068 11525 consensus_queue.cc:260] T 37073c14a1304d79b7937daa6e5a5e95 P e52f715973d446f0893e0fd92a95b2a5 [NON_LEADER]: Queue going to NON_LEADER mode. State: All replicated index: 0, Majority replicated index: 0, Committed index: 0, Last appended: 0.0, Last appended by leader: 0, Current term: 0, Majority size: -1, State: 0, Mode: NON_LEADER, active raft config: opid_index: -1 OBSOLETE_local: false peers { permanent_uuid: "58b34a1179f94ecab4a93f311c32d3b9" member_type: VOTER last_known_addr { host: "127.10.239.3" port: 38387 } } peers { permanent_uuid: "0b74dc94958a4c4f8e714781ef4b86ce" member_type: VOTER last_known_addr { host: "127.10.239.1" port: 41195 } } peers { permanent_uuid: "e52f715973d446f0893e0fd92a95b2a5" member_type: VOTER last_known_addr { host: "127.10.239.2" port: 46019 } }
I20260710 13:21:21.980511 11525 ts_tablet_manager.cc:1434] T 37073c14a1304d79b7937daa6e5a5e95 P e52f715973d446f0893e0fd92a95b2a5: Time spent starting tablet: real 0.043s	user 0.007s	sys 0.002s
I20260710 13:21:21.982134 11525 tablet_bootstrap.cc:492] T 986441ad2e3e4989b62c61f9bf4f9e51 P e52f715973d446f0893e0fd92a95b2a5: Bootstrap starting.
I20260710 13:21:21.988914 11524 tablet_bootstrap.cc:654] T 4ac6b60b64484a939b74aa9b4e49c2d0 P 58b34a1179f94ecab4a93f311c32d3b9: Neither blocks nor log segments found. Creating new log.
I20260710 13:21:21.999330 11533 raft_consensus.cc:493] T 37073c14a1304d79b7937daa6e5a5e95 P e52f715973d446f0893e0fd92a95b2a5 [term 0 FOLLOWER]: Starting pre-election (no leader contacted us within the election timeout)
I20260710 13:21:22.000133 11533 raft_consensus.cc:515] T 37073c14a1304d79b7937daa6e5a5e95 P e52f715973d446f0893e0fd92a95b2a5 [term 0 FOLLOWER]: Starting pre-election with config: opid_index: -1 OBSOLETE_local: false peers { permanent_uuid: "58b34a1179f94ecab4a93f311c32d3b9" member_type: VOTER last_known_addr { host: "127.10.239.3" port: 38387 } } peers { permanent_uuid: "0b74dc94958a4c4f8e714781ef4b86ce" member_type: VOTER last_known_addr { host: "127.10.239.1" port: 41195 } } peers { permanent_uuid: "e52f715973d446f0893e0fd92a95b2a5" member_type: VOTER last_known_addr { host: "127.10.239.2" port: 46019 } }
I20260710 13:21:22.003417 11533 leader_election.cc:290] T 37073c14a1304d79b7937daa6e5a5e95 P e52f715973d446f0893e0fd92a95b2a5 [CANDIDATE]: Term 1 pre-election: Requested pre-vote from peers 58b34a1179f94ecab4a93f311c32d3b9 (127.10.239.3:38387), 0b74dc94958a4c4f8e714781ef4b86ce (127.10.239.1:41195)
I20260710 13:21:22.004323 11479 tablet_service.cc:1917] Received RequestConsensusVote() RPC: tablet_id: "37073c14a1304d79b7937daa6e5a5e95" candidate_uuid: "e52f715973d446f0893e0fd92a95b2a5" candidate_term: 1 candidate_status { last_received { term: 0 index: 0 } } ignore_live_leader: false dest_uuid: "58b34a1179f94ecab4a93f311c32d3b9" is_pre_election: true
I20260710 13:21:22.005594 11330 tablet_service.cc:1917] Received RequestConsensusVote() RPC: tablet_id: "37073c14a1304d79b7937daa6e5a5e95" candidate_uuid: "e52f715973d446f0893e0fd92a95b2a5" candidate_term: 1 candidate_status { last_received { term: 0 index: 0 } } ignore_live_leader: false dest_uuid: "0b74dc94958a4c4f8e714781ef4b86ce" is_pre_election: true
I20260710 13:21:22.006336 11330 raft_consensus.cc:2468] T 37073c14a1304d79b7937daa6e5a5e95 P 0b74dc94958a4c4f8e714781ef4b86ce [term 0 FOLLOWER]: Leader pre-election vote request: Granting yes vote for candidate e52f715973d446f0893e0fd92a95b2a5 in term 0.
W20260710 13:21:22.007102 11370 leader_election.cc:343] T 37073c14a1304d79b7937daa6e5a5e95 P e52f715973d446f0893e0fd92a95b2a5 [CANDIDATE]: Term 1 pre-election: Tablet error from VoteRequest() call to peer 58b34a1179f94ecab4a93f311c32d3b9 (127.10.239.3:38387): Illegal state: must be running to vote when last-logged opid is not known
I20260710 13:21:22.015563 11523 raft_consensus.cc:359] T 4ac6b60b64484a939b74aa9b4e49c2d0 P 0b74dc94958a4c4f8e714781ef4b86ce [term 0 FOLLOWER]: Replica starting. Triggering 0 pending ops. Active config: opid_index: -1 OBSOLETE_local: false peers { permanent_uuid: "0b74dc94958a4c4f8e714781ef4b86ce" member_type: VOTER last_known_addr { host: "127.10.239.1" port: 41195 } } peers { permanent_uuid: "e52f715973d446f0893e0fd92a95b2a5" member_type: VOTER last_known_addr { host: "127.10.239.2" port: 46019 } } peers { permanent_uuid: "58b34a1179f94ecab4a93f311c32d3b9" member_type: VOTER last_known_addr { host: "127.10.239.3" port: 38387 } }
I20260710 13:21:22.016510 11523 raft_consensus.cc:385] T 4ac6b60b64484a939b74aa9b4e49c2d0 P 0b74dc94958a4c4f8e714781ef4b86ce [term 0 FOLLOWER]: Consensus starting up: Expiring failure detector timer to make a prompt election more likely
I20260710 13:21:22.016898 11523 raft_consensus.cc:740] T 4ac6b60b64484a939b74aa9b4e49c2d0 P 0b74dc94958a4c4f8e714781ef4b86ce [term 0 FOLLOWER]: Becoming Follower/Learner. State: Replica: 0b74dc94958a4c4f8e714781ef4b86ce, State: Initialized, Role: FOLLOWER
I20260710 13:21:22.020725 11523 consensus_queue.cc:260] T 4ac6b60b64484a939b74aa9b4e49c2d0 P 0b74dc94958a4c4f8e714781ef4b86ce [NON_LEADER]: Queue going to NON_LEADER mode. State: All replicated index: 0, Majority replicated index: 0, Committed index: 0, Last appended: 0.0, Last appended by leader: 0, Current term: 0, Majority size: -1, State: 0, Mode: NON_LEADER, active raft config: opid_index: -1 OBSOLETE_local: false peers { permanent_uuid: "0b74dc94958a4c4f8e714781ef4b86ce" member_type: VOTER last_known_addr { host: "127.10.239.1" port: 41195 } } peers { permanent_uuid: "e52f715973d446f0893e0fd92a95b2a5" member_type: VOTER last_known_addr { host: "127.10.239.2" port: 46019 } } peers { permanent_uuid: "58b34a1179f94ecab4a93f311c32d3b9" member_type: VOTER last_known_addr { host: "127.10.239.3" port: 38387 } }
I20260710 13:21:22.023325 11523 ts_tablet_manager.cc:1434] T 4ac6b60b64484a939b74aa9b4e49c2d0 P 0b74dc94958a4c4f8e714781ef4b86ce: Time spent starting tablet: real 0.046s	user 0.007s	sys 0.004s
I20260710 13:21:22.025063 11523 tablet_bootstrap.cc:492] T 986441ad2e3e4989b62c61f9bf4f9e51 P 0b74dc94958a4c4f8e714781ef4b86ce: Bootstrap starting.
I20260710 13:21:22.026538 11227 catalog_manager.cc:5697] T 1daf530033114f6bbf49c390c0b527a8 P 0b74dc94958a4c4f8e714781ef4b86ce reported cstate change: term changed from 0 to 1, leader changed from <none> to 0b74dc94958a4c4f8e714781ef4b86ce (127.10.239.1). New cstate: current_term: 1 leader_uuid: "0b74dc94958a4c4f8e714781ef4b86ce" committed_config { opid_index: -1 OBSOLETE_local: false peers { permanent_uuid: "0b74dc94958a4c4f8e714781ef4b86ce" member_type: VOTER last_known_addr { host: "127.10.239.1" port: 41195 } health_report { overall_health: HEALTHY } } peers { permanent_uuid: "e52f715973d446f0893e0fd92a95b2a5" member_type: VOTER last_known_addr { host: "127.10.239.2" port: 46019 } health_report { overall_health: UNKNOWN } } peers { permanent_uuid: "58b34a1179f94ecab4a93f311c32d3b9" member_type: VOTER last_known_addr { host: "127.10.239.3" port: 38387 } health_report { overall_health: UNKNOWN } } }
I20260710 13:21:22.016706 11371 leader_election.cc:304] T 37073c14a1304d79b7937daa6e5a5e95 P e52f715973d446f0893e0fd92a95b2a5 [CANDIDATE]: Term 1 pre-election: Election decided. Result: candidate won. Election summary: received 3 responses out of 3 voters: 2 yes votes; 1 no votes. yes voters: 0b74dc94958a4c4f8e714781ef4b86ce, e52f715973d446f0893e0fd92a95b2a5; no voters: 58b34a1179f94ecab4a93f311c32d3b9
I20260710 13:21:22.036743 11533 raft_consensus.cc:2804] T 37073c14a1304d79b7937daa6e5a5e95 P e52f715973d446f0893e0fd92a95b2a5 [term 0 FOLLOWER]: Leader pre-election won for term 1
I20260710 13:21:22.037698 11533 raft_consensus.cc:493] T 37073c14a1304d79b7937daa6e5a5e95 P e52f715973d446f0893e0fd92a95b2a5 [term 0 FOLLOWER]: Starting leader election (no leader contacted us within the election timeout)
I20260710 13:21:22.038213 11533 raft_consensus.cc:3060] T 37073c14a1304d79b7937daa6e5a5e95 P e52f715973d446f0893e0fd92a95b2a5 [term 0 FOLLOWER]: Advancing to term 1
I20260710 13:21:22.059916 11525 tablet_bootstrap.cc:654] T 986441ad2e3e4989b62c61f9bf4f9e51 P e52f715973d446f0893e0fd92a95b2a5: Neither blocks nor log segments found. Creating new log.
I20260710 13:21:22.068845 11524 tablet_bootstrap.cc:492] T 4ac6b60b64484a939b74aa9b4e49c2d0 P 58b34a1179f94ecab4a93f311c32d3b9: No bootstrap required, opened a new log
I20260710 13:21:22.069543 11524 ts_tablet_manager.cc:1403] T 4ac6b60b64484a939b74aa9b4e49c2d0 P 58b34a1179f94ecab4a93f311c32d3b9: Time spent bootstrapping tablet: real 0.136s	user 0.022s	sys 0.017s
I20260710 13:21:22.060931 11523 tablet_bootstrap.cc:654] T 986441ad2e3e4989b62c61f9bf4f9e51 P 0b74dc94958a4c4f8e714781ef4b86ce: Neither blocks nor log segments found. Creating new log.
I20260710 13:21:22.060859 11533 raft_consensus.cc:515] T 37073c14a1304d79b7937daa6e5a5e95 P e52f715973d446f0893e0fd92a95b2a5 [term 1 FOLLOWER]: Starting leader election with config: opid_index: -1 OBSOLETE_local: false peers { permanent_uuid: "58b34a1179f94ecab4a93f311c32d3b9" member_type: VOTER last_known_addr { host: "127.10.239.3" port: 38387 } } peers { permanent_uuid: "0b74dc94958a4c4f8e714781ef4b86ce" member_type: VOTER last_known_addr { host: "127.10.239.1" port: 41195 } } peers { permanent_uuid: "e52f715973d446f0893e0fd92a95b2a5" member_type: VOTER last_known_addr { host: "127.10.239.2" port: 46019 } }
I20260710 13:21:22.073925 11533 leader_election.cc:290] T 37073c14a1304d79b7937daa6e5a5e95 P e52f715973d446f0893e0fd92a95b2a5 [CANDIDATE]: Term 1 election: Requested vote from peers 58b34a1179f94ecab4a93f311c32d3b9 (127.10.239.3:38387), 0b74dc94958a4c4f8e714781ef4b86ce (127.10.239.1:41195)
I20260710 13:21:22.074949 11479 tablet_service.cc:1917] Received RequestConsensusVote() RPC: tablet_id: "37073c14a1304d79b7937daa6e5a5e95" candidate_uuid: "e52f715973d446f0893e0fd92a95b2a5" candidate_term: 1 candidate_status { last_received { term: 0 index: 0 } } ignore_live_leader: false dest_uuid: "58b34a1179f94ecab4a93f311c32d3b9"
W20260710 13:21:22.077458 11370 leader_election.cc:343] T 37073c14a1304d79b7937daa6e5a5e95 P e52f715973d446f0893e0fd92a95b2a5 [CANDIDATE]: Term 1 election: Tablet error from VoteRequest() call to peer 58b34a1179f94ecab4a93f311c32d3b9 (127.10.239.3:38387): Illegal state: must be running to vote when last-logged opid is not known
I20260710 13:21:22.078944 11330 tablet_service.cc:1917] Received RequestConsensusVote() RPC: tablet_id: "37073c14a1304d79b7937daa6e5a5e95" candidate_uuid: "e52f715973d446f0893e0fd92a95b2a5" candidate_term: 1 candidate_status { last_received { term: 0 index: 0 } } ignore_live_leader: false dest_uuid: "0b74dc94958a4c4f8e714781ef4b86ce"
I20260710 13:21:22.070910 11532 raft_consensus.cc:493] T da98bfe64bbe44459bb39ebab6154257 P e52f715973d446f0893e0fd92a95b2a5 [term 0 FOLLOWER]: Starting pre-election (no leader contacted us within the election timeout)
I20260710 13:21:22.079172 11524 raft_consensus.cc:359] T 4ac6b60b64484a939b74aa9b4e49c2d0 P 58b34a1179f94ecab4a93f311c32d3b9 [term 0 FOLLOWER]: Replica starting. Triggering 0 pending ops. Active config: opid_index: -1 OBSOLETE_local: false peers { permanent_uuid: "0b74dc94958a4c4f8e714781ef4b86ce" member_type: VOTER last_known_addr { host: "127.10.239.1" port: 41195 } } peers { permanent_uuid: "e52f715973d446f0893e0fd92a95b2a5" member_type: VOTER last_known_addr { host: "127.10.239.2" port: 46019 } } peers { permanent_uuid: "58b34a1179f94ecab4a93f311c32d3b9" member_type: VOTER last_known_addr { host: "127.10.239.3" port: 38387 } }
I20260710 13:21:22.079591 11330 raft_consensus.cc:3060] T 37073c14a1304d79b7937daa6e5a5e95 P 0b74dc94958a4c4f8e714781ef4b86ce [term 0 FOLLOWER]: Advancing to term 1
I20260710 13:21:22.079969 11524 raft_consensus.cc:385] T 4ac6b60b64484a939b74aa9b4e49c2d0 P 58b34a1179f94ecab4a93f311c32d3b9 [term 0 FOLLOWER]: Consensus starting up: Expiring failure detector timer to make a prompt election more likely
I20260710 13:21:22.079906 11532 raft_consensus.cc:515] T da98bfe64bbe44459bb39ebab6154257 P e52f715973d446f0893e0fd92a95b2a5 [term 0 FOLLOWER]: Starting pre-election with config: opid_index: -1 OBSOLETE_local: false peers { permanent_uuid: "0b74dc94958a4c4f8e714781ef4b86ce" member_type: VOTER last_known_addr { host: "127.10.239.1" port: 41195 } } peers { permanent_uuid: "e52f715973d446f0893e0fd92a95b2a5" member_type: VOTER last_known_addr { host: "127.10.239.2" port: 46019 } } peers { permanent_uuid: "58b34a1179f94ecab4a93f311c32d3b9" member_type: VOTER last_known_addr { host: "127.10.239.3" port: 38387 } }
I20260710 13:21:22.082821 11532 leader_election.cc:290] T da98bfe64bbe44459bb39ebab6154257 P e52f715973d446f0893e0fd92a95b2a5 [CANDIDATE]: Term 1 pre-election: Requested pre-vote from peers 0b74dc94958a4c4f8e714781ef4b86ce (127.10.239.1:41195), 58b34a1179f94ecab4a93f311c32d3b9 (127.10.239.3:38387)
I20260710 13:21:22.083349 11331 tablet_service.cc:1917] Received RequestConsensusVote() RPC: tablet_id: "da98bfe64bbe44459bb39ebab6154257" candidate_uuid: "e52f715973d446f0893e0fd92a95b2a5" candidate_term: 1 candidate_status { last_received { term: 0 index: 0 } } ignore_live_leader: false dest_uuid: "0b74dc94958a4c4f8e714781ef4b86ce" is_pre_election: true
I20260710 13:21:22.080406 11524 raft_consensus.cc:740] T 4ac6b60b64484a939b74aa9b4e49c2d0 P 58b34a1179f94ecab4a93f311c32d3b9 [term 0 FOLLOWER]: Becoming Follower/Learner. State: Replica: 58b34a1179f94ecab4a93f311c32d3b9, State: Initialized, Role: FOLLOWER
I20260710 13:21:22.086853 11525 tablet_bootstrap.cc:492] T 986441ad2e3e4989b62c61f9bf4f9e51 P e52f715973d446f0893e0fd92a95b2a5: No bootstrap required, opened a new log
I20260710 13:21:22.084816 11524 consensus_queue.cc:260] T 4ac6b60b64484a939b74aa9b4e49c2d0 P 58b34a1179f94ecab4a93f311c32d3b9 [NON_LEADER]: Queue going to NON_LEADER mode. State: All replicated index: 0, Majority replicated index: 0, Committed index: 0, Last appended: 0.0, Last appended by leader: 0, Current term: 0, Majority size: -1, State: 0, Mode: NON_LEADER, active raft config: opid_index: -1 OBSOLETE_local: false peers { permanent_uuid: "0b74dc94958a4c4f8e714781ef4b86ce" member_type: VOTER last_known_addr { host: "127.10.239.1" port: 41195 } } peers { permanent_uuid: "e52f715973d446f0893e0fd92a95b2a5" member_type: VOTER last_known_addr { host: "127.10.239.2" port: 46019 } } peers { permanent_uuid: "58b34a1179f94ecab4a93f311c32d3b9" member_type: VOTER last_known_addr { host: "127.10.239.3" port: 38387 } }
I20260710 13:21:22.087345 11525 ts_tablet_manager.cc:1403] T 986441ad2e3e4989b62c61f9bf4f9e51 P e52f715973d446f0893e0fd92a95b2a5: Time spent bootstrapping tablet: real 0.106s	user 0.013s	sys 0.003s
W20260710 13:21:22.090029 11371 leader_election.cc:343] T da98bfe64bbe44459bb39ebab6154257 P e52f715973d446f0893e0fd92a95b2a5 [CANDIDATE]: Term 1 pre-election: Tablet error from VoteRequest() call to peer 0b74dc94958a4c4f8e714781ef4b86ce (127.10.239.1:41195): Illegal state: must be running to vote when last-logged opid is not known
I20260710 13:21:22.091233 11524 ts_tablet_manager.cc:1434] T 4ac6b60b64484a939b74aa9b4e49c2d0 P 58b34a1179f94ecab4a93f311c32d3b9: Time spent starting tablet: real 0.021s	user 0.006s	sys 0.005s
I20260710 13:21:22.091014 11525 raft_consensus.cc:359] T 986441ad2e3e4989b62c61f9bf4f9e51 P e52f715973d446f0893e0fd92a95b2a5 [term 0 FOLLOWER]: Replica starting. Triggering 0 pending ops. Active config: opid_index: -1 OBSOLETE_local: false peers { permanent_uuid: "0b74dc94958a4c4f8e714781ef4b86ce" member_type: VOTER last_known_addr { host: "127.10.239.1" port: 41195 } } peers { permanent_uuid: "e52f715973d446f0893e0fd92a95b2a5" member_type: VOTER last_known_addr { host: "127.10.239.2" port: 46019 } } peers { permanent_uuid: "58b34a1179f94ecab4a93f311c32d3b9" member_type: VOTER last_known_addr { host: "127.10.239.3" port: 38387 } }
I20260710 13:21:22.091908 11525 raft_consensus.cc:385] T 986441ad2e3e4989b62c61f9bf4f9e51 P e52f715973d446f0893e0fd92a95b2a5 [term 0 FOLLOWER]: Consensus starting up: Expiring failure detector timer to make a prompt election more likely
I20260710 13:21:22.092262 11525 raft_consensus.cc:740] T 986441ad2e3e4989b62c61f9bf4f9e51 P e52f715973d446f0893e0fd92a95b2a5 [term 0 FOLLOWER]: Becoming Follower/Learner. State: Replica: e52f715973d446f0893e0fd92a95b2a5, State: Initialized, Role: FOLLOWER
I20260710 13:21:22.093168 11525 consensus_queue.cc:260] T 986441ad2e3e4989b62c61f9bf4f9e51 P e52f715973d446f0893e0fd92a95b2a5 [NON_LEADER]: Queue going to NON_LEADER mode. State: All replicated index: 0, Majority replicated index: 0, Committed index: 0, Last appended: 0.0, Last appended by leader: 0, Current term: 0, Majority size: -1, State: 0, Mode: NON_LEADER, active raft config: opid_index: -1 OBSOLETE_local: false peers { permanent_uuid: "0b74dc94958a4c4f8e714781ef4b86ce" member_type: VOTER last_known_addr { host: "127.10.239.1" port: 41195 } } peers { permanent_uuid: "e52f715973d446f0893e0fd92a95b2a5" member_type: VOTER last_known_addr { host: "127.10.239.2" port: 46019 } } peers { permanent_uuid: "58b34a1179f94ecab4a93f311c32d3b9" member_type: VOTER last_known_addr { host: "127.10.239.3" port: 38387 } }
I20260710 13:21:22.094129 11524 tablet_bootstrap.cc:492] T 37073c14a1304d79b7937daa6e5a5e95 P 58b34a1179f94ecab4a93f311c32d3b9: Bootstrap starting.
I20260710 13:21:22.095641 11479 tablet_service.cc:1917] Received RequestConsensusVote() RPC: tablet_id: "da98bfe64bbe44459bb39ebab6154257" candidate_uuid: "e52f715973d446f0893e0fd92a95b2a5" candidate_term: 1 candidate_status { last_received { term: 0 index: 0 } } ignore_live_leader: false dest_uuid: "58b34a1179f94ecab4a93f311c32d3b9" is_pre_election: true
I20260710 13:21:22.095973 11525 ts_tablet_manager.cc:1434] T 986441ad2e3e4989b62c61f9bf4f9e51 P e52f715973d446f0893e0fd92a95b2a5: Time spent starting tablet: real 0.008s	user 0.006s	sys 0.000s
I20260710 13:21:22.097044 11525 tablet_bootstrap.cc:492] T a6b8cfc63c384a32b6613d0b0db89426 P e52f715973d446f0893e0fd92a95b2a5: Bootstrap starting.
W20260710 13:21:22.097299 11370 leader_election.cc:343] T da98bfe64bbe44459bb39ebab6154257 P e52f715973d446f0893e0fd92a95b2a5 [CANDIDATE]: Term 1 pre-election: Tablet error from VoteRequest() call to peer 58b34a1179f94ecab4a93f311c32d3b9 (127.10.239.3:38387): Illegal state: must be running to vote when last-logged opid is not known
I20260710 13:21:22.098323 11370 leader_election.cc:304] T da98bfe64bbe44459bb39ebab6154257 P e52f715973d446f0893e0fd92a95b2a5 [CANDIDATE]: Term 1 pre-election: Election decided. Result: candidate lost. Election summary: received 3 responses out of 3 voters: 1 yes votes; 2 no votes. yes voters: e52f715973d446f0893e0fd92a95b2a5; no voters: 0b74dc94958a4c4f8e714781ef4b86ce, 58b34a1179f94ecab4a93f311c32d3b9
I20260710 13:21:22.103194 11532 raft_consensus.cc:2749] T da98bfe64bbe44459bb39ebab6154257 P e52f715973d446f0893e0fd92a95b2a5 [term 0 FOLLOWER]: Leader pre-election lost for term 1. Reason: could not achieve majority
I20260710 13:21:22.106984 11525 tablet_bootstrap.cc:654] T a6b8cfc63c384a32b6613d0b0db89426 P e52f715973d446f0893e0fd92a95b2a5: Neither blocks nor log segments found. Creating new log.
I20260710 13:21:22.113452 11524 tablet_bootstrap.cc:654] T 37073c14a1304d79b7937daa6e5a5e95 P 58b34a1179f94ecab4a93f311c32d3b9: Neither blocks nor log segments found. Creating new log.
I20260710 13:21:22.116611 11226 catalog_manager.cc:5697] T 5fa2ebb7dff94577a8c13d7a8c5f45c2 P e52f715973d446f0893e0fd92a95b2a5 reported cstate change: term changed from 0 to 1, leader changed from <none> to e52f715973d446f0893e0fd92a95b2a5 (127.10.239.2). New cstate: current_term: 1 leader_uuid: "e52f715973d446f0893e0fd92a95b2a5" committed_config { opid_index: -1 OBSOLETE_local: false peers { permanent_uuid: "0b74dc94958a4c4f8e714781ef4b86ce" member_type: VOTER last_known_addr { host: "127.10.239.1" port: 41195 } health_report { overall_health: UNKNOWN } } peers { permanent_uuid: "e52f715973d446f0893e0fd92a95b2a5" member_type: VOTER last_known_addr { host: "127.10.239.2" port: 46019 } health_report { overall_health: HEALTHY } } peers { permanent_uuid: "58b34a1179f94ecab4a93f311c32d3b9" member_type: VOTER last_known_addr { host: "127.10.239.3" port: 38387 } health_report { overall_health: UNKNOWN } } }
I20260710 13:21:22.137385 11330 raft_consensus.cc:2468] T 37073c14a1304d79b7937daa6e5a5e95 P 0b74dc94958a4c4f8e714781ef4b86ce [term 1 FOLLOWER]: Leader election vote request: Granting yes vote for candidate e52f715973d446f0893e0fd92a95b2a5 in term 1.
I20260710 13:21:22.139902 11371 leader_election.cc:304] T 37073c14a1304d79b7937daa6e5a5e95 P e52f715973d446f0893e0fd92a95b2a5 [CANDIDATE]: Term 1 election: Election decided. Result: candidate won. Election summary: received 3 responses out of 3 voters: 2 yes votes; 1 no votes. yes voters: 0b74dc94958a4c4f8e714781ef4b86ce, e52f715973d446f0893e0fd92a95b2a5; no voters: 58b34a1179f94ecab4a93f311c32d3b9
I20260710 13:21:22.141685 11532 raft_consensus.cc:2804] T 37073c14a1304d79b7937daa6e5a5e95 P e52f715973d446f0893e0fd92a95b2a5 [term 1 FOLLOWER]: Leader election won for term 1
I20260710 13:21:22.142371 11532 raft_consensus.cc:697] T 37073c14a1304d79b7937daa6e5a5e95 P e52f715973d446f0893e0fd92a95b2a5 [term 1 LEADER]: Becoming Leader. State: Replica: e52f715973d446f0893e0fd92a95b2a5, State: Running, Role: LEADER
I20260710 13:21:22.143546 11532 consensus_queue.cc:237] T 37073c14a1304d79b7937daa6e5a5e95 P e52f715973d446f0893e0fd92a95b2a5 [LEADER]: Queue going to LEADER mode. State: All replicated index: 0, Majority replicated index: 0, Committed index: 0, Last appended: 0.0, Last appended by leader: 0, Current term: 1, Majority size: 2, State: 0, Mode: LEADER, active raft config: opid_index: -1 OBSOLETE_local: false peers { permanent_uuid: "58b34a1179f94ecab4a93f311c32d3b9" member_type: VOTER last_known_addr { host: "127.10.239.3" port: 38387 } } peers { permanent_uuid: "0b74dc94958a4c4f8e714781ef4b86ce" member_type: VOTER last_known_addr { host: "127.10.239.1" port: 41195 } } peers { permanent_uuid: "e52f715973d446f0893e0fd92a95b2a5" member_type: VOTER last_known_addr { host: "127.10.239.2" port: 46019 } }
I20260710 13:21:22.183673 11227 catalog_manager.cc:5697] T 37073c14a1304d79b7937daa6e5a5e95 P e52f715973d446f0893e0fd92a95b2a5 reported cstate change: term changed from 0 to 1, leader changed from <none> to e52f715973d446f0893e0fd92a95b2a5 (127.10.239.2). New cstate: current_term: 1 leader_uuid: "e52f715973d446f0893e0fd92a95b2a5" committed_config { opid_index: -1 OBSOLETE_local: false peers { permanent_uuid: "58b34a1179f94ecab4a93f311c32d3b9" member_type: VOTER last_known_addr { host: "127.10.239.3" port: 38387 } health_report { overall_health: UNKNOWN } } peers { permanent_uuid: "0b74dc94958a4c4f8e714781ef4b86ce" member_type: VOTER last_known_addr { host: "127.10.239.1" port: 41195 } health_report { overall_health: UNKNOWN } } peers { permanent_uuid: "e52f715973d446f0893e0fd92a95b2a5" member_type: VOTER last_known_addr { host: "127.10.239.2" port: 46019 } health_report { overall_health: HEALTHY } } }
I20260710 13:21:22.189848 11523 tablet_bootstrap.cc:492] T 986441ad2e3e4989b62c61f9bf4f9e51 P 0b74dc94958a4c4f8e714781ef4b86ce: No bootstrap required, opened a new log
I20260710 13:21:22.190388 11523 ts_tablet_manager.cc:1403] T 986441ad2e3e4989b62c61f9bf4f9e51 P 0b74dc94958a4c4f8e714781ef4b86ce: Time spent bootstrapping tablet: real 0.166s	user 0.044s	sys 0.055s
I20260710 13:21:22.193387 11523 raft_consensus.cc:359] T 986441ad2e3e4989b62c61f9bf4f9e51 P 0b74dc94958a4c4f8e714781ef4b86ce [term 0 FOLLOWER]: Replica starting. Triggering 0 pending ops. Active config: opid_index: -1 OBSOLETE_local: false peers { permanent_uuid: "0b74dc94958a4c4f8e714781ef4b86ce" member_type: VOTER last_known_addr { host: "127.10.239.1" port: 41195 } } peers { permanent_uuid: "e52f715973d446f0893e0fd92a95b2a5" member_type: VOTER last_known_addr { host: "127.10.239.2" port: 46019 } } peers { permanent_uuid: "58b34a1179f94ecab4a93f311c32d3b9" member_type: VOTER last_known_addr { host: "127.10.239.3" port: 38387 } }
I20260710 13:21:22.194155 11523 raft_consensus.cc:385] T 986441ad2e3e4989b62c61f9bf4f9e51 P 0b74dc94958a4c4f8e714781ef4b86ce [term 0 FOLLOWER]: Consensus starting up: Expiring failure detector timer to make a prompt election more likely
I20260710 13:21:22.194533 11523 raft_consensus.cc:740] T 986441ad2e3e4989b62c61f9bf4f9e51 P 0b74dc94958a4c4f8e714781ef4b86ce [term 0 FOLLOWER]: Becoming Follower/Learner. State: Replica: 0b74dc94958a4c4f8e714781ef4b86ce, State: Initialized, Role: FOLLOWER
I20260710 13:21:22.195313 11523 consensus_queue.cc:260] T 986441ad2e3e4989b62c61f9bf4f9e51 P 0b74dc94958a4c4f8e714781ef4b86ce [NON_LEADER]: Queue going to NON_LEADER mode. State: All replicated index: 0, Majority replicated index: 0, Committed index: 0, Last appended: 0.0, Last appended by leader: 0, Current term: 0, Majority size: -1, State: 0, Mode: NON_LEADER, active raft config: opid_index: -1 OBSOLETE_local: false peers { permanent_uuid: "0b74dc94958a4c4f8e714781ef4b86ce" member_type: VOTER last_known_addr { host: "127.10.239.1" port: 41195 } } peers { permanent_uuid: "e52f715973d446f0893e0fd92a95b2a5" member_type: VOTER last_known_addr { host: "127.10.239.2" port: 46019 } } peers { permanent_uuid: "58b34a1179f94ecab4a93f311c32d3b9" member_type: VOTER last_known_addr { host: "127.10.239.3" port: 38387 } }
I20260710 13:21:22.197850 11523 ts_tablet_manager.cc:1434] T 986441ad2e3e4989b62c61f9bf4f9e51 P 0b74dc94958a4c4f8e714781ef4b86ce: Time spent starting tablet: real 0.007s	user 0.006s	sys 0.000s
I20260710 13:21:22.198872 11523 tablet_bootstrap.cc:492] T 5fa2ebb7dff94577a8c13d7a8c5f45c2 P 0b74dc94958a4c4f8e714781ef4b86ce: Bootstrap starting.
I20260710 13:21:22.206648 11523 tablet_bootstrap.cc:654] T 5fa2ebb7dff94577a8c13d7a8c5f45c2 P 0b74dc94958a4c4f8e714781ef4b86ce: Neither blocks nor log segments found. Creating new log.
I20260710 13:21:22.206871 11525 tablet_bootstrap.cc:492] T a6b8cfc63c384a32b6613d0b0db89426 P e52f715973d446f0893e0fd92a95b2a5: No bootstrap required, opened a new log
I20260710 13:21:22.207405 11525 ts_tablet_manager.cc:1403] T a6b8cfc63c384a32b6613d0b0db89426 P e52f715973d446f0893e0fd92a95b2a5: Time spent bootstrapping tablet: real 0.111s	user 0.017s	sys 0.038s
I20260710 13:21:22.210711 11525 raft_consensus.cc:359] T a6b8cfc63c384a32b6613d0b0db89426 P e52f715973d446f0893e0fd92a95b2a5 [term 0 FOLLOWER]: Replica starting. Triggering 0 pending ops. Active config: opid_index: -1 OBSOLETE_local: false peers { permanent_uuid: "0b74dc94958a4c4f8e714781ef4b86ce" member_type: VOTER last_known_addr { host: "127.10.239.1" port: 41195 } } peers { permanent_uuid: "e52f715973d446f0893e0fd92a95b2a5" member_type: VOTER last_known_addr { host: "127.10.239.2" port: 46019 } } peers { permanent_uuid: "58b34a1179f94ecab4a93f311c32d3b9" member_type: VOTER last_known_addr { host: "127.10.239.3" port: 38387 } }
I20260710 13:21:22.211551 11525 raft_consensus.cc:385] T a6b8cfc63c384a32b6613d0b0db89426 P e52f715973d446f0893e0fd92a95b2a5 [term 0 FOLLOWER]: Consensus starting up: Expiring failure detector timer to make a prompt election more likely
I20260710 13:21:22.211871 11525 raft_consensus.cc:740] T a6b8cfc63c384a32b6613d0b0db89426 P e52f715973d446f0893e0fd92a95b2a5 [term 0 FOLLOWER]: Becoming Follower/Learner. State: Replica: e52f715973d446f0893e0fd92a95b2a5, State: Initialized, Role: FOLLOWER
I20260710 13:21:22.212932 11524 tablet_bootstrap.cc:492] T 37073c14a1304d79b7937daa6e5a5e95 P 58b34a1179f94ecab4a93f311c32d3b9: No bootstrap required, opened a new log
I20260710 13:21:22.213493 11524 ts_tablet_manager.cc:1403] T 37073c14a1304d79b7937daa6e5a5e95 P 58b34a1179f94ecab4a93f311c32d3b9: Time spent bootstrapping tablet: real 0.120s	user 0.016s	sys 0.037s
I20260710 13:21:22.217379 11524 raft_consensus.cc:359] T 37073c14a1304d79b7937daa6e5a5e95 P 58b34a1179f94ecab4a93f311c32d3b9 [term 0 FOLLOWER]: Replica starting. Triggering 0 pending ops. Active config: opid_index: -1 OBSOLETE_local: false peers { permanent_uuid: "58b34a1179f94ecab4a93f311c32d3b9" member_type: VOTER last_known_addr { host: "127.10.239.3" port: 38387 } } peers { permanent_uuid: "0b74dc94958a4c4f8e714781ef4b86ce" member_type: VOTER last_known_addr { host: "127.10.239.1" port: 41195 } } peers { permanent_uuid: "e52f715973d446f0893e0fd92a95b2a5" member_type: VOTER last_known_addr { host: "127.10.239.2" port: 46019 } }
I20260710 13:21:22.219053 11525 consensus_queue.cc:260] T a6b8cfc63c384a32b6613d0b0db89426 P e52f715973d446f0893e0fd92a95b2a5 [NON_LEADER]: Queue going to NON_LEADER mode. State: All replicated index: 0, Majority replicated index: 0, Committed index: 0, Last appended: 0.0, Last appended by leader: 0, Current term: 0, Majority size: -1, State: 0, Mode: NON_LEADER, active raft config: opid_index: -1 OBSOLETE_local: false peers { permanent_uuid: "0b74dc94958a4c4f8e714781ef4b86ce" member_type: VOTER last_known_addr { host: "127.10.239.1" port: 41195 } } peers { permanent_uuid: "e52f715973d446f0893e0fd92a95b2a5" member_type: VOTER last_known_addr { host: "127.10.239.2" port: 46019 } } peers { permanent_uuid: "58b34a1179f94ecab4a93f311c32d3b9" member_type: VOTER last_known_addr { host: "127.10.239.3" port: 38387 } }
I20260710 13:21:22.221513 11525 ts_tablet_manager.cc:1434] T a6b8cfc63c384a32b6613d0b0db89426 P e52f715973d446f0893e0fd92a95b2a5: Time spent starting tablet: real 0.014s	user 0.006s	sys 0.000s
I20260710 13:21:22.218227 11524 raft_consensus.cc:385] T 37073c14a1304d79b7937daa6e5a5e95 P 58b34a1179f94ecab4a93f311c32d3b9 [term 0 FOLLOWER]: Consensus starting up: Expiring failure detector timer to make a prompt election more likely
I20260710 13:21:22.222827 11524 raft_consensus.cc:740] T 37073c14a1304d79b7937daa6e5a5e95 P 58b34a1179f94ecab4a93f311c32d3b9 [term 0 FOLLOWER]: Becoming Follower/Learner. State: Replica: 58b34a1179f94ecab4a93f311c32d3b9, State: Initialized, Role: FOLLOWER
I20260710 13:21:22.223814 11524 consensus_queue.cc:260] T 37073c14a1304d79b7937daa6e5a5e95 P 58b34a1179f94ecab4a93f311c32d3b9 [NON_LEADER]: Queue going to NON_LEADER mode. State: All replicated index: 0, Majority replicated index: 0, Committed index: 0, Last appended: 0.0, Last appended by leader: 0, Current term: 0, Majority size: -1, State: 0, Mode: NON_LEADER, active raft config: opid_index: -1 OBSOLETE_local: false peers { permanent_uuid: "58b34a1179f94ecab4a93f311c32d3b9" member_type: VOTER last_known_addr { host: "127.10.239.3" port: 38387 } } peers { permanent_uuid: "0b74dc94958a4c4f8e714781ef4b86ce" member_type: VOTER last_known_addr { host: "127.10.239.1" port: 41195 } } peers { permanent_uuid: "e52f715973d446f0893e0fd92a95b2a5" member_type: VOTER last_known_addr { host: "127.10.239.2" port: 46019 } }
I20260710 13:21:22.222537 11525 tablet_bootstrap.cc:492] T 4ac6b60b64484a939b74aa9b4e49c2d0 P e52f715973d446f0893e0fd92a95b2a5: Bootstrap starting.
I20260710 13:21:22.226811 11532 raft_consensus.cc:493] T 986441ad2e3e4989b62c61f9bf4f9e51 P e52f715973d446f0893e0fd92a95b2a5 [term 0 FOLLOWER]: Starting pre-election (no leader contacted us within the election timeout)
I20260710 13:21:22.227353 11532 raft_consensus.cc:515] T 986441ad2e3e4989b62c61f9bf4f9e51 P e52f715973d446f0893e0fd92a95b2a5 [term 0 FOLLOWER]: Starting pre-election with config: opid_index: -1 OBSOLETE_local: false peers { permanent_uuid: "0b74dc94958a4c4f8e714781ef4b86ce" member_type: VOTER last_known_addr { host: "127.10.239.1" port: 41195 } } peers { permanent_uuid: "e52f715973d446f0893e0fd92a95b2a5" member_type: VOTER last_known_addr { host: "127.10.239.2" port: 46019 } } peers { permanent_uuid: "58b34a1179f94ecab4a93f311c32d3b9" member_type: VOTER last_known_addr { host: "127.10.239.3" port: 38387 } }
I20260710 13:21:22.231173 11479 tablet_service.cc:1917] Received RequestConsensusVote() RPC: tablet_id: "986441ad2e3e4989b62c61f9bf4f9e51" candidate_uuid: "e52f715973d446f0893e0fd92a95b2a5" candidate_term: 1 candidate_status { last_received { term: 0 index: 0 } } ignore_live_leader: false dest_uuid: "58b34a1179f94ecab4a93f311c32d3b9" is_pre_election: true
I20260710 13:21:22.231833 11479 raft_consensus.cc:2468] T 986441ad2e3e4989b62c61f9bf4f9e51 P 58b34a1179f94ecab4a93f311c32d3b9 [term 0 FOLLOWER]: Leader pre-election vote request: Granting yes vote for candidate e52f715973d446f0893e0fd92a95b2a5 in term 0.
I20260710 13:21:22.233788 11330 tablet_service.cc:1917] Received RequestConsensusVote() RPC: tablet_id: "986441ad2e3e4989b62c61f9bf4f9e51" candidate_uuid: "e52f715973d446f0893e0fd92a95b2a5" candidate_term: 1 candidate_status { last_received { term: 0 index: 0 } } ignore_live_leader: false dest_uuid: "0b74dc94958a4c4f8e714781ef4b86ce" is_pre_election: true
I20260710 13:21:22.234179 11524 ts_tablet_manager.cc:1434] T 37073c14a1304d79b7937daa6e5a5e95 P 58b34a1179f94ecab4a93f311c32d3b9: Time spent starting tablet: real 0.020s	user 0.004s	sys 0.004s
I20260710 13:21:22.234450 11330 raft_consensus.cc:2468] T 986441ad2e3e4989b62c61f9bf4f9e51 P 0b74dc94958a4c4f8e714781ef4b86ce [term 0 FOLLOWER]: Leader pre-election vote request: Granting yes vote for candidate e52f715973d446f0893e0fd92a95b2a5 in term 0.
I20260710 13:21:22.235229 11524 tablet_bootstrap.cc:492] T 58a2371bbf9f42bba0770c4addc84f7d P 58b34a1179f94ecab4a93f311c32d3b9: Bootstrap starting.
I20260710 13:21:22.236917 11370 leader_election.cc:304] T 986441ad2e3e4989b62c61f9bf4f9e51 P e52f715973d446f0893e0fd92a95b2a5 [CANDIDATE]: Term 1 pre-election: Election decided. Result: candidate won. Election summary: received 2 responses out of 3 voters: 2 yes votes; 0 no votes. yes voters: 58b34a1179f94ecab4a93f311c32d3b9, e52f715973d446f0893e0fd92a95b2a5; no voters: 
I20260710 13:21:22.237823 11533 raft_consensus.cc:2804] T 986441ad2e3e4989b62c61f9bf4f9e51 P e52f715973d446f0893e0fd92a95b2a5 [term 0 FOLLOWER]: Leader pre-election won for term 1
I20260710 13:21:22.238178 11533 raft_consensus.cc:493] T 986441ad2e3e4989b62c61f9bf4f9e51 P e52f715973d446f0893e0fd92a95b2a5 [term 0 FOLLOWER]: Starting leader election (no leader contacted us within the election timeout)
I20260710 13:21:22.238519 11533 raft_consensus.cc:3060] T 986441ad2e3e4989b62c61f9bf4f9e51 P e52f715973d446f0893e0fd92a95b2a5 [term 0 FOLLOWER]: Advancing to term 1
I20260710 13:21:22.242100 11525 tablet_bootstrap.cc:654] T 4ac6b60b64484a939b74aa9b4e49c2d0 P e52f715973d446f0893e0fd92a95b2a5: Neither blocks nor log segments found. Creating new log.
I20260710 13:21:22.239816 11532 leader_election.cc:290] T 986441ad2e3e4989b62c61f9bf4f9e51 P e52f715973d446f0893e0fd92a95b2a5 [CANDIDATE]: Term 1 pre-election: Requested pre-vote from peers 0b74dc94958a4c4f8e714781ef4b86ce (127.10.239.1:41195), 58b34a1179f94ecab4a93f311c32d3b9 (127.10.239.3:38387)
I20260710 13:21:22.248145 11523 tablet_bootstrap.cc:492] T 5fa2ebb7dff94577a8c13d7a8c5f45c2 P 0b74dc94958a4c4f8e714781ef4b86ce: No bootstrap required, opened a new log
I20260710 13:21:22.248950 11523 ts_tablet_manager.cc:1403] T 5fa2ebb7dff94577a8c13d7a8c5f45c2 P 0b74dc94958a4c4f8e714781ef4b86ce: Time spent bootstrapping tablet: real 0.050s	user 0.029s	sys 0.012s
I20260710 13:21:22.252039 11542 raft_consensus.cc:493] T 4ac6b60b64484a939b74aa9b4e49c2d0 P 58b34a1179f94ecab4a93f311c32d3b9 [term 0 FOLLOWER]: Starting pre-election (no leader contacted us within the election timeout)
I20260710 13:21:22.252666 11542 raft_consensus.cc:515] T 4ac6b60b64484a939b74aa9b4e49c2d0 P 58b34a1179f94ecab4a93f311c32d3b9 [term 0 FOLLOWER]: Starting pre-election with config: opid_index: -1 OBSOLETE_local: false peers { permanent_uuid: "0b74dc94958a4c4f8e714781ef4b86ce" member_type: VOTER last_known_addr { host: "127.10.239.1" port: 41195 } } peers { permanent_uuid: "e52f715973d446f0893e0fd92a95b2a5" member_type: VOTER last_known_addr { host: "127.10.239.2" port: 46019 } } peers { permanent_uuid: "58b34a1179f94ecab4a93f311c32d3b9" member_type: VOTER last_known_addr { host: "127.10.239.3" port: 38387 } }
I20260710 13:21:22.260003 11330 tablet_service.cc:1917] Received RequestConsensusVote() RPC: tablet_id: "4ac6b60b64484a939b74aa9b4e49c2d0" candidate_uuid: "58b34a1179f94ecab4a93f311c32d3b9" candidate_term: 1 candidate_status { last_received { term: 0 index: 0 } } ignore_live_leader: false dest_uuid: "0b74dc94958a4c4f8e714781ef4b86ce" is_pre_election: true
I20260710 13:21:22.261003 11542 leader_election.cc:290] T 4ac6b60b64484a939b74aa9b4e49c2d0 P 58b34a1179f94ecab4a93f311c32d3b9 [CANDIDATE]: Term 1 pre-election: Requested pre-vote from peers 0b74dc94958a4c4f8e714781ef4b86ce (127.10.239.1:41195), e52f715973d446f0893e0fd92a95b2a5 (127.10.239.2:46019)
I20260710 13:21:22.262147 11330 raft_consensus.cc:2468] T 4ac6b60b64484a939b74aa9b4e49c2d0 P 0b74dc94958a4c4f8e714781ef4b86ce [term 0 FOLLOWER]: Leader pre-election vote request: Granting yes vote for candidate 58b34a1179f94ecab4a93f311c32d3b9 in term 0.
I20260710 13:21:22.259763 11406 tablet_service.cc:1917] Received RequestConsensusVote() RPC: tablet_id: "4ac6b60b64484a939b74aa9b4e49c2d0" candidate_uuid: "58b34a1179f94ecab4a93f311c32d3b9" candidate_term: 1 candidate_status { last_received { term: 0 index: 0 } } ignore_live_leader: false dest_uuid: "e52f715973d446f0893e0fd92a95b2a5" is_pre_election: true
I20260710 13:21:22.254305 11523 raft_consensus.cc:359] T 5fa2ebb7dff94577a8c13d7a8c5f45c2 P 0b74dc94958a4c4f8e714781ef4b86ce [term 0 FOLLOWER]: Replica starting. Triggering 0 pending ops. Active config: opid_index: -1 OBSOLETE_local: false peers { permanent_uuid: "0b74dc94958a4c4f8e714781ef4b86ce" member_type: VOTER last_known_addr { host: "127.10.239.1" port: 41195 } } peers { permanent_uuid: "e52f715973d446f0893e0fd92a95b2a5" member_type: VOTER last_known_addr { host: "127.10.239.2" port: 46019 } } peers { permanent_uuid: "58b34a1179f94ecab4a93f311c32d3b9" member_type: VOTER last_known_addr { host: "127.10.239.3" port: 38387 } }
I20260710 13:21:22.266363 11523 raft_consensus.cc:385] T 5fa2ebb7dff94577a8c13d7a8c5f45c2 P 0b74dc94958a4c4f8e714781ef4b86ce [term 0 FOLLOWER]: Consensus starting up: Expiring failure detector timer to make a prompt election more likely
I20260710 13:21:22.267050 11523 raft_consensus.cc:740] T 5fa2ebb7dff94577a8c13d7a8c5f45c2 P 0b74dc94958a4c4f8e714781ef4b86ce [term 0 FOLLOWER]: Becoming Follower/Learner. State: Replica: 0b74dc94958a4c4f8e714781ef4b86ce, State: Initialized, Role: FOLLOWER
