I20260710 13:15:03.986011  1610 tablet_service.cc:1917] Received RequestConsensusVote() RPC: tablet_id: "dff3516d0f1545839a70f44ff58cf805" candidate_uuid: "1893fcf210f844758ca438dacb8c26b5" candidate_term: 1 candidate_status { last_received { term: 0 index: 0 } } ignore_live_leader: false dest_uuid: "a1d79de211ab4afd80e9918bee1ee45c" is_pre_election: true
I20260710 13:15:03.986588  1610 raft_consensus.cc:2468] T dff3516d0f1545839a70f44ff58cf805 P a1d79de211ab4afd80e9918bee1ee45c [term 0 FOLLOWER]: Leader pre-election vote request: Granting yes vote for candidate 1893fcf210f844758ca438dacb8c26b5 in term 0.
I20260710 13:15:03.988776  1684 tablet_service.cc:1917] Received RequestConsensusVote() RPC: tablet_id: "dff3516d0f1545839a70f44ff58cf805" candidate_uuid: "a1d79de211ab4afd80e9918bee1ee45c" candidate_term: 1 candidate_status { last_received { term: 0 index: 0 } } ignore_live_leader: false dest_uuid: "8d27585c1edb458e8ca52fb4a2237470" is_pre_election: true
I20260710 13:15:03.989668  1684 raft_consensus.cc:2468] T dff3516d0f1545839a70f44ff58cf805 P 8d27585c1edb458e8ca52fb4a2237470 [term 0 FOLLOWER]: Leader pre-election vote request: Granting yes vote for candidate a1d79de211ab4afd80e9918bee1ee45c in term 0.
I20260710 13:15:03.990988  1575 leader_election.cc:304] T dff3516d0f1545839a70f44ff58cf805 P a1d79de211ab4afd80e9918bee1ee45c [CANDIDATE]: Term 1 pre-election: Election decided. Result: candidate won. Election summary: received 2 responses out of 3 voters: 2 yes votes; 0 no votes. yes voters: 8d27585c1edb458e8ca52fb4a2237470, a1d79de211ab4afd80e9918bee1ee45c; no voters: 
I20260710 13:15:03.991955  1731 raft_consensus.cc:2804] T dff3516d0f1545839a70f44ff58cf805 P a1d79de211ab4afd80e9918bee1ee45c [term 0 FOLLOWER]: Leader pre-election won for term 1
I20260710 13:15:03.992357  1731 raft_consensus.cc:493] T dff3516d0f1545839a70f44ff58cf805 P a1d79de211ab4afd80e9918bee1ee45c [term 0 FOLLOWER]: Starting leader election (no leader contacted us within the election timeout)
I20260710 13:15:03.992748  1731 raft_consensus.cc:3060] T dff3516d0f1545839a70f44ff58cf805 P a1d79de211ab4afd80e9918bee1ee45c [term 0 FOLLOWER]: Advancing to term 1
I20260710 13:15:03.994966  1791 consensus_queue.cc:1048] T 92de4c089ae84734a7ba39be7f9ee12f P 1893fcf210f844758ca438dacb8c26b5 [LEADER]: Connected to new peer: Peer: permanent_uuid: "a1d79de211ab4afd80e9918bee1ee45c" member_type: VOTER last_known_addr { host: "127.0.107.194" port: 37877 }, Status: LMP_MISMATCH, Last received: 0.0, Next index: 1, Last known committed idx: 0, Time since last communication: 0.000s
I20260710 13:15:04.019042  1725 tablet_bootstrap.cc:654] T 2e7d9bca5c9c4388b51f2549142f0e6f P a1d79de211ab4afd80e9918bee1ee45c: Neither blocks nor log segments found. Creating new log.
I20260710 13:15:04.019560  1726 tablet_bootstrap.cc:654] T 7d0e17a41fe4415eb956d9b1e9020874 P 1893fcf210f844758ca438dacb8c26b5: Neither blocks nor log segments found. Creating new log.
I20260710 13:15:04.025213  1729 tablet_bootstrap.cc:492] T 18d39649596247289307c25992ffc5e9 P 8d27585c1edb458e8ca52fb4a2237470: No bootstrap required, opened a new log
I20260710 13:15:04.025667  1729 ts_tablet_manager.cc:1403] T 18d39649596247289307c25992ffc5e9 P 8d27585c1edb458e8ca52fb4a2237470: Time spent bootstrapping tablet: real 0.149s	user 0.012s	sys 0.003s
I20260710 13:15:04.031327  1725 tablet_bootstrap.cc:492] T 2e7d9bca5c9c4388b51f2549142f0e6f P a1d79de211ab4afd80e9918bee1ee45c: No bootstrap required, opened a new log
I20260710 13:15:04.031790  1725 ts_tablet_manager.cc:1403] T 2e7d9bca5c9c4388b51f2549142f0e6f P a1d79de211ab4afd80e9918bee1ee45c: Time spent bootstrapping tablet: real 0.085s	user 0.014s	sys 0.004s
I20260710 13:15:04.034425  1729 raft_consensus.cc:359] T 18d39649596247289307c25992ffc5e9 P 8d27585c1edb458e8ca52fb4a2237470 [term 0 FOLLOWER]: Replica starting. Triggering 0 pending ops. Active config: opid_index: -1 OBSOLETE_local: false peers { permanent_uuid: "1893fcf210f844758ca438dacb8c26b5" member_type: VOTER last_known_addr { host: "127.0.107.193" port: 44369 } } peers { permanent_uuid: "a1d79de211ab4afd80e9918bee1ee45c" member_type: VOTER last_known_addr { host: "127.0.107.194" port: 37877 } } peers { permanent_uuid: "8d27585c1edb458e8ca52fb4a2237470" member_type: VOTER last_known_addr { host: "127.0.107.195" port: 41469 } }
I20260710 13:15:04.035120  1729 raft_consensus.cc:385] T 18d39649596247289307c25992ffc5e9 P 8d27585c1edb458e8ca52fb4a2237470 [term 0 FOLLOWER]: Consensus starting up: Expiring failure detector timer to make a prompt election more likely
I20260710 13:15:04.035429  1729 raft_consensus.cc:740] T 18d39649596247289307c25992ffc5e9 P 8d27585c1edb458e8ca52fb4a2237470 [term 0 FOLLOWER]: Becoming Follower/Learner. State: Replica: 8d27585c1edb458e8ca52fb4a2237470, State: Initialized, Role: FOLLOWER
I20260710 13:15:04.036056  1729 consensus_queue.cc:260] T 18d39649596247289307c25992ffc5e9 P 8d27585c1edb458e8ca52fb4a2237470 [NON_LEADER]: Queue going to NON_LEADER mode. State: All replicated index: 0, Majority replicated index: 0, Committed index: 0, Last appended: 0.0, Last appended by leader: 0, Current term: 0, Majority size: -1, State: 0, Mode: NON_LEADER, active raft config: opid_index: -1 OBSOLETE_local: false peers { permanent_uuid: "1893fcf210f844758ca438dacb8c26b5" member_type: VOTER last_known_addr { host: "127.0.107.193" port: 44369 } } peers { permanent_uuid: "a1d79de211ab4afd80e9918bee1ee45c" member_type: VOTER last_known_addr { host: "127.0.107.194" port: 37877 } } peers { permanent_uuid: "8d27585c1edb458e8ca52fb4a2237470" member_type: VOTER last_known_addr { host: "127.0.107.195" port: 41469 } }
I20260710 13:15:04.038300  1725 raft_consensus.cc:359] T 2e7d9bca5c9c4388b51f2549142f0e6f P a1d79de211ab4afd80e9918bee1ee45c [term 0 FOLLOWER]: Replica starting. Triggering 0 pending ops. Active config: opid_index: -1 OBSOLETE_local: false peers { permanent_uuid: "1893fcf210f844758ca438dacb8c26b5" member_type: VOTER last_known_addr { host: "127.0.107.193" port: 44369 } } peers { permanent_uuid: "a1d79de211ab4afd80e9918bee1ee45c" member_type: VOTER last_known_addr { host: "127.0.107.194" port: 37877 } } peers { permanent_uuid: "8d27585c1edb458e8ca52fb4a2237470" member_type: VOTER last_known_addr { host: "127.0.107.195" port: 41469 } }
I20260710 13:15:04.038975  1725 raft_consensus.cc:385] T 2e7d9bca5c9c4388b51f2549142f0e6f P a1d79de211ab4afd80e9918bee1ee45c [term 0 FOLLOWER]: Consensus starting up: Expiring failure detector timer to make a prompt election more likely
I20260710 13:15:04.039131  1729 ts_tablet_manager.cc:1434] T 18d39649596247289307c25992ffc5e9 P 8d27585c1edb458e8ca52fb4a2237470: Time spent starting tablet: real 0.013s	user 0.007s	sys 0.000s
I20260710 13:15:04.039234  1725 raft_consensus.cc:740] T 2e7d9bca5c9c4388b51f2549142f0e6f P a1d79de211ab4afd80e9918bee1ee45c [term 0 FOLLOWER]: Becoming Follower/Learner. State: Replica: a1d79de211ab4afd80e9918bee1ee45c, State: Initialized, Role: FOLLOWER
I20260710 13:15:04.040086  1729 tablet_bootstrap.cc:492] T a985dbf0a8934062bc7245bd75d08e42 P 8d27585c1edb458e8ca52fb4a2237470: Bootstrap starting.
I20260710 13:15:04.039997  1725 consensus_queue.cc:260] T 2e7d9bca5c9c4388b51f2549142f0e6f P a1d79de211ab4afd80e9918bee1ee45c [NON_LEADER]: Queue going to NON_LEADER mode. State: All replicated index: 0, Majority replicated index: 0, Committed index: 0, Last appended: 0.0, Last appended by leader: 0, Current term: 0, Majority size: -1, State: 0, Mode: NON_LEADER, active raft config: opid_index: -1 OBSOLETE_local: false peers { permanent_uuid: "1893fcf210f844758ca438dacb8c26b5" member_type: VOTER last_known_addr { host: "127.0.107.193" port: 44369 } } peers { permanent_uuid: "a1d79de211ab4afd80e9918bee1ee45c" member_type: VOTER last_known_addr { host: "127.0.107.194" port: 37877 } } peers { permanent_uuid: "8d27585c1edb458e8ca52fb4a2237470" member_type: VOTER last_known_addr { host: "127.0.107.195" port: 41469 } }
W20260710 13:15:04.042971  1798 log.cc:927] Time spent T 92de4c089ae84734a7ba39be7f9ee12f P 8d27585c1edb458e8ca52fb4a2237470: Append to log took a long time: real 0.055s	user 0.000s	sys 0.001s
I20260710 13:15:04.043825  1725 ts_tablet_manager.cc:1434] T 2e7d9bca5c9c4388b51f2549142f0e6f P a1d79de211ab4afd80e9918bee1ee45c: Time spent starting tablet: real 0.012s	user 0.006s	sys 0.000s
W20260710 13:15:04.044457  1799 log.cc:927] Time spent T 9e8df5921cd5463c84446c3abd36a7ff P a1d79de211ab4afd80e9918bee1ee45c: Append to log took a long time: real 0.052s	user 0.001s	sys 0.000s
I20260710 13:15:04.044669  1725 tablet_bootstrap.cc:492] T 18d39649596247289307c25992ffc5e9 P a1d79de211ab4afd80e9918bee1ee45c: Bootstrap starting.
I20260710 13:15:04.051395  1725 tablet_bootstrap.cc:654] T 18d39649596247289307c25992ffc5e9 P a1d79de211ab4afd80e9918bee1ee45c: Neither blocks nor log segments found. Creating new log.
I20260710 13:15:04.052875  1726 tablet_bootstrap.cc:492] T 7d0e17a41fe4415eb956d9b1e9020874 P 1893fcf210f844758ca438dacb8c26b5: No bootstrap required, opened a new log
I20260710 13:15:04.053309  1726 ts_tablet_manager.cc:1403] T 7d0e17a41fe4415eb956d9b1e9020874 P 1893fcf210f844758ca438dacb8c26b5: Time spent bootstrapping tablet: real 0.098s	user 0.015s	sys 0.001s
I20260710 13:15:04.056030  1726 raft_consensus.cc:359] T 7d0e17a41fe4415eb956d9b1e9020874 P 1893fcf210f844758ca438dacb8c26b5 [term 0 FOLLOWER]: Replica starting. Triggering 0 pending ops. Active config: opid_index: -1 OBSOLETE_local: false peers { permanent_uuid: "1893fcf210f844758ca438dacb8c26b5" member_type: VOTER last_known_addr { host: "127.0.107.193" port: 44369 } } peers { permanent_uuid: "a1d79de211ab4afd80e9918bee1ee45c" member_type: VOTER last_known_addr { host: "127.0.107.194" port: 37877 } } peers { permanent_uuid: "8d27585c1edb458e8ca52fb4a2237470" member_type: VOTER last_known_addr { host: "127.0.107.195" port: 41469 } }
I20260710 13:15:04.056701  1726 raft_consensus.cc:385] T 7d0e17a41fe4415eb956d9b1e9020874 P 1893fcf210f844758ca438dacb8c26b5 [term 0 FOLLOWER]: Consensus starting up: Expiring failure detector timer to make a prompt election more likely
I20260710 13:15:04.056967  1726 raft_consensus.cc:740] T 7d0e17a41fe4415eb956d9b1e9020874 P 1893fcf210f844758ca438dacb8c26b5 [term 0 FOLLOWER]: Becoming Follower/Learner. State: Replica: 1893fcf210f844758ca438dacb8c26b5, State: Initialized, Role: FOLLOWER
I20260710 13:15:04.061760  1729 tablet_bootstrap.cc:654] T a985dbf0a8934062bc7245bd75d08e42 P 8d27585c1edb458e8ca52fb4a2237470: Neither blocks nor log segments found. Creating new log.
I20260710 13:15:04.064535  1726 consensus_queue.cc:260] T 7d0e17a41fe4415eb956d9b1e9020874 P 1893fcf210f844758ca438dacb8c26b5 [NON_LEADER]: Queue going to NON_LEADER mode. State: All replicated index: 0, Majority replicated index: 0, Committed index: 0, Last appended: 0.0, Last appended by leader: 0, Current term: 0, Majority size: -1, State: 0, Mode: NON_LEADER, active raft config: opid_index: -1 OBSOLETE_local: false peers { permanent_uuid: "1893fcf210f844758ca438dacb8c26b5" member_type: VOTER last_known_addr { host: "127.0.107.193" port: 44369 } } peers { permanent_uuid: "a1d79de211ab4afd80e9918bee1ee45c" member_type: VOTER last_known_addr { host: "127.0.107.194" port: 37877 } } peers { permanent_uuid: "8d27585c1edb458e8ca52fb4a2237470" member_type: VOTER last_known_addr { host: "127.0.107.195" port: 41469 } }
I20260710 13:15:04.066649  1726 ts_tablet_manager.cc:1434] T 7d0e17a41fe4415eb956d9b1e9020874 P 1893fcf210f844758ca438dacb8c26b5: Time spent starting tablet: real 0.013s	user 0.005s	sys 0.000s
I20260710 13:15:04.067495  1726 tablet_bootstrap.cc:492] T a985dbf0a8934062bc7245bd75d08e42 P 1893fcf210f844758ca438dacb8c26b5: Bootstrap starting.
I20260710 13:15:04.074391  1725 tablet_bootstrap.cc:492] T 18d39649596247289307c25992ffc5e9 P a1d79de211ab4afd80e9918bee1ee45c: No bootstrap required, opened a new log
I20260710 13:15:04.075139  1725 ts_tablet_manager.cc:1403] T 18d39649596247289307c25992ffc5e9 P a1d79de211ab4afd80e9918bee1ee45c: Time spent bootstrapping tablet: real 0.031s	user 0.014s	sys 0.016s
I20260710 13:15:04.075765  1726 tablet_bootstrap.cc:654] T a985dbf0a8934062bc7245bd75d08e42 P 1893fcf210f844758ca438dacb8c26b5: Neither blocks nor log segments found. Creating new log.
I20260710 13:15:04.077607  1725 raft_consensus.cc:359] T 18d39649596247289307c25992ffc5e9 P a1d79de211ab4afd80e9918bee1ee45c [term 0 FOLLOWER]: Replica starting. Triggering 0 pending ops. Active config: opid_index: -1 OBSOLETE_local: false peers { permanent_uuid: "1893fcf210f844758ca438dacb8c26b5" member_type: VOTER last_known_addr { host: "127.0.107.193" port: 44369 } } peers { permanent_uuid: "a1d79de211ab4afd80e9918bee1ee45c" member_type: VOTER last_known_addr { host: "127.0.107.194" port: 37877 } } peers { permanent_uuid: "8d27585c1edb458e8ca52fb4a2237470" member_type: VOTER last_known_addr { host: "127.0.107.195" port: 41469 } }
I20260710 13:15:04.078315  1725 raft_consensus.cc:385] T 18d39649596247289307c25992ffc5e9 P a1d79de211ab4afd80e9918bee1ee45c [term 0 FOLLOWER]: Consensus starting up: Expiring failure detector timer to make a prompt election more likely
I20260710 13:15:04.078586  1725 raft_consensus.cc:740] T 18d39649596247289307c25992ffc5e9 P a1d79de211ab4afd80e9918bee1ee45c [term 0 FOLLOWER]: Becoming Follower/Learner. State: Replica: a1d79de211ab4afd80e9918bee1ee45c, State: Initialized, Role: FOLLOWER
I20260710 13:15:04.079265  1725 consensus_queue.cc:260] T 18d39649596247289307c25992ffc5e9 P a1d79de211ab4afd80e9918bee1ee45c [NON_LEADER]: Queue going to NON_LEADER mode. State: All replicated index: 0, Majority replicated index: 0, Committed index: 0, Last appended: 0.0, Last appended by leader: 0, Current term: 0, Majority size: -1, State: 0, Mode: NON_LEADER, active raft config: opid_index: -1 OBSOLETE_local: false peers { permanent_uuid: "1893fcf210f844758ca438dacb8c26b5" member_type: VOTER last_known_addr { host: "127.0.107.193" port: 44369 } } peers { permanent_uuid: "a1d79de211ab4afd80e9918bee1ee45c" member_type: VOTER last_known_addr { host: "127.0.107.194" port: 37877 } } peers { permanent_uuid: "8d27585c1edb458e8ca52fb4a2237470" member_type: VOTER last_known_addr { host: "127.0.107.195" port: 41469 } }
I20260710 13:15:04.081192  1726 tablet_bootstrap.cc:492] T a985dbf0a8934062bc7245bd75d08e42 P 1893fcf210f844758ca438dacb8c26b5: No bootstrap required, opened a new log
I20260710 13:15:04.081341  1729 tablet_bootstrap.cc:492] T a985dbf0a8934062bc7245bd75d08e42 P 8d27585c1edb458e8ca52fb4a2237470: No bootstrap required, opened a new log
I20260710 13:15:04.081655  1725 ts_tablet_manager.cc:1434] T 18d39649596247289307c25992ffc5e9 P a1d79de211ab4afd80e9918bee1ee45c: Time spent starting tablet: real 0.006s	user 0.002s	sys 0.003s
I20260710 13:15:04.081761  1726 ts_tablet_manager.cc:1403] T a985dbf0a8934062bc7245bd75d08e42 P 1893fcf210f844758ca438dacb8c26b5: Time spent bootstrapping tablet: real 0.014s	user 0.007s	sys 0.002s
I20260710 13:15:04.081949  1729 ts_tablet_manager.cc:1403] T a985dbf0a8934062bc7245bd75d08e42 P 8d27585c1edb458e8ca52fb4a2237470: Time spent bootstrapping tablet: real 0.042s	user 0.014s	sys 0.000s
I20260710 13:15:04.083984  1725 tablet_bootstrap.cc:492] T 5ba2d540a919499ea4680c0b9ef32025 P a1d79de211ab4afd80e9918bee1ee45c: Bootstrap starting.
I20260710 13:15:04.084821  1726 raft_consensus.cc:359] T a985dbf0a8934062bc7245bd75d08e42 P 1893fcf210f844758ca438dacb8c26b5 [term 0 FOLLOWER]: Replica starting. Triggering 0 pending ops. Active config: opid_index: -1 OBSOLETE_local: false peers { permanent_uuid: "1893fcf210f844758ca438dacb8c26b5" member_type: VOTER last_known_addr { host: "127.0.107.193" port: 44369 } } peers { permanent_uuid: "a1d79de211ab4afd80e9918bee1ee45c" member_type: VOTER last_known_addr { host: "127.0.107.194" port: 37877 } } peers { permanent_uuid: "8d27585c1edb458e8ca52fb4a2237470" member_type: VOTER last_known_addr { host: "127.0.107.195" port: 41469 } }
I20260710 13:15:04.085531  1726 raft_consensus.cc:385] T a985dbf0a8934062bc7245bd75d08e42 P 1893fcf210f844758ca438dacb8c26b5 [term 0 FOLLOWER]: Consensus starting up: Expiring failure detector timer to make a prompt election more likely
I20260710 13:15:04.085829  1726 raft_consensus.cc:740] T a985dbf0a8934062bc7245bd75d08e42 P 1893fcf210f844758ca438dacb8c26b5 [term 0 FOLLOWER]: Becoming Follower/Learner. State: Replica: 1893fcf210f844758ca438dacb8c26b5, State: Initialized, Role: FOLLOWER
I20260710 13:15:04.085669  1729 raft_consensus.cc:359] T a985dbf0a8934062bc7245bd75d08e42 P 8d27585c1edb458e8ca52fb4a2237470 [term 0 FOLLOWER]: Replica starting. Triggering 0 pending ops. Active config: opid_index: -1 OBSOLETE_local: false peers { permanent_uuid: "1893fcf210f844758ca438dacb8c26b5" member_type: VOTER last_known_addr { host: "127.0.107.193" port: 44369 } } peers { permanent_uuid: "a1d79de211ab4afd80e9918bee1ee45c" member_type: VOTER last_known_addr { host: "127.0.107.194" port: 37877 } } peers { permanent_uuid: "8d27585c1edb458e8ca52fb4a2237470" member_type: VOTER last_known_addr { host: "127.0.107.195" port: 41469 } }
I20260710 13:15:04.086757  1729 raft_consensus.cc:385] T a985dbf0a8934062bc7245bd75d08e42 P 8d27585c1edb458e8ca52fb4a2237470 [term 0 FOLLOWER]: Consensus starting up: Expiring failure detector timer to make a prompt election more likely
I20260710 13:15:04.086669  1726 consensus_queue.cc:260] T a985dbf0a8934062bc7245bd75d08e42 P 1893fcf210f844758ca438dacb8c26b5 [NON_LEADER]: Queue going to NON_LEADER mode. State: All replicated index: 0, Majority replicated index: 0, Committed index: 0, Last appended: 0.0, Last appended by leader: 0, Current term: 0, Majority size: -1, State: 0, Mode: NON_LEADER, active raft config: opid_index: -1 OBSOLETE_local: false peers { permanent_uuid: "1893fcf210f844758ca438dacb8c26b5" member_type: VOTER last_known_addr { host: "127.0.107.193" port: 44369 } } peers { permanent_uuid: "a1d79de211ab4afd80e9918bee1ee45c" member_type: VOTER last_known_addr { host: "127.0.107.194" port: 37877 } } peers { permanent_uuid: "8d27585c1edb458e8ca52fb4a2237470" member_type: VOTER last_known_addr { host: "127.0.107.195" port: 41469 } }
I20260710 13:15:04.087194  1729 raft_consensus.cc:740] T a985dbf0a8934062bc7245bd75d08e42 P 8d27585c1edb458e8ca52fb4a2237470 [term 0 FOLLOWER]: Becoming Follower/Learner. State: Replica: 8d27585c1edb458e8ca52fb4a2237470, State: Initialized, Role: FOLLOWER
I20260710 13:15:04.088030  1729 consensus_queue.cc:260] T a985dbf0a8934062bc7245bd75d08e42 P 8d27585c1edb458e8ca52fb4a2237470 [NON_LEADER]: Queue going to NON_LEADER mode. State: All replicated index: 0, Majority replicated index: 0, Committed index: 0, Last appended: 0.0, Last appended by leader: 0, Current term: 0, Majority size: -1, State: 0, Mode: NON_LEADER, active raft config: opid_index: -1 OBSOLETE_local: false peers { permanent_uuid: "1893fcf210f844758ca438dacb8c26b5" member_type: VOTER last_known_addr { host: "127.0.107.193" port: 44369 } } peers { permanent_uuid: "a1d79de211ab4afd80e9918bee1ee45c" member_type: VOTER last_known_addr { host: "127.0.107.194" port: 37877 } } peers { permanent_uuid: "8d27585c1edb458e8ca52fb4a2237470" member_type: VOTER last_known_addr { host: "127.0.107.195" port: 41469 } }
I20260710 13:15:04.089769  1725 tablet_bootstrap.cc:654] T 5ba2d540a919499ea4680c0b9ef32025 P a1d79de211ab4afd80e9918bee1ee45c: Neither blocks nor log segments found. Creating new log.
I20260710 13:15:04.091596  1726 ts_tablet_manager.cc:1434] T a985dbf0a8934062bc7245bd75d08e42 P 1893fcf210f844758ca438dacb8c26b5: Time spent starting tablet: real 0.009s	user 0.004s	sys 0.003s
I20260710 13:15:04.092538  1726 tablet_bootstrap.cc:492] T 18d39649596247289307c25992ffc5e9 P 1893fcf210f844758ca438dacb8c26b5: Bootstrap starting.
I20260710 13:15:04.098371  1683 raft_consensus.cc:2468] T 8c8ebf161f3e4583b477688eb1bf91a3 P 8d27585c1edb458e8ca52fb4a2237470 [term 1 FOLLOWER]: Leader election vote request: Granting yes vote for candidate a1d79de211ab4afd80e9918bee1ee45c in term 1.
I20260710 13:15:04.098140  1790 raft_consensus.cc:515] T dff3516d0f1545839a70f44ff58cf805 P 1893fcf210f844758ca438dacb8c26b5 [term 1 FOLLOWER]: Starting leader election with config: opid_index: -1 OBSOLETE_local: false peers { permanent_uuid: "1893fcf210f844758ca438dacb8c26b5" member_type: VOTER last_known_addr { host: "127.0.107.193" port: 44369 } } peers { permanent_uuid: "a1d79de211ab4afd80e9918bee1ee45c" member_type: VOTER last_known_addr { host: "127.0.107.194" port: 37877 } } peers { permanent_uuid: "8d27585c1edb458e8ca52fb4a2237470" member_type: VOTER last_known_addr { host: "127.0.107.195" port: 41469 } }
I20260710 13:15:04.099442  1731 raft_consensus.cc:515] T dff3516d0f1545839a70f44ff58cf805 P a1d79de211ab4afd80e9918bee1ee45c [term 1 FOLLOWER]: Starting leader election with config: opid_index: -1 OBSOLETE_local: false peers { permanent_uuid: "1893fcf210f844758ca438dacb8c26b5" member_type: VOTER last_known_addr { host: "127.0.107.193" port: 44369 } } peers { permanent_uuid: "a1d79de211ab4afd80e9918bee1ee45c" member_type: VOTER last_known_addr { host: "127.0.107.194" port: 37877 } } peers { permanent_uuid: "8d27585c1edb458e8ca52fb4a2237470" member_type: VOTER last_known_addr { host: "127.0.107.195" port: 41469 } }
I20260710 13:15:04.100486  1790 leader_election.cc:290] T dff3516d0f1545839a70f44ff58cf805 P 1893fcf210f844758ca438dacb8c26b5 [CANDIDATE]: Term 1 election: Requested vote from peers a1d79de211ab4afd80e9918bee1ee45c (127.0.107.194:37877), 8d27585c1edb458e8ca52fb4a2237470 (127.0.107.195:41469)
I20260710 13:15:04.101294  1731 leader_election.cc:290] T dff3516d0f1545839a70f44ff58cf805 P a1d79de211ab4afd80e9918bee1ee45c [CANDIDATE]: Term 1 election: Requested vote from peers 1893fcf210f844758ca438dacb8c26b5 (127.0.107.193:44369), 8d27585c1edb458e8ca52fb4a2237470 (127.0.107.195:41469)
I20260710 13:15:04.101379  1534 raft_consensus.cc:2468] T 8c8ebf161f3e4583b477688eb1bf91a3 P 1893fcf210f844758ca438dacb8c26b5 [term 1 FOLLOWER]: Leader election vote request: Granting yes vote for candidate a1d79de211ab4afd80e9918bee1ee45c in term 1.
I20260710 13:15:04.102945  1575 leader_election.cc:304] T 8c8ebf161f3e4583b477688eb1bf91a3 P a1d79de211ab4afd80e9918bee1ee45c [CANDIDATE]: Term 1 election: Election decided. Result: candidate won. Election summary: received 2 responses out of 3 voters: 2 yes votes; 0 no votes. yes voters: 8d27585c1edb458e8ca52fb4a2237470, a1d79de211ab4afd80e9918bee1ee45c; no voters: 
I20260710 13:15:04.103016  1730 raft_consensus.cc:515] T 7c3a9a181a634c0d913ec4a29b2b0f9b P 1893fcf210f844758ca438dacb8c26b5 [term 1 FOLLOWER]: Starting leader election with config: opid_index: -1 OBSOLETE_local: false peers { permanent_uuid: "1893fcf210f844758ca438dacb8c26b5" member_type: VOTER last_known_addr { host: "127.0.107.193" port: 44369 } } peers { permanent_uuid: "a1d79de211ab4afd80e9918bee1ee45c" member_type: VOTER last_known_addr { host: "127.0.107.194" port: 37877 } } peers { permanent_uuid: "8d27585c1edb458e8ca52fb4a2237470" member_type: VOTER last_known_addr { host: "127.0.107.195" port: 41469 } }
I20260710 13:15:04.104329  1610 tablet_service.cc:1917] Received RequestConsensusVote() RPC: tablet_id: "dff3516d0f1545839a70f44ff58cf805" candidate_uuid: "1893fcf210f844758ca438dacb8c26b5" candidate_term: 1 candidate_status { last_received { term: 0 index: 0 } } ignore_live_leader: false dest_uuid: "a1d79de211ab4afd80e9918bee1ee45c"
I20260710 13:15:04.104121  1746 raft_consensus.cc:515] T 0fd1938e3f34407096af02c134fb32e7 P 1893fcf210f844758ca438dacb8c26b5 [term 1 FOLLOWER]: Starting leader election with config: opid_index: -1 OBSOLETE_local: false peers { permanent_uuid: "1893fcf210f844758ca438dacb8c26b5" member_type: VOTER last_known_addr { host: "127.0.107.193" port: 44369 } } peers { permanent_uuid: "a1d79de211ab4afd80e9918bee1ee45c" member_type: VOTER last_known_addr { host: "127.0.107.194" port: 37877 } } peers { permanent_uuid: "8d27585c1edb458e8ca52fb4a2237470" member_type: VOTER last_known_addr { host: "127.0.107.195" port: 41469 } }
I20260710 13:15:04.105090  1610 raft_consensus.cc:2393] T dff3516d0f1545839a70f44ff58cf805 P a1d79de211ab4afd80e9918bee1ee45c [term 1 FOLLOWER]: Leader election vote request: Denying vote to candidate 1893fcf210f844758ca438dacb8c26b5 in current term 1: Already voted for candidate a1d79de211ab4afd80e9918bee1ee45c in this term.
I20260710 13:15:04.105607  1730 leader_election.cc:290] T 7c3a9a181a634c0d913ec4a29b2b0f9b P 1893fcf210f844758ca438dacb8c26b5 [CANDIDATE]: Term 1 election: Requested vote from peers a1d79de211ab4afd80e9918bee1ee45c (127.0.107.194:37877), 8d27585c1edb458e8ca52fb4a2237470 (127.0.107.195:41469)
I20260710 13:15:04.098096  1609 raft_consensus.cc:2468] T 9422af5c63a148b586bb1b151e57162b P a1d79de211ab4afd80e9918bee1ee45c [term 1 FOLLOWER]: Leader election vote request: Granting yes vote for candidate 8d27585c1edb458e8ca52fb4a2237470 in term 1.
I20260710 13:15:04.108273  1726 tablet_bootstrap.cc:654] T 18d39649596247289307c25992ffc5e9 P 1893fcf210f844758ca438dacb8c26b5: Neither blocks nor log segments found. Creating new log.
I20260710 13:15:04.108887  1685 tablet_service.cc:1917] Received RequestConsensusVote() RPC: tablet_id: "dff3516d0f1545839a70f44ff58cf805" candidate_uuid: "a1d79de211ab4afd80e9918bee1ee45c" candidate_term: 1 candidate_status { last_received { term: 0 index: 0 } } ignore_live_leader: false dest_uuid: "8d27585c1edb458e8ca52fb4a2237470"
I20260710 13:15:04.109045  1684 tablet_service.cc:1917] Received RequestConsensusVote() RPC: tablet_id: "7c3a9a181a634c0d913ec4a29b2b0f9b" candidate_uuid: "1893fcf210f844758ca438dacb8c26b5" candidate_term: 1 candidate_status { last_received { term: 0 index: 0 } } ignore_live_leader: false dest_uuid: "8d27585c1edb458e8ca52fb4a2237470"
I20260710 13:15:04.109611  1685 raft_consensus.cc:3060] T dff3516d0f1545839a70f44ff58cf805 P 8d27585c1edb458e8ca52fb4a2237470 [term 0 FOLLOWER]: Advancing to term 1
I20260710 13:15:04.109697  1684 raft_consensus.cc:3060] T 7c3a9a181a634c0d913ec4a29b2b0f9b P 8d27585c1edb458e8ca52fb4a2237470 [term 0 FOLLOWER]: Advancing to term 1
I20260710 13:15:04.111920  1682 tablet_service.cc:1917] Received RequestConsensusVote() RPC: tablet_id: "0fd1938e3f34407096af02c134fb32e7" candidate_uuid: "1893fcf210f844758ca438dacb8c26b5" candidate_term: 1 candidate_status { last_received { term: 0 index: 0 } } ignore_live_leader: false dest_uuid: "8d27585c1edb458e8ca52fb4a2237470"
I20260710 13:15:04.112762  1682 raft_consensus.cc:3060] T 0fd1938e3f34407096af02c134fb32e7 P 8d27585c1edb458e8ca52fb4a2237470 [term 0 FOLLOWER]: Advancing to term 1
I20260710 13:15:04.105088  1535 raft_consensus.cc:2393] T dff3516d0f1545839a70f44ff58cf805 P 1893fcf210f844758ca438dacb8c26b5 [term 1 FOLLOWER]: Leader pre-election vote request: Denying vote to candidate a1d79de211ab4afd80e9918bee1ee45c in current term 1: Already voted for candidate 1893fcf210f844758ca438dacb8c26b5 in this term.
I20260710 13:15:04.106098  1746 leader_election.cc:290] T 0fd1938e3f34407096af02c134fb32e7 P 1893fcf210f844758ca438dacb8c26b5 [CANDIDATE]: Term 1 election: Requested vote from peers a1d79de211ab4afd80e9918bee1ee45c (127.0.107.194:37877), 8d27585c1edb458e8ca52fb4a2237470 (127.0.107.195:41469)
I20260710 13:15:04.121552  1609 tablet_service.cc:1917] Received RequestConsensusVote() RPC: tablet_id: "7c3a9a181a634c0d913ec4a29b2b0f9b" candidate_uuid: "1893fcf210f844758ca438dacb8c26b5" candidate_term: 1 candidate_status { last_received { term: 0 index: 0 } } ignore_live_leader: false dest_uuid: "a1d79de211ab4afd80e9918bee1ee45c"
I20260710 13:15:04.122375  1609 raft_consensus.cc:3060] T 7c3a9a181a634c0d913ec4a29b2b0f9b P a1d79de211ab4afd80e9918bee1ee45c [term 0 FOLLOWER]: Advancing to term 1
I20260710 13:15:04.123741  1683 tablet_service.cc:1917] Received RequestConsensusVote() RPC: tablet_id: "dff3516d0f1545839a70f44ff58cf805" candidate_uuid: "1893fcf210f844758ca438dacb8c26b5" candidate_term: 1 candidate_status { last_received { term: 0 index: 0 } } ignore_live_leader: false dest_uuid: "8d27585c1edb458e8ca52fb4a2237470"
I20260710 13:15:04.129307  1746 raft_consensus.cc:493] T ec24b280dc4945b2b77ed8699c7534c6 P 1893fcf210f844758ca438dacb8c26b5 [term 0 FOLLOWER]: Starting pre-election (no leader contacted us within the election timeout)
I20260710 13:15:04.129505  1768 raft_consensus.cc:493] T ec24b280dc4945b2b77ed8699c7534c6 P 8d27585c1edb458e8ca52fb4a2237470 [term 0 FOLLOWER]: Starting pre-election (no leader contacted us within the election timeout)
I20260710 13:15:04.130067  1768 raft_consensus.cc:515] T ec24b280dc4945b2b77ed8699c7534c6 P 8d27585c1edb458e8ca52fb4a2237470 [term 0 FOLLOWER]: Starting pre-election with config: opid_index: -1 OBSOLETE_local: false peers { permanent_uuid: "1893fcf210f844758ca438dacb8c26b5" member_type: VOTER last_known_addr { host: "127.0.107.193" port: 44369 } } peers { permanent_uuid: "a1d79de211ab4afd80e9918bee1ee45c" member_type: VOTER last_known_addr { host: "127.0.107.194" port: 37877 } } peers { permanent_uuid: "8d27585c1edb458e8ca52fb4a2237470" member_type: VOTER last_known_addr { host: "127.0.107.195" port: 41469 } }
I20260710 13:15:04.130002  1746 raft_consensus.cc:515] T ec24b280dc4945b2b77ed8699c7534c6 P 1893fcf210f844758ca438dacb8c26b5 [term 0 FOLLOWER]: Starting pre-election with config: opid_index: -1 OBSOLETE_local: false peers { permanent_uuid: "1893fcf210f844758ca438dacb8c26b5" member_type: VOTER last_known_addr { host: "127.0.107.193" port: 44369 } } peers { permanent_uuid: "a1d79de211ab4afd80e9918bee1ee45c" member_type: VOTER last_known_addr { host: "127.0.107.194" port: 37877 } } peers { permanent_uuid: "8d27585c1edb458e8ca52fb4a2237470" member_type: VOTER last_known_addr { host: "127.0.107.195" port: 41469 } }
I20260710 13:15:04.132813  1768 leader_election.cc:290] T ec24b280dc4945b2b77ed8699c7534c6 P 8d27585c1edb458e8ca52fb4a2237470 [CANDIDATE]: Term 1 pre-election: Requested pre-vote from peers 1893fcf210f844758ca438dacb8c26b5 (127.0.107.193:44369), a1d79de211ab4afd80e9918bee1ee45c (127.0.107.194:37877)
I20260710 13:15:04.133090  1746 leader_election.cc:290] T ec24b280dc4945b2b77ed8699c7534c6 P 1893fcf210f844758ca438dacb8c26b5 [CANDIDATE]: Term 1 pre-election: Requested pre-vote from peers a1d79de211ab4afd80e9918bee1ee45c (127.0.107.194:37877), 8d27585c1edb458e8ca52fb4a2237470 (127.0.107.195:41469)
I20260710 13:15:04.135687  1729 ts_tablet_manager.cc:1434] T a985dbf0a8934062bc7245bd75d08e42 P 8d27585c1edb458e8ca52fb4a2237470: Time spent starting tablet: real 0.053s	user 0.007s	sys 0.000s
I20260710 13:15:04.137099  1611 tablet_service.cc:1917] Received RequestConsensusVote() RPC: tablet_id: "ec24b280dc4945b2b77ed8699c7534c6" candidate_uuid: "8d27585c1edb458e8ca52fb4a2237470" candidate_term: 1 candidate_status { last_received { term: 0 index: 0 } } ignore_live_leader: false dest_uuid: "a1d79de211ab4afd80e9918bee1ee45c" is_pre_election: true
I20260710 13:15:04.138156  1611 raft_consensus.cc:2468] T ec24b280dc4945b2b77ed8699c7534c6 P a1d79de211ab4afd80e9918bee1ee45c [term 0 FOLLOWER]: Leader pre-election vote request: Granting yes vote for candidate 8d27585c1edb458e8ca52fb4a2237470 in term 0.
I20260710 13:15:04.140584  1534 tablet_service.cc:1917] Received RequestConsensusVote() RPC: tablet_id: "dff3516d0f1545839a70f44ff58cf805" candidate_uuid: "a1d79de211ab4afd80e9918bee1ee45c" candidate_term: 1 candidate_status { last_received { term: 0 index: 0 } } ignore_live_leader: false dest_uuid: "1893fcf210f844758ca438dacb8c26b5"
I20260710 13:15:04.141569  1534 raft_consensus.cc:2393] T dff3516d0f1545839a70f44ff58cf805 P 1893fcf210f844758ca438dacb8c26b5 [term 1 FOLLOWER]: Leader election vote request: Denying vote to candidate a1d79de211ab4afd80e9918bee1ee45c in current term 1: Already voted for candidate 1893fcf210f844758ca438dacb8c26b5 in this term.
I20260710 13:15:04.143400  1500 leader_election.cc:304] T dff3516d0f1545839a70f44ff58cf805 P 1893fcf210f844758ca438dacb8c26b5 [CANDIDATE]: Term 1 election: Election decided. Result: candidate lost. Election summary: received 3 responses out of 3 voters: 1 yes votes; 2 no votes. yes voters: 1893fcf210f844758ca438dacb8c26b5; no voters: 8d27585c1edb458e8ca52fb4a2237470, a1d79de211ab4afd80e9918bee1ee45c
I20260710 13:15:04.143913  1746 raft_consensus.cc:493] T 7d0e17a41fe4415eb956d9b1e9020874 P 1893fcf210f844758ca438dacb8c26b5 [term 0 FOLLOWER]: Starting pre-election (no leader contacted us within the election timeout)
I20260710 13:15:04.144528  1730 raft_consensus.cc:2749] T dff3516d0f1545839a70f44ff58cf805 P 1893fcf210f844758ca438dacb8c26b5 [term 1 FOLLOWER]: Leader election lost for term 1. Reason: could not achieve majority
I20260710 13:15:04.147411  1610 tablet_service.cc:1917] Received RequestConsensusVote() RPC: tablet_id: "0fd1938e3f34407096af02c134fb32e7" candidate_uuid: "1893fcf210f844758ca438dacb8c26b5" candidate_term: 1 candidate_status { last_received { term: 0 index: 0 } } ignore_live_leader: false dest_uuid: "a1d79de211ab4afd80e9918bee1ee45c"
I20260710 13:15:04.148165  1610 raft_consensus.cc:3060] T 0fd1938e3f34407096af02c134fb32e7 P a1d79de211ab4afd80e9918bee1ee45c [term 0 FOLLOWER]: Advancing to term 1
I20260710 13:15:04.148936  1729 tablet_bootstrap.cc:492] T 2e7d9bca5c9c4388b51f2549142f0e6f P 8d27585c1edb458e8ca52fb4a2237470: Bootstrap starting.
I20260710 13:15:04.155767  1611 tablet_service.cc:1917] Received RequestConsensusVote() RPC: tablet_id: "ec24b280dc4945b2b77ed8699c7534c6" candidate_uuid: "1893fcf210f844758ca438dacb8c26b5" candidate_term: 1 candidate_status { last_received { term: 0 index: 0 } } ignore_live_leader: false dest_uuid: "a1d79de211ab4afd80e9918bee1ee45c" is_pre_election: true
I20260710 13:15:04.156625  1611 raft_consensus.cc:2468] T ec24b280dc4945b2b77ed8699c7534c6 P a1d79de211ab4afd80e9918bee1ee45c [term 0 FOLLOWER]: Leader pre-election vote request: Granting yes vote for candidate 1893fcf210f844758ca438dacb8c26b5 in term 0.
I20260710 13:15:04.158125  1502 leader_election.cc:304] T ec24b280dc4945b2b77ed8699c7534c6 P 1893fcf210f844758ca438dacb8c26b5 [CANDIDATE]: Term 1 pre-election: Election decided. Result: candidate won. Election summary: received 2 responses out of 3 voters: 2 yes votes; 0 no votes. yes voters: 1893fcf210f844758ca438dacb8c26b5, a1d79de211ab4afd80e9918bee1ee45c; no voters: 
I20260710 13:15:04.159001  1726 tablet_bootstrap.cc:492] T 18d39649596247289307c25992ffc5e9 P 1893fcf210f844758ca438dacb8c26b5: No bootstrap required, opened a new log
I20260710 13:15:04.158993  1730 raft_consensus.cc:2804] T ec24b280dc4945b2b77ed8699c7534c6 P 1893fcf210f844758ca438dacb8c26b5 [term 0 FOLLOWER]: Leader pre-election won for term 1
I20260710 13:15:04.159001  1725 tablet_bootstrap.cc:492] T 5ba2d540a919499ea4680c0b9ef32025 P a1d79de211ab4afd80e9918bee1ee45c: No bootstrap required, opened a new log
I20260710 13:15:04.109046  1731 raft_consensus.cc:2804] T 8c8ebf161f3e4583b477688eb1bf91a3 P a1d79de211ab4afd80e9918bee1ee45c [term 1 FOLLOWER]: Leader election won for term 1
I20260710 13:15:04.159768  1726 ts_tablet_manager.cc:1403] T 18d39649596247289307c25992ffc5e9 P 1893fcf210f844758ca438dacb8c26b5: Time spent bootstrapping tablet: real 0.067s	user 0.032s	sys 0.024s
I20260710 13:15:04.160642  1651 leader_election.cc:304] T ec24b280dc4945b2b77ed8699c7534c6 P 8d27585c1edb458e8ca52fb4a2237470 [CANDIDATE]: Term 1 pre-election: Election decided. Result: candidate won. Election summary: received 2 responses out of 3 voters: 2 yes votes; 0 no votes. yes voters: 8d27585c1edb458e8ca52fb4a2237470, a1d79de211ab4afd80e9918bee1ee45c; no voters: 
I20260710 13:15:04.159884  1730 raft_consensus.cc:493] T ec24b280dc4945b2b77ed8699c7534c6 P 1893fcf210f844758ca438dacb8c26b5 [term 0 FOLLOWER]: Starting leader election (no leader contacted us within the election timeout)
I20260710 13:15:04.162097  1730 raft_consensus.cc:3060] T ec24b280dc4945b2b77ed8699c7534c6 P 1893fcf210f844758ca438dacb8c26b5 [term 0 FOLLOWER]: Advancing to term 1
I20260710 13:15:04.163561  1726 raft_consensus.cc:359] T 18d39649596247289307c25992ffc5e9 P 1893fcf210f844758ca438dacb8c26b5 [term 0 FOLLOWER]: Replica starting. Triggering 0 pending ops. Active config: opid_index: -1 OBSOLETE_local: false peers { permanent_uuid: "1893fcf210f844758ca438dacb8c26b5" member_type: VOTER last_known_addr { host: "127.0.107.193" port: 44369 } } peers { permanent_uuid: "a1d79de211ab4afd80e9918bee1ee45c" member_type: VOTER last_known_addr { host: "127.0.107.194" port: 37877 } } peers { permanent_uuid: "8d27585c1edb458e8ca52fb4a2237470" member_type: VOTER last_known_addr { host: "127.0.107.195" port: 41469 } }
I20260710 13:15:04.164268  1726 raft_consensus.cc:385] T 18d39649596247289307c25992ffc5e9 P 1893fcf210f844758ca438dacb8c26b5 [term 0 FOLLOWER]: Consensus starting up: Expiring failure detector timer to make a prompt election more likely
I20260710 13:15:04.164597  1726 raft_consensus.cc:740] T 18d39649596247289307c25992ffc5e9 P 1893fcf210f844758ca438dacb8c26b5 [term 0 FOLLOWER]: Becoming Follower/Learner. State: Replica: 1893fcf210f844758ca438dacb8c26b5, State: Initialized, Role: FOLLOWER
I20260710 13:15:04.164885  1535 tablet_service.cc:1917] Received RequestConsensusVote() RPC: tablet_id: "ec24b280dc4945b2b77ed8699c7534c6" candidate_uuid: "8d27585c1edb458e8ca52fb4a2237470" candidate_term: 1 candidate_status { last_received { term: 0 index: 0 } } ignore_live_leader: false dest_uuid: "1893fcf210f844758ca438dacb8c26b5" is_pre_election: true
I20260710 13:15:04.165360  1726 consensus_queue.cc:260] T 18d39649596247289307c25992ffc5e9 P 1893fcf210f844758ca438dacb8c26b5 [NON_LEADER]: Queue going to NON_LEADER mode. State: All replicated index: 0, Majority replicated index: 0, Committed index: 0, Last appended: 0.0, Last appended by leader: 0, Current term: 0, Majority size: -1, State: 0, Mode: NON_LEADER, active raft config: opid_index: -1 OBSOLETE_local: false peers { permanent_uuid: "1893fcf210f844758ca438dacb8c26b5" member_type: VOTER last_known_addr { host: "127.0.107.193" port: 44369 } } peers { permanent_uuid: "a1d79de211ab4afd80e9918bee1ee45c" member_type: VOTER last_known_addr { host: "127.0.107.194" port: 37877 } } peers { permanent_uuid: "8d27585c1edb458e8ca52fb4a2237470" member_type: VOTER last_known_addr { host: "127.0.107.195" port: 41469 } }
I20260710 13:15:04.165769  1683 tablet_service.cc:1917] Received RequestConsensusVote() RPC: tablet_id: "ec24b280dc4945b2b77ed8699c7534c6" candidate_uuid: "1893fcf210f844758ca438dacb8c26b5" candidate_term: 1 candidate_status { last_received { term: 0 index: 0 } } ignore_live_leader: false dest_uuid: "8d27585c1edb458e8ca52fb4a2237470" is_pre_election: true
I20260710 13:15:04.166505  1683 raft_consensus.cc:2468] T ec24b280dc4945b2b77ed8699c7534c6 P 8d27585c1edb458e8ca52fb4a2237470 [term 0 FOLLOWER]: Leader pre-election vote request: Granting yes vote for candidate 1893fcf210f844758ca438dacb8c26b5 in term 0.
I20260710 13:15:04.167189  1740 raft_consensus.cc:2804] T ec24b280dc4945b2b77ed8699c7534c6 P 8d27585c1edb458e8ca52fb4a2237470 [term 0 FOLLOWER]: Leader pre-election won for term 1
I20260710 13:15:04.167371  1726 ts_tablet_manager.cc:1434] T 18d39649596247289307c25992ffc5e9 P 1893fcf210f844758ca438dacb8c26b5: Time spent starting tablet: real 0.007s	user 0.006s	sys 0.000s
I20260710 13:15:04.167598  1740 raft_consensus.cc:493] T ec24b280dc4945b2b77ed8699c7534c6 P 8d27585c1edb458e8ca52fb4a2237470 [term 0 FOLLOWER]: Starting leader election (no leader contacted us within the election timeout)
I20260710 13:15:04.167965  1740 raft_consensus.cc:3060] T ec24b280dc4945b2b77ed8699c7534c6 P 8d27585c1edb458e8ca52fb4a2237470 [term 0 FOLLOWER]: Advancing to term 1
I20260710 13:15:04.144408  1746 raft_consensus.cc:515] T 7d0e17a41fe4415eb956d9b1e9020874 P 1893fcf210f844758ca438dacb8c26b5 [term 0 FOLLOWER]: Starting pre-election with config: opid_index: -1 OBSOLETE_local: false peers { permanent_uuid: "1893fcf210f844758ca438dacb8c26b5" member_type: VOTER last_known_addr { host: "127.0.107.193" port: 44369 } } peers { permanent_uuid: "a1d79de211ab4afd80e9918bee1ee45c" member_type: VOTER last_known_addr { host: "127.0.107.194" port: 37877 } } peers { permanent_uuid: "8d27585c1edb458e8ca52fb4a2237470" member_type: VOTER last_known_addr { host: "127.0.107.195" port: 41469 } }
I20260710 13:15:04.160231  1725 ts_tablet_manager.cc:1403] T 5ba2d540a919499ea4680c0b9ef32025 P a1d79de211ab4afd80e9918bee1ee45c: Time spent bootstrapping tablet: real 0.076s	user 0.032s	sys 0.028s
I20260710 13:15:04.160200  1731 raft_consensus.cc:697] T 8c8ebf161f3e4583b477688eb1bf91a3 P a1d79de211ab4afd80e9918bee1ee45c [term 1 LEADER]: Becoming Leader. State: Replica: a1d79de211ab4afd80e9918bee1ee45c, State: Running, Role: LEADER
I20260710 13:15:04.160058  1729 tablet_bootstrap.cc:654] T 2e7d9bca5c9c4388b51f2549142f0e6f P 8d27585c1edb458e8ca52fb4a2237470: Neither blocks nor log segments found. Creating new log.
I20260710 13:15:04.222397  1685 raft_consensus.cc:2468] T dff3516d0f1545839a70f44ff58cf805 P 8d27585c1edb458e8ca52fb4a2237470 [term 1 FOLLOWER]: Leader election vote request: Granting yes vote for candidate a1d79de211ab4afd80e9918bee1ee45c in term 1.
I20260710 13:15:04.223016  1726 tablet_bootstrap.cc:492] T 59489a6e052d4b17af0e3a78ad210c17 P 1893fcf210f844758ca438dacb8c26b5: Bootstrap starting.
I20260710 13:15:04.224064  1575 leader_election.cc:304] T dff3516d0f1545839a70f44ff58cf805 P a1d79de211ab4afd80e9918bee1ee45c [CANDIDATE]: Term 1 election: Election decided. Result: candidate won. Election summary: received 3 responses out of 3 voters: 2 yes votes; 1 no votes. yes voters: 8d27585c1edb458e8ca52fb4a2237470, a1d79de211ab4afd80e9918bee1ee45c; no voters: 1893fcf210f844758ca438dacb8c26b5
I20260710 13:15:04.224327  1725 raft_consensus.cc:359] T 5ba2d540a919499ea4680c0b9ef32025 P a1d79de211ab4afd80e9918bee1ee45c [term 0 FOLLOWER]: Replica starting. Triggering 0 pending ops. Active config: opid_index: -1 OBSOLETE_local: false peers { permanent_uuid: "1893fcf210f844758ca438dacb8c26b5" member_type: VOTER last_known_addr { host: "127.0.107.193" port: 44369 } } peers { permanent_uuid: "a1d79de211ab4afd80e9918bee1ee45c" member_type: VOTER last_known_addr { host: "127.0.107.194" port: 37877 } } peers { permanent_uuid: "8d27585c1edb458e8ca52fb4a2237470" member_type: VOTER last_known_addr { host: "127.0.107.195" port: 41469 } }
I20260710 13:15:04.225020  1725 raft_consensus.cc:385] T 5ba2d540a919499ea4680c0b9ef32025 P a1d79de211ab4afd80e9918bee1ee45c [term 0 FOLLOWER]: Consensus starting up: Expiring failure detector timer to make a prompt election more likely
I20260710 13:15:04.225196  1732 raft_consensus.cc:2804] T dff3516d0f1545839a70f44ff58cf805 P a1d79de211ab4afd80e9918bee1ee45c [term 1 FOLLOWER]: Leader election won for term 1
I20260710 13:15:04.225660  1732 raft_consensus.cc:697] T dff3516d0f1545839a70f44ff58cf805 P a1d79de211ab4afd80e9918bee1ee45c [term 1 LEADER]: Becoming Leader. State: Replica: a1d79de211ab4afd80e9918bee1ee45c, State: Running, Role: LEADER
I20260710 13:15:04.226521  1732 consensus_queue.cc:237] T dff3516d0f1545839a70f44ff58cf805 P a1d79de211ab4afd80e9918bee1ee45c [LEADER]: Queue going to LEADER mode. State: All replicated index: 0, Majority replicated index: 0, Committed index: 0, Last appended: 0.0, Last appended by leader: 0, Current term: 1, Majority size: 2, State: 0, Mode: LEADER, active raft config: opid_index: -1 OBSOLETE_local: false peers { permanent_uuid: "1893fcf210f844758ca438dacb8c26b5" member_type: VOTER last_known_addr { host: "127.0.107.193" port: 44369 } } peers { permanent_uuid: "a1d79de211ab4afd80e9918bee1ee45c" member_type: VOTER last_known_addr { host: "127.0.107.194" port: 37877 } } peers { permanent_uuid: "8d27585c1edb458e8ca52fb4a2237470" member_type: VOTER last_known_addr { host: "127.0.107.195" port: 41469 } }
I20260710 13:15:04.227221  1746 leader_election.cc:290] T 7d0e17a41fe4415eb956d9b1e9020874 P 1893fcf210f844758ca438dacb8c26b5 [CANDIDATE]: Term 1 pre-election: Requested pre-vote from peers a1d79de211ab4afd80e9918bee1ee45c (127.0.107.194:37877), 8d27585c1edb458e8ca52fb4a2237470 (127.0.107.195:41469)
I20260710 13:15:04.228152  1611 tablet_service.cc:1917] Received RequestConsensusVote() RPC: tablet_id: "7d0e17a41fe4415eb956d9b1e9020874" candidate_uuid: "1893fcf210f844758ca438dacb8c26b5" candidate_term: 1 candidate_status { last_received { term: 0 index: 0 } } ignore_live_leader: false dest_uuid: "a1d79de211ab4afd80e9918bee1ee45c" is_pre_election: true
I20260710 13:15:04.228773  1611 raft_consensus.cc:2468] T 7d0e17a41fe4415eb956d9b1e9020874 P a1d79de211ab4afd80e9918bee1ee45c [term 0 FOLLOWER]: Leader pre-election vote request: Granting yes vote for candidate 1893fcf210f844758ca438dacb8c26b5 in term 0.
W20260710 13:15:04.229601  1482 auto_rebalancer.cc:288] Could not retrieve cluster info: Service unavailable: Tablet not running
I20260710 13:15:04.229859  1502 leader_election.cc:304] T 7d0e17a41fe4415eb956d9b1e9020874 P 1893fcf210f844758ca438dacb8c26b5 [CANDIDATE]: Term 1 pre-election: Election decided. Result: candidate won. Election summary: received 2 responses out of 3 voters: 2 yes votes; 0 no votes. yes voters: 1893fcf210f844758ca438dacb8c26b5, a1d79de211ab4afd80e9918bee1ee45c; no voters: 
W20260710 13:15:04.230237  1651 outbound_call.cc:321] RPC callback for RPC call kudu.consensus.ConsensusService.UpdateConsensus -> {remote=127.0.107.194:37877, user_credentials={real_user=slave}} blocked reactor thread for 59000.3us
I20260710 13:15:04.230942  1768 consensus_queue.cc:1048] T 3d715319280d45e79d2f5cc46206b3c3 P 8d27585c1edb458e8ca52fb4a2237470 [LEADER]: Connected to new peer: Peer: permanent_uuid: "a1d79de211ab4afd80e9918bee1ee45c" member_type: VOTER last_known_addr { host: "127.0.107.194" port: 37877 }, Status: LMP_MISMATCH, Last received: 0.0, Next index: 1, Last known committed idx: 0, Time since last communication: 0.000s
W20260710 13:15:04.232079  1500 outbound_call.cc:321] RPC callback for RPC call kudu.consensus.ConsensusService.RequestConsensusVote -> {remote=127.0.107.195:41469, user_credentials={real_user=slave}} blocked reactor thread for 60657.7us
I20260710 13:15:04.232559  1746 raft_consensus.cc:2804] T 7d0e17a41fe4415eb956d9b1e9020874 P 1893fcf210f844758ca438dacb8c26b5 [term 0 FOLLOWER]: Leader pre-election won for term 1
I20260710 13:15:04.233405  1746 raft_consensus.cc:493] T 7d0e17a41fe4415eb956d9b1e9020874 P 1893fcf210f844758ca438dacb8c26b5 [term 0 FOLLOWER]: Starting leader election (no leader contacted us within the election timeout)
I20260710 13:15:04.233765  1746 raft_consensus.cc:3060] T 7d0e17a41fe4415eb956d9b1e9020874 P 1893fcf210f844758ca438dacb8c26b5 [term 0 FOLLOWER]: Advancing to term 1
I20260710 13:15:04.234334  1726 tablet_bootstrap.cc:654] T 59489a6e052d4b17af0e3a78ad210c17 P 1893fcf210f844758ca438dacb8c26b5: Neither blocks nor log segments found. Creating new log.
I20260710 13:15:04.236114  1731 consensus_queue.cc:237] T 8c8ebf161f3e4583b477688eb1bf91a3 P a1d79de211ab4afd80e9918bee1ee45c [LEADER]: Queue going to LEADER mode. State: All replicated index: 0, Majority replicated index: 0, Committed index: 0, Last appended: 0.0, Last appended by leader: 0, Current term: 1, Majority size: 2, State: 0, Mode: LEADER, active raft config: opid_index: -1 OBSOLETE_local: false peers { permanent_uuid: "1893fcf210f844758ca438dacb8c26b5" member_type: VOTER last_known_addr { host: "127.0.107.193" port: 44369 } } peers { permanent_uuid: "a1d79de211ab4afd80e9918bee1ee45c" member_type: VOTER last_known_addr { host: "127.0.107.194" port: 37877 } } peers { permanent_uuid: "8d27585c1edb458e8ca52fb4a2237470" member_type: VOTER last_known_addr { host: "127.0.107.195" port: 41469 } }
I20260710 13:15:04.225267  1725 raft_consensus.cc:740] T 5ba2d540a919499ea4680c0b9ef32025 P a1d79de211ab4afd80e9918bee1ee45c [term 0 FOLLOWER]: Becoming Follower/Learner. State: Replica: a1d79de211ab4afd80e9918bee1ee45c, State: Initialized, Role: FOLLOWER
I20260710 13:15:04.240792  1725 consensus_queue.cc:260] T 5ba2d540a919499ea4680c0b9ef32025 P a1d79de211ab4afd80e9918bee1ee45c [NON_LEADER]: Queue going to NON_LEADER mode. State: All replicated index: 0, Majority replicated index: 0, Committed index: 0, Last appended: 0.0, Last appended by leader: 0, Current term: 0, Majority size: -1, State: 0, Mode: NON_LEADER, active raft config: opid_index: -1 OBSOLETE_local: false peers { permanent_uuid: "1893fcf210f844758ca438dacb8c26b5" member_type: VOTER last_known_addr { host: "127.0.107.193" port: 44369 } } peers { permanent_uuid: "a1d79de211ab4afd80e9918bee1ee45c" member_type: VOTER last_known_addr { host: "127.0.107.194" port: 37877 } } peers { permanent_uuid: "8d27585c1edb458e8ca52fb4a2237470" member_type: VOTER last_known_addr { host: "127.0.107.195" port: 41469 } }
I20260710 13:15:04.242899  1725 ts_tablet_manager.cc:1434] T 5ba2d540a919499ea4680c0b9ef32025 P a1d79de211ab4afd80e9918bee1ee45c: Time spent starting tablet: real 0.068s	user 0.000s	sys 0.017s
I20260710 13:15:04.243798  1782 raft_consensus.cc:493] T 18d39649596247289307c25992ffc5e9 P a1d79de211ab4afd80e9918bee1ee45c [term 0 FOLLOWER]: Starting pre-election (no leader contacted us within the election timeout)
I20260710 13:15:04.245431  1729 tablet_bootstrap.cc:492] T 2e7d9bca5c9c4388b51f2549142f0e6f P 8d27585c1edb458e8ca52fb4a2237470: No bootstrap required, opened a new log
I20260710 13:15:04.244412  1782 raft_consensus.cc:515] T 18d39649596247289307c25992ffc5e9 P a1d79de211ab4afd80e9918bee1ee45c [term 0 FOLLOWER]: Starting pre-election with config: opid_index: -1 OBSOLETE_local: false peers { permanent_uuid: "1893fcf210f844758ca438dacb8c26b5" member_type: VOTER last_known_addr { host: "127.0.107.193" port: 44369 } } peers { permanent_uuid: "a1d79de211ab4afd80e9918bee1ee45c" member_type: VOTER last_known_addr { host: "127.0.107.194" port: 37877 } } peers { permanent_uuid: "8d27585c1edb458e8ca52fb4a2237470" member_type: VOTER last_known_addr { host: "127.0.107.195" port: 41469 } }
