I20260710 13:15:03.364713  1726 consensus_queue.cc:260] T 79e7fadaf95349d0be0c240f0bff2446 P 1893fcf210f844758ca438dacb8c26b5 [NON_LEADER]: Queue going to NON_LEADER mode. State: All replicated index: 0, Majority replicated index: 0, Committed index: 0, Last appended: 0.0, Last appended by leader: 0, Current term: 0, Majority size: -1, State: 0, Mode: NON_LEADER, active raft config: opid_index: -1 OBSOLETE_local: false peers { permanent_uuid: "1893fcf210f844758ca438dacb8c26b5" member_type: VOTER last_known_addr { host: "127.0.107.193" port: 44369 } } peers { permanent_uuid: "a1d79de211ab4afd80e9918bee1ee45c" member_type: VOTER last_known_addr { host: "127.0.107.194" port: 37877 } } peers { permanent_uuid: "8d27585c1edb458e8ca52fb4a2237470" member_type: VOTER last_known_addr { host: "127.0.107.195" port: 41469 } }
I20260710 13:15:03.367445  1726 ts_tablet_manager.cc:1434] T 79e7fadaf95349d0be0c240f0bff2446 P 1893fcf210f844758ca438dacb8c26b5: Time spent starting tablet: real 0.008s	user 0.007s	sys 0.000s
I20260710 13:15:03.368440  1726 tablet_bootstrap.cc:492] T 3d715319280d45e79d2f5cc46206b3c3 P 1893fcf210f844758ca438dacb8c26b5: Bootstrap starting.
I20260710 13:15:03.369488  1725 raft_consensus.cc:359] T ec24b280dc4945b2b77ed8699c7534c6 P a1d79de211ab4afd80e9918bee1ee45c [term 0 FOLLOWER]: Replica starting. Triggering 0 pending ops. Active config: opid_index: -1 OBSOLETE_local: false peers { permanent_uuid: "1893fcf210f844758ca438dacb8c26b5" member_type: VOTER last_known_addr { host: "127.0.107.193" port: 44369 } } peers { permanent_uuid: "a1d79de211ab4afd80e9918bee1ee45c" member_type: VOTER last_known_addr { host: "127.0.107.194" port: 37877 } } peers { permanent_uuid: "8d27585c1edb458e8ca52fb4a2237470" member_type: VOTER last_known_addr { host: "127.0.107.195" port: 41469 } }
I20260710 13:15:03.370570  1725 raft_consensus.cc:385] T ec24b280dc4945b2b77ed8699c7534c6 P a1d79de211ab4afd80e9918bee1ee45c [term 0 FOLLOWER]: Consensus starting up: Expiring failure detector timer to make a prompt election more likely
I20260710 13:15:03.371027  1725 raft_consensus.cc:740] T ec24b280dc4945b2b77ed8699c7534c6 P a1d79de211ab4afd80e9918bee1ee45c [term 0 FOLLOWER]: Becoming Follower/Learner. State: Replica: a1d79de211ab4afd80e9918bee1ee45c, State: Initialized, Role: FOLLOWER
I20260710 13:15:03.372102  1725 consensus_queue.cc:260] T ec24b280dc4945b2b77ed8699c7534c6 P a1d79de211ab4afd80e9918bee1ee45c [NON_LEADER]: Queue going to NON_LEADER mode. State: All replicated index: 0, Majority replicated index: 0, Committed index: 0, Last appended: 0.0, Last appended by leader: 0, Current term: 0, Majority size: -1, State: 0, Mode: NON_LEADER, active raft config: opid_index: -1 OBSOLETE_local: false peers { permanent_uuid: "1893fcf210f844758ca438dacb8c26b5" member_type: VOTER last_known_addr { host: "127.0.107.193" port: 44369 } } peers { permanent_uuid: "a1d79de211ab4afd80e9918bee1ee45c" member_type: VOTER last_known_addr { host: "127.0.107.194" port: 37877 } } peers { permanent_uuid: "8d27585c1edb458e8ca52fb4a2237470" member_type: VOTER last_known_addr { host: "127.0.107.195" port: 41469 } }
I20260710 13:15:03.374428  1729 tablet_bootstrap.cc:654] T 3d715319280d45e79d2f5cc46206b3c3 P 8d27585c1edb458e8ca52fb4a2237470: Neither blocks nor log segments found. Creating new log.
I20260710 13:15:03.374949  1725 ts_tablet_manager.cc:1434] T ec24b280dc4945b2b77ed8699c7534c6 P a1d79de211ab4afd80e9918bee1ee45c: Time spent starting tablet: real 0.010s	user 0.009s	sys 0.000s
I20260710 13:15:03.376116  1725 tablet_bootstrap.cc:492] T 0fd1938e3f34407096af02c134fb32e7 P a1d79de211ab4afd80e9918bee1ee45c: Bootstrap starting.
I20260710 13:15:03.376117  1726 tablet_bootstrap.cc:654] T 3d715319280d45e79d2f5cc46206b3c3 P 1893fcf210f844758ca438dacb8c26b5: Neither blocks nor log segments found. Creating new log.
I20260710 13:15:03.382278  1725 tablet_bootstrap.cc:654] T 0fd1938e3f34407096af02c134fb32e7 P a1d79de211ab4afd80e9918bee1ee45c: Neither blocks nor log segments found. Creating new log.
I20260710 13:15:03.405328  1729 tablet_bootstrap.cc:492] T 3d715319280d45e79d2f5cc46206b3c3 P 8d27585c1edb458e8ca52fb4a2237470: No bootstrap required, opened a new log
I20260710 13:15:03.405850  1729 ts_tablet_manager.cc:1403] T 3d715319280d45e79d2f5cc46206b3c3 P 8d27585c1edb458e8ca52fb4a2237470: Time spent bootstrapping tablet: real 0.051s	user 0.014s	sys 0.022s
I20260710 13:15:03.408298  1726 tablet_bootstrap.cc:492] T 3d715319280d45e79d2f5cc46206b3c3 P 1893fcf210f844758ca438dacb8c26b5: No bootstrap required, opened a new log
I20260710 13:15:03.408823  1726 ts_tablet_manager.cc:1403] T 3d715319280d45e79d2f5cc46206b3c3 P 1893fcf210f844758ca438dacb8c26b5: Time spent bootstrapping tablet: real 0.041s	user 0.010s	sys 0.023s
I20260710 13:15:03.408926  1729 raft_consensus.cc:359] T 3d715319280d45e79d2f5cc46206b3c3 P 8d27585c1edb458e8ca52fb4a2237470 [term 0 FOLLOWER]: Replica starting. Triggering 0 pending ops. Active config: opid_index: -1 OBSOLETE_local: false peers { permanent_uuid: "1893fcf210f844758ca438dacb8c26b5" member_type: VOTER last_known_addr { host: "127.0.107.193" port: 44369 } } peers { permanent_uuid: "a1d79de211ab4afd80e9918bee1ee45c" member_type: VOTER last_known_addr { host: "127.0.107.194" port: 37877 } } peers { permanent_uuid: "8d27585c1edb458e8ca52fb4a2237470" member_type: VOTER last_known_addr { host: "127.0.107.195" port: 41469 } }
I20260710 13:15:03.409693  1729 raft_consensus.cc:385] T 3d715319280d45e79d2f5cc46206b3c3 P 8d27585c1edb458e8ca52fb4a2237470 [term 0 FOLLOWER]: Consensus starting up: Expiring failure detector timer to make a prompt election more likely
I20260710 13:15:03.409981  1729 raft_consensus.cc:740] T 3d715319280d45e79d2f5cc46206b3c3 P 8d27585c1edb458e8ca52fb4a2237470 [term 0 FOLLOWER]: Becoming Follower/Learner. State: Replica: 8d27585c1edb458e8ca52fb4a2237470, State: Initialized, Role: FOLLOWER
I20260710 13:15:03.410866  1729 consensus_queue.cc:260] T 3d715319280d45e79d2f5cc46206b3c3 P 8d27585c1edb458e8ca52fb4a2237470 [NON_LEADER]: Queue going to NON_LEADER mode. State: All replicated index: 0, Majority replicated index: 0, Committed index: 0, Last appended: 0.0, Last appended by leader: 0, Current term: 0, Majority size: -1, State: 0, Mode: NON_LEADER, active raft config: opid_index: -1 OBSOLETE_local: false peers { permanent_uuid: "1893fcf210f844758ca438dacb8c26b5" member_type: VOTER last_known_addr { host: "127.0.107.193" port: 44369 } } peers { permanent_uuid: "a1d79de211ab4afd80e9918bee1ee45c" member_type: VOTER last_known_addr { host: "127.0.107.194" port: 37877 } } peers { permanent_uuid: "8d27585c1edb458e8ca52fb4a2237470" member_type: VOTER last_known_addr { host: "127.0.107.195" port: 41469 } }
I20260710 13:15:03.411856  1730 raft_consensus.cc:493] T 92de4c089ae84734a7ba39be7f9ee12f P 1893fcf210f844758ca438dacb8c26b5 [term 0 FOLLOWER]: Starting pre-election (no leader contacted us within the election timeout)
I20260710 13:15:03.412320  1730 raft_consensus.cc:515] T 92de4c089ae84734a7ba39be7f9ee12f P 1893fcf210f844758ca438dacb8c26b5 [term 0 FOLLOWER]: Starting pre-election with config: opid_index: -1 OBSOLETE_local: false peers { permanent_uuid: "1893fcf210f844758ca438dacb8c26b5" member_type: VOTER last_known_addr { host: "127.0.107.193" port: 44369 } } peers { permanent_uuid: "a1d79de211ab4afd80e9918bee1ee45c" member_type: VOTER last_known_addr { host: "127.0.107.194" port: 37877 } } peers { permanent_uuid: "8d27585c1edb458e8ca52fb4a2237470" member_type: VOTER last_known_addr { host: "127.0.107.195" port: 41469 } }
I20260710 13:15:03.412247  1726 raft_consensus.cc:359] T 3d715319280d45e79d2f5cc46206b3c3 P 1893fcf210f844758ca438dacb8c26b5 [term 0 FOLLOWER]: Replica starting. Triggering 0 pending ops. Active config: opid_index: -1 OBSOLETE_local: false peers { permanent_uuid: "1893fcf210f844758ca438dacb8c26b5" member_type: VOTER last_known_addr { host: "127.0.107.193" port: 44369 } } peers { permanent_uuid: "a1d79de211ab4afd80e9918bee1ee45c" member_type: VOTER last_known_addr { host: "127.0.107.194" port: 37877 } } peers { permanent_uuid: "8d27585c1edb458e8ca52fb4a2237470" member_type: VOTER last_known_addr { host: "127.0.107.195" port: 41469 } }
I20260710 13:15:03.413465  1726 raft_consensus.cc:385] T 3d715319280d45e79d2f5cc46206b3c3 P 1893fcf210f844758ca438dacb8c26b5 [term 0 FOLLOWER]: Consensus starting up: Expiring failure detector timer to make a prompt election more likely
I20260710 13:15:03.413789  1726 raft_consensus.cc:740] T 3d715319280d45e79d2f5cc46206b3c3 P 1893fcf210f844758ca438dacb8c26b5 [term 0 FOLLOWER]: Becoming Follower/Learner. State: Replica: 1893fcf210f844758ca438dacb8c26b5, State: Initialized, Role: FOLLOWER
I20260710 13:15:03.414402  1730 leader_election.cc:290] T 92de4c089ae84734a7ba39be7f9ee12f P 1893fcf210f844758ca438dacb8c26b5 [CANDIDATE]: Term 1 pre-election: Requested pre-vote from peers a1d79de211ab4afd80e9918bee1ee45c (127.0.107.194:37877), 8d27585c1edb458e8ca52fb4a2237470 (127.0.107.195:41469)
I20260710 13:15:03.414816  1729 ts_tablet_manager.cc:1434] T 3d715319280d45e79d2f5cc46206b3c3 P 8d27585c1edb458e8ca52fb4a2237470: Time spent starting tablet: real 0.009s	user 0.006s	sys 0.000s
I20260710 13:15:03.414582  1726 consensus_queue.cc:260] T 3d715319280d45e79d2f5cc46206b3c3 P 1893fcf210f844758ca438dacb8c26b5 [NON_LEADER]: Queue going to NON_LEADER mode. State: All replicated index: 0, Majority replicated index: 0, Committed index: 0, Last appended: 0.0, Last appended by leader: 0, Current term: 0, Majority size: -1, State: 0, Mode: NON_LEADER, active raft config: opid_index: -1 OBSOLETE_local: false peers { permanent_uuid: "1893fcf210f844758ca438dacb8c26b5" member_type: VOTER last_known_addr { host: "127.0.107.193" port: 44369 } } peers { permanent_uuid: "a1d79de211ab4afd80e9918bee1ee45c" member_type: VOTER last_known_addr { host: "127.0.107.194" port: 37877 } } peers { permanent_uuid: "8d27585c1edb458e8ca52fb4a2237470" member_type: VOTER last_known_addr { host: "127.0.107.195" port: 41469 } }
I20260710 13:15:03.415854  1729 tablet_bootstrap.cc:492] T 92de4c089ae84734a7ba39be7f9ee12f P 8d27585c1edb458e8ca52fb4a2237470: Bootstrap starting.
I20260710 13:15:03.416699  1611 tablet_service.cc:1917] Received RequestConsensusVote() RPC: tablet_id: "92de4c089ae84734a7ba39be7f9ee12f" candidate_uuid: "1893fcf210f844758ca438dacb8c26b5" candidate_term: 1 candidate_status { last_received { term: 0 index: 0 } } ignore_live_leader: false dest_uuid: "a1d79de211ab4afd80e9918bee1ee45c" is_pre_election: true
I20260710 13:15:03.416936  1726 ts_tablet_manager.cc:1434] T 3d715319280d45e79d2f5cc46206b3c3 P 1893fcf210f844758ca438dacb8c26b5: Time spent starting tablet: real 0.008s	user 0.005s	sys 0.000s
I20260710 13:15:03.417330  1611 raft_consensus.cc:2468] T 92de4c089ae84734a7ba39be7f9ee12f P a1d79de211ab4afd80e9918bee1ee45c [term 0 FOLLOWER]: Leader pre-election vote request: Granting yes vote for candidate 1893fcf210f844758ca438dacb8c26b5 in term 0.
I20260710 13:15:03.417943  1726 tablet_bootstrap.cc:492] T 9422af5c63a148b586bb1b151e57162b P 1893fcf210f844758ca438dacb8c26b5: Bootstrap starting.
I20260710 13:15:03.418306  1685 tablet_service.cc:1917] Received RequestConsensusVote() RPC: tablet_id: "92de4c089ae84734a7ba39be7f9ee12f" candidate_uuid: "1893fcf210f844758ca438dacb8c26b5" candidate_term: 1 candidate_status { last_received { term: 0 index: 0 } } ignore_live_leader: false dest_uuid: "8d27585c1edb458e8ca52fb4a2237470" is_pre_election: true
I20260710 13:15:03.412696  1725 tablet_bootstrap.cc:492] T 0fd1938e3f34407096af02c134fb32e7 P a1d79de211ab4afd80e9918bee1ee45c: No bootstrap required, opened a new log
I20260710 13:15:03.419665  1725 ts_tablet_manager.cc:1403] T 0fd1938e3f34407096af02c134fb32e7 P a1d79de211ab4afd80e9918bee1ee45c: Time spent bootstrapping tablet: real 0.044s	user 0.020s	sys 0.016s
I20260710 13:15:03.419754  1502 leader_election.cc:304] T 92de4c089ae84734a7ba39be7f9ee12f P 1893fcf210f844758ca438dacb8c26b5 [CANDIDATE]: Term 1 pre-election: Election decided. Result: candidate won. Election summary: received 2 responses out of 3 voters: 2 yes votes; 0 no votes. yes voters: 1893fcf210f844758ca438dacb8c26b5, a1d79de211ab4afd80e9918bee1ee45c; no voters: 
I20260710 13:15:03.421010  1744 raft_consensus.cc:2804] T 92de4c089ae84734a7ba39be7f9ee12f P 1893fcf210f844758ca438dacb8c26b5 [term 0 FOLLOWER]: Leader pre-election won for term 1
I20260710 13:15:03.421355  1744 raft_consensus.cc:493] T 92de4c089ae84734a7ba39be7f9ee12f P 1893fcf210f844758ca438dacb8c26b5 [term 0 FOLLOWER]: Starting leader election (no leader contacted us within the election timeout)
I20260710 13:15:03.421681  1744 raft_consensus.cc:3060] T 92de4c089ae84734a7ba39be7f9ee12f P 1893fcf210f844758ca438dacb8c26b5 [term 0 FOLLOWER]: Advancing to term 1
I20260710 13:15:03.423171  1729 tablet_bootstrap.cc:654] T 92de4c089ae84734a7ba39be7f9ee12f P 8d27585c1edb458e8ca52fb4a2237470: Neither blocks nor log segments found. Creating new log.
I20260710 13:15:03.422916  1725 raft_consensus.cc:359] T 0fd1938e3f34407096af02c134fb32e7 P a1d79de211ab4afd80e9918bee1ee45c [term 0 FOLLOWER]: Replica starting. Triggering 0 pending ops. Active config: opid_index: -1 OBSOLETE_local: false peers { permanent_uuid: "1893fcf210f844758ca438dacb8c26b5" member_type: VOTER last_known_addr { host: "127.0.107.193" port: 44369 } } peers { permanent_uuid: "a1d79de211ab4afd80e9918bee1ee45c" member_type: VOTER last_known_addr { host: "127.0.107.194" port: 37877 } } peers { permanent_uuid: "8d27585c1edb458e8ca52fb4a2237470" member_type: VOTER last_known_addr { host: "127.0.107.195" port: 41469 } }
I20260710 13:15:03.423743  1725 raft_consensus.cc:385] T 0fd1938e3f34407096af02c134fb32e7 P a1d79de211ab4afd80e9918bee1ee45c [term 0 FOLLOWER]: Consensus starting up: Expiring failure detector timer to make a prompt election more likely
I20260710 13:15:03.424082  1725 raft_consensus.cc:740] T 0fd1938e3f34407096af02c134fb32e7 P a1d79de211ab4afd80e9918bee1ee45c [term 0 FOLLOWER]: Becoming Follower/Learner. State: Replica: a1d79de211ab4afd80e9918bee1ee45c, State: Initialized, Role: FOLLOWER
I20260710 13:15:03.424876  1725 consensus_queue.cc:260] T 0fd1938e3f34407096af02c134fb32e7 P a1d79de211ab4afd80e9918bee1ee45c [NON_LEADER]: Queue going to NON_LEADER mode. State: All replicated index: 0, Majority replicated index: 0, Committed index: 0, Last appended: 0.0, Last appended by leader: 0, Current term: 0, Majority size: -1, State: 0, Mode: NON_LEADER, active raft config: opid_index: -1 OBSOLETE_local: false peers { permanent_uuid: "1893fcf210f844758ca438dacb8c26b5" member_type: VOTER last_known_addr { host: "127.0.107.193" port: 44369 } } peers { permanent_uuid: "a1d79de211ab4afd80e9918bee1ee45c" member_type: VOTER last_known_addr { host: "127.0.107.194" port: 37877 } } peers { permanent_uuid: "8d27585c1edb458e8ca52fb4a2237470" member_type: VOTER last_known_addr { host: "127.0.107.195" port: 41469 } }
W20260710 13:15:03.427893  1500 leader_election.cc:343] T 92de4c089ae84734a7ba39be7f9ee12f P 1893fcf210f844758ca438dacb8c26b5 [CANDIDATE]: Term 1 pre-election: Tablet error from VoteRequest() call to peer 8d27585c1edb458e8ca52fb4a2237470 (127.0.107.195:41469): Illegal state: must be running to vote when last-logged opid is not known
I20260710 13:15:03.429733  1725 ts_tablet_manager.cc:1434] T 0fd1938e3f34407096af02c134fb32e7 P a1d79de211ab4afd80e9918bee1ee45c: Time spent starting tablet: real 0.010s	user 0.006s	sys 0.000s
I20260710 13:15:03.430132  1744 raft_consensus.cc:515] T 92de4c089ae84734a7ba39be7f9ee12f P 1893fcf210f844758ca438dacb8c26b5 [term 1 FOLLOWER]: Starting leader election with config: opid_index: -1 OBSOLETE_local: false peers { permanent_uuid: "1893fcf210f844758ca438dacb8c26b5" member_type: VOTER last_known_addr { host: "127.0.107.193" port: 44369 } } peers { permanent_uuid: "a1d79de211ab4afd80e9918bee1ee45c" member_type: VOTER last_known_addr { host: "127.0.107.194" port: 37877 } } peers { permanent_uuid: "8d27585c1edb458e8ca52fb4a2237470" member_type: VOTER last_known_addr { host: "127.0.107.195" port: 41469 } }
I20260710 13:15:03.431137  1725 tablet_bootstrap.cc:492] T 7c3a9a181a634c0d913ec4a29b2b0f9b P a1d79de211ab4afd80e9918bee1ee45c: Bootstrap starting.
I20260710 13:15:03.432835  1611 tablet_service.cc:1917] Received RequestConsensusVote() RPC: tablet_id: "92de4c089ae84734a7ba39be7f9ee12f" candidate_uuid: "1893fcf210f844758ca438dacb8c26b5" candidate_term: 1 candidate_status { last_received { term: 0 index: 0 } } ignore_live_leader: false dest_uuid: "a1d79de211ab4afd80e9918bee1ee45c"
I20260710 13:15:03.433382  1611 raft_consensus.cc:3060] T 92de4c089ae84734a7ba39be7f9ee12f P a1d79de211ab4afd80e9918bee1ee45c [term 0 FOLLOWER]: Advancing to term 1
I20260710 13:15:03.440600  1726 tablet_bootstrap.cc:654] T 9422af5c63a148b586bb1b151e57162b P 1893fcf210f844758ca438dacb8c26b5: Neither blocks nor log segments found. Creating new log.
I20260710 13:15:03.441502  1611 raft_consensus.cc:2468] T 92de4c089ae84734a7ba39be7f9ee12f P a1d79de211ab4afd80e9918bee1ee45c [term 1 FOLLOWER]: Leader election vote request: Granting yes vote for candidate 1893fcf210f844758ca438dacb8c26b5 in term 1.
I20260710 13:15:03.442618  1502 leader_election.cc:304] T 92de4c089ae84734a7ba39be7f9ee12f P 1893fcf210f844758ca438dacb8c26b5 [CANDIDATE]: Term 1 election: Election decided. Result: candidate won. Election summary: received 2 responses out of 3 voters: 2 yes votes; 0 no votes. yes voters: 1893fcf210f844758ca438dacb8c26b5, a1d79de211ab4afd80e9918bee1ee45c; no voters: 
I20260710 13:15:03.443241  1732 raft_consensus.cc:493] T 0fd1938e3f34407096af02c134fb32e7 P a1d79de211ab4afd80e9918bee1ee45c [term 0 FOLLOWER]: Starting pre-election (no leader contacted us within the election timeout)
I20260710 13:15:03.443419  1730 raft_consensus.cc:2804] T 92de4c089ae84734a7ba39be7f9ee12f P 1893fcf210f844758ca438dacb8c26b5 [term 1 FOLLOWER]: Leader election won for term 1
I20260710 13:15:03.443874  1730 raft_consensus.cc:697] T 92de4c089ae84734a7ba39be7f9ee12f P 1893fcf210f844758ca438dacb8c26b5 [term 1 LEADER]: Becoming Leader. State: Replica: 1893fcf210f844758ca438dacb8c26b5, State: Running, Role: LEADER
I20260710 13:15:03.443717  1732 raft_consensus.cc:515] T 0fd1938e3f34407096af02c134fb32e7 P a1d79de211ab4afd80e9918bee1ee45c [term 0 FOLLOWER]: Starting pre-election with config: opid_index: -1 OBSOLETE_local: false peers { permanent_uuid: "1893fcf210f844758ca438dacb8c26b5" member_type: VOTER last_known_addr { host: "127.0.107.193" port: 44369 } } peers { permanent_uuid: "a1d79de211ab4afd80e9918bee1ee45c" member_type: VOTER last_known_addr { host: "127.0.107.194" port: 37877 } } peers { permanent_uuid: "8d27585c1edb458e8ca52fb4a2237470" member_type: VOTER last_known_addr { host: "127.0.107.195" port: 41469 } }
I20260710 13:15:03.444672  1730 consensus_queue.cc:237] T 92de4c089ae84734a7ba39be7f9ee12f P 1893fcf210f844758ca438dacb8c26b5 [LEADER]: Queue going to LEADER mode. State: All replicated index: 0, Majority replicated index: 0, Committed index: 0, Last appended: 0.0, Last appended by leader: 0, Current term: 1, Majority size: 2, State: 0, Mode: LEADER, active raft config: opid_index: -1 OBSOLETE_local: false peers { permanent_uuid: "1893fcf210f844758ca438dacb8c26b5" member_type: VOTER last_known_addr { host: "127.0.107.193" port: 44369 } } peers { permanent_uuid: "a1d79de211ab4afd80e9918bee1ee45c" member_type: VOTER last_known_addr { host: "127.0.107.194" port: 37877 } } peers { permanent_uuid: "8d27585c1edb458e8ca52fb4a2237470" member_type: VOTER last_known_addr { host: "127.0.107.195" port: 41469 } }
I20260710 13:15:03.445652  1732 leader_election.cc:290] T 0fd1938e3f34407096af02c134fb32e7 P a1d79de211ab4afd80e9918bee1ee45c [CANDIDATE]: Term 1 pre-election: Requested pre-vote from peers 1893fcf210f844758ca438dacb8c26b5 (127.0.107.193:44369), 8d27585c1edb458e8ca52fb4a2237470 (127.0.107.195:41469)
I20260710 13:15:03.447548  1740 raft_consensus.cc:493] T 186fc22920964740bdfd339b74222782 P 8d27585c1edb458e8ca52fb4a2237470 [term 0 FOLLOWER]: Starting pre-election (no leader contacted us within the election timeout)
I20260710 13:15:03.447479  1685 tablet_service.cc:1917] Received RequestConsensusVote() RPC: tablet_id: "0fd1938e3f34407096af02c134fb32e7" candidate_uuid: "a1d79de211ab4afd80e9918bee1ee45c" candidate_term: 1 candidate_status { last_received { term: 0 index: 0 } } ignore_live_leader: false dest_uuid: "8d27585c1edb458e8ca52fb4a2237470" is_pre_election: true
I20260710 13:15:03.448036  1740 raft_consensus.cc:515] T 186fc22920964740bdfd339b74222782 P 8d27585c1edb458e8ca52fb4a2237470 [term 0 FOLLOWER]: Starting pre-election with config: opid_index: -1 OBSOLETE_local: false peers { permanent_uuid: "1893fcf210f844758ca438dacb8c26b5" member_type: VOTER last_known_addr { host: "127.0.107.193" port: 44369 } } peers { permanent_uuid: "a1d79de211ab4afd80e9918bee1ee45c" member_type: VOTER last_known_addr { host: "127.0.107.194" port: 37877 } } peers { permanent_uuid: "8d27585c1edb458e8ca52fb4a2237470" member_type: VOTER last_known_addr { host: "127.0.107.195" port: 41469 } }
W20260710 13:15:03.448902  1575 leader_election.cc:343] T 0fd1938e3f34407096af02c134fb32e7 P a1d79de211ab4afd80e9918bee1ee45c [CANDIDATE]: Term 1 pre-election: Tablet error from VoteRequest() call to peer 8d27585c1edb458e8ca52fb4a2237470 (127.0.107.195:41469): Illegal state: must be running to vote when last-logged opid is not known
I20260710 13:15:03.450603  1740 leader_election.cc:290] T 186fc22920964740bdfd339b74222782 P 8d27585c1edb458e8ca52fb4a2237470 [CANDIDATE]: Term 1 pre-election: Requested pre-vote from peers 1893fcf210f844758ca438dacb8c26b5 (127.0.107.193:44369), a1d79de211ab4afd80e9918bee1ee45c (127.0.107.194:37877)
I20260710 13:15:03.452284  1744 leader_election.cc:290] T 92de4c089ae84734a7ba39be7f9ee12f P 1893fcf210f844758ca438dacb8c26b5 [CANDIDATE]: Term 1 election: Requested vote from peers a1d79de211ab4afd80e9918bee1ee45c (127.0.107.194:37877), 8d27585c1edb458e8ca52fb4a2237470 (127.0.107.195:41469)
I20260710 13:15:03.452246  1536 tablet_service.cc:1917] Received RequestConsensusVote() RPC: tablet_id: "0fd1938e3f34407096af02c134fb32e7" candidate_uuid: "a1d79de211ab4afd80e9918bee1ee45c" candidate_term: 1 candidate_status { last_received { term: 0 index: 0 } } ignore_live_leader: false dest_uuid: "1893fcf210f844758ca438dacb8c26b5" is_pre_election: true
W20260710 13:15:03.455140  1577 leader_election.cc:343] T 0fd1938e3f34407096af02c134fb32e7 P a1d79de211ab4afd80e9918bee1ee45c [CANDIDATE]: Term 1 pre-election: Tablet error from VoteRequest() call to peer 1893fcf210f844758ca438dacb8c26b5 (127.0.107.193:44369): Illegal state: must be running to vote when last-logged opid is not known
I20260710 13:15:03.455720  1577 leader_election.cc:304] T 0fd1938e3f34407096af02c134fb32e7 P a1d79de211ab4afd80e9918bee1ee45c [CANDIDATE]: Term 1 pre-election: Election decided. Result: candidate lost. Election summary: received 3 responses out of 3 voters: 1 yes votes; 2 no votes. yes voters: a1d79de211ab4afd80e9918bee1ee45c; no voters: 1893fcf210f844758ca438dacb8c26b5, 8d27585c1edb458e8ca52fb4a2237470
I20260710 13:15:03.448961  1725 tablet_bootstrap.cc:654] T 7c3a9a181a634c0d913ec4a29b2b0f9b P a1d79de211ab4afd80e9918bee1ee45c: Neither blocks nor log segments found. Creating new log.
I20260710 13:15:03.458145  1732 raft_consensus.cc:2749] T 0fd1938e3f34407096af02c134fb32e7 P a1d79de211ab4afd80e9918bee1ee45c [term 0 FOLLOWER]: Leader pre-election lost for term 1. Reason: could not achieve majority
I20260710 13:15:03.468168  1729 tablet_bootstrap.cc:492] T 92de4c089ae84734a7ba39be7f9ee12f P 8d27585c1edb458e8ca52fb4a2237470: No bootstrap required, opened a new log
I20260710 13:15:03.468868  1729 ts_tablet_manager.cc:1403] T 92de4c089ae84734a7ba39be7f9ee12f P 8d27585c1edb458e8ca52fb4a2237470: Time spent bootstrapping tablet: real 0.053s	user 0.018s	sys 0.028s
I20260710 13:15:03.474218  1729 raft_consensus.cc:359] T 92de4c089ae84734a7ba39be7f9ee12f P 8d27585c1edb458e8ca52fb4a2237470 [term 0 FOLLOWER]: Replica starting. Triggering 0 pending ops. Active config: opid_index: -1 OBSOLETE_local: false peers { permanent_uuid: "1893fcf210f844758ca438dacb8c26b5" member_type: VOTER last_known_addr { host: "127.0.107.193" port: 44369 } } peers { permanent_uuid: "a1d79de211ab4afd80e9918bee1ee45c" member_type: VOTER last_known_addr { host: "127.0.107.194" port: 37877 } } peers { permanent_uuid: "8d27585c1edb458e8ca52fb4a2237470" member_type: VOTER last_known_addr { host: "127.0.107.195" port: 41469 } }
I20260710 13:15:03.475276  1729 raft_consensus.cc:385] T 92de4c089ae84734a7ba39be7f9ee12f P 8d27585c1edb458e8ca52fb4a2237470 [term 0 FOLLOWER]: Consensus starting up: Expiring failure detector timer to make a prompt election more likely
I20260710 13:15:03.475566  1729 raft_consensus.cc:740] T 92de4c089ae84734a7ba39be7f9ee12f P 8d27585c1edb458e8ca52fb4a2237470 [term 0 FOLLOWER]: Becoming Follower/Learner. State: Replica: 8d27585c1edb458e8ca52fb4a2237470, State: Initialized, Role: FOLLOWER
I20260710 13:15:03.476723  1729 consensus_queue.cc:260] T 92de4c089ae84734a7ba39be7f9ee12f P 8d27585c1edb458e8ca52fb4a2237470 [NON_LEADER]: Queue going to NON_LEADER mode. State: All replicated index: 0, Majority replicated index: 0, Committed index: 0, Last appended: 0.0, Last appended by leader: 0, Current term: 0, Majority size: -1, State: 0, Mode: NON_LEADER, active raft config: opid_index: -1 OBSOLETE_local: false peers { permanent_uuid: "1893fcf210f844758ca438dacb8c26b5" member_type: VOTER last_known_addr { host: "127.0.107.193" port: 44369 } } peers { permanent_uuid: "a1d79de211ab4afd80e9918bee1ee45c" member_type: VOTER last_known_addr { host: "127.0.107.194" port: 37877 } } peers { permanent_uuid: "8d27585c1edb458e8ca52fb4a2237470" member_type: VOTER last_known_addr { host: "127.0.107.195" port: 41469 } }
I20260710 13:15:03.484225  1740 raft_consensus.cc:493] T 92de4c089ae84734a7ba39be7f9ee12f P 8d27585c1edb458e8ca52fb4a2237470 [term 0 FOLLOWER]: Starting pre-election (no leader contacted us within the election timeout)
I20260710 13:15:03.484862  1740 raft_consensus.cc:515] T 92de4c089ae84734a7ba39be7f9ee12f P 8d27585c1edb458e8ca52fb4a2237470 [term 0 FOLLOWER]: Starting pre-election with config: opid_index: -1 OBSOLETE_local: false peers { permanent_uuid: "1893fcf210f844758ca438dacb8c26b5" member_type: VOTER last_known_addr { host: "127.0.107.193" port: 44369 } } peers { permanent_uuid: "a1d79de211ab4afd80e9918bee1ee45c" member_type: VOTER last_known_addr { host: "127.0.107.194" port: 37877 } } peers { permanent_uuid: "8d27585c1edb458e8ca52fb4a2237470" member_type: VOTER last_known_addr { host: "127.0.107.195" port: 41469 } }
I20260710 13:15:03.487705  1740 leader_election.cc:290] T 92de4c089ae84734a7ba39be7f9ee12f P 8d27585c1edb458e8ca52fb4a2237470 [CANDIDATE]: Term 1 pre-election: Requested pre-vote from peers 1893fcf210f844758ca438dacb8c26b5 (127.0.107.193:44369), a1d79de211ab4afd80e9918bee1ee45c (127.0.107.194:37877)
I20260710 13:15:03.490296  1729 ts_tablet_manager.cc:1434] T 92de4c089ae84734a7ba39be7f9ee12f P 8d27585c1edb458e8ca52fb4a2237470: Time spent starting tablet: real 0.021s	user 0.009s	sys 0.000s
I20260710 13:15:03.491637  1729 tablet_bootstrap.cc:492] T 7c3a9a181a634c0d913ec4a29b2b0f9b P 8d27585c1edb458e8ca52fb4a2237470: Bootstrap starting.
I20260710 13:15:03.493716  1433 catalog_manager.cc:5697] T 92de4c089ae84734a7ba39be7f9ee12f P 1893fcf210f844758ca438dacb8c26b5 reported cstate change: term changed from 0 to 1, leader changed from <none> to 1893fcf210f844758ca438dacb8c26b5 (127.0.107.193). New cstate: current_term: 1 leader_uuid: "1893fcf210f844758ca438dacb8c26b5" committed_config { opid_index: -1 OBSOLETE_local: false peers { permanent_uuid: "1893fcf210f844758ca438dacb8c26b5" member_type: VOTER last_known_addr { host: "127.0.107.193" port: 44369 } health_report { overall_health: HEALTHY } } peers { permanent_uuid: "a1d79de211ab4afd80e9918bee1ee45c" member_type: VOTER last_known_addr { host: "127.0.107.194" port: 37877 } health_report { overall_health: UNKNOWN } } peers { permanent_uuid: "8d27585c1edb458e8ca52fb4a2237470" member_type: VOTER last_known_addr { host: "127.0.107.195" port: 41469 } health_report { overall_health: UNKNOWN } } }
I20260710 13:15:03.499257  1740 raft_consensus.cc:493] T 3d715319280d45e79d2f5cc46206b3c3 P 8d27585c1edb458e8ca52fb4a2237470 [term 0 FOLLOWER]: Starting pre-election (no leader contacted us within the election timeout)
I20260710 13:15:03.500021  1740 raft_consensus.cc:515] T 3d715319280d45e79d2f5cc46206b3c3 P 8d27585c1edb458e8ca52fb4a2237470 [term 0 FOLLOWER]: Starting pre-election with config: opid_index: -1 OBSOLETE_local: false peers { permanent_uuid: "1893fcf210f844758ca438dacb8c26b5" member_type: VOTER last_known_addr { host: "127.0.107.193" port: 44369 } } peers { permanent_uuid: "a1d79de211ab4afd80e9918bee1ee45c" member_type: VOTER last_known_addr { host: "127.0.107.194" port: 37877 } } peers { permanent_uuid: "8d27585c1edb458e8ca52fb4a2237470" member_type: VOTER last_known_addr { host: "127.0.107.195" port: 41469 } }
I20260710 13:15:03.502844  1732 raft_consensus.cc:493] T 9422af5c63a148b586bb1b151e57162b P a1d79de211ab4afd80e9918bee1ee45c [term 0 FOLLOWER]: Starting pre-election (no leader contacted us within the election timeout)
I20260710 13:15:03.503484  1732 raft_consensus.cc:515] T 9422af5c63a148b586bb1b151e57162b P a1d79de211ab4afd80e9918bee1ee45c [term 0 FOLLOWER]: Starting pre-election with config: opid_index: -1 OBSOLETE_local: false peers { permanent_uuid: "1893fcf210f844758ca438dacb8c26b5" member_type: VOTER last_known_addr { host: "127.0.107.193" port: 44369 } } peers { permanent_uuid: "a1d79de211ab4afd80e9918bee1ee45c" member_type: VOTER last_known_addr { host: "127.0.107.194" port: 37877 } } peers { permanent_uuid: "8d27585c1edb458e8ca52fb4a2237470" member_type: VOTER last_known_addr { host: "127.0.107.195" port: 41469 } }
I20260710 13:15:03.506207  1729 tablet_bootstrap.cc:654] T 7c3a9a181a634c0d913ec4a29b2b0f9b P 8d27585c1edb458e8ca52fb4a2237470: Neither blocks nor log segments found. Creating new log.
I20260710 13:15:03.507025  1536 tablet_service.cc:1917] Received RequestConsensusVote() RPC: tablet_id: "9422af5c63a148b586bb1b151e57162b" candidate_uuid: "a1d79de211ab4afd80e9918bee1ee45c" candidate_term: 1 candidate_status { last_received { term: 0 index: 0 } } ignore_live_leader: false dest_uuid: "1893fcf210f844758ca438dacb8c26b5" is_pre_election: true
W20260710 13:15:03.508999  1577 leader_election.cc:343] T 9422af5c63a148b586bb1b151e57162b P a1d79de211ab4afd80e9918bee1ee45c [CANDIDATE]: Term 1 pre-election: Tablet error from VoteRequest() call to peer 1893fcf210f844758ca438dacb8c26b5 (127.0.107.193:44369): Illegal state: must be running to vote when last-logged opid is not known
I20260710 13:15:03.511677  1685 tablet_service.cc:1917] Received RequestConsensusVote() RPC: tablet_id: "9422af5c63a148b586bb1b151e57162b" candidate_uuid: "a1d79de211ab4afd80e9918bee1ee45c" candidate_term: 1 candidate_status { last_received { term: 0 index: 0 } } ignore_live_leader: false dest_uuid: "8d27585c1edb458e8ca52fb4a2237470" is_pre_election: true
W20260710 13:15:03.513473  1575 leader_election.cc:343] T 9422af5c63a148b586bb1b151e57162b P a1d79de211ab4afd80e9918bee1ee45c [CANDIDATE]: Term 1 pre-election: Tablet error from VoteRequest() call to peer 8d27585c1edb458e8ca52fb4a2237470 (127.0.107.195:41469): Illegal state: must be running to vote when last-logged opid is not known
I20260710 13:15:03.514061  1575 leader_election.cc:304] T 9422af5c63a148b586bb1b151e57162b P a1d79de211ab4afd80e9918bee1ee45c [CANDIDATE]: Term 1 pre-election: Election decided. Result: candidate lost. Election summary: received 3 responses out of 3 voters: 1 yes votes; 2 no votes. yes voters: a1d79de211ab4afd80e9918bee1ee45c; no voters: 1893fcf210f844758ca438dacb8c26b5, 8d27585c1edb458e8ca52fb4a2237470
I20260710 13:15:03.515062  1731 raft_consensus.cc:2749] T 9422af5c63a148b586bb1b151e57162b P a1d79de211ab4afd80e9918bee1ee45c [term 0 FOLLOWER]: Leader pre-election lost for term 1. Reason: could not achieve majority
I20260710 13:15:03.515057  1732 leader_election.cc:290] T 9422af5c63a148b586bb1b151e57162b P a1d79de211ab4afd80e9918bee1ee45c [CANDIDATE]: Term 1 pre-election: Requested pre-vote from peers 1893fcf210f844758ca438dacb8c26b5 (127.0.107.193:44369), 8d27585c1edb458e8ca52fb4a2237470 (127.0.107.195:41469)
I20260710 13:15:03.520177  1740 leader_election.cc:290] T 3d715319280d45e79d2f5cc46206b3c3 P 8d27585c1edb458e8ca52fb4a2237470 [CANDIDATE]: Term 1 pre-election: Requested pre-vote from peers 1893fcf210f844758ca438dacb8c26b5 (127.0.107.193:44369), a1d79de211ab4afd80e9918bee1ee45c (127.0.107.194:37877)
I20260710 13:15:03.521795  1685 tablet_service.cc:1917] Received RequestConsensusVote() RPC: tablet_id: "92de4c089ae84734a7ba39be7f9ee12f" candidate_uuid: "1893fcf210f844758ca438dacb8c26b5" candidate_term: 1 candidate_status { last_received { term: 0 index: 0 } } ignore_live_leader: false dest_uuid: "8d27585c1edb458e8ca52fb4a2237470"
I20260710 13:15:03.522532  1685 raft_consensus.cc:3060] T 92de4c089ae84734a7ba39be7f9ee12f P 8d27585c1edb458e8ca52fb4a2237470 [term 0 FOLLOWER]: Advancing to term 1
I20260710 13:15:03.533082  1685 raft_consensus.cc:2468] T 92de4c089ae84734a7ba39be7f9ee12f P 8d27585c1edb458e8ca52fb4a2237470 [term 1 FOLLOWER]: Leader election vote request: Granting yes vote for candidate 1893fcf210f844758ca438dacb8c26b5 in term 1.
I20260710 13:15:03.558779  1726 tablet_bootstrap.cc:492] T 9422af5c63a148b586bb1b151e57162b P 1893fcf210f844758ca438dacb8c26b5: No bootstrap required, opened a new log
I20260710 13:15:03.559334  1726 ts_tablet_manager.cc:1403] T 9422af5c63a148b586bb1b151e57162b P 1893fcf210f844758ca438dacb8c26b5: Time spent bootstrapping tablet: real 0.142s	user 0.036s	sys 0.077s
I20260710 13:15:03.561604  1725 tablet_bootstrap.cc:492] T 7c3a9a181a634c0d913ec4a29b2b0f9b P a1d79de211ab4afd80e9918bee1ee45c: No bootstrap required, opened a new log
I20260710 13:15:03.562124  1725 ts_tablet_manager.cc:1403] T 7c3a9a181a634c0d913ec4a29b2b0f9b P a1d79de211ab4afd80e9918bee1ee45c: Time spent bootstrapping tablet: real 0.131s	user 0.044s	sys 0.047s
I20260710 13:15:03.566051  1729 tablet_bootstrap.cc:492] T 7c3a9a181a634c0d913ec4a29b2b0f9b P 8d27585c1edb458e8ca52fb4a2237470: No bootstrap required, opened a new log
I20260710 13:15:03.566201  1536 tablet_service.cc:1917] Received RequestConsensusVote() RPC: tablet_id: "186fc22920964740bdfd339b74222782" candidate_uuid: "8d27585c1edb458e8ca52fb4a2237470" candidate_term: 1 candidate_status { last_received { term: 0 index: 0 } } ignore_live_leader: false dest_uuid: "1893fcf210f844758ca438dacb8c26b5" is_pre_election: true
I20260710 13:15:03.566547  1729 ts_tablet_manager.cc:1403] T 7c3a9a181a634c0d913ec4a29b2b0f9b P 8d27585c1edb458e8ca52fb4a2237470: Time spent bootstrapping tablet: real 0.075s	user 0.022s	sys 0.029s
I20260710 13:15:03.567442  1534 tablet_service.cc:1917] Received RequestConsensusVote() RPC: tablet_id: "3d715319280d45e79d2f5cc46206b3c3" candidate_uuid: "8d27585c1edb458e8ca52fb4a2237470" candidate_term: 1 candidate_status { last_received { term: 0 index: 0 } } ignore_live_leader: false dest_uuid: "1893fcf210f844758ca438dacb8c26b5" is_pre_election: true
I20260710 13:15:03.568154  1534 raft_consensus.cc:2468] T 3d715319280d45e79d2f5cc46206b3c3 P 1893fcf210f844758ca438dacb8c26b5 [term 0 FOLLOWER]: Leader pre-election vote request: Granting yes vote for candidate 8d27585c1edb458e8ca52fb4a2237470 in term 0.
I20260710 13:15:03.568276  1535 tablet_service.cc:1917] Received RequestConsensusVote() RPC: tablet_id: "92de4c089ae84734a7ba39be7f9ee12f" candidate_uuid: "8d27585c1edb458e8ca52fb4a2237470" candidate_term: 1 candidate_status { last_received { term: 0 index: 0 } } ignore_live_leader: false dest_uuid: "1893fcf210f844758ca438dacb8c26b5" is_pre_election: true
I20260710 13:15:03.562208  1726 raft_consensus.cc:359] T 9422af5c63a148b586bb1b151e57162b P 1893fcf210f844758ca438dacb8c26b5 [term 0 FOLLOWER]: Replica starting. Triggering 0 pending ops. Active config: opid_index: -1 OBSOLETE_local: false peers { permanent_uuid: "1893fcf210f844758ca438dacb8c26b5" member_type: VOTER last_known_addr { host: "127.0.107.193" port: 44369 } } peers { permanent_uuid: "a1d79de211ab4afd80e9918bee1ee45c" member_type: VOTER last_known_addr { host: "127.0.107.194" port: 37877 } } peers { permanent_uuid: "8d27585c1edb458e8ca52fb4a2237470" member_type: VOTER last_known_addr { host: "127.0.107.195" port: 41469 } }
I20260710 13:15:03.569242  1726 raft_consensus.cc:385] T 9422af5c63a148b586bb1b151e57162b P 1893fcf210f844758ca438dacb8c26b5 [term 0 FOLLOWER]: Consensus starting up: Expiring failure detector timer to make a prompt election more likely
I20260710 13:15:03.569550  1726 raft_consensus.cc:740] T 9422af5c63a148b586bb1b151e57162b P 1893fcf210f844758ca438dacb8c26b5 [term 0 FOLLOWER]: Becoming Follower/Learner. State: Replica: 1893fcf210f844758ca438dacb8c26b5, State: Initialized, Role: FOLLOWER
I20260710 13:15:03.569811  1725 raft_consensus.cc:359] T 7c3a9a181a634c0d913ec4a29b2b0f9b P a1d79de211ab4afd80e9918bee1ee45c [term 0 FOLLOWER]: Replica starting. Triggering 0 pending ops. Active config: opid_index: -1 OBSOLETE_local: false peers { permanent_uuid: "1893fcf210f844758ca438dacb8c26b5" member_type: VOTER last_known_addr { host: "127.0.107.193" port: 44369 } } peers { permanent_uuid: "a1d79de211ab4afd80e9918bee1ee45c" member_type: VOTER last_known_addr { host: "127.0.107.194" port: 37877 } } peers { permanent_uuid: "8d27585c1edb458e8ca52fb4a2237470" member_type: VOTER last_known_addr { host: "127.0.107.195" port: 41469 } }
I20260710 13:15:03.570559  1725 raft_consensus.cc:385] T 7c3a9a181a634c0d913ec4a29b2b0f9b P a1d79de211ab4afd80e9918bee1ee45c [term 0 FOLLOWER]: Consensus starting up: Expiring failure detector timer to make a prompt election more likely
I20260710 13:15:03.570276  1726 consensus_queue.cc:260] T 9422af5c63a148b586bb1b151e57162b P 1893fcf210f844758ca438dacb8c26b5 [NON_LEADER]: Queue going to NON_LEADER mode. State: All replicated index: 0, Majority replicated index: 0, Committed index: 0, Last appended: 0.0, Last appended by leader: 0, Current term: 0, Majority size: -1, State: 0, Mode: NON_LEADER, active raft config: opid_index: -1 OBSOLETE_local: false peers { permanent_uuid: "1893fcf210f844758ca438dacb8c26b5" member_type: VOTER last_known_addr { host: "127.0.107.193" port: 44369 } } peers { permanent_uuid: "a1d79de211ab4afd80e9918bee1ee45c" member_type: VOTER last_known_addr { host: "127.0.107.194" port: 37877 } } peers { permanent_uuid: "8d27585c1edb458e8ca52fb4a2237470" member_type: VOTER last_known_addr { host: "127.0.107.195" port: 41469 } }
W20260710 13:15:03.570607  1651 leader_election.cc:343] T 186fc22920964740bdfd339b74222782 P 8d27585c1edb458e8ca52fb4a2237470 [CANDIDATE]: Term 1 pre-election: Tablet error from VoteRequest() call to peer 1893fcf210f844758ca438dacb8c26b5 (127.0.107.193:44369): Illegal state: must be running to vote when last-logged opid is not known
I20260710 13:15:03.571024  1725 raft_consensus.cc:740] T 7c3a9a181a634c0d913ec4a29b2b0f9b P a1d79de211ab4afd80e9918bee1ee45c [term 0 FOLLOWER]: Becoming Follower/Learner. State: Replica: a1d79de211ab4afd80e9918bee1ee45c, State: Initialized, Role: FOLLOWER
I20260710 13:15:03.571607  1651 leader_election.cc:304] T 3d715319280d45e79d2f5cc46206b3c3 P 8d27585c1edb458e8ca52fb4a2237470 [CANDIDATE]: Term 1 pre-election: Election decided. Result: candidate won. Election summary: received 2 responses out of 3 voters: 2 yes votes; 0 no votes. yes voters: 1893fcf210f844758ca438dacb8c26b5, 8d27585c1edb458e8ca52fb4a2237470; no voters: 
I20260710 13:15:03.571805  1725 consensus_queue.cc:260] T 7c3a9a181a634c0d913ec4a29b2b0f9b P a1d79de211ab4afd80e9918bee1ee45c [NON_LEADER]: Queue going to NON_LEADER mode. State: All replicated index: 0, Majority replicated index: 0, Committed index: 0, Last appended: 0.0, Last appended by leader: 0, Current term: 0, Majority size: -1, State: 0, Mode: NON_LEADER, active raft config: opid_index: -1 OBSOLETE_local: false peers { permanent_uuid: "1893fcf210f844758ca438dacb8c26b5" member_type: VOTER last_known_addr { host: "127.0.107.193" port: 44369 } } peers { permanent_uuid: "a1d79de211ab4afd80e9918bee1ee45c" member_type: VOTER last_known_addr { host: "127.0.107.194" port: 37877 } } peers { permanent_uuid: "8d27585c1edb458e8ca52fb4a2237470" member_type: VOTER last_known_addr { host: "127.0.107.195" port: 41469 } }
I20260710 13:15:03.572649  1726 ts_tablet_manager.cc:1434] T 9422af5c63a148b586bb1b151e57162b P 1893fcf210f844758ca438dacb8c26b5: Time spent starting tablet: real 0.013s	user 0.004s	sys 0.002s
I20260710 13:15:03.573628  1726 tablet_bootstrap.cc:492] T ec24b280dc4945b2b77ed8699c7534c6 P 1893fcf210f844758ca438dacb8c26b5: Bootstrap starting.
I20260710 13:15:03.573936  1725 ts_tablet_manager.cc:1434] T 7c3a9a181a634c0d913ec4a29b2b0f9b P a1d79de211ab4afd80e9918bee1ee45c: Time spent starting tablet: real 0.009s	user 0.004s	sys 0.000s
I20260710 13:15:03.574903  1725 tablet_bootstrap.cc:492] T dff3516d0f1545839a70f44ff58cf805 P a1d79de211ab4afd80e9918bee1ee45c: Bootstrap starting.
I20260710 13:15:03.575902  1729 raft_consensus.cc:359] T 7c3a9a181a634c0d913ec4a29b2b0f9b P 8d27585c1edb458e8ca52fb4a2237470 [term 0 FOLLOWER]: Replica starting. Triggering 0 pending ops. Active config: opid_index: -1 OBSOLETE_local: false peers { permanent_uuid: "1893fcf210f844758ca438dacb8c26b5" member_type: VOTER last_known_addr { host: "127.0.107.193" port: 44369 } } peers { permanent_uuid: "a1d79de211ab4afd80e9918bee1ee45c" member_type: VOTER last_known_addr { host: "127.0.107.194" port: 37877 } } peers { permanent_uuid: "8d27585c1edb458e8ca52fb4a2237470" member_type: VOTER last_known_addr { host: "127.0.107.195" port: 41469 } }
I20260710 13:15:03.576689  1729 raft_consensus.cc:385] T 7c3a9a181a634c0d913ec4a29b2b0f9b P 8d27585c1edb458e8ca52fb4a2237470 [term 0 FOLLOWER]: Consensus starting up: Expiring failure detector timer to make a prompt election more likely
I20260710 13:15:03.577010  1729 raft_consensus.cc:740] T 7c3a9a181a634c0d913ec4a29b2b0f9b P 8d27585c1edb458e8ca52fb4a2237470 [term 0 FOLLOWER]: Becoming Follower/Learner. State: Replica: 8d27585c1edb458e8ca52fb4a2237470, State: Initialized, Role: FOLLOWER
I20260710 13:15:03.577780  1729 consensus_queue.cc:260] T 7c3a9a181a634c0d913ec4a29b2b0f9b P 8d27585c1edb458e8ca52fb4a2237470 [NON_LEADER]: Queue going to NON_LEADER mode. State: All replicated index: 0, Majority replicated index: 0, Committed index: 0, Last appended: 0.0, Last appended by leader: 0, Current term: 0, Majority size: -1, State: 0, Mode: NON_LEADER, active raft config: opid_index: -1 OBSOLETE_local: false peers { permanent_uuid: "1893fcf210f844758ca438dacb8c26b5" member_type: VOTER last_known_addr { host: "127.0.107.193" port: 44369 } } peers { permanent_uuid: "a1d79de211ab4afd80e9918bee1ee45c" member_type: VOTER last_known_addr { host: "127.0.107.194" port: 37877 } } peers { permanent_uuid: "8d27585c1edb458e8ca52fb4a2237470" member_type: VOTER last_known_addr { host: "127.0.107.195" port: 41469 } }
I20260710 13:15:03.578445  1611 tablet_service.cc:1917] Received RequestConsensusVote() RPC: tablet_id: "186fc22920964740bdfd339b74222782" candidate_uuid: "8d27585c1edb458e8ca52fb4a2237470" candidate_term: 1 candidate_status { last_received { term: 0 index: 0 } } ignore_live_leader: false dest_uuid: "a1d79de211ab4afd80e9918bee1ee45c" is_pre_election: true
I20260710 13:15:03.580160  1610 tablet_service.cc:1917] Received RequestConsensusVote() RPC: tablet_id: "92de4c089ae84734a7ba39be7f9ee12f" candidate_uuid: "8d27585c1edb458e8ca52fb4a2237470" candidate_term: 1 candidate_status { last_received { term: 0 index: 0 } } ignore_live_leader: false dest_uuid: "a1d79de211ab4afd80e9918bee1ee45c" is_pre_election: true
I20260710 13:15:03.580991  1610 raft_consensus.cc:2393] T 92de4c089ae84734a7ba39be7f9ee12f P a1d79de211ab4afd80e9918bee1ee45c [term 1 FOLLOWER]: Leader pre-election vote request: Denying vote to candidate 8d27585c1edb458e8ca52fb4a2237470 in current term 1: Already voted for candidate 1893fcf210f844758ca438dacb8c26b5 in this term.
I20260710 13:15:03.581640  1726 tablet_bootstrap.cc:654] T ec24b280dc4945b2b77ed8699c7534c6 P 1893fcf210f844758ca438dacb8c26b5: Neither blocks nor log segments found. Creating new log.
I20260710 13:15:03.581378  1609 tablet_service.cc:1917] Received RequestConsensusVote() RPC: tablet_id: "3d715319280d45e79d2f5cc46206b3c3" candidate_uuid: "8d27585c1edb458e8ca52fb4a2237470" candidate_term: 1 candidate_status { last_received { term: 0 index: 0 } } ignore_live_leader: false dest_uuid: "a1d79de211ab4afd80e9918bee1ee45c" is_pre_election: true
W20260710 13:15:03.580964  1651 leader_election.cc:343] T 186fc22920964740bdfd339b74222782 P 8d27585c1edb458e8ca52fb4a2237470 [CANDIDATE]: Term 1 pre-election: Tablet error from VoteRequest() call to peer a1d79de211ab4afd80e9918bee1ee45c (127.0.107.194:37877): Illegal state: must be running to vote when last-logged opid is not known
I20260710 13:15:03.582764  1609 raft_consensus.cc:2468] T 3d715319280d45e79d2f5cc46206b3c3 P a1d79de211ab4afd80e9918bee1ee45c [term 0 FOLLOWER]: Leader pre-election vote request: Granting yes vote for candidate 8d27585c1edb458e8ca52fb4a2237470 in term 0.
I20260710 13:15:03.608047  1725 tablet_bootstrap.cc:654] T dff3516d0f1545839a70f44ff58cf805 P a1d79de211ab4afd80e9918bee1ee45c: Neither blocks nor log segments found. Creating new log.
I20260710 13:15:03.583727  1651 leader_election.cc:304] T 186fc22920964740bdfd339b74222782 P 8d27585c1edb458e8ca52fb4a2237470 [CANDIDATE]: Term 1 pre-election: Election decided. Result: candidate lost. Election summary: received 3 responses out of 3 voters: 1 yes votes; 2 no votes. yes voters: 8d27585c1edb458e8ca52fb4a2237470; no voters: 1893fcf210f844758ca438dacb8c26b5, a1d79de211ab4afd80e9918bee1ee45c
I20260710 13:15:03.608824  1732 raft_consensus.cc:493] T ec24b280dc4945b2b77ed8699c7534c6 P a1d79de211ab4afd80e9918bee1ee45c [term 0 FOLLOWER]: Starting pre-election (no leader contacted us within the election timeout)
I20260710 13:15:03.609477  1732 raft_consensus.cc:515] T ec24b280dc4945b2b77ed8699c7534c6 P a1d79de211ab4afd80e9918bee1ee45c [term 0 FOLLOWER]: Starting pre-election with config: opid_index: -1 OBSOLETE_local: false peers { permanent_uuid: "1893fcf210f844758ca438dacb8c26b5" member_type: VOTER last_known_addr { host: "127.0.107.193" port: 44369 } } peers { permanent_uuid: "a1d79de211ab4afd80e9918bee1ee45c" member_type: VOTER last_known_addr { host: "127.0.107.194" port: 37877 } } peers { permanent_uuid: "8d27585c1edb458e8ca52fb4a2237470" member_type: VOTER last_known_addr { host: "127.0.107.195" port: 41469 } }
I20260710 13:15:03.609865  1651 leader_election.cc:304] T 92de4c089ae84734a7ba39be7f9ee12f P 8d27585c1edb458e8ca52fb4a2237470 [CANDIDATE]: Term 1 pre-election: Election decided. Result: candidate lost. Election summary: received 3 responses out of 3 voters: 1 yes votes; 2 no votes. yes voters: 8d27585c1edb458e8ca52fb4a2237470; no voters: 1893fcf210f844758ca438dacb8c26b5, a1d79de211ab4afd80e9918bee1ee45c
I20260710 13:15:03.593613  1729 ts_tablet_manager.cc:1434] T 7c3a9a181a634c0d913ec4a29b2b0f9b P 8d27585c1edb458e8ca52fb4a2237470: Time spent starting tablet: real 0.027s	user 0.009s	sys 0.009s
I20260710 13:15:03.611073  1765 raft_consensus.cc:2749] T 186fc22920964740bdfd339b74222782 P 8d27585c1edb458e8ca52fb4a2237470 [term 0 FOLLOWER]: Leader pre-election lost for term 1. Reason: could not achieve majority
I20260710 13:15:03.612308  1729 tablet_bootstrap.cc:492] T ec24b280dc4945b2b77ed8699c7534c6 P 8d27585c1edb458e8ca52fb4a2237470: Bootstrap starting.
I20260710 13:15:03.612380  1732 leader_election.cc:290] T ec24b280dc4945b2b77ed8699c7534c6 P a1d79de211ab4afd80e9918bee1ee45c [CANDIDATE]: Term 1 pre-election: Requested pre-vote from peers 1893fcf210f844758ca438dacb8c26b5 (127.0.107.193:44369), 8d27585c1edb458e8ca52fb4a2237470 (127.0.107.195:41469)
I20260710 13:15:03.612646  1765 raft_consensus.cc:2749] T 92de4c089ae84734a7ba39be7f9ee12f P 8d27585c1edb458e8ca52fb4a2237470 [term 1 FOLLOWER]: Leader pre-election lost for term 1. Reason: could not achieve majority
I20260710 13:15:03.614542  1685 tablet_service.cc:1917] Received RequestConsensusVote() RPC: tablet_id: "ec24b280dc4945b2b77ed8699c7534c6" candidate_uuid: "a1d79de211ab4afd80e9918bee1ee45c" candidate_term: 1 candidate_status { last_received { term: 0 index: 0 } } ignore_live_leader: false dest_uuid: "8d27585c1edb458e8ca52fb4a2237470" is_pre_election: true
I20260710 13:15:03.614596  1535 tablet_service.cc:1917] Received RequestConsensusVote() RPC: tablet_id: "ec24b280dc4945b2b77ed8699c7534c6" candidate_uuid: "a1d79de211ab4afd80e9918bee1ee45c" candidate_term: 1 candidate_status { last_received { term: 0 index: 0 } } ignore_live_leader: false dest_uuid: "1893fcf210f844758ca438dacb8c26b5" is_pre_election: true
W20260710 13:15:03.616230  1575 leader_election.cc:343] T ec24b280dc4945b2b77ed8699c7534c6 P a1d79de211ab4afd80e9918bee1ee45c [CANDIDATE]: Term 1 pre-election: Tablet error from VoteRequest() call to peer 8d27585c1edb458e8ca52fb4a2237470 (127.0.107.195:41469): Illegal state: must be running to vote when last-logged opid is not known
I20260710 13:15:03.582577  1740 raft_consensus.cc:2804] T 3d715319280d45e79d2f5cc46206b3c3 P 8d27585c1edb458e8ca52fb4a2237470 [term 0 FOLLOWER]: Leader pre-election won for term 1
W20260710 13:15:03.616822  1577 leader_election.cc:343] T ec24b280dc4945b2b77ed8699c7534c6 P a1d79de211ab4afd80e9918bee1ee45c [CANDIDATE]: Term 1 pre-election: Tablet error from VoteRequest() call to peer 1893fcf210f844758ca438dacb8c26b5 (127.0.107.193:44369): Illegal state: must be running to vote when last-logged opid is not known
