I20260710 13:21:47.078660 12436 tablet_service.cc:1917] Received RequestConsensusVote() RPC: tablet_id: "a253d664aa054b899af05dc954136c13" candidate_uuid: "1d4e07ae2df1476dbd802109c2d4b10a" candidate_term: 1 candidate_status { last_received { term: 0 index: 0 } } ignore_live_leader: false dest_uuid: "e99ad8def4c4465ba8343ffd32caec56"
I20260710 13:21:47.079336 12436 raft_consensus.cc:3060] T a253d664aa054b899af05dc954136c13 P e99ad8def4c4465ba8343ffd32caec56 [term 0 FOLLOWER]: Advancing to term 1
I20260710 13:21:47.079483 12636 consensus_queue.cc:237] T 9faaa23f19634eb0aee0773df1875c4f P b603aeac12004495b4fc38c638caf8c7 [LEADER]: Queue going to LEADER mode. State: All replicated index: 0, Majority replicated index: 0, Committed index: 0, Last appended: 0.0, Last appended by leader: 0, Current term: 1, Majority size: 2, State: 0, Mode: LEADER, active raft config: opid_index: -1 OBSOLETE_local: false peers { permanent_uuid: "1d4e07ae2df1476dbd802109c2d4b10a" member_type: VOTER last_known_addr { host: "127.10.248.1" port: 32981 } } peers { permanent_uuid: "e99ad8def4c4465ba8343ffd32caec56" member_type: VOTER last_known_addr { host: "127.10.248.2" port: 42953 } } peers { permanent_uuid: "b603aeac12004495b4fc38c638caf8c7" member_type: VOTER last_known_addr { host: "127.10.248.3" port: 33457 } }
I20260710 13:21:47.067973 12361 raft_consensus.cc:2468] T 9faaa23f19634eb0aee0773df1875c4f P 1d4e07ae2df1476dbd802109c2d4b10a [term 1 FOLLOWER]: Leader election vote request: Granting yes vote for candidate b603aeac12004495b4fc38c638caf8c7 in term 1.
I20260710 13:21:47.070724 12559 consensus_queue.cc:1048] T 8c3ebaba0c534fb88569d2c18405f948 P 1d4e07ae2df1476dbd802109c2d4b10a [LEADER]: Connected to new peer: Peer: permanent_uuid: "b603aeac12004495b4fc38c638caf8c7" member_type: VOTER last_known_addr { host: "127.10.248.3" port: 33457 }, Status: LMP_MISMATCH, Last received: 0.0, Next index: 1, Last known committed idx: 0, Time since last communication: 0.000s
I20260710 13:21:47.090548 12436 raft_consensus.cc:2468] T a253d664aa054b899af05dc954136c13 P e99ad8def4c4465ba8343ffd32caec56 [term 1 FOLLOWER]: Leader election vote request: Granting yes vote for candidate 1d4e07ae2df1476dbd802109c2d4b10a in term 1.
I20260710 13:21:47.091567 12600 leader_election.cc:290] T a253d664aa054b899af05dc954136c13 P 1d4e07ae2df1476dbd802109c2d4b10a [CANDIDATE]: Term 1 election: Requested vote from peers e99ad8def4c4465ba8343ffd32caec56 (127.10.248.2:42953), b603aeac12004495b4fc38c638caf8c7 (127.10.248.3:33457)
I20260710 13:21:47.092093 12326 leader_election.cc:304] T a253d664aa054b899af05dc954136c13 P 1d4e07ae2df1476dbd802109c2d4b10a [CANDIDATE]: Term 1 election: Election decided. Result: candidate won. Election summary: received 2 responses out of 3 voters: 2 yes votes; 0 no votes. yes voters: 1d4e07ae2df1476dbd802109c2d4b10a, e99ad8def4c4465ba8343ffd32caec56; no voters: 
I20260710 13:21:47.092267 12259 catalog_manager.cc:5697] T 9faaa23f19634eb0aee0773df1875c4f P b603aeac12004495b4fc38c638caf8c7 reported cstate change: term changed from 0 to 1, leader changed from <none> to b603aeac12004495b4fc38c638caf8c7 (127.10.248.3). New cstate: current_term: 1 leader_uuid: "b603aeac12004495b4fc38c638caf8c7" committed_config { opid_index: -1 OBSOLETE_local: false peers { permanent_uuid: "1d4e07ae2df1476dbd802109c2d4b10a" member_type: VOTER last_known_addr { host: "127.10.248.1" port: 32981 } health_report { overall_health: UNKNOWN } } peers { permanent_uuid: "e99ad8def4c4465ba8343ffd32caec56" member_type: VOTER last_known_addr { host: "127.10.248.2" port: 42953 } health_report { overall_health: UNKNOWN } } peers { permanent_uuid: "b603aeac12004495b4fc38c638caf8c7" member_type: VOTER last_known_addr { host: "127.10.248.3" port: 33457 } health_report { overall_health: HEALTHY } } }
I20260710 13:21:47.092192 12508 tablet_service.cc:1917] Received RequestConsensusVote() RPC: tablet_id: "a253d664aa054b899af05dc954136c13" candidate_uuid: "1d4e07ae2df1476dbd802109c2d4b10a" candidate_term: 1 candidate_status { last_received { term: 0 index: 0 } } ignore_live_leader: false dest_uuid: "b603aeac12004495b4fc38c638caf8c7"
I20260710 13:21:47.093700 12600 raft_consensus.cc:2804] T a253d664aa054b899af05dc954136c13 P 1d4e07ae2df1476dbd802109c2d4b10a [term 1 FOLLOWER]: Leader election won for term 1
I20260710 13:21:47.094051 12508 raft_consensus.cc:3060] T a253d664aa054b899af05dc954136c13 P b603aeac12004495b4fc38c638caf8c7 [term 0 FOLLOWER]: Advancing to term 1
I20260710 13:21:47.094924 12600 raft_consensus.cc:697] T a253d664aa054b899af05dc954136c13 P 1d4e07ae2df1476dbd802109c2d4b10a [term 1 LEADER]: Becoming Leader. State: Replica: 1d4e07ae2df1476dbd802109c2d4b10a, State: Running, Role: LEADER
I20260710 13:21:47.095805 12600 consensus_queue.cc:237] T a253d664aa054b899af05dc954136c13 P 1d4e07ae2df1476dbd802109c2d4b10a [LEADER]: Queue going to LEADER mode. State: All replicated index: 0, Majority replicated index: 0, Committed index: 0, Last appended: 0.0, Last appended by leader: 0, Current term: 1, Majority size: 2, State: 0, Mode: LEADER, active raft config: opid_index: -1 OBSOLETE_local: false peers { permanent_uuid: "1d4e07ae2df1476dbd802109c2d4b10a" member_type: VOTER last_known_addr { host: "127.10.248.1" port: 32981 } } peers { permanent_uuid: "e99ad8def4c4465ba8343ffd32caec56" member_type: VOTER last_known_addr { host: "127.10.248.2" port: 42953 } } peers { permanent_uuid: "b603aeac12004495b4fc38c638caf8c7" member_type: VOTER last_known_addr { host: "127.10.248.3" port: 33457 } }
I20260710 13:21:47.104943 12508 raft_consensus.cc:2468] T a253d664aa054b899af05dc954136c13 P b603aeac12004495b4fc38c638caf8c7 [term 1 FOLLOWER]: Leader election vote request: Granting yes vote for candidate 1d4e07ae2df1476dbd802109c2d4b10a in term 1.
I20260710 13:21:47.112246 12624 raft_consensus.cc:493] T b94eba8ba9ec42328ccbc211c1d68362 P e99ad8def4c4465ba8343ffd32caec56 [term 0 FOLLOWER]: Starting pre-election (no leader contacted us within the election timeout)
I20260710 13:21:47.112763 12624 raft_consensus.cc:515] T b94eba8ba9ec42328ccbc211c1d68362 P e99ad8def4c4465ba8343ffd32caec56 [term 0 FOLLOWER]: Starting pre-election with config: opid_index: -1 OBSOLETE_local: false peers { permanent_uuid: "1d4e07ae2df1476dbd802109c2d4b10a" member_type: VOTER last_known_addr { host: "127.10.248.1" port: 32981 } } peers { permanent_uuid: "e99ad8def4c4465ba8343ffd32caec56" member_type: VOTER last_known_addr { host: "127.10.248.2" port: 42953 } } peers { permanent_uuid: "b603aeac12004495b4fc38c638caf8c7" member_type: VOTER last_known_addr { host: "127.10.248.3" port: 33457 } }
I20260710 13:21:47.115067 12259 catalog_manager.cc:5697] T a253d664aa054b899af05dc954136c13 P 1d4e07ae2df1476dbd802109c2d4b10a reported cstate change: term changed from 0 to 1, leader changed from <none> to 1d4e07ae2df1476dbd802109c2d4b10a (127.10.248.1). New cstate: current_term: 1 leader_uuid: "1d4e07ae2df1476dbd802109c2d4b10a" committed_config { opid_index: -1 OBSOLETE_local: false peers { permanent_uuid: "1d4e07ae2df1476dbd802109c2d4b10a" member_type: VOTER last_known_addr { host: "127.10.248.1" port: 32981 } health_report { overall_health: HEALTHY } } peers { permanent_uuid: "e99ad8def4c4465ba8343ffd32caec56" member_type: VOTER last_known_addr { host: "127.10.248.2" port: 42953 } health_report { overall_health: UNKNOWN } } peers { permanent_uuid: "b603aeac12004495b4fc38c638caf8c7" member_type: VOTER last_known_addr { host: "127.10.248.3" port: 33457 } health_report { overall_health: UNKNOWN } } }
I20260710 13:21:47.115861 12361 tablet_service.cc:1917] Received RequestConsensusVote() RPC: tablet_id: "b94eba8ba9ec42328ccbc211c1d68362" candidate_uuid: "e99ad8def4c4465ba8343ffd32caec56" candidate_term: 1 candidate_status { last_received { term: 0 index: 0 } } ignore_live_leader: false dest_uuid: "1d4e07ae2df1476dbd802109c2d4b10a" is_pre_election: true
I20260710 13:21:47.118291 12624 leader_election.cc:290] T b94eba8ba9ec42328ccbc211c1d68362 P e99ad8def4c4465ba8343ffd32caec56 [CANDIDATE]: Term 1 pre-election: Requested pre-vote from peers 1d4e07ae2df1476dbd802109c2d4b10a (127.10.248.1:32981), b603aeac12004495b4fc38c638caf8c7 (127.10.248.3:33457)
I20260710 13:21:47.122447 12510 tablet_service.cc:1917] Received RequestConsensusVote() RPC: tablet_id: "b94eba8ba9ec42328ccbc211c1d68362" candidate_uuid: "e99ad8def4c4465ba8343ffd32caec56" candidate_term: 1 candidate_status { last_received { term: 0 index: 0 } } ignore_live_leader: false dest_uuid: "b603aeac12004495b4fc38c638caf8c7" is_pre_election: true
I20260710 13:21:47.124619 12401 leader_election.cc:304] T b94eba8ba9ec42328ccbc211c1d68362 P e99ad8def4c4465ba8343ffd32caec56 [CANDIDATE]: Term 1 pre-election: Election decided. Result: candidate lost. Election summary: received 3 responses out of 3 voters: 1 yes votes; 2 no votes. yes voters: e99ad8def4c4465ba8343ffd32caec56; no voters: 1d4e07ae2df1476dbd802109c2d4b10a, b603aeac12004495b4fc38c638caf8c7
I20260710 13:21:47.126251 12589 raft_consensus.cc:2749] T b94eba8ba9ec42328ccbc211c1d68362 P e99ad8def4c4465ba8343ffd32caec56 [term 0 FOLLOWER]: Leader pre-election lost for term 1. Reason: could not achieve majority
I20260710 13:21:47.126929 12675 consensus_queue.cc:1048] T fa74b08a467447b6be17b56ac2364392 P b603aeac12004495b4fc38c638caf8c7 [LEADER]: Connected to new peer: Peer: permanent_uuid: "1d4e07ae2df1476dbd802109c2d4b10a" member_type: VOTER last_known_addr { host: "127.10.248.1" port: 32981 }, Status: LMP_MISMATCH, Last received: 0.0, Next index: 1, Last known committed idx: 0, Time since last communication: 0.000s
I20260710 13:21:47.130750 12589 raft_consensus.cc:493] T 56629a7c31e64a32818d2c02ec9eb720 P e99ad8def4c4465ba8343ffd32caec56 [term 0 FOLLOWER]: Starting pre-election (no leader contacted us within the election timeout)
I20260710 13:21:47.131240 12435 raft_consensus.cc:3060] T b94eba8ba9ec42328ccbc211c1d68362 P e99ad8def4c4465ba8343ffd32caec56 [term 0 FOLLOWER]: Advancing to term 1
I20260710 13:21:47.131289 12589 raft_consensus.cc:515] T 56629a7c31e64a32818d2c02ec9eb720 P e99ad8def4c4465ba8343ffd32caec56 [term 0 FOLLOWER]: Starting pre-election with config: opid_index: -1 OBSOLETE_local: false peers { permanent_uuid: "1d4e07ae2df1476dbd802109c2d4b10a" member_type: VOTER last_known_addr { host: "127.10.248.1" port: 32981 } } peers { permanent_uuid: "e99ad8def4c4465ba8343ffd32caec56" member_type: VOTER last_known_addr { host: "127.10.248.2" port: 42953 } } peers { permanent_uuid: "b603aeac12004495b4fc38c638caf8c7" member_type: VOTER last_known_addr { host: "127.10.248.3" port: 33457 } }
I20260710 13:21:47.135349 12589 leader_election.cc:290] T 56629a7c31e64a32818d2c02ec9eb720 P e99ad8def4c4465ba8343ffd32caec56 [CANDIDATE]: Term 1 pre-election: Requested pre-vote from peers 1d4e07ae2df1476dbd802109c2d4b10a (127.10.248.1:32981), b603aeac12004495b4fc38c638caf8c7 (127.10.248.3:33457)
I20260710 13:21:47.135452 12361 tablet_service.cc:1917] Received RequestConsensusVote() RPC: tablet_id: "56629a7c31e64a32818d2c02ec9eb720" candidate_uuid: "e99ad8def4c4465ba8343ffd32caec56" candidate_term: 1 candidate_status { last_received { term: 0 index: 0 } } ignore_live_leader: false dest_uuid: "1d4e07ae2df1476dbd802109c2d4b10a" is_pre_election: true
I20260710 13:21:47.137387 12510 tablet_service.cc:1917] Received RequestConsensusVote() RPC: tablet_id: "56629a7c31e64a32818d2c02ec9eb720" candidate_uuid: "e99ad8def4c4465ba8343ffd32caec56" candidate_term: 1 candidate_status { last_received { term: 0 index: 0 } } ignore_live_leader: false dest_uuid: "b603aeac12004495b4fc38c638caf8c7" is_pre_election: true
I20260710 13:21:47.138227 12510 raft_consensus.cc:2393] T 56629a7c31e64a32818d2c02ec9eb720 P b603aeac12004495b4fc38c638caf8c7 [term 1 FOLLOWER]: Leader pre-election vote request: Denying vote to candidate e99ad8def4c4465ba8343ffd32caec56 in current term 1: Already voted for candidate 1d4e07ae2df1476dbd802109c2d4b10a in this term.
I20260710 13:21:47.139480 12401 leader_election.cc:304] T 56629a7c31e64a32818d2c02ec9eb720 P e99ad8def4c4465ba8343ffd32caec56 [CANDIDATE]: Term 1 pre-election: Election decided. Result: candidate lost. Election summary: received 3 responses out of 3 voters: 1 yes votes; 2 no votes. yes voters: e99ad8def4c4465ba8343ffd32caec56; no voters: 1d4e07ae2df1476dbd802109c2d4b10a, b603aeac12004495b4fc38c638caf8c7
I20260710 13:21:47.140682 12589 raft_consensus.cc:3060] T 56629a7c31e64a32818d2c02ec9eb720 P e99ad8def4c4465ba8343ffd32caec56 [term 0 FOLLOWER]: Advancing to term 1
I20260710 13:21:47.147608 12589 raft_consensus.cc:2749] T 56629a7c31e64a32818d2c02ec9eb720 P e99ad8def4c4465ba8343ffd32caec56 [term 1 FOLLOWER]: Leader pre-election lost for term 1. Reason: could not achieve majority
I20260710 13:21:47.258222 11232 file_cache.cc:504] Constructed file cache file cache with capacity 419430
W20260710 13:21:47.265733 12726 instance_detector.cc:116] could not retrieve AWS instance metadata: Network error: curl error: HTTP response code said error: The requested URL returned error: 404
W20260710 13:21:47.268195 12727 instance_detector.cc:116] could not retrieve Azure instance metadata: Network error: curl error: HTTP response code said error: The requested URL returned error: 404
W20260710 13:21:47.271179 12729 instance_detector.cc:116] could not retrieve OpenStack instance metadata: Network error: curl error: HTTP response code said error: The requested URL returned error: 404
I20260710 13:21:47.272169 11232 server_base.cc:1061] running on GCE node
I20260710 13:21:47.273113 11232 hybrid_clock.cc:584] initializing the hybrid clock with 'system_unsync' time source
W20260710 13:21:47.273407 11232 system_unsync_time.cc:38] NTP support is disabled. Clock error bounds will not be accurate. This configuration is not suitable for distributed clusters.
I20260710 13:21:47.273626 11232 hybrid_clock.cc:648] HybridClock initialized: now 1783689707273605 us; error 0 us; skew 500 ppm
I20260710 13:21:47.274334 11232 server_base.cc:861] Flag tcmalloc_max_total_thread_cache_bytes is not working since tcmalloc is not enabled.
I20260710 13:21:47.277426 11232 webserver.cc:533] Webserver started at http://127.10.248.4:33551/ using document root <none> and password file <none>
I20260710 13:21:47.278139 11232 fs_manager.cc:362] Metadata directory not provided
I20260710 13:21:47.278333 11232 fs_manager.cc:368] Using write-ahead log directory (fs_wal_dir) as metadata directory
I20260710 13:21:47.278733 11232 server_base.cc:909] This appears to be a new deployment of Kudu; creating new FS layout
I20260710 13:21:47.280248 11232 fs_manager.cc:1068] Generated new instance metadata in path /tmp/dist-test-taskeFENQ2/test-tmp/auto_leader_rebalancer-test.0.LeaderRebalancerTest.AddTserver.1783689677105261-11232-0/minicluster-data/ts-3-root/instance:
uuid: "6a462b4c68da41c390cc8139599774c4"
format_stamp: "Formatted at 2026-07-10 13:21:47 on dist-test-slave-zdkv"
I20260710 13:21:47.280341 12600 consensus_queue.cc:1048] T 56629a7c31e64a32818d2c02ec9eb720 P 1d4e07ae2df1476dbd802109c2d4b10a [LEADER]: Connected to new peer: Peer: permanent_uuid: "b603aeac12004495b4fc38c638caf8c7" member_type: VOTER last_known_addr { host: "127.10.248.3" port: 33457 }, Status: LMP_MISMATCH, Last received: 0.0, Next index: 1, Last known committed idx: 0, Time since last communication: 0.001s
I20260710 13:21:47.286172 11232 fs_manager.cc:696] Time spent creating directory manager: real 0.005s	user 0.005s	sys 0.003s
I20260710 13:21:47.295593 12662 consensus_queue.cc:1048] T 56629a7c31e64a32818d2c02ec9eb720 P 1d4e07ae2df1476dbd802109c2d4b10a [LEADER]: Connected to new peer: Peer: permanent_uuid: "e99ad8def4c4465ba8343ffd32caec56" member_type: VOTER last_known_addr { host: "127.10.248.2" port: 42953 }, Status: LMP_MISMATCH, Last received: 0.0, Next index: 1, Last known committed idx: 0, Time since last communication: 0.001s
I20260710 13:21:47.304039 12735 log_block_manager.cc:4127] Time spent loading block containers with low live blocks: real 0.000s	user 0.000s	sys 0.000s
I20260710 13:21:47.305266 11232 fs_manager.cc:730] Time spent opening block manager: real 0.016s	user 0.012s	sys 0.002s
I20260710 13:21:47.305681 11232 fs_manager.cc:647] Opened local filesystem: /tmp/dist-test-taskeFENQ2/test-tmp/auto_leader_rebalancer-test.0.LeaderRebalancerTest.AddTserver.1783689677105261-11232-0/minicluster-data/ts-3-root
uuid: "6a462b4c68da41c390cc8139599774c4"
format_stamp: "Formatted at 2026-07-10 13:21:47 on dist-test-slave-zdkv"
I20260710 13:21:47.306111 11232 fs_report.cc:389] FS layout report
--------------------
wal directory: /tmp/dist-test-taskeFENQ2/test-tmp/auto_leader_rebalancer-test.0.LeaderRebalancerTest.AddTserver.1783689677105261-11232-0/minicluster-data/ts-3-root
metadata directory: /tmp/dist-test-taskeFENQ2/test-tmp/auto_leader_rebalancer-test.0.LeaderRebalancerTest.AddTserver.1783689677105261-11232-0/minicluster-data/ts-3-root
1 data directories: /tmp/dist-test-taskeFENQ2/test-tmp/auto_leader_rebalancer-test.0.LeaderRebalancerTest.AddTserver.1783689677105261-11232-0/minicluster-data/ts-3-root/data
Total live blocks: 0
Total live bytes: 0
Total live bytes (after alignment): 0
Total number of LBM containers: 0 (0 full)
Did not check for missing blocks
Did not check for orphaned blocks
Total full LBM containers with extra space: 0 (0 repaired)
Total full LBM container extra space in bytes: 0 (0 repaired)
Total incomplete LBM containers: 0 (0 repaired)
Total LBM partial records: 0 (0 repaired)
Total corrupted LBM metadata records in RocksDB: 0 (0 repaired)
I20260710 13:21:47.329126 11232 rpc_server.cc:225] running with OpenSSL 1.1.1  11 Sep 2018
I20260710 13:21:47.331189 11232 kserver.cc:163] Server-wide thread pool size limit: 3276
I20260710 13:21:47.333104 11232 txn_system_client.cc:432] TxnSystemClient initialization is disabled...
I20260710 13:21:47.336297 11232 ts_tablet_manager.cc:585] Loaded tablet metadata (0 total tablets, 0 live tablets)
I20260710 13:21:47.336519 11232 ts_tablet_manager.cc:531] Time spent load tablet metadata: real 0.000s	user 0.000s	sys 0.000s
I20260710 13:21:47.336723 11232 ts_tablet_manager.cc:616] Registered 0 tablets
I20260710 13:21:47.336869 11232 ts_tablet_manager.cc:595] Time spent register tablets: real 0.000s	user 0.000s	sys 0.000s
I20260710 13:21:47.416914 12435 raft_consensus.cc:3060] T 90cda43260e5460d87954acec3081b9a P e99ad8def4c4465ba8343ffd32caec56 [term 0 FOLLOWER]: Advancing to term 1
I20260710 13:21:47.510792 12589 raft_consensus.cc:493] T 90cda43260e5460d87954acec3081b9a P e99ad8def4c4465ba8343ffd32caec56 [term 1 FOLLOWER]: Starting pre-election (no leader contacted us within the election timeout)
I20260710 13:21:47.512089 12589 raft_consensus.cc:515] T 90cda43260e5460d87954acec3081b9a P e99ad8def4c4465ba8343ffd32caec56 [term 1 FOLLOWER]: Starting pre-election with config: opid_index: -1 OBSOLETE_local: false peers { permanent_uuid: "1d4e07ae2df1476dbd802109c2d4b10a" member_type: VOTER last_known_addr { host: "127.10.248.1" port: 32981 } } peers { permanent_uuid: "e99ad8def4c4465ba8343ffd32caec56" member_type: VOTER last_known_addr { host: "127.10.248.2" port: 42953 } } peers { permanent_uuid: "b603aeac12004495b4fc38c638caf8c7" member_type: VOTER last_known_addr { host: "127.10.248.3" port: 33457 } }
I20260710 13:21:47.527695 12675 consensus_queue.cc:1048] T 90cda43260e5460d87954acec3081b9a P b603aeac12004495b4fc38c638caf8c7 [LEADER]: Connected to new peer: Peer: permanent_uuid: "e99ad8def4c4465ba8343ffd32caec56" member_type: VOTER last_known_addr { host: "127.10.248.2" port: 42953 }, Status: LMP_MISMATCH, Last received: 0.0, Next index: 1, Last known committed idx: 0, Time since last communication: 0.001s
I20260710 13:21:47.530642 12358 tablet_service.cc:1917] Received RequestConsensusVote() RPC: tablet_id: "90cda43260e5460d87954acec3081b9a" candidate_uuid: "e99ad8def4c4465ba8343ffd32caec56" candidate_term: 2 candidate_status { last_received { term: 0 index: 0 } } ignore_live_leader: false dest_uuid: "1d4e07ae2df1476dbd802109c2d4b10a" is_pre_election: true
I20260710 13:21:47.531812 12358 raft_consensus.cc:2468] T 90cda43260e5460d87954acec3081b9a P 1d4e07ae2df1476dbd802109c2d4b10a [term 1 FOLLOWER]: Leader pre-election vote request: Granting yes vote for candidate e99ad8def4c4465ba8343ffd32caec56 in term 1.
I20260710 13:21:47.517732 12589 leader_election.cc:290] T 90cda43260e5460d87954acec3081b9a P e99ad8def4c4465ba8343ffd32caec56 [CANDIDATE]: Term 2 pre-election: Requested pre-vote from peers 1d4e07ae2df1476dbd802109c2d4b10a (127.10.248.1:32981), b603aeac12004495b4fc38c638caf8c7 (127.10.248.3:33457)
I20260710 13:21:47.534533 12399 leader_election.cc:304] T 90cda43260e5460d87954acec3081b9a P e99ad8def4c4465ba8343ffd32caec56 [CANDIDATE]: Term 2 pre-election: Election decided. Result: candidate won. Election summary: received 2 responses out of 3 voters: 2 yes votes; 0 no votes. yes voters: 1d4e07ae2df1476dbd802109c2d4b10a, e99ad8def4c4465ba8343ffd32caec56; no voters: 
I20260710 13:21:47.535956 12624 raft_consensus.cc:2804] T 90cda43260e5460d87954acec3081b9a P e99ad8def4c4465ba8343ffd32caec56 [term 1 FOLLOWER]: Leader pre-election won for term 2
I20260710 13:21:47.536456 12624 raft_consensus.cc:493] T 90cda43260e5460d87954acec3081b9a P e99ad8def4c4465ba8343ffd32caec56 [term 1 FOLLOWER]: Starting leader election (no leader contacted us within the election timeout)
I20260710 13:21:47.536887 12624 raft_consensus.cc:3060] T 90cda43260e5460d87954acec3081b9a P e99ad8def4c4465ba8343ffd32caec56 [term 1 FOLLOWER]: Advancing to term 2
I20260710 13:21:47.558728 12682 consensus_queue.cc:1048] T a253d664aa054b899af05dc954136c13 P 1d4e07ae2df1476dbd802109c2d4b10a [LEADER]: Connected to new peer: Peer: permanent_uuid: "e99ad8def4c4465ba8343ffd32caec56" member_type: VOTER last_known_addr { host: "127.10.248.2" port: 42953 }, Status: LMP_MISMATCH, Last received: 0.0, Next index: 1, Last known committed idx: 0, Time since last communication: 0.008s
I20260710 13:21:47.563604 12624 raft_consensus.cc:515] T 90cda43260e5460d87954acec3081b9a P e99ad8def4c4465ba8343ffd32caec56 [term 2 FOLLOWER]: Starting leader election with config: opid_index: -1 OBSOLETE_local: false peers { permanent_uuid: "1d4e07ae2df1476dbd802109c2d4b10a" member_type: VOTER last_known_addr { host: "127.10.248.1" port: 32981 } } peers { permanent_uuid: "e99ad8def4c4465ba8343ffd32caec56" member_type: VOTER last_known_addr { host: "127.10.248.2" port: 42953 } } peers { permanent_uuid: "b603aeac12004495b4fc38c638caf8c7" member_type: VOTER last_known_addr { host: "127.10.248.3" port: 33457 } }
I20260710 13:21:47.566468 12436 raft_consensus.cc:1240] T 90cda43260e5460d87954acec3081b9a P e99ad8def4c4465ba8343ffd32caec56 [term 2 FOLLOWER]: Rejecting Update request from peer b603aeac12004495b4fc38c638caf8c7 for earlier term 1. Current term is 2. Ops: [1.1-1.1]
I20260710 13:21:47.574815 12636 consensus_queue.cc:1048] T 9faaa23f19634eb0aee0773df1875c4f P b603aeac12004495b4fc38c638caf8c7 [LEADER]: Connected to new peer: Peer: permanent_uuid: "e99ad8def4c4465ba8343ffd32caec56" member_type: VOTER last_known_addr { host: "127.10.248.2" port: 42953 }, Status: LMP_MISMATCH, Last received: 0.0, Next index: 1, Last known committed idx: 0, Time since last communication: 0.002s
I20260710 13:21:47.583312 12636 consensus_queue.cc:1048] T 854f402ede064702bf17b9ffbbf8a739 P b603aeac12004495b4fc38c638caf8c7 [LEADER]: Connected to new peer: Peer: permanent_uuid: "e99ad8def4c4465ba8343ffd32caec56" member_type: VOTER last_known_addr { host: "127.10.248.2" port: 42953 }, Status: LMP_MISMATCH, Last received: 0.0, Next index: 1, Last known committed idx: 0, Time since last communication: 0.001s
I20260710 13:21:47.584077 12668 consensus_queue.cc:1059] T 90cda43260e5460d87954acec3081b9a P b603aeac12004495b4fc38c638caf8c7 [LEADER]: Peer responded invalid term: Peer: permanent_uuid: "e99ad8def4c4465ba8343ffd32caec56" member_type: VOTER last_known_addr { host: "127.10.248.2" port: 42953 }, Status: INVALID_TERM, Last received: 0.0, Next index: 1, Last known committed idx: 0, Time since last communication: 0.002s
I20260710 13:21:47.575100 12624 leader_election.cc:290] T 90cda43260e5460d87954acec3081b9a P e99ad8def4c4465ba8343ffd32caec56 [CANDIDATE]: Term 2 election: Requested vote from peers 1d4e07ae2df1476dbd802109c2d4b10a (127.10.248.1:32981), b603aeac12004495b4fc38c638caf8c7 (127.10.248.3:33457)
I20260710 13:21:47.586055 12636 raft_consensus.cc:3055] T 90cda43260e5460d87954acec3081b9a P b603aeac12004495b4fc38c638caf8c7 [term 1 LEADER]: Stepping down as leader of term 1
I20260710 13:21:47.590530 12361 tablet_service.cc:1917] Received RequestConsensusVote() RPC: tablet_id: "90cda43260e5460d87954acec3081b9a" candidate_uuid: "e99ad8def4c4465ba8343ffd32caec56" candidate_term: 2 candidate_status { last_received { term: 0 index: 0 } } ignore_live_leader: false dest_uuid: "1d4e07ae2df1476dbd802109c2d4b10a"
I20260710 13:21:47.594714 12636 raft_consensus.cc:740] T 90cda43260e5460d87954acec3081b9a P b603aeac12004495b4fc38c638caf8c7 [term 1 LEADER]: Becoming Follower/Learner. State: Replica: b603aeac12004495b4fc38c638caf8c7, State: Running, Role: LEADER
I20260710 13:21:47.594887 12361 raft_consensus.cc:3060] T 90cda43260e5460d87954acec3081b9a P 1d4e07ae2df1476dbd802109c2d4b10a [term 1 FOLLOWER]: Advancing to term 2
I20260710 13:21:47.596227 12636 consensus_queue.cc:260] T 90cda43260e5460d87954acec3081b9a P b603aeac12004495b4fc38c638caf8c7 [NON_LEADER]: Queue going to NON_LEADER mode. State: All replicated index: 0, Majority replicated index: 0, Committed index: 0, Last appended: 1.1, Last appended by leader: 1, Current term: 1, Majority size: -1, State: 0, Mode: NON_LEADER, active raft config: opid_index: -1 OBSOLETE_local: false peers { permanent_uuid: "1d4e07ae2df1476dbd802109c2d4b10a" member_type: VOTER last_known_addr { host: "127.10.248.1" port: 32981 } } peers { permanent_uuid: "e99ad8def4c4465ba8343ffd32caec56" member_type: VOTER last_known_addr { host: "127.10.248.2" port: 42953 } } peers { permanent_uuid: "b603aeac12004495b4fc38c638caf8c7" member_type: VOTER last_known_addr { host: "127.10.248.3" port: 33457 } }
I20260710 13:21:47.597698 12636 raft_consensus.cc:3060] T 90cda43260e5460d87954acec3081b9a P b603aeac12004495b4fc38c638caf8c7 [term 1 FOLLOWER]: Advancing to term 2
I20260710 13:21:47.611322 12510 tablet_service.cc:1917] Received RequestConsensusVote() RPC: tablet_id: "90cda43260e5460d87954acec3081b9a" candidate_uuid: "e99ad8def4c4465ba8343ffd32caec56" candidate_term: 2 candidate_status { last_received { term: 0 index: 0 } } ignore_live_leader: false dest_uuid: "b603aeac12004495b4fc38c638caf8c7" is_pre_election: true
I20260710 13:21:47.612533 12510 raft_consensus.cc:2410] T 90cda43260e5460d87954acec3081b9a P b603aeac12004495b4fc38c638caf8c7 [term 2 FOLLOWER]: Leader pre-election vote request: Denying vote to candidate e99ad8def4c4465ba8343ffd32caec56 for term 2 because replica has last-logged OpId of term: 1 index: 1, which is greater than that of the candidate, which has last-logged OpId of term: 0 index: 0.
I20260710 13:21:47.617492 12361 raft_consensus.cc:2468] T 90cda43260e5460d87954acec3081b9a P 1d4e07ae2df1476dbd802109c2d4b10a [term 2 FOLLOWER]: Leader election vote request: Granting yes vote for candidate e99ad8def4c4465ba8343ffd32caec56 in term 2.
I20260710 13:21:47.620723 12508 tablet_service.cc:1917] Received RequestConsensusVote() RPC: tablet_id: "90cda43260e5460d87954acec3081b9a" candidate_uuid: "e99ad8def4c4465ba8343ffd32caec56" candidate_term: 2 candidate_status { last_received { term: 0 index: 0 } } ignore_live_leader: false dest_uuid: "b603aeac12004495b4fc38c638caf8c7"
I20260710 13:21:47.621832 12508 raft_consensus.cc:2410] T 90cda43260e5460d87954acec3081b9a P b603aeac12004495b4fc38c638caf8c7 [term 2 FOLLOWER]: Leader election vote request: Denying vote to candidate e99ad8def4c4465ba8343ffd32caec56 for term 2 because replica has last-logged OpId of term: 1 index: 1, which is greater than that of the candidate, which has last-logged OpId of term: 0 index: 0.
I20260710 13:21:47.642899 12636 consensus_queue.cc:1048] T 9faaa23f19634eb0aee0773df1875c4f P b603aeac12004495b4fc38c638caf8c7 [LEADER]: Connected to new peer: Peer: permanent_uuid: "1d4e07ae2df1476dbd802109c2d4b10a" member_type: VOTER last_known_addr { host: "127.10.248.1" port: 32981 }, Status: LMP_MISMATCH, Last received: 0.0, Next index: 1, Last known committed idx: 0, Time since last communication: 0.001s
I20260710 13:21:47.631193 12399 leader_election.cc:304] T 90cda43260e5460d87954acec3081b9a P e99ad8def4c4465ba8343ffd32caec56 [CANDIDATE]: Term 2 election: Election decided. Result: candidate won. Election summary: received 2 responses out of 3 voters: 2 yes votes; 0 no votes. yes voters: 1d4e07ae2df1476dbd802109c2d4b10a, e99ad8def4c4465ba8343ffd32caec56; no voters: 
I20260710 13:21:47.660933 12624 raft_consensus.cc:2804] T 90cda43260e5460d87954acec3081b9a P e99ad8def4c4465ba8343ffd32caec56 [term 2 FOLLOWER]: Leader election won for term 2
I20260710 13:21:47.661615 12624 raft_consensus.cc:697] T 90cda43260e5460d87954acec3081b9a P e99ad8def4c4465ba8343ffd32caec56 [term 2 LEADER]: Becoming Leader. State: Replica: e99ad8def4c4465ba8343ffd32caec56, State: Running, Role: LEADER
I20260710 13:21:47.662657 12624 consensus_queue.cc:237] T 90cda43260e5460d87954acec3081b9a P e99ad8def4c4465ba8343ffd32caec56 [LEADER]: Queue going to LEADER mode. State: All replicated index: 0, Majority replicated index: 0, Committed index: 0, Last appended: 0.0, Last appended by leader: 0, Current term: 2, Majority size: 2, State: 0, Mode: LEADER, active raft config: opid_index: -1 OBSOLETE_local: false peers { permanent_uuid: "1d4e07ae2df1476dbd802109c2d4b10a" member_type: VOTER last_known_addr { host: "127.10.248.1" port: 32981 } } peers { permanent_uuid: "e99ad8def4c4465ba8343ffd32caec56" member_type: VOTER last_known_addr { host: "127.10.248.2" port: 42953 } } peers { permanent_uuid: "b603aeac12004495b4fc38c638caf8c7" member_type: VOTER last_known_addr { host: "127.10.248.3" port: 33457 } }
I20260710 13:21:47.678220 12559 consensus_queue.cc:1048] T a253d664aa054b899af05dc954136c13 P 1d4e07ae2df1476dbd802109c2d4b10a [LEADER]: Connected to new peer: Peer: permanent_uuid: "b603aeac12004495b4fc38c638caf8c7" member_type: VOTER last_known_addr { host: "127.10.248.3" port: 33457 }, Status: LMP_MISMATCH, Last received: 0.0, Next index: 1, Last known committed idx: 0, Time since last communication: 0.001s
W20260710 13:21:47.690308 12399 outbound_call.cc:321] RPC callback for RPC call kudu.consensus.ConsensusService.RequestConsensusVote -> {remote=127.10.248.1:32981, user_credentials={real_user=slave}} blocked reactor thread for 59260.7us
I20260710 13:21:47.713793 12675 consensus_queue.cc:1048] T 854f402ede064702bf17b9ffbbf8a739 P b603aeac12004495b4fc38c638caf8c7 [LEADER]: Connected to new peer: Peer: permanent_uuid: "1d4e07ae2df1476dbd802109c2d4b10a" member_type: VOTER last_known_addr { host: "127.10.248.1" port: 32981 }, Status: LMP_MISMATCH, Last received: 0.0, Next index: 1, Last known committed idx: 0, Time since last communication: 0.001s
I20260710 13:21:47.774765 12259 catalog_manager.cc:5697] T 90cda43260e5460d87954acec3081b9a P e99ad8def4c4465ba8343ffd32caec56 reported cstate change: term changed from 1 to 2, leader changed from b603aeac12004495b4fc38c638caf8c7 (127.10.248.3) to e99ad8def4c4465ba8343ffd32caec56 (127.10.248.2). New cstate: current_term: 2 leader_uuid: "e99ad8def4c4465ba8343ffd32caec56" committed_config { opid_index: -1 OBSOLETE_local: false peers { permanent_uuid: "1d4e07ae2df1476dbd802109c2d4b10a" member_type: VOTER last_known_addr { host: "127.10.248.1" port: 32981 } health_report { overall_health: UNKNOWN } } peers { permanent_uuid: "e99ad8def4c4465ba8343ffd32caec56" member_type: VOTER last_known_addr { host: "127.10.248.2" port: 42953 } health_report { overall_health: HEALTHY } } peers { permanent_uuid: "b603aeac12004495b4fc38c638caf8c7" member_type: VOTER last_known_addr { host: "127.10.248.3" port: 33457 } health_report { overall_health: UNKNOWN } } }
I20260710 13:21:47.785205 11232 rpc_server.cc:307] RPC server started. Bound to: 127.10.248.4:40005
I20260710 13:21:47.785383 12809 acceptor_pool.cc:272] collecting diagnostics on the listening RPC socket 127.10.248.4:40005 every 8 connection(s)
I20260710 13:21:47.809532 11232 auto_leader_rebalancer-test.cc:388] add a tserver: 6a462b4c68da41c390cc8139599774c4
I20260710 13:21:47.840088 12812 heartbeater.cc:344] Connected to a master server at 127.10.248.62:38439
I20260710 13:21:47.840672 12812 heartbeater.cc:461] Registering TS with master...
I20260710 13:21:47.841668 12812 heartbeater.cc:507] Master 127.10.248.62:38439 requested a full tablet report, sending...
I20260710 13:21:47.843930 12259 ts_manager.cc:194] Registered new tserver with Master: 6a462b4c68da41c390cc8139599774c4 (127.10.248.4:40005)
I20260710 13:21:47.845489 12259 master_service.cc:502] Signed X509 certificate for tserver {username='slave'} at 127.0.0.1:45848
I20260710 13:21:48.057052 12508 raft_consensus.cc:1275] T 90cda43260e5460d87954acec3081b9a P b603aeac12004495b4fc38c638caf8c7 [term 2 FOLLOWER]: Refusing update from remote peer e99ad8def4c4465ba8343ffd32caec56: Log matching property violated. Preceding OpId in replica: term: 1 index: 1. Preceding OpId from leader: term: 2 index: 1. (term mismatch)
I20260710 13:21:48.057575 12508 pending_rounds.cc:85] T 90cda43260e5460d87954acec3081b9a P b603aeac12004495b4fc38c638caf8c7: Aborting all ops after (but not including) 0
I20260710 13:21:48.057888 12508 pending_rounds.cc:107] T 90cda43260e5460d87954acec3081b9a P b603aeac12004495b4fc38c638caf8c7: Aborting uncommitted NO_OP operation due to leader change: 1.1
I20260710 13:21:48.058243 12508 raft_consensus.cc:2889] T 90cda43260e5460d87954acec3081b9a P b603aeac12004495b4fc38c638caf8c7 [term 2 FOLLOWER]: NO_OP replication failed: Aborted: Op aborted by new leader
I20260710 13:21:48.059834 12795 consensus_queue.cc:1048] T 90cda43260e5460d87954acec3081b9a P e99ad8def4c4465ba8343ffd32caec56 [LEADER]: Connected to new peer: Peer: permanent_uuid: "b603aeac12004495b4fc38c638caf8c7" member_type: VOTER last_known_addr { host: "127.10.248.3" port: 33457 }, Status: LMP_MISMATCH, Last received: 0.0, Next index: 1, Last known committed idx: 0, Time since last communication: 0.000s
I20260710 13:21:48.077512 12358 raft_consensus.cc:1275] T 90cda43260e5460d87954acec3081b9a P 1d4e07ae2df1476dbd802109c2d4b10a [term 2 FOLLOWER]: Refusing update from remote peer e99ad8def4c4465ba8343ffd32caec56: Log matching property violated. Preceding OpId in replica: term: 0 index: 0. Preceding OpId from leader: term: 2 index: 1. (index mismatch)
I20260710 13:21:48.078939 12795 consensus_queue.cc:1048] T 90cda43260e5460d87954acec3081b9a P e99ad8def4c4465ba8343ffd32caec56 [LEADER]: Connected to new peer: Peer: permanent_uuid: "1d4e07ae2df1476dbd802109c2d4b10a" member_type: VOTER last_known_addr { host: "127.10.248.1" port: 32981 }, Status: LMP_MISMATCH, Last received: 0.0, Next index: 1, Last known committed idx: 0, Time since last communication: 0.000s
I20260710 13:21:48.666638 12357 consensus_queue.cc:237] T 6f4a38aefe004a6bbfccfdc077376fc7 P 1d4e07ae2df1476dbd802109c2d4b10a [LEADER]: Queue going to LEADER mode. State: All replicated index: 0, Majority replicated index: 1, Committed index: 1, Last appended: 1.1, Last appended by leader: 0, Current term: 1, Majority size: 2, State: 0, Mode: LEADER, active raft config: opid_index: 2 OBSOLETE_local: false peers { permanent_uuid: "1d4e07ae2df1476dbd802109c2d4b10a" member_type: VOTER last_known_addr { host: "127.10.248.1" port: 32981 } } peers { permanent_uuid: "e99ad8def4c4465ba8343ffd32caec56" member_type: VOTER last_known_addr { host: "127.10.248.2" port: 42953 } } peers { permanent_uuid: "b603aeac12004495b4fc38c638caf8c7" member_type: VOTER last_known_addr { host: "127.10.248.3" port: 33457 } attrs { replace: true } } peers { permanent_uuid: "6a462b4c68da41c390cc8139599774c4" member_type: NON_VOTER last_known_addr { host: "127.10.248.4" port: 40005 } attrs { promote: true } }
I20260710 13:21:48.676712 12433 raft_consensus.cc:1275] T 6f4a38aefe004a6bbfccfdc077376fc7 P e99ad8def4c4465ba8343ffd32caec56 [term 1 FOLLOWER]: Refusing update from remote peer 1d4e07ae2df1476dbd802109c2d4b10a: Log matching property violated. Preceding OpId in replica: term: 1 index: 1. Preceding OpId from leader: term: 1 index: 2. (index mismatch)
I20260710 13:21:48.677203 12508 raft_consensus.cc:1275] T 6f4a38aefe004a6bbfccfdc077376fc7 P b603aeac12004495b4fc38c638caf8c7 [term 1 FOLLOWER]: Refusing update from remote peer 1d4e07ae2df1476dbd802109c2d4b10a: Log matching property violated. Preceding OpId in replica: term: 1 index: 1. Preceding OpId from leader: term: 1 index: 2. (index mismatch)
I20260710 13:21:48.678896 12682 consensus_queue.cc:1048] T 6f4a38aefe004a6bbfccfdc077376fc7 P 1d4e07ae2df1476dbd802109c2d4b10a [LEADER]: Connected to new peer: Peer: permanent_uuid: "e99ad8def4c4465ba8343ffd32caec56" member_type: VOTER last_known_addr { host: "127.10.248.2" port: 42953 }, Status: LMP_MISMATCH, Last received: 0.0, Next index: 2, Last known committed idx: 1, Time since last communication: 0.000s
I20260710 13:21:48.680136 12822 consensus_queue.cc:1048] T 6f4a38aefe004a6bbfccfdc077376fc7 P 1d4e07ae2df1476dbd802109c2d4b10a [LEADER]: Connected to new peer: Peer: permanent_uuid: "b603aeac12004495b4fc38c638caf8c7" member_type: VOTER last_known_addr { host: "127.10.248.3" port: 33457 } attrs { replace: true }, Status: LMP_MISMATCH, Last received: 0.0, Next index: 2, Last known committed idx: 1, Time since last communication: 0.001s
W20260710 13:21:48.689954 12324 consensus_peers.cc:597] T 6f4a38aefe004a6bbfccfdc077376fc7 P 1d4e07ae2df1476dbd802109c2d4b10a -> Peer 6a462b4c68da41c390cc8139599774c4 (127.10.248.4:40005): Couldn't send request to peer 6a462b4c68da41c390cc8139599774c4. Error code: TABLET_NOT_FOUND (6). Status: Not found: Tablet not found: 6f4a38aefe004a6bbfccfdc077376fc7. This is attempt 1: this message will repeat every 5th retry.
I20260710 13:21:48.694586 12682 raft_consensus.cc:2955] T 6f4a38aefe004a6bbfccfdc077376fc7 P 1d4e07ae2df1476dbd802109c2d4b10a [term 1 LEADER]: Committing config change with OpId 1.2: config changed from index -1 to 2, NON_VOTER 6a462b4c68da41c390cc8139599774c4 (127.10.248.4) added. New config: { opid_index: 2 OBSOLETE_local: false peers { permanent_uuid: "1d4e07ae2df1476dbd802109c2d4b10a" member_type: VOTER last_known_addr { host: "127.10.248.1" port: 32981 } } peers { permanent_uuid: "e99ad8def4c4465ba8343ffd32caec56" member_type: VOTER last_known_addr { host: "127.10.248.2" port: 42953 } } peers { permanent_uuid: "b603aeac12004495b4fc38c638caf8c7" member_type: VOTER last_known_addr { host: "127.10.248.3" port: 33457 } attrs { replace: true } } peers { permanent_uuid: "6a462b4c68da41c390cc8139599774c4" member_type: NON_VOTER last_known_addr { host: "127.10.248.4" port: 40005 } attrs { promote: true } } }
I20260710 13:21:48.696525 12433 raft_consensus.cc:2955] T 6f4a38aefe004a6bbfccfdc077376fc7 P e99ad8def4c4465ba8343ffd32caec56 [term 1 FOLLOWER]: Committing config change with OpId 1.2: config changed from index -1 to 2, NON_VOTER 6a462b4c68da41c390cc8139599774c4 (127.10.248.4) added. New config: { opid_index: 2 OBSOLETE_local: false peers { permanent_uuid: "1d4e07ae2df1476dbd802109c2d4b10a" member_type: VOTER last_known_addr { host: "127.10.248.1" port: 32981 } } peers { permanent_uuid: "e99ad8def4c4465ba8343ffd32caec56" member_type: VOTER last_known_addr { host: "127.10.248.2" port: 42953 } } peers { permanent_uuid: "b603aeac12004495b4fc38c638caf8c7" member_type: VOTER last_known_addr { host: "127.10.248.3" port: 33457 } attrs { replace: true } } peers { permanent_uuid: "6a462b4c68da41c390cc8139599774c4" member_type: NON_VOTER last_known_addr { host: "127.10.248.4" port: 40005 } attrs { promote: true } } }
I20260710 13:21:48.697129 12510 raft_consensus.cc:2955] T 6f4a38aefe004a6bbfccfdc077376fc7 P b603aeac12004495b4fc38c638caf8c7 [term 1 FOLLOWER]: Committing config change with OpId 1.2: config changed from index -1 to 2, NON_VOTER 6a462b4c68da41c390cc8139599774c4 (127.10.248.4) added. New config: { opid_index: 2 OBSOLETE_local: false peers { permanent_uuid: "1d4e07ae2df1476dbd802109c2d4b10a" member_type: VOTER last_known_addr { host: "127.10.248.1" port: 32981 } } peers { permanent_uuid: "e99ad8def4c4465ba8343ffd32caec56" member_type: VOTER last_known_addr { host: "127.10.248.2" port: 42953 } } peers { permanent_uuid: "b603aeac12004495b4fc38c638caf8c7" member_type: VOTER last_known_addr { host: "127.10.248.3" port: 33457 } attrs { replace: true } } peers { permanent_uuid: "6a462b4c68da41c390cc8139599774c4" member_type: NON_VOTER last_known_addr { host: "127.10.248.4" port: 40005 } attrs { promote: true } } }
I20260710 13:21:48.717868 12259 catalog_manager.cc:5697] T 6f4a38aefe004a6bbfccfdc077376fc7 P e99ad8def4c4465ba8343ffd32caec56 reported cstate change: config changed from index -1 to 2, NON_VOTER 6a462b4c68da41c390cc8139599774c4 (127.10.248.4) added. New cstate: current_term: 1 leader_uuid: "1d4e07ae2df1476dbd802109c2d4b10a" committed_config { opid_index: 2 OBSOLETE_local: false peers { permanent_uuid: "1d4e07ae2df1476dbd802109c2d4b10a" member_type: VOTER last_known_addr { host: "127.10.248.1" port: 32981 } } peers { permanent_uuid: "e99ad8def4c4465ba8343ffd32caec56" member_type: VOTER last_known_addr { host: "127.10.248.2" port: 42953 } } peers { permanent_uuid: "b603aeac12004495b4fc38c638caf8c7" member_type: VOTER last_known_addr { host: "127.10.248.3" port: 33457 } attrs { replace: true } } peers { permanent_uuid: "6a462b4c68da41c390cc8139599774c4" member_type: NON_VOTER last_known_addr { host: "127.10.248.4" port: 40005 } attrs { promote: true } } }
I20260710 13:21:48.747409 12510 consensus_queue.cc:237] T 6c461c90be3a4009924717c426f05cde P b603aeac12004495b4fc38c638caf8c7 [LEADER]: Queue going to LEADER mode. State: All replicated index: 0, Majority replicated index: 2, Committed index: 2, Last appended: 2.2, Last appended by leader: 1, Current term: 2, Majority size: 2, State: 0, Mode: LEADER, active raft config: opid_index: 3 OBSOLETE_local: false peers { permanent_uuid: "1d4e07ae2df1476dbd802109c2d4b10a" member_type: VOTER last_known_addr { host: "127.10.248.1" port: 32981 } } peers { permanent_uuid: "e99ad8def4c4465ba8343ffd32caec56" member_type: VOTER last_known_addr { host: "127.10.248.2" port: 42953 } attrs { replace: true } } peers { permanent_uuid: "b603aeac12004495b4fc38c638caf8c7" member_type: VOTER last_known_addr { host: "127.10.248.3" port: 33457 } } peers { permanent_uuid: "6a462b4c68da41c390cc8139599774c4" member_type: NON_VOTER last_known_addr { host: "127.10.248.4" port: 40005 } attrs { promote: true } }
I20260710 13:21:48.760694 12433 raft_consensus.cc:1275] T 6c461c90be3a4009924717c426f05cde P e99ad8def4c4465ba8343ffd32caec56 [term 2 FOLLOWER]: Refusing update from remote peer b603aeac12004495b4fc38c638caf8c7: Log matching property violated. Preceding OpId in replica: term: 2 index: 2. Preceding OpId from leader: term: 2 index: 3. (index mismatch)
I20260710 13:21:48.762646 12675 consensus_queue.cc:1048] T 6c461c90be3a4009924717c426f05cde P b603aeac12004495b4fc38c638caf8c7 [LEADER]: Connected to new peer: Peer: permanent_uuid: "e99ad8def4c4465ba8343ffd32caec56" member_type: VOTER last_known_addr { host: "127.10.248.2" port: 42953 } attrs { replace: true }, Status: LMP_MISMATCH, Last received: 0.0, Next index: 3, Last known committed idx: 2, Time since last communication: 0.001s
I20260710 13:21:48.775053 12357 raft_consensus.cc:1275] T 6c461c90be3a4009924717c426f05cde P 1d4e07ae2df1476dbd802109c2d4b10a [term 2 FOLLOWER]: Refusing update from remote peer b603aeac12004495b4fc38c638caf8c7: Log matching property violated. Preceding OpId in replica: term: 2 index: 2. Preceding OpId from leader: term: 2 index: 3. (index mismatch)
I20260710 13:21:48.777858 12835 consensus_queue.cc:1048] T 6c461c90be3a4009924717c426f05cde P b603aeac12004495b4fc38c638caf8c7 [LEADER]: Connected to new peer: Peer: permanent_uuid: "1d4e07ae2df1476dbd802109c2d4b10a" member_type: VOTER last_known_addr { host: "127.10.248.1" port: 32981 }, Status: LMP_MISMATCH, Last received: 0.0, Next index: 3, Last known committed idx: 2, Time since last communication: 0.001s
I20260710 13:21:48.783192 12434 raft_consensus.cc:2955] T 6c461c90be3a4009924717c426f05cde P e99ad8def4c4465ba8343ffd32caec56 [term 2 FOLLOWER]: Committing config change with OpId 2.3: config changed from index -1 to 3, NON_VOTER 6a462b4c68da41c390cc8139599774c4 (127.10.248.4) added. New config: { opid_index: 3 OBSOLETE_local: false peers { permanent_uuid: "1d4e07ae2df1476dbd802109c2d4b10a" member_type: VOTER last_known_addr { host: "127.10.248.1" port: 32981 } } peers { permanent_uuid: "e99ad8def4c4465ba8343ffd32caec56" member_type: VOTER last_known_addr { host: "127.10.248.2" port: 42953 } attrs { replace: true } } peers { permanent_uuid: "b603aeac12004495b4fc38c638caf8c7" member_type: VOTER last_known_addr { host: "127.10.248.3" port: 33457 } } peers { permanent_uuid: "6a462b4c68da41c390cc8139599774c4" member_type: NON_VOTER last_known_addr { host: "127.10.248.4" port: 40005 } attrs { promote: true } } }
I20260710 13:21:48.783864 12675 raft_consensus.cc:2955] T 6c461c90be3a4009924717c426f05cde P b603aeac12004495b4fc38c638caf8c7 [term 2 LEADER]: Committing config change with OpId 2.3: config changed from index -1 to 3, NON_VOTER 6a462b4c68da41c390cc8139599774c4 (127.10.248.4) added. New config: { opid_index: 3 OBSOLETE_local: false peers { permanent_uuid: "1d4e07ae2df1476dbd802109c2d4b10a" member_type: VOTER last_known_addr { host: "127.10.248.1" port: 32981 } } peers { permanent_uuid: "e99ad8def4c4465ba8343ffd32caec56" member_type: VOTER last_known_addr { host: "127.10.248.2" port: 42953 } attrs { replace: true } } peers { permanent_uuid: "b603aeac12004495b4fc38c638caf8c7" member_type: VOTER last_known_addr { host: "127.10.248.3" port: 33457 } } peers { permanent_uuid: "6a462b4c68da41c390cc8139599774c4" member_type: NON_VOTER last_known_addr { host: "127.10.248.4" port: 40005 } attrs { promote: true } } }
W20260710 13:21:48.793401 12473 consensus_peers.cc:597] T 6c461c90be3a4009924717c426f05cde P b603aeac12004495b4fc38c638caf8c7 -> Peer 6a462b4c68da41c390cc8139599774c4 (127.10.248.4:40005): Couldn't send request to peer 6a462b4c68da41c390cc8139599774c4. Error code: TABLET_NOT_FOUND (6). Status: Not found: Tablet not found: 6c461c90be3a4009924717c426f05cde. This is attempt 1: this message will repeat every 5th retry.
I20260710 13:21:48.800444 12257 catalog_manager.cc:5697] T 6c461c90be3a4009924717c426f05cde P e99ad8def4c4465ba8343ffd32caec56 reported cstate change: config changed from index -1 to 3, NON_VOTER 6a462b4c68da41c390cc8139599774c4 (127.10.248.4) added. New cstate: current_term: 2 leader_uuid: "b603aeac12004495b4fc38c638caf8c7" committed_config { opid_index: 3 OBSOLETE_local: false peers { permanent_uuid: "1d4e07ae2df1476dbd802109c2d4b10a" member_type: VOTER last_known_addr { host: "127.10.248.1" port: 32981 } } peers { permanent_uuid: "e99ad8def4c4465ba8343ffd32caec56" member_type: VOTER last_known_addr { host: "127.10.248.2" port: 42953 } attrs { replace: true } } peers { permanent_uuid: "b603aeac12004495b4fc38c638caf8c7" member_type: VOTER last_known_addr { host: "127.10.248.3" port: 33457 } } peers { permanent_uuid: "6a462b4c68da41c390cc8139599774c4" member_type: NON_VOTER last_known_addr { host: "127.10.248.4" port: 40005 } attrs { promote: true } } }
I20260710 13:21:48.801026 12510 consensus_queue.cc:237] T d0ed9c738bca47438dbe6afedd621727 P b603aeac12004495b4fc38c638caf8c7 [LEADER]: Queue going to LEADER mode. State: All replicated index: 0, Majority replicated index: 1, Committed index: 1, Last appended: 1.1, Last appended by leader: 0, Current term: 1, Majority size: 2, State: 0, Mode: LEADER, active raft config: opid_index: 2 OBSOLETE_local: false peers { permanent_uuid: "1d4e07ae2df1476dbd802109c2d4b10a" member_type: VOTER last_known_addr { host: "127.10.248.1" port: 32981 } attrs { replace: true } } peers { permanent_uuid: "b603aeac12004495b4fc38c638caf8c7" member_type: VOTER last_known_addr { host: "127.10.248.3" port: 33457 } } peers { permanent_uuid: "e99ad8def4c4465ba8343ffd32caec56" member_type: VOTER last_known_addr { host: "127.10.248.2" port: 42953 } } peers { permanent_uuid: "6a462b4c68da41c390cc8139599774c4" member_type: NON_VOTER last_known_addr { host: "127.10.248.4" port: 40005 } attrs { promote: true } }
I20260710 13:21:48.799705 12358 raft_consensus.cc:2955] T 6c461c90be3a4009924717c426f05cde P 1d4e07ae2df1476dbd802109c2d4b10a [term 2 FOLLOWER]: Committing config change with OpId 2.3: config changed from index -1 to 3, NON_VOTER 6a462b4c68da41c390cc8139599774c4 (127.10.248.4) added. New config: { opid_index: 3 OBSOLETE_local: false peers { permanent_uuid: "1d4e07ae2df1476dbd802109c2d4b10a" member_type: VOTER last_known_addr { host: "127.10.248.1" port: 32981 } } peers { permanent_uuid: "e99ad8def4c4465ba8343ffd32caec56" member_type: VOTER last_known_addr { host: "127.10.248.2" port: 42953 } attrs { replace: true } } peers { permanent_uuid: "b603aeac12004495b4fc38c638caf8c7" member_type: VOTER last_known_addr { host: "127.10.248.3" port: 33457 } } peers { permanent_uuid: "6a462b4c68da41c390cc8139599774c4" member_type: NON_VOTER last_known_addr { host: "127.10.248.4" port: 40005 } attrs { promote: true } } }
W20260710 13:21:48.810077 12473 consensus_peers.cc:597] T d0ed9c738bca47438dbe6afedd621727 P b603aeac12004495b4fc38c638caf8c7 -> Peer 6a462b4c68da41c390cc8139599774c4 (127.10.248.4:40005): Couldn't send request to peer 6a462b4c68da41c390cc8139599774c4. Error code: TABLET_NOT_FOUND (6). Status: Not found: Tablet not found: d0ed9c738bca47438dbe6afedd621727. This is attempt 1: this message will repeat every 5th retry.
