I20260710 13:21:34.002440 12119 raft_consensus.cc:3060] T bc1f6f9a0187422f8f37201f08382cc9 P 3c9e613265e64cb3ad1c67e002d13b50 [term 0 FOLLOWER]: Advancing to term 1
I20260710 13:21:34.004751 12067 consensus_queue.cc:260] T 0fe2c4bb0a764534a4257aeddb4238d4 P 499b6b690e9d49c780e8d2e33ed6d627 [NON_LEADER]: Queue going to NON_LEADER mode. State: All replicated index: 0, Majority replicated index: 0, Committed index: 0, Last appended: 0.0, Last appended by leader: 0, Current term: 0, Majority size: -1, State: 0, Mode: NON_LEADER, active raft config: opid_index: -1 OBSOLETE_local: false peers { permanent_uuid: "3c9e613265e64cb3ad1c67e002d13b50" member_type: VOTER last_known_addr { host: "127.10.248.1" port: 36001 } } peers { permanent_uuid: "794e2db7584f4012aafdca6d14a8cfe4" member_type: VOTER last_known_addr { host: "127.10.248.2" port: 38135 } } peers { permanent_uuid: "499b6b690e9d49c780e8d2e33ed6d627" member_type: VOTER last_known_addr { host: "127.10.248.3" port: 46543 } }
I20260710 13:21:33.981353 12096 leader_election.cc:290] T bc1f6f9a0187422f8f37201f08382cc9 P 794e2db7584f4012aafdca6d14a8cfe4 [CANDIDATE]: Term 1 pre-election: Requested pre-vote from peers 3c9e613265e64cb3ad1c67e002d13b50 (127.10.248.1:36001), 499b6b690e9d49c780e8d2e33ed6d627 (127.10.248.3:46543)
I20260710 13:21:34.013062 12073 raft_consensus.cc:515] T bc1f6f9a0187422f8f37201f08382cc9 P 794e2db7584f4012aafdca6d14a8cfe4 [term 1 FOLLOWER]: Starting leader election with config: opid_index: -1 OBSOLETE_local: false peers { permanent_uuid: "3c9e613265e64cb3ad1c67e002d13b50" member_type: VOTER last_known_addr { host: "127.10.248.1" port: 36001 } } peers { permanent_uuid: "794e2db7584f4012aafdca6d14a8cfe4" member_type: VOTER last_known_addr { host: "127.10.248.2" port: 38135 } } peers { permanent_uuid: "499b6b690e9d49c780e8d2e33ed6d627" member_type: VOTER last_known_addr { host: "127.10.248.3" port: 46543 } }
I20260710 13:21:34.014398 12067 ts_tablet_manager.cc:1434] T 0fe2c4bb0a764534a4257aeddb4238d4 P 499b6b690e9d49c780e8d2e33ed6d627: Time spent starting tablet: real 0.027s	user 0.007s	sys 0.001s
I20260710 13:21:34.015605 12067 tablet_bootstrap.cc:492] T d4fe7840889c41e2aaf528a4c1cb9aa2 P 499b6b690e9d49c780e8d2e33ed6d627: Bootstrap starting.
I20260710 13:21:34.017879 12079 leader_election.cc:290] T bc1f6f9a0187422f8f37201f08382cc9 P 3c9e613265e64cb3ad1c67e002d13b50 [CANDIDATE]: Term 1 pre-election: Requested pre-vote from peers 794e2db7584f4012aafdca6d14a8cfe4 (127.10.248.2:38135), 499b6b690e9d49c780e8d2e33ed6d627 (127.10.248.3:46543)
I20260710 13:21:34.020251 12024 tablet_service.cc:1917] Received RequestConsensusVote() RPC: tablet_id: "bc1f6f9a0187422f8f37201f08382cc9" candidate_uuid: "794e2db7584f4012aafdca6d14a8cfe4" candidate_term: 1 candidate_status { last_received { term: 0 index: 0 } } ignore_live_leader: false dest_uuid: "499b6b690e9d49c780e8d2e33ed6d627"
I20260710 13:21:34.021170 12024 raft_consensus.cc:3060] T bc1f6f9a0187422f8f37201f08382cc9 P 499b6b690e9d49c780e8d2e33ed6d627 [term 0 FOLLOWER]: Advancing to term 1
I20260710 13:21:34.024276 11917 leader_election.cc:304] T d4fe7840889c41e2aaf528a4c1cb9aa2 P 794e2db7584f4012aafdca6d14a8cfe4 [CANDIDATE]: Term 1 election: Election decided. Result: candidate won. Election summary: received 3 responses out of 3 voters: 2 yes votes; 1 no votes. yes voters: 3c9e613265e64cb3ad1c67e002d13b50, 794e2db7584f4012aafdca6d14a8cfe4; no voters: 499b6b690e9d49c780e8d2e33ed6d627
I20260710 13:21:34.025110 12025 tablet_service.cc:1917] Received RequestConsensusVote() RPC: tablet_id: "bc1f6f9a0187422f8f37201f08382cc9" candidate_uuid: "3c9e613265e64cb3ad1c67e002d13b50" candidate_term: 1 candidate_status { last_received { term: 0 index: 0 } } ignore_live_leader: false dest_uuid: "499b6b690e9d49c780e8d2e33ed6d627" is_pre_election: true
I20260710 13:21:34.030648 12067 tablet_bootstrap.cc:654] T d4fe7840889c41e2aaf528a4c1cb9aa2 P 499b6b690e9d49c780e8d2e33ed6d627: Neither blocks nor log segments found. Creating new log.
I20260710 13:21:34.025022 12119 raft_consensus.cc:515] T bc1f6f9a0187422f8f37201f08382cc9 P 3c9e613265e64cb3ad1c67e002d13b50 [term 1 FOLLOWER]: Starting leader election with config: opid_index: -1 OBSOLETE_local: false peers { permanent_uuid: "3c9e613265e64cb3ad1c67e002d13b50" member_type: VOTER last_known_addr { host: "127.10.248.1" port: 36001 } } peers { permanent_uuid: "794e2db7584f4012aafdca6d14a8cfe4" member_type: VOTER last_known_addr { host: "127.10.248.2" port: 38135 } } peers { permanent_uuid: "499b6b690e9d49c780e8d2e33ed6d627" member_type: VOTER last_known_addr { host: "127.10.248.3" port: 46543 } }
W20260710 13:21:34.033623 11841 outbound_call.cc:321] RPC callback for RPC call kudu.consensus.ConsensusService.RequestConsensusVote -> {remote=127.10.248.2:38135, user_credentials={real_user=slave}} blocked reactor thread for 48673.7us
I20260710 13:21:34.034145 12096 raft_consensus.cc:2804] T d4fe7840889c41e2aaf528a4c1cb9aa2 P 794e2db7584f4012aafdca6d14a8cfe4 [term 1 FOLLOWER]: Leader election won for term 1
I20260710 13:21:34.035401 12119 leader_election.cc:290] T bc1f6f9a0187422f8f37201f08382cc9 P 3c9e613265e64cb3ad1c67e002d13b50 [CANDIDATE]: Term 1 election: Requested vote from peers 794e2db7584f4012aafdca6d14a8cfe4 (127.10.248.2:38135), 499b6b690e9d49c780e8d2e33ed6d627 (127.10.248.3:46543)
I20260710 13:21:34.036813 11951 tablet_service.cc:1917] Received RequestConsensusVote() RPC: tablet_id: "bc1f6f9a0187422f8f37201f08382cc9" candidate_uuid: "3c9e613265e64cb3ad1c67e002d13b50" candidate_term: 1 candidate_status { last_received { term: 0 index: 0 } } ignore_live_leader: false dest_uuid: "794e2db7584f4012aafdca6d14a8cfe4"
I20260710 13:21:34.037272 12073 leader_election.cc:290] T bc1f6f9a0187422f8f37201f08382cc9 P 794e2db7584f4012aafdca6d14a8cfe4 [CANDIDATE]: Term 1 election: Requested vote from peers 3c9e613265e64cb3ad1c67e002d13b50 (127.10.248.1:36001), 499b6b690e9d49c780e8d2e33ed6d627 (127.10.248.3:46543)
I20260710 13:21:34.037897 11951 raft_consensus.cc:2393] T bc1f6f9a0187422f8f37201f08382cc9 P 794e2db7584f4012aafdca6d14a8cfe4 [term 1 FOLLOWER]: Leader election vote request: Denying vote to candidate 3c9e613265e64cb3ad1c67e002d13b50 in current term 1: Already voted for candidate 794e2db7584f4012aafdca6d14a8cfe4 in this term.
I20260710 13:21:34.038532 12024 raft_consensus.cc:2468] T bc1f6f9a0187422f8f37201f08382cc9 P 499b6b690e9d49c780e8d2e33ed6d627 [term 1 FOLLOWER]: Leader election vote request: Granting yes vote for candidate 794e2db7584f4012aafdca6d14a8cfe4 in term 1.
I20260710 13:21:34.039706 11914 leader_election.cc:304] T bc1f6f9a0187422f8f37201f08382cc9 P 794e2db7584f4012aafdca6d14a8cfe4 [CANDIDATE]: Term 1 election: Election decided. Result: candidate won. Election summary: received 2 responses out of 3 voters: 2 yes votes; 0 no votes. yes voters: 499b6b690e9d49c780e8d2e33ed6d627, 794e2db7584f4012aafdca6d14a8cfe4; no voters: 
I20260710 13:21:34.040848 12094 raft_consensus.cc:493] T 0fe2c4bb0a764534a4257aeddb4238d4 P 794e2db7584f4012aafdca6d14a8cfe4 [term 0 FOLLOWER]: Starting pre-election (no leader contacted us within the election timeout)
I20260710 13:21:34.041538 12094 raft_consensus.cc:515] T 0fe2c4bb0a764534a4257aeddb4238d4 P 794e2db7584f4012aafdca6d14a8cfe4 [term 0 FOLLOWER]: Starting pre-election with config: opid_index: -1 OBSOLETE_local: false peers { permanent_uuid: "3c9e613265e64cb3ad1c67e002d13b50" member_type: VOTER last_known_addr { host: "127.10.248.1" port: 36001 } } peers { permanent_uuid: "794e2db7584f4012aafdca6d14a8cfe4" member_type: VOTER last_known_addr { host: "127.10.248.2" port: 38135 } } peers { permanent_uuid: "499b6b690e9d49c780e8d2e33ed6d627" member_type: VOTER last_known_addr { host: "127.10.248.3" port: 46543 } }
I20260710 13:21:34.043167 12119 consensus_queue.cc:1048] T 200154b3adc741288383adc52e7110d3 P 3c9e613265e64cb3ad1c67e002d13b50 [LEADER]: Connected to new peer: Peer: permanent_uuid: "794e2db7584f4012aafdca6d14a8cfe4" member_type: VOTER last_known_addr { host: "127.10.248.2" port: 38135 }, Status: LMP_MISMATCH, Last received: 0.0, Next index: 1, Last known committed idx: 0, Time since last communication: 0.000s
I20260710 13:21:34.043975 12118 raft_consensus.cc:493] T 84bf9e97a362414bb01a4245ec2bd52b P 3c9e613265e64cb3ad1c67e002d13b50 [term 0 FOLLOWER]: Starting pre-election (no leader contacted us within the election timeout)
I20260710 13:21:34.044404 12094 leader_election.cc:290] T 0fe2c4bb0a764534a4257aeddb4238d4 P 794e2db7584f4012aafdca6d14a8cfe4 [CANDIDATE]: Term 1 pre-election: Requested pre-vote from peers 3c9e613265e64cb3ad1c67e002d13b50 (127.10.248.1:36001), 499b6b690e9d49c780e8d2e33ed6d627 (127.10.248.3:46543)
I20260710 13:21:34.044490 12118 raft_consensus.cc:515] T 84bf9e97a362414bb01a4245ec2bd52b P 3c9e613265e64cb3ad1c67e002d13b50 [term 0 FOLLOWER]: Starting pre-election with config: opid_index: -1 OBSOLETE_local: false peers { permanent_uuid: "3c9e613265e64cb3ad1c67e002d13b50" member_type: VOTER last_known_addr { host: "127.10.248.1" port: 36001 } } peers { permanent_uuid: "794e2db7584f4012aafdca6d14a8cfe4" member_type: VOTER last_known_addr { host: "127.10.248.2" port: 38135 } } peers { permanent_uuid: "499b6b690e9d49c780e8d2e33ed6d627" member_type: VOTER last_known_addr { host: "127.10.248.3" port: 46543 } }
I20260710 13:21:34.047235 12025 tablet_service.cc:1917] Received RequestConsensusVote() RPC: tablet_id: "0fe2c4bb0a764534a4257aeddb4238d4" candidate_uuid: "794e2db7584f4012aafdca6d14a8cfe4" candidate_term: 1 candidate_status { last_received { term: 0 index: 0 } } ignore_live_leader: false dest_uuid: "499b6b690e9d49c780e8d2e33ed6d627" is_pre_election: true
I20260710 13:21:34.048161 12025 raft_consensus.cc:2468] T 0fe2c4bb0a764534a4257aeddb4238d4 P 499b6b690e9d49c780e8d2e33ed6d627 [term 0 FOLLOWER]: Leader pre-election vote request: Granting yes vote for candidate 794e2db7584f4012aafdca6d14a8cfe4 in term 0.
I20260710 13:21:34.050357 12025 tablet_service.cc:1917] Received RequestConsensusVote() RPC: tablet_id: "bc1f6f9a0187422f8f37201f08382cc9" candidate_uuid: "3c9e613265e64cb3ad1c67e002d13b50" candidate_term: 1 candidate_status { last_received { term: 0 index: 0 } } ignore_live_leader: false dest_uuid: "499b6b690e9d49c780e8d2e33ed6d627"
I20260710 13:21:34.050729 11914 leader_election.cc:304] T 0fe2c4bb0a764534a4257aeddb4238d4 P 794e2db7584f4012aafdca6d14a8cfe4 [CANDIDATE]: Term 1 pre-election: Election decided. Result: candidate won. Election summary: received 2 responses out of 3 voters: 2 yes votes; 0 no votes. yes voters: 499b6b690e9d49c780e8d2e33ed6d627, 794e2db7584f4012aafdca6d14a8cfe4; no voters: 
I20260710 13:21:34.051622 12025 raft_consensus.cc:2393] T bc1f6f9a0187422f8f37201f08382cc9 P 499b6b690e9d49c780e8d2e33ed6d627 [term 1 FOLLOWER]: Leader election vote request: Denying vote to candidate 3c9e613265e64cb3ad1c67e002d13b50 in current term 1: Already voted for candidate 794e2db7584f4012aafdca6d14a8cfe4 in this term.
I20260710 13:21:34.052093 12095 raft_consensus.cc:2804] T bc1f6f9a0187422f8f37201f08382cc9 P 794e2db7584f4012aafdca6d14a8cfe4 [term 1 FOLLOWER]: Leader election won for term 1
I20260710 13:21:34.050364 11917 leader_election.cc:304] T 8b9a574d739e4bb99a818956ab024efa P 794e2db7584f4012aafdca6d14a8cfe4 [CANDIDATE]: Term 1 election: Election decided. Result: candidate won. Election summary: received 3 responses out of 3 voters: 2 yes votes; 1 no votes. yes voters: 3c9e613265e64cb3ad1c67e002d13b50, 794e2db7584f4012aafdca6d14a8cfe4; no voters: 499b6b690e9d49c780e8d2e33ed6d627
I20260710 13:21:34.054683 12118 leader_election.cc:290] T 84bf9e97a362414bb01a4245ec2bd52b P 3c9e613265e64cb3ad1c67e002d13b50 [CANDIDATE]: Term 1 pre-election: Requested pre-vote from peers 794e2db7584f4012aafdca6d14a8cfe4 (127.10.248.2:38135), 499b6b690e9d49c780e8d2e33ed6d627 (127.10.248.3:46543)
I20260710 13:21:34.055050 12094 raft_consensus.cc:2804] T 0fe2c4bb0a764534a4257aeddb4238d4 P 794e2db7584f4012aafdca6d14a8cfe4 [term 0 FOLLOWER]: Leader pre-election won for term 1
I20260710 13:21:34.055585 12119 consensus_queue.cc:1048] T c907cb8a61244f6e81522b63bc7bbcb5 P 3c9e613265e64cb3ad1c67e002d13b50 [LEADER]: Connected to new peer: Peer: permanent_uuid: "499b6b690e9d49c780e8d2e33ed6d627" member_type: VOTER last_known_addr { host: "127.10.248.3" port: 46543 }, Status: LMP_MISMATCH, Last received: 0.0, Next index: 1, Last known committed idx: 0, Time since last communication: 0.000s
I20260710 13:21:34.055753 11839 leader_election.cc:304] T bc1f6f9a0187422f8f37201f08382cc9 P 3c9e613265e64cb3ad1c67e002d13b50 [CANDIDATE]: Term 1 election: Election decided. Result: candidate lost. Election summary: received 3 responses out of 3 voters: 1 yes votes; 2 no votes. yes voters: 3c9e613265e64cb3ad1c67e002d13b50; no voters: 499b6b690e9d49c780e8d2e33ed6d627, 794e2db7584f4012aafdca6d14a8cfe4
I20260710 13:21:34.056619 12094 raft_consensus.cc:493] T 0fe2c4bb0a764534a4257aeddb4238d4 P 794e2db7584f4012aafdca6d14a8cfe4 [term 0 FOLLOWER]: Starting leader election (no leader contacted us within the election timeout)
I20260710 13:21:34.057228 12118 raft_consensus.cc:2749] T bc1f6f9a0187422f8f37201f08382cc9 P 3c9e613265e64cb3ad1c67e002d13b50 [term 1 FOLLOWER]: Leader election lost for term 1. Reason: could not achieve majority
I20260710 13:21:34.058704 12094 raft_consensus.cc:3060] T 0fe2c4bb0a764534a4257aeddb4238d4 P 794e2db7584f4012aafdca6d14a8cfe4 [term 0 FOLLOWER]: Advancing to term 1
I20260710 13:21:34.059307 12025 tablet_service.cc:1917] Received RequestConsensusVote() RPC: tablet_id: "84bf9e97a362414bb01a4245ec2bd52b" candidate_uuid: "3c9e613265e64cb3ad1c67e002d13b50" candidate_term: 1 candidate_status { last_received { term: 0 index: 0 } } ignore_live_leader: false dest_uuid: "499b6b690e9d49c780e8d2e33ed6d627" is_pre_election: true
I20260710 13:21:34.061882 11874 tablet_service.cc:1917] Received RequestConsensusVote() RPC: tablet_id: "0fe2c4bb0a764534a4257aeddb4238d4" candidate_uuid: "794e2db7584f4012aafdca6d14a8cfe4" candidate_term: 1 candidate_status { last_received { term: 0 index: 0 } } ignore_live_leader: false dest_uuid: "3c9e613265e64cb3ad1c67e002d13b50" is_pre_election: true
I20260710 13:21:34.066485 11874 raft_consensus.cc:2468] T 0fe2c4bb0a764534a4257aeddb4238d4 P 3c9e613265e64cb3ad1c67e002d13b50 [term 0 FOLLOWER]: Leader pre-election vote request: Granting yes vote for candidate 794e2db7584f4012aafdca6d14a8cfe4 in term 0.
I20260710 13:21:34.064992 11876 tablet_service.cc:1917] Received RequestConsensusVote() RPC: tablet_id: "bc1f6f9a0187422f8f37201f08382cc9" candidate_uuid: "794e2db7584f4012aafdca6d14a8cfe4" candidate_term: 1 candidate_status { last_received { term: 0 index: 0 } } ignore_live_leader: false dest_uuid: "3c9e613265e64cb3ad1c67e002d13b50"
I20260710 13:21:34.035506 12096 raft_consensus.cc:697] T d4fe7840889c41e2aaf528a4c1cb9aa2 P 794e2db7584f4012aafdca6d14a8cfe4 [term 1 LEADER]: Becoming Leader. State: Replica: 794e2db7584f4012aafdca6d14a8cfe4, State: Running, Role: LEADER
I20260710 13:21:34.071350 11876 raft_consensus.cc:2393] T bc1f6f9a0187422f8f37201f08382cc9 P 3c9e613265e64cb3ad1c67e002d13b50 [term 1 FOLLOWER]: Leader election vote request: Denying vote to candidate 794e2db7584f4012aafdca6d14a8cfe4 in current term 1: Already voted for candidate 3c9e613265e64cb3ad1c67e002d13b50 in this term.
W20260710 13:21:34.074147 11839 leader_election.cc:343] T 84bf9e97a362414bb01a4245ec2bd52b P 3c9e613265e64cb3ad1c67e002d13b50 [CANDIDATE]: Term 1 pre-election: Tablet error from VoteRequest() call to peer 499b6b690e9d49c780e8d2e33ed6d627 (127.10.248.3:46543): Illegal state: must be running to vote when last-logged opid is not known
I20260710 13:21:34.074563 12073 raft_consensus.cc:2804] T 8b9a574d739e4bb99a818956ab024efa P 794e2db7584f4012aafdca6d14a8cfe4 [term 1 FOLLOWER]: Leader election won for term 1
I20260710 13:21:34.075322 12065 tablet_bootstrap.cc:492] T 84bf9e97a362414bb01a4245ec2bd52b P 794e2db7584f4012aafdca6d14a8cfe4: No bootstrap required, opened a new log
I20260710 13:21:34.071375 12096 consensus_queue.cc:237] T d4fe7840889c41e2aaf528a4c1cb9aa2 P 794e2db7584f4012aafdca6d14a8cfe4 [LEADER]: Queue going to LEADER mode. State: All replicated index: 0, Majority replicated index: 0, Committed index: 0, Last appended: 0.0, Last appended by leader: 0, Current term: 1, Majority size: 2, State: 0, Mode: LEADER, active raft config: opid_index: -1 OBSOLETE_local: false peers { permanent_uuid: "3c9e613265e64cb3ad1c67e002d13b50" member_type: VOTER last_known_addr { host: "127.10.248.1" port: 36001 } } peers { permanent_uuid: "794e2db7584f4012aafdca6d14a8cfe4" member_type: VOTER last_known_addr { host: "127.10.248.2" port: 38135 } } peers { permanent_uuid: "499b6b690e9d49c780e8d2e33ed6d627" member_type: VOTER last_known_addr { host: "127.10.248.3" port: 46543 } }
I20260710 13:21:34.078444 12065 ts_tablet_manager.cc:1403] T 84bf9e97a362414bb01a4245ec2bd52b P 794e2db7584f4012aafdca6d14a8cfe4: Time spent bootstrapping tablet: real 0.123s	user 0.034s	sys 0.063s
I20260710 13:21:34.078562 12067 tablet_bootstrap.cc:492] T d4fe7840889c41e2aaf528a4c1cb9aa2 P 499b6b690e9d49c780e8d2e33ed6d627: No bootstrap required, opened a new log
I20260710 13:21:34.079145 12067 ts_tablet_manager.cc:1403] T d4fe7840889c41e2aaf528a4c1cb9aa2 P 499b6b690e9d49c780e8d2e33ed6d627: Time spent bootstrapping tablet: real 0.064s	user 0.018s	sys 0.031s
I20260710 13:21:34.081691 12065 raft_consensus.cc:359] T 84bf9e97a362414bb01a4245ec2bd52b P 794e2db7584f4012aafdca6d14a8cfe4 [term 0 FOLLOWER]: Replica starting. Triggering 0 pending ops. Active config: opid_index: -1 OBSOLETE_local: false peers { permanent_uuid: "3c9e613265e64cb3ad1c67e002d13b50" member_type: VOTER last_known_addr { host: "127.10.248.1" port: 36001 } } peers { permanent_uuid: "794e2db7584f4012aafdca6d14a8cfe4" member_type: VOTER last_known_addr { host: "127.10.248.2" port: 38135 } } peers { permanent_uuid: "499b6b690e9d49c780e8d2e33ed6d627" member_type: VOTER last_known_addr { host: "127.10.248.3" port: 46543 } }
I20260710 13:21:34.082425 12065 raft_consensus.cc:385] T 84bf9e97a362414bb01a4245ec2bd52b P 794e2db7584f4012aafdca6d14a8cfe4 [term 0 FOLLOWER]: Consensus starting up: Expiring failure detector timer to make a prompt election more likely
I20260710 13:21:34.082028 12067 raft_consensus.cc:359] T d4fe7840889c41e2aaf528a4c1cb9aa2 P 499b6b690e9d49c780e8d2e33ed6d627 [term 0 FOLLOWER]: Replica starting. Triggering 0 pending ops. Active config: opid_index: -1 OBSOLETE_local: false peers { permanent_uuid: "3c9e613265e64cb3ad1c67e002d13b50" member_type: VOTER last_known_addr { host: "127.10.248.1" port: 36001 } } peers { permanent_uuid: "794e2db7584f4012aafdca6d14a8cfe4" member_type: VOTER last_known_addr { host: "127.10.248.2" port: 38135 } } peers { permanent_uuid: "499b6b690e9d49c780e8d2e33ed6d627" member_type: VOTER last_known_addr { host: "127.10.248.3" port: 46543 } }
I20260710 13:21:34.082717 12065 raft_consensus.cc:740] T 84bf9e97a362414bb01a4245ec2bd52b P 794e2db7584f4012aafdca6d14a8cfe4 [term 0 FOLLOWER]: Becoming Follower/Learner. State: Replica: 794e2db7584f4012aafdca6d14a8cfe4, State: Initialized, Role: FOLLOWER
I20260710 13:21:34.082821 12095 raft_consensus.cc:697] T bc1f6f9a0187422f8f37201f08382cc9 P 794e2db7584f4012aafdca6d14a8cfe4 [term 1 LEADER]: Becoming Leader. State: Replica: 794e2db7584f4012aafdca6d14a8cfe4, State: Running, Role: LEADER
I20260710 13:21:34.082983 12067 raft_consensus.cc:385] T d4fe7840889c41e2aaf528a4c1cb9aa2 P 499b6b690e9d49c780e8d2e33ed6d627 [term 0 FOLLOWER]: Consensus starting up: Expiring failure detector timer to make a prompt election more likely
I20260710 13:21:34.083336 12067 raft_consensus.cc:740] T d4fe7840889c41e2aaf528a4c1cb9aa2 P 499b6b690e9d49c780e8d2e33ed6d627 [term 0 FOLLOWER]: Becoming Follower/Learner. State: Replica: 499b6b690e9d49c780e8d2e33ed6d627, State: Initialized, Role: FOLLOWER
I20260710 13:21:34.083823 12073 raft_consensus.cc:697] T 8b9a574d739e4bb99a818956ab024efa P 794e2db7584f4012aafdca6d14a8cfe4 [term 1 LEADER]: Becoming Leader. State: Replica: 794e2db7584f4012aafdca6d14a8cfe4, State: Running, Role: LEADER
I20260710 13:21:34.084017 11950 tablet_service.cc:1917] Received RequestConsensusVote() RPC: tablet_id: "84bf9e97a362414bb01a4245ec2bd52b" candidate_uuid: "3c9e613265e64cb3ad1c67e002d13b50" candidate_term: 1 candidate_status { last_received { term: 0 index: 0 } } ignore_live_leader: false dest_uuid: "794e2db7584f4012aafdca6d14a8cfe4" is_pre_election: true
I20260710 13:21:34.083750 12095 consensus_queue.cc:237] T bc1f6f9a0187422f8f37201f08382cc9 P 794e2db7584f4012aafdca6d14a8cfe4 [LEADER]: Queue going to LEADER mode. State: All replicated index: 0, Majority replicated index: 0, Committed index: 0, Last appended: 0.0, Last appended by leader: 0, Current term: 1, Majority size: 2, State: 0, Mode: LEADER, active raft config: opid_index: -1 OBSOLETE_local: false peers { permanent_uuid: "3c9e613265e64cb3ad1c67e002d13b50" member_type: VOTER last_known_addr { host: "127.10.248.1" port: 36001 } } peers { permanent_uuid: "794e2db7584f4012aafdca6d14a8cfe4" member_type: VOTER last_known_addr { host: "127.10.248.2" port: 38135 } } peers { permanent_uuid: "499b6b690e9d49c780e8d2e33ed6d627" member_type: VOTER last_known_addr { host: "127.10.248.3" port: 46543 } }
I20260710 13:21:34.084802 12073 consensus_queue.cc:237] T 8b9a574d739e4bb99a818956ab024efa P 794e2db7584f4012aafdca6d14a8cfe4 [LEADER]: Queue going to LEADER mode. State: All replicated index: 0, Majority replicated index: 0, Committed index: 0, Last appended: 0.0, Last appended by leader: 0, Current term: 1, Majority size: 2, State: 0, Mode: LEADER, active raft config: opid_index: -1 OBSOLETE_local: false peers { permanent_uuid: "3c9e613265e64cb3ad1c67e002d13b50" member_type: VOTER last_known_addr { host: "127.10.248.1" port: 36001 } } peers { permanent_uuid: "794e2db7584f4012aafdca6d14a8cfe4" member_type: VOTER last_known_addr { host: "127.10.248.2" port: 38135 } } peers { permanent_uuid: "499b6b690e9d49c780e8d2e33ed6d627" member_type: VOTER last_known_addr { host: "127.10.248.3" port: 46543 } }
I20260710 13:21:34.084105 12067 consensus_queue.cc:260] T d4fe7840889c41e2aaf528a4c1cb9aa2 P 499b6b690e9d49c780e8d2e33ed6d627 [NON_LEADER]: Queue going to NON_LEADER mode. State: All replicated index: 0, Majority replicated index: 0, Committed index: 0, Last appended: 0.0, Last appended by leader: 0, Current term: 0, Majority size: -1, State: 0, Mode: NON_LEADER, active raft config: opid_index: -1 OBSOLETE_local: false peers { permanent_uuid: "3c9e613265e64cb3ad1c67e002d13b50" member_type: VOTER last_known_addr { host: "127.10.248.1" port: 36001 } } peers { permanent_uuid: "794e2db7584f4012aafdca6d14a8cfe4" member_type: VOTER last_known_addr { host: "127.10.248.2" port: 38135 } } peers { permanent_uuid: "499b6b690e9d49c780e8d2e33ed6d627" member_type: VOTER last_known_addr { host: "127.10.248.3" port: 46543 } }
I20260710 13:21:34.086771 12065 consensus_queue.cc:260] T 84bf9e97a362414bb01a4245ec2bd52b P 794e2db7584f4012aafdca6d14a8cfe4 [NON_LEADER]: Queue going to NON_LEADER mode. State: All replicated index: 0, Majority replicated index: 0, Committed index: 0, Last appended: 0.0, Last appended by leader: 0, Current term: 0, Majority size: -1, State: 0, Mode: NON_LEADER, active raft config: opid_index: -1 OBSOLETE_local: false peers { permanent_uuid: "3c9e613265e64cb3ad1c67e002d13b50" member_type: VOTER last_known_addr { host: "127.10.248.1" port: 36001 } } peers { permanent_uuid: "794e2db7584f4012aafdca6d14a8cfe4" member_type: VOTER last_known_addr { host: "127.10.248.2" port: 38135 } } peers { permanent_uuid: "499b6b690e9d49c780e8d2e33ed6d627" member_type: VOTER last_known_addr { host: "127.10.248.3" port: 46543 } }
I20260710 13:21:34.087711 11950 raft_consensus.cc:2468] T 84bf9e97a362414bb01a4245ec2bd52b P 794e2db7584f4012aafdca6d14a8cfe4 [term 0 FOLLOWER]: Leader pre-election vote request: Granting yes vote for candidate 3c9e613265e64cb3ad1c67e002d13b50 in term 0.
I20260710 13:21:34.088858 12067 ts_tablet_manager.cc:1434] T d4fe7840889c41e2aaf528a4c1cb9aa2 P 499b6b690e9d49c780e8d2e33ed6d627: Time spent starting tablet: real 0.009s	user 0.006s	sys 0.000s
I20260710 13:21:34.089236 12065 ts_tablet_manager.cc:1434] T 84bf9e97a362414bb01a4245ec2bd52b P 794e2db7584f4012aafdca6d14a8cfe4: Time spent starting tablet: real 0.010s	user 0.007s	sys 0.000s
I20260710 13:21:34.089977 11841 leader_election.cc:304] T 84bf9e97a362414bb01a4245ec2bd52b P 3c9e613265e64cb3ad1c67e002d13b50 [CANDIDATE]: Term 1 pre-election: Election decided. Result: candidate won. Election summary: received 3 responses out of 3 voters: 2 yes votes; 1 no votes. yes voters: 3c9e613265e64cb3ad1c67e002d13b50, 794e2db7584f4012aafdca6d14a8cfe4; no voters: 499b6b690e9d49c780e8d2e33ed6d627
I20260710 13:21:34.089972 12067 tablet_bootstrap.cc:492] T 8b9a574d739e4bb99a818956ab024efa P 499b6b690e9d49c780e8d2e33ed6d627: Bootstrap starting.
I20260710 13:21:34.095088 12118 raft_consensus.cc:2804] T 84bf9e97a362414bb01a4245ec2bd52b P 3c9e613265e64cb3ad1c67e002d13b50 [term 0 FOLLOWER]: Leader pre-election won for term 1
I20260710 13:21:34.095522 12118 raft_consensus.cc:493] T 84bf9e97a362414bb01a4245ec2bd52b P 3c9e613265e64cb3ad1c67e002d13b50 [term 0 FOLLOWER]: Starting leader election (no leader contacted us within the election timeout)
I20260710 13:21:34.095897 12118 raft_consensus.cc:3060] T 84bf9e97a362414bb01a4245ec2bd52b P 3c9e613265e64cb3ad1c67e002d13b50 [term 0 FOLLOWER]: Advancing to term 1
I20260710 13:21:34.096184 12094 raft_consensus.cc:515] T 0fe2c4bb0a764534a4257aeddb4238d4 P 794e2db7584f4012aafdca6d14a8cfe4 [term 1 FOLLOWER]: Starting leader election with config: opid_index: -1 OBSOLETE_local: false peers { permanent_uuid: "3c9e613265e64cb3ad1c67e002d13b50" member_type: VOTER last_known_addr { host: "127.10.248.1" port: 36001 } } peers { permanent_uuid: "794e2db7584f4012aafdca6d14a8cfe4" member_type: VOTER last_known_addr { host: "127.10.248.2" port: 38135 } } peers { permanent_uuid: "499b6b690e9d49c780e8d2e33ed6d627" member_type: VOTER last_known_addr { host: "127.10.248.3" port: 46543 } }
I20260710 13:21:34.097702 12067 tablet_bootstrap.cc:654] T 8b9a574d739e4bb99a818956ab024efa P 499b6b690e9d49c780e8d2e33ed6d627: Neither blocks nor log segments found. Creating new log.
I20260710 13:21:34.100975 12024 tablet_service.cc:1917] Received RequestConsensusVote() RPC: tablet_id: "0fe2c4bb0a764534a4257aeddb4238d4" candidate_uuid: "794e2db7584f4012aafdca6d14a8cfe4" candidate_term: 1 candidate_status { last_received { term: 0 index: 0 } } ignore_live_leader: false dest_uuid: "499b6b690e9d49c780e8d2e33ed6d627"
I20260710 13:21:34.101641 12024 raft_consensus.cc:3060] T 0fe2c4bb0a764534a4257aeddb4238d4 P 499b6b690e9d49c780e8d2e33ed6d627 [term 0 FOLLOWER]: Advancing to term 1
I20260710 13:21:34.102142 12094 leader_election.cc:290] T 0fe2c4bb0a764534a4257aeddb4238d4 P 794e2db7584f4012aafdca6d14a8cfe4 [CANDIDATE]: Term 1 election: Requested vote from peers 3c9e613265e64cb3ad1c67e002d13b50 (127.10.248.1:36001), 499b6b690e9d49c780e8d2e33ed6d627 (127.10.248.3:46543)
I20260710 13:21:34.113099 11876 tablet_service.cc:1917] Received RequestConsensusVote() RPC: tablet_id: "0fe2c4bb0a764534a4257aeddb4238d4" candidate_uuid: "794e2db7584f4012aafdca6d14a8cfe4" candidate_term: 1 candidate_status { last_received { term: 0 index: 0 } } ignore_live_leader: false dest_uuid: "3c9e613265e64cb3ad1c67e002d13b50"
I20260710 13:21:34.114223 11876 raft_consensus.cc:3060] T 0fe2c4bb0a764534a4257aeddb4238d4 P 3c9e613265e64cb3ad1c67e002d13b50 [term 0 FOLLOWER]: Advancing to term 1
I20260710 13:21:34.126574 12024 raft_consensus.cc:2468] T 0fe2c4bb0a764534a4257aeddb4238d4 P 499b6b690e9d49c780e8d2e33ed6d627 [term 1 FOLLOWER]: Leader election vote request: Granting yes vote for candidate 794e2db7584f4012aafdca6d14a8cfe4 in term 1.
I20260710 13:21:34.128085 11914 leader_election.cc:304] T 0fe2c4bb0a764534a4257aeddb4238d4 P 794e2db7584f4012aafdca6d14a8cfe4 [CANDIDATE]: Term 1 election: Election decided. Result: candidate won. Election summary: received 2 responses out of 3 voters: 2 yes votes; 0 no votes. yes voters: 499b6b690e9d49c780e8d2e33ed6d627, 794e2db7584f4012aafdca6d14a8cfe4; no voters: 
I20260710 13:21:34.129009 12069 consensus_queue.cc:1048] T 200154b3adc741288383adc52e7110d3 P 3c9e613265e64cb3ad1c67e002d13b50 [LEADER]: Connected to new peer: Peer: permanent_uuid: "499b6b690e9d49c780e8d2e33ed6d627" member_type: VOTER last_known_addr { host: "127.10.248.3" port: 46543 }, Status: LMP_MISMATCH, Last received: 0.0, Next index: 1, Last known committed idx: 0, Time since last communication: 0.000s
I20260710 13:21:34.129295 12094 raft_consensus.cc:2804] T 0fe2c4bb0a764534a4257aeddb4238d4 P 794e2db7584f4012aafdca6d14a8cfe4 [term 1 FOLLOWER]: Leader election won for term 1
I20260710 13:21:34.130105 12094 raft_consensus.cc:697] T 0fe2c4bb0a764534a4257aeddb4238d4 P 794e2db7584f4012aafdca6d14a8cfe4 [term 1 LEADER]: Becoming Leader. State: Replica: 794e2db7584f4012aafdca6d14a8cfe4, State: Running, Role: LEADER
I20260710 13:21:34.131392 12094 consensus_queue.cc:237] T 0fe2c4bb0a764534a4257aeddb4238d4 P 794e2db7584f4012aafdca6d14a8cfe4 [LEADER]: Queue going to LEADER mode. State: All replicated index: 0, Majority replicated index: 0, Committed index: 0, Last appended: 0.0, Last appended by leader: 0, Current term: 1, Majority size: 2, State: 0, Mode: LEADER, active raft config: opid_index: -1 OBSOLETE_local: false peers { permanent_uuid: "3c9e613265e64cb3ad1c67e002d13b50" member_type: VOTER last_known_addr { host: "127.10.248.1" port: 36001 } } peers { permanent_uuid: "794e2db7584f4012aafdca6d14a8cfe4" member_type: VOTER last_known_addr { host: "127.10.248.2" port: 38135 } } peers { permanent_uuid: "499b6b690e9d49c780e8d2e33ed6d627" member_type: VOTER last_known_addr { host: "127.10.248.3" port: 46543 } }
I20260710 13:21:34.154186 12024 raft_consensus.cc:3060] T 33f09587784043eeb43a3d57deda6b81 P 499b6b690e9d49c780e8d2e33ed6d627 [term 0 FOLLOWER]: Advancing to term 1
I20260710 13:21:34.158526 11876 raft_consensus.cc:2468] T 0fe2c4bb0a764534a4257aeddb4238d4 P 3c9e613265e64cb3ad1c67e002d13b50 [term 1 FOLLOWER]: Leader election vote request: Granting yes vote for candidate 794e2db7584f4012aafdca6d14a8cfe4 in term 1.
I20260710 13:21:34.175348 11773 catalog_manager.cc:5697] T d4fe7840889c41e2aaf528a4c1cb9aa2 P 794e2db7584f4012aafdca6d14a8cfe4 reported cstate change: term changed from 0 to 1, leader changed from <none> to 794e2db7584f4012aafdca6d14a8cfe4 (127.10.248.2). New cstate: current_term: 1 leader_uuid: "794e2db7584f4012aafdca6d14a8cfe4" committed_config { opid_index: -1 OBSOLETE_local: false peers { permanent_uuid: "3c9e613265e64cb3ad1c67e002d13b50" member_type: VOTER last_known_addr { host: "127.10.248.1" port: 36001 } health_report { overall_health: UNKNOWN } } peers { permanent_uuid: "794e2db7584f4012aafdca6d14a8cfe4" member_type: VOTER last_known_addr { host: "127.10.248.2" port: 38135 } health_report { overall_health: HEALTHY } } peers { permanent_uuid: "499b6b690e9d49c780e8d2e33ed6d627" member_type: VOTER last_known_addr { host: "127.10.248.3" port: 46543 } health_report { overall_health: UNKNOWN } } }
I20260710 13:21:34.185395 12073 consensus_queue.cc:1048] T 33f09587784043eeb43a3d57deda6b81 P 794e2db7584f4012aafdca6d14a8cfe4 [LEADER]: Connected to new peer: Peer: permanent_uuid: "3c9e613265e64cb3ad1c67e002d13b50" member_type: VOTER last_known_addr { host: "127.10.248.1" port: 36001 }, Status: LMP_MISMATCH, Last received: 0.0, Next index: 1, Last known committed idx: 0, Time since last communication: 0.001s
I20260710 13:21:34.186511 12094 consensus_queue.cc:1048] T 33f09587784043eeb43a3d57deda6b81 P 794e2db7584f4012aafdca6d14a8cfe4 [LEADER]: Connected to new peer: Peer: permanent_uuid: "499b6b690e9d49c780e8d2e33ed6d627" member_type: VOTER last_known_addr { host: "127.10.248.3" port: 46543 }, Status: LMP_MISMATCH, Last received: 0.0, Next index: 1, Last known committed idx: 0, Time since last communication: 0.001s
I20260710 13:21:34.190584 12067 tablet_bootstrap.cc:492] T 8b9a574d739e4bb99a818956ab024efa P 499b6b690e9d49c780e8d2e33ed6d627: No bootstrap required, opened a new log
I20260710 13:21:34.191072 12067 ts_tablet_manager.cc:1403] T 8b9a574d739e4bb99a818956ab024efa P 499b6b690e9d49c780e8d2e33ed6d627: Time spent bootstrapping tablet: real 0.101s	user 0.025s	sys 0.059s
I20260710 13:21:34.195667 12067 raft_consensus.cc:359] T 8b9a574d739e4bb99a818956ab024efa P 499b6b690e9d49c780e8d2e33ed6d627 [term 0 FOLLOWER]: Replica starting. Triggering 0 pending ops. Active config: opid_index: -1 OBSOLETE_local: false peers { permanent_uuid: "3c9e613265e64cb3ad1c67e002d13b50" member_type: VOTER last_known_addr { host: "127.10.248.1" port: 36001 } } peers { permanent_uuid: "794e2db7584f4012aafdca6d14a8cfe4" member_type: VOTER last_known_addr { host: "127.10.248.2" port: 38135 } } peers { permanent_uuid: "499b6b690e9d49c780e8d2e33ed6d627" member_type: VOTER last_known_addr { host: "127.10.248.3" port: 46543 } }
I20260710 13:21:34.196453 12067 raft_consensus.cc:385] T 8b9a574d739e4bb99a818956ab024efa P 499b6b690e9d49c780e8d2e33ed6d627 [term 0 FOLLOWER]: Consensus starting up: Expiring failure detector timer to make a prompt election more likely
I20260710 13:21:34.197250 12067 raft_consensus.cc:740] T 8b9a574d739e4bb99a818956ab024efa P 499b6b690e9d49c780e8d2e33ed6d627 [term 0 FOLLOWER]: Becoming Follower/Learner. State: Replica: 499b6b690e9d49c780e8d2e33ed6d627, State: Initialized, Role: FOLLOWER
I20260710 13:21:34.197981 12067 consensus_queue.cc:260] T 8b9a574d739e4bb99a818956ab024efa P 499b6b690e9d49c780e8d2e33ed6d627 [NON_LEADER]: Queue going to NON_LEADER mode. State: All replicated index: 0, Majority replicated index: 0, Committed index: 0, Last appended: 0.0, Last appended by leader: 0, Current term: 0, Majority size: -1, State: 0, Mode: NON_LEADER, active raft config: opid_index: -1 OBSOLETE_local: false peers { permanent_uuid: "3c9e613265e64cb3ad1c67e002d13b50" member_type: VOTER last_known_addr { host: "127.10.248.1" port: 36001 } } peers { permanent_uuid: "794e2db7584f4012aafdca6d14a8cfe4" member_type: VOTER last_known_addr { host: "127.10.248.2" port: 38135 } } peers { permanent_uuid: "499b6b690e9d49c780e8d2e33ed6d627" member_type: VOTER last_known_addr { host: "127.10.248.3" port: 46543 } }
I20260710 13:21:34.196102 12118 raft_consensus.cc:515] T 84bf9e97a362414bb01a4245ec2bd52b P 3c9e613265e64cb3ad1c67e002d13b50 [term 1 FOLLOWER]: Starting leader election with config: opid_index: -1 OBSOLETE_local: false peers { permanent_uuid: "3c9e613265e64cb3ad1c67e002d13b50" member_type: VOTER last_known_addr { host: "127.10.248.1" port: 36001 } } peers { permanent_uuid: "794e2db7584f4012aafdca6d14a8cfe4" member_type: VOTER last_known_addr { host: "127.10.248.2" port: 38135 } } peers { permanent_uuid: "499b6b690e9d49c780e8d2e33ed6d627" member_type: VOTER last_known_addr { host: "127.10.248.3" port: 46543 } }
I20260710 13:21:34.200138 12067 ts_tablet_manager.cc:1434] T 8b9a574d739e4bb99a818956ab024efa P 499b6b690e9d49c780e8d2e33ed6d627: Time spent starting tablet: real 0.009s	user 0.003s	sys 0.003s
I20260710 13:21:34.201109 12067 tablet_bootstrap.cc:492] T 84bf9e97a362414bb01a4245ec2bd52b P 499b6b690e9d49c780e8d2e33ed6d627: Bootstrap starting.
I20260710 13:21:34.201694 11951 tablet_service.cc:1917] Received RequestConsensusVote() RPC: tablet_id: "84bf9e97a362414bb01a4245ec2bd52b" candidate_uuid: "3c9e613265e64cb3ad1c67e002d13b50" candidate_term: 1 candidate_status { last_received { term: 0 index: 0 } } ignore_live_leader: false dest_uuid: "794e2db7584f4012aafdca6d14a8cfe4"
I20260710 13:21:34.201946 12118 leader_election.cc:290] T 84bf9e97a362414bb01a4245ec2bd52b P 3c9e613265e64cb3ad1c67e002d13b50 [CANDIDATE]: Term 1 election: Requested vote from peers 794e2db7584f4012aafdca6d14a8cfe4 (127.10.248.2:38135), 499b6b690e9d49c780e8d2e33ed6d627 (127.10.248.3:46543)
I20260710 13:21:34.202349 11951 raft_consensus.cc:3060] T 84bf9e97a362414bb01a4245ec2bd52b P 794e2db7584f4012aafdca6d14a8cfe4 [term 0 FOLLOWER]: Advancing to term 1
I20260710 13:21:34.203158 12118 consensus_queue.cc:1048] T 16b66dac9eab40ec9039d3a9278118ca P 3c9e613265e64cb3ad1c67e002d13b50 [LEADER]: Connected to new peer: Peer: permanent_uuid: "499b6b690e9d49c780e8d2e33ed6d627" member_type: VOTER last_known_addr { host: "127.10.248.3" port: 46543 }, Status: LMP_MISMATCH, Last received: 0.0, Next index: 1, Last known committed idx: 0, Time since last communication: 0.001s
I20260710 13:21:34.203864 12025 tablet_service.cc:1917] Received RequestConsensusVote() RPC: tablet_id: "84bf9e97a362414bb01a4245ec2bd52b" candidate_uuid: "3c9e613265e64cb3ad1c67e002d13b50" candidate_term: 1 candidate_status { last_received { term: 0 index: 0 } } ignore_live_leader: false dest_uuid: "499b6b690e9d49c780e8d2e33ed6d627"
W20260710 13:21:34.205919 11839 leader_election.cc:343] T 84bf9e97a362414bb01a4245ec2bd52b P 3c9e613265e64cb3ad1c67e002d13b50 [CANDIDATE]: Term 1 election: Tablet error from VoteRequest() call to peer 499b6b690e9d49c780e8d2e33ed6d627 (127.10.248.3:46543): Illegal state: must be running to vote when last-logged opid is not known
I20260710 13:21:34.206791 12067 tablet_bootstrap.cc:654] T 84bf9e97a362414bb01a4245ec2bd52b P 499b6b690e9d49c780e8d2e33ed6d627: Neither blocks nor log segments found. Creating new log.
I20260710 13:21:34.210412 11951 raft_consensus.cc:2468] T 84bf9e97a362414bb01a4245ec2bd52b P 794e2db7584f4012aafdca6d14a8cfe4 [term 1 FOLLOWER]: Leader election vote request: Granting yes vote for candidate 3c9e613265e64cb3ad1c67e002d13b50 in term 1.
I20260710 13:21:34.211541 11841 leader_election.cc:304] T 84bf9e97a362414bb01a4245ec2bd52b P 3c9e613265e64cb3ad1c67e002d13b50 [CANDIDATE]: Term 1 election: Election decided. Result: candidate won. Election summary: received 3 responses out of 3 voters: 2 yes votes; 1 no votes. yes voters: 3c9e613265e64cb3ad1c67e002d13b50, 794e2db7584f4012aafdca6d14a8cfe4; no voters: 499b6b690e9d49c780e8d2e33ed6d627
I20260710 13:21:34.213886 12118 raft_consensus.cc:2804] T 84bf9e97a362414bb01a4245ec2bd52b P 3c9e613265e64cb3ad1c67e002d13b50 [term 1 FOLLOWER]: Leader election won for term 1
I20260710 13:21:34.214422 12118 raft_consensus.cc:697] T 84bf9e97a362414bb01a4245ec2bd52b P 3c9e613265e64cb3ad1c67e002d13b50 [term 1 LEADER]: Becoming Leader. State: Replica: 3c9e613265e64cb3ad1c67e002d13b50, State: Running, Role: LEADER
I20260710 13:21:34.215274 12118 consensus_queue.cc:237] T 84bf9e97a362414bb01a4245ec2bd52b P 3c9e613265e64cb3ad1c67e002d13b50 [LEADER]: Queue going to LEADER mode. State: All replicated index: 0, Majority replicated index: 0, Committed index: 0, Last appended: 0.0, Last appended by leader: 0, Current term: 1, Majority size: 2, State: 0, Mode: LEADER, active raft config: opid_index: -1 OBSOLETE_local: false peers { permanent_uuid: "3c9e613265e64cb3ad1c67e002d13b50" member_type: VOTER last_known_addr { host: "127.10.248.1" port: 36001 } } peers { permanent_uuid: "794e2db7584f4012aafdca6d14a8cfe4" member_type: VOTER last_known_addr { host: "127.10.248.2" port: 38135 } } peers { permanent_uuid: "499b6b690e9d49c780e8d2e33ed6d627" member_type: VOTER last_known_addr { host: "127.10.248.3" port: 46543 } }
I20260710 13:21:34.220691 11771 catalog_manager.cc:5697] T bc1f6f9a0187422f8f37201f08382cc9 P 794e2db7584f4012aafdca6d14a8cfe4 reported cstate change: term changed from 0 to 1, leader changed from <none> to 794e2db7584f4012aafdca6d14a8cfe4 (127.10.248.2). New cstate: current_term: 1 leader_uuid: "794e2db7584f4012aafdca6d14a8cfe4" committed_config { opid_index: -1 OBSOLETE_local: false peers { permanent_uuid: "3c9e613265e64cb3ad1c67e002d13b50" member_type: VOTER last_known_addr { host: "127.10.248.1" port: 36001 } health_report { overall_health: UNKNOWN } } peers { permanent_uuid: "794e2db7584f4012aafdca6d14a8cfe4" member_type: VOTER last_known_addr { host: "127.10.248.2" port: 38135 } health_report { overall_health: HEALTHY } } peers { permanent_uuid: "499b6b690e9d49c780e8d2e33ed6d627" member_type: VOTER last_known_addr { host: "127.10.248.3" port: 46543 } health_report { overall_health: UNKNOWN } } }
I20260710 13:21:34.224334 11771 catalog_manager.cc:5697] T 8b9a574d739e4bb99a818956ab024efa P 794e2db7584f4012aafdca6d14a8cfe4 reported cstate change: term changed from 0 to 1, leader changed from <none> to 794e2db7584f4012aafdca6d14a8cfe4 (127.10.248.2). New cstate: current_term: 1 leader_uuid: "794e2db7584f4012aafdca6d14a8cfe4" committed_config { opid_index: -1 OBSOLETE_local: false peers { permanent_uuid: "3c9e613265e64cb3ad1c67e002d13b50" member_type: VOTER last_known_addr { host: "127.10.248.1" port: 36001 } health_report { overall_health: UNKNOWN } } peers { permanent_uuid: "794e2db7584f4012aafdca6d14a8cfe4" member_type: VOTER last_known_addr { host: "127.10.248.2" port: 38135 } health_report { overall_health: HEALTHY } } peers { permanent_uuid: "499b6b690e9d49c780e8d2e33ed6d627" member_type: VOTER last_known_addr { host: "127.10.248.3" port: 46543 } health_report { overall_health: UNKNOWN } } }
I20260710 13:21:34.226153 11771 catalog_manager.cc:5697] T 0fe2c4bb0a764534a4257aeddb4238d4 P 794e2db7584f4012aafdca6d14a8cfe4 reported cstate change: term changed from 0 to 1, leader changed from <none> to 794e2db7584f4012aafdca6d14a8cfe4 (127.10.248.2). New cstate: current_term: 1 leader_uuid: "794e2db7584f4012aafdca6d14a8cfe4" committed_config { opid_index: -1 OBSOLETE_local: false peers { permanent_uuid: "3c9e613265e64cb3ad1c67e002d13b50" member_type: VOTER last_known_addr { host: "127.10.248.1" port: 36001 } health_report { overall_health: UNKNOWN } } peers { permanent_uuid: "794e2db7584f4012aafdca6d14a8cfe4" member_type: VOTER last_known_addr { host: "127.10.248.2" port: 38135 } health_report { overall_health: HEALTHY } } peers { permanent_uuid: "499b6b690e9d49c780e8d2e33ed6d627" member_type: VOTER last_known_addr { host: "127.10.248.3" port: 46543 } health_report { overall_health: UNKNOWN } } }
I20260710 13:21:34.236824 12067 tablet_bootstrap.cc:492] T 84bf9e97a362414bb01a4245ec2bd52b P 499b6b690e9d49c780e8d2e33ed6d627: No bootstrap required, opened a new log
I20260710 13:21:34.237421 12067 ts_tablet_manager.cc:1403] T 84bf9e97a362414bb01a4245ec2bd52b P 499b6b690e9d49c780e8d2e33ed6d627: Time spent bootstrapping tablet: real 0.037s	user 0.014s	sys 0.020s
I20260710 13:21:34.240494 12067 raft_consensus.cc:359] T 84bf9e97a362414bb01a4245ec2bd52b P 499b6b690e9d49c780e8d2e33ed6d627 [term 0 FOLLOWER]: Replica starting. Triggering 0 pending ops. Active config: opid_index: -1 OBSOLETE_local: false peers { permanent_uuid: "3c9e613265e64cb3ad1c67e002d13b50" member_type: VOTER last_known_addr { host: "127.10.248.1" port: 36001 } } peers { permanent_uuid: "794e2db7584f4012aafdca6d14a8cfe4" member_type: VOTER last_known_addr { host: "127.10.248.2" port: 38135 } } peers { permanent_uuid: "499b6b690e9d49c780e8d2e33ed6d627" member_type: VOTER last_known_addr { host: "127.10.248.3" port: 46543 } }
I20260710 13:21:34.241185 12067 raft_consensus.cc:385] T 84bf9e97a362414bb01a4245ec2bd52b P 499b6b690e9d49c780e8d2e33ed6d627 [term 0 FOLLOWER]: Consensus starting up: Expiring failure detector timer to make a prompt election more likely
I20260710 13:21:34.241477 12067 raft_consensus.cc:740] T 84bf9e97a362414bb01a4245ec2bd52b P 499b6b690e9d49c780e8d2e33ed6d627 [term 0 FOLLOWER]: Becoming Follower/Learner. State: Replica: 499b6b690e9d49c780e8d2e33ed6d627, State: Initialized, Role: FOLLOWER
I20260710 13:21:34.242304 12067 consensus_queue.cc:260] T 84bf9e97a362414bb01a4245ec2bd52b P 499b6b690e9d49c780e8d2e33ed6d627 [NON_LEADER]: Queue going to NON_LEADER mode. State: All replicated index: 0, Majority replicated index: 0, Committed index: 0, Last appended: 0.0, Last appended by leader: 0, Current term: 0, Majority size: -1, State: 0, Mode: NON_LEADER, active raft config: opid_index: -1 OBSOLETE_local: false peers { permanent_uuid: "3c9e613265e64cb3ad1c67e002d13b50" member_type: VOTER last_known_addr { host: "127.10.248.1" port: 36001 } } peers { permanent_uuid: "794e2db7584f4012aafdca6d14a8cfe4" member_type: VOTER last_known_addr { host: "127.10.248.2" port: 38135 } } peers { permanent_uuid: "499b6b690e9d49c780e8d2e33ed6d627" member_type: VOTER last_known_addr { host: "127.10.248.3" port: 46543 } }
I20260710 13:21:34.244767 12067 ts_tablet_manager.cc:1434] T 84bf9e97a362414bb01a4245ec2bd52b P 499b6b690e9d49c780e8d2e33ed6d627: Time spent starting tablet: real 0.007s	user 0.006s	sys 0.000s
I20260710 13:21:34.248703 12118 consensus_queue.cc:1048] T 16b66dac9eab40ec9039d3a9278118ca P 3c9e613265e64cb3ad1c67e002d13b50 [LEADER]: Connected to new peer: Peer: permanent_uuid: "794e2db7584f4012aafdca6d14a8cfe4" member_type: VOTER last_known_addr { host: "127.10.248.2" port: 38135 }, Status: LMP_MISMATCH, Last received: 0.0, Next index: 1, Last known committed idx: 0, Time since last communication: 0.000s
I20260710 13:21:34.250319 11771 catalog_manager.cc:5697] T 84bf9e97a362414bb01a4245ec2bd52b P 3c9e613265e64cb3ad1c67e002d13b50 reported cstate change: term changed from 0 to 1, leader changed from <none> to 3c9e613265e64cb3ad1c67e002d13b50 (127.10.248.1). New cstate: current_term: 1 leader_uuid: "3c9e613265e64cb3ad1c67e002d13b50" committed_config { opid_index: -1 OBSOLETE_local: false peers { permanent_uuid: "3c9e613265e64cb3ad1c67e002d13b50" member_type: VOTER last_known_addr { host: "127.10.248.1" port: 36001 } health_report { overall_health: HEALTHY } } peers { permanent_uuid: "794e2db7584f4012aafdca6d14a8cfe4" member_type: VOTER last_known_addr { host: "127.10.248.2" port: 38135 } health_report { overall_health: UNKNOWN } } peers { permanent_uuid: "499b6b690e9d49c780e8d2e33ed6d627" member_type: VOTER last_known_addr { host: "127.10.248.3" port: 46543 } health_report { overall_health: UNKNOWN } } }
I20260710 13:21:34.271718 12072 consensus_queue.cc:1048] T d6829b59083649c5af3e65fe29d3b193 P 499b6b690e9d49c780e8d2e33ed6d627 [LEADER]: Connected to new peer: Peer: permanent_uuid: "794e2db7584f4012aafdca6d14a8cfe4" member_type: VOTER last_known_addr { host: "127.10.248.2" port: 38135 }, Status: LMP_MISMATCH, Last received: 0.0, Next index: 1, Last known committed idx: 0, Time since last communication: 0.001s
I20260710 13:21:34.285096 12072 consensus_queue.cc:1048] T d6829b59083649c5af3e65fe29d3b193 P 499b6b690e9d49c780e8d2e33ed6d627 [LEADER]: Connected to new peer: Peer: permanent_uuid: "3c9e613265e64cb3ad1c67e002d13b50" member_type: VOTER last_known_addr { host: "127.10.248.1" port: 36001 }, Status: LMP_MISMATCH, Last received: 0.0, Next index: 1, Last known committed idx: 0, Time since last communication: 0.000s
I20260710 13:21:34.353478 12104 raft_consensus.cc:493] T d4fe7840889c41e2aaf528a4c1cb9aa2 P 499b6b690e9d49c780e8d2e33ed6d627 [term 0 FOLLOWER]: Starting pre-election (no leader contacted us within the election timeout)
I20260710 13:21:34.353935 12104 raft_consensus.cc:515] T d4fe7840889c41e2aaf528a4c1cb9aa2 P 499b6b690e9d49c780e8d2e33ed6d627 [term 0 FOLLOWER]: Starting pre-election with config: opid_index: -1 OBSOLETE_local: false peers { permanent_uuid: "3c9e613265e64cb3ad1c67e002d13b50" member_type: VOTER last_known_addr { host: "127.10.248.1" port: 36001 } } peers { permanent_uuid: "794e2db7584f4012aafdca6d14a8cfe4" member_type: VOTER last_known_addr { host: "127.10.248.2" port: 38135 } } peers { permanent_uuid: "499b6b690e9d49c780e8d2e33ed6d627" member_type: VOTER last_known_addr { host: "127.10.248.3" port: 46543 } }
I20260710 13:21:34.355789 12104 leader_election.cc:290] T d4fe7840889c41e2aaf528a4c1cb9aa2 P 499b6b690e9d49c780e8d2e33ed6d627 [CANDIDATE]: Term 1 pre-election: Requested pre-vote from peers 3c9e613265e64cb3ad1c67e002d13b50 (127.10.248.1:36001), 794e2db7584f4012aafdca6d14a8cfe4 (127.10.248.2:38135)
I20260710 13:21:34.356782 11876 tablet_service.cc:1917] Received RequestConsensusVote() RPC: tablet_id: "d4fe7840889c41e2aaf528a4c1cb9aa2" candidate_uuid: "499b6b690e9d49c780e8d2e33ed6d627" candidate_term: 1 candidate_status { last_received { term: 0 index: 0 } } ignore_live_leader: false dest_uuid: "3c9e613265e64cb3ad1c67e002d13b50" is_pre_election: true
I20260710 13:21:34.357057 11951 tablet_service.cc:1917] Received RequestConsensusVote() RPC: tablet_id: "d4fe7840889c41e2aaf528a4c1cb9aa2" candidate_uuid: "499b6b690e9d49c780e8d2e33ed6d627" candidate_term: 1 candidate_status { last_received { term: 0 index: 0 } } ignore_live_leader: false dest_uuid: "794e2db7584f4012aafdca6d14a8cfe4" is_pre_election: true
I20260710 13:21:34.357620 11876 raft_consensus.cc:2393] T d4fe7840889c41e2aaf528a4c1cb9aa2 P 3c9e613265e64cb3ad1c67e002d13b50 [term 1 FOLLOWER]: Leader pre-election vote request: Denying vote to candidate 499b6b690e9d49c780e8d2e33ed6d627 in current term 1: Already voted for candidate 794e2db7584f4012aafdca6d14a8cfe4 in this term.
I20260710 13:21:34.358711 12025 tablet_service.cc:2072] Received LeaderStepDown RPC: tablet_id: "d6829b59083649c5af3e65fe29d3b193"
dest_uuid: "499b6b690e9d49c780e8d2e33ed6d627"
mode: GRACEFUL
new_leader_uuid: "3c9e613265e64cb3ad1c67e002d13b50"
 from {username='slave'} at 127.0.0.1:33650
I20260710 13:21:34.358814 11991 leader_election.cc:304] T d4fe7840889c41e2aaf528a4c1cb9aa2 P 499b6b690e9d49c780e8d2e33ed6d627 [CANDIDATE]: Term 1 pre-election: Election decided. Result: candidate lost. Election summary: received 3 responses out of 3 voters: 1 yes votes; 2 no votes. yes voters: 499b6b690e9d49c780e8d2e33ed6d627; no voters: 3c9e613265e64cb3ad1c67e002d13b50, 794e2db7584f4012aafdca6d14a8cfe4
I20260710 13:21:34.359211 12025 raft_consensus.cc:606] T d6829b59083649c5af3e65fe29d3b193 P 499b6b690e9d49c780e8d2e33ed6d627 [term 1 LEADER]: Received request to transfer leadership to TS 3c9e613265e64cb3ad1c67e002d13b50
I20260710 13:21:34.359616 12104 raft_consensus.cc:3060] T d4fe7840889c41e2aaf528a4c1cb9aa2 P 499b6b690e9d49c780e8d2e33ed6d627 [term 0 FOLLOWER]: Advancing to term 1
