I20260710 13:21:38.314461 17718 raft_consensus.cc:359] T a71b15f7c8324eb5b9b4a8dc951ba213 P 28b3faef9b3c41a0945a501ecd28769a [term 0 FOLLOWER]: Replica starting. Triggering 0 pending ops. Active config: opid_index: -1 OBSOLETE_local: false peers { permanent_uuid: "28b3faef9b3c41a0945a501ecd28769a" member_type: VOTER last_known_addr { host: "127.16.11.65" port: 38599 } } peers { permanent_uuid: "8f0b94db080548d09cd67d1945590729" member_type: VOTER last_known_addr { host: "127.16.11.66" port: 39263 } } peers { permanent_uuid: "d8bcba07105c4340b2609b3b3602c2e8" member_type: VOTER last_known_addr { host: "127.16.11.67" port: 34991 } }
I20260710 13:21:38.315248 17718 raft_consensus.cc:385] T a71b15f7c8324eb5b9b4a8dc951ba213 P 28b3faef9b3c41a0945a501ecd28769a [term 0 FOLLOWER]: Consensus starting up: Expiring failure detector timer to make a prompt election more likely
I20260710 13:21:38.315560 17718 raft_consensus.cc:740] T a71b15f7c8324eb5b9b4a8dc951ba213 P 28b3faef9b3c41a0945a501ecd28769a [term 0 FOLLOWER]: Becoming Follower/Learner. State: Replica: 28b3faef9b3c41a0945a501ecd28769a, State: Initialized, Role: FOLLOWER
I20260710 13:21:38.316375 17718 consensus_queue.cc:260] T a71b15f7c8324eb5b9b4a8dc951ba213 P 28b3faef9b3c41a0945a501ecd28769a [NON_LEADER]: Queue going to NON_LEADER mode. State: All replicated index: 0, Majority replicated index: 0, Committed index: 0, Last appended: 0.0, Last appended by leader: 0, Current term: 0, Majority size: -1, State: 0, Mode: NON_LEADER, active raft config: opid_index: -1 OBSOLETE_local: false peers { permanent_uuid: "28b3faef9b3c41a0945a501ecd28769a" member_type: VOTER last_known_addr { host: "127.16.11.65" port: 38599 } } peers { permanent_uuid: "8f0b94db080548d09cd67d1945590729" member_type: VOTER last_known_addr { host: "127.16.11.66" port: 39263 } } peers { permanent_uuid: "d8bcba07105c4340b2609b3b3602c2e8" member_type: VOTER last_known_addr { host: "127.16.11.67" port: 34991 } }
I20260710 13:21:38.318809 17718 ts_tablet_manager.cc:1434] T a71b15f7c8324eb5b9b4a8dc951ba213 P 28b3faef9b3c41a0945a501ecd28769a: Time spent starting tablet: real 0.007s	user 0.005s	sys 0.000s
I20260710 13:21:38.319816 17718 tablet_bootstrap.cc:492] T 23698b96d3d84e938f8b0149bdd3d211 P 28b3faef9b3c41a0945a501ecd28769a: Bootstrap starting.
I20260710 13:21:38.325551 17718 tablet_bootstrap.cc:654] T 23698b96d3d84e938f8b0149bdd3d211 P 28b3faef9b3c41a0945a501ecd28769a: Neither blocks nor log segments found. Creating new log.
I20260710 13:21:38.333408 17425 catalog_manager.cc:5697] T 4a290b5843414e9ea6059297a7e7a80b P 28b3faef9b3c41a0945a501ecd28769a reported cstate change: term changed from 0 to 1, leader changed from <none> to 28b3faef9b3c41a0945a501ecd28769a (127.16.11.65). New cstate: current_term: 1 leader_uuid: "28b3faef9b3c41a0945a501ecd28769a" committed_config { opid_index: -1 OBSOLETE_local: false peers { permanent_uuid: "28b3faef9b3c41a0945a501ecd28769a" member_type: VOTER last_known_addr { host: "127.16.11.65" port: 38599 } health_report { overall_health: HEALTHY } } peers { permanent_uuid: "8f0b94db080548d09cd67d1945590729" member_type: VOTER last_known_addr { host: "127.16.11.66" port: 39263 } health_report { overall_health: UNKNOWN } } peers { permanent_uuid: "d8bcba07105c4340b2609b3b3602c2e8" member_type: VOTER last_known_addr { host: "127.16.11.67" port: 34991 } health_report { overall_health: UNKNOWN } } }
I20260710 13:21:38.336627 17735 raft_consensus.cc:493] T c3c47d9b9c5040788ba177b8930fd0bd P 28b3faef9b3c41a0945a501ecd28769a [term 0 FOLLOWER]: Starting pre-election (no leader contacted us within the election timeout)
I20260710 13:21:38.337121 17735 raft_consensus.cc:515] T c3c47d9b9c5040788ba177b8930fd0bd P 28b3faef9b3c41a0945a501ecd28769a [term 0 FOLLOWER]: Starting pre-election with config: opid_index: -1 OBSOLETE_local: false peers { permanent_uuid: "28b3faef9b3c41a0945a501ecd28769a" member_type: VOTER last_known_addr { host: "127.16.11.65" port: 38599 } } peers { permanent_uuid: "8f0b94db080548d09cd67d1945590729" member_type: VOTER last_known_addr { host: "127.16.11.66" port: 39263 } } peers { permanent_uuid: "d8bcba07105c4340b2609b3b3602c2e8" member_type: VOTER last_known_addr { host: "127.16.11.67" port: 34991 } }
I20260710 13:21:38.339308 17735 leader_election.cc:290] T c3c47d9b9c5040788ba177b8930fd0bd P 28b3faef9b3c41a0945a501ecd28769a [CANDIDATE]: Term 1 pre-election: Requested pre-vote from peers 8f0b94db080548d09cd67d1945590729 (127.16.11.66:39263), d8bcba07105c4340b2609b3b3602c2e8 (127.16.11.67:34991)
I20260710 13:21:38.340830 17602 tablet_service.cc:1917] Received RequestConsensusVote() RPC: tablet_id: "c3c47d9b9c5040788ba177b8930fd0bd" candidate_uuid: "28b3faef9b3c41a0945a501ecd28769a" candidate_term: 1 candidate_status { last_received { term: 0 index: 0 } } ignore_live_leader: false dest_uuid: "8f0b94db080548d09cd67d1945590729" is_pre_election: true
W20260710 13:21:38.342657 17491 leader_election.cc:343] T c3c47d9b9c5040788ba177b8930fd0bd P 28b3faef9b3c41a0945a501ecd28769a [CANDIDATE]: Term 1 pre-election: Tablet error from VoteRequest() call to peer 8f0b94db080548d09cd67d1945590729 (127.16.11.66:39263): Illegal state: must be running to vote when last-logged opid is not known
I20260710 13:21:38.348776 17674 tablet_service.cc:1917] Received RequestConsensusVote() RPC: tablet_id: "c38e29a2ce5747b1b426ca0eca31d9b7" candidate_uuid: "28b3faef9b3c41a0945a501ecd28769a" candidate_term: 1 candidate_status { last_received { term: 0 index: 0 } } ignore_live_leader: false dest_uuid: "d8bcba07105c4340b2609b3b3602c2e8" is_pre_election: true
I20260710 13:21:38.349457 17675 tablet_service.cc:1917] Received RequestConsensusVote() RPC: tablet_id: "4adbe633369f4aee8bc93c6eeb101f18" candidate_uuid: "28b3faef9b3c41a0945a501ecd28769a" candidate_term: 1 candidate_status { last_received { term: 0 index: 0 } } ignore_live_leader: false dest_uuid: "d8bcba07105c4340b2609b3b3602c2e8" is_pre_election: true
I20260710 13:21:38.350152 17675 raft_consensus.cc:2468] T 4adbe633369f4aee8bc93c6eeb101f18 P d8bcba07105c4340b2609b3b3602c2e8 [term 0 FOLLOWER]: Leader pre-election vote request: Granting yes vote for candidate 28b3faef9b3c41a0945a501ecd28769a in term 0.
I20260710 13:21:38.352437 17674 tablet_service.cc:1917] Received RequestConsensusVote() RPC: tablet_id: "c3c47d9b9c5040788ba177b8930fd0bd" candidate_uuid: "28b3faef9b3c41a0945a501ecd28769a" candidate_term: 1 candidate_status { last_received { term: 0 index: 0 } } ignore_live_leader: false dest_uuid: "d8bcba07105c4340b2609b3b3602c2e8" is_pre_election: true
I20260710 13:21:38.362715 17784 raft_consensus.cc:493] T 23698b96d3d84e938f8b0149bdd3d211 P d8bcba07105c4340b2609b3b3602c2e8 [term 0 FOLLOWER]: Starting pre-election (no leader contacted us within the election timeout)
I20260710 13:21:38.363226 17784 raft_consensus.cc:515] T 23698b96d3d84e938f8b0149bdd3d211 P d8bcba07105c4340b2609b3b3602c2e8 [term 0 FOLLOWER]: Starting pre-election with config: opid_index: -1 OBSOLETE_local: false peers { permanent_uuid: "28b3faef9b3c41a0945a501ecd28769a" member_type: VOTER last_known_addr { host: "127.16.11.65" port: 38599 } } peers { permanent_uuid: "8f0b94db080548d09cd67d1945590729" member_type: VOTER last_known_addr { host: "127.16.11.66" port: 39263 } } peers { permanent_uuid: "d8bcba07105c4340b2609b3b3602c2e8" member_type: VOTER last_known_addr { host: "127.16.11.67" port: 34991 } }
I20260710 13:21:38.365661 17784 leader_election.cc:290] T 23698b96d3d84e938f8b0149bdd3d211 P d8bcba07105c4340b2609b3b3602c2e8 [CANDIDATE]: Term 1 pre-election: Requested pre-vote from peers 28b3faef9b3c41a0945a501ecd28769a (127.16.11.65:38599), 8f0b94db080548d09cd67d1945590729 (127.16.11.66:39263)
I20260710 13:21:38.371059 17491 leader_election.cc:304] T c38e29a2ce5747b1b426ca0eca31d9b7 P 28b3faef9b3c41a0945a501ecd28769a [CANDIDATE]: Term 1 pre-election: Election decided. Result: candidate lost. Election summary: received 3 responses out of 3 voters: 1 yes votes; 2 no votes. yes voters: 28b3faef9b3c41a0945a501ecd28769a; no voters: 8f0b94db080548d09cd67d1945590729, d8bcba07105c4340b2609b3b3602c2e8
I20260710 13:21:38.371904 17735 raft_consensus.cc:3060] T c38e29a2ce5747b1b426ca0eca31d9b7 P 28b3faef9b3c41a0945a501ecd28769a [term 0 FOLLOWER]: Advancing to term 1
I20260710 13:21:38.372615 17491 leader_election.cc:304] T 4adbe633369f4aee8bc93c6eeb101f18 P 28b3faef9b3c41a0945a501ecd28769a [CANDIDATE]: Term 1 pre-election: Election decided. Result: candidate won. Election summary: received 3 responses out of 3 voters: 2 yes votes; 1 no votes. yes voters: 28b3faef9b3c41a0945a501ecd28769a, d8bcba07105c4340b2609b3b3602c2e8; no voters: 8f0b94db080548d09cd67d1945590729
I20260710 13:21:38.373477 17723 raft_consensus.cc:2804] T 4adbe633369f4aee8bc93c6eeb101f18 P 28b3faef9b3c41a0945a501ecd28769a [term 0 FOLLOWER]: Leader pre-election won for term 1
I20260710 13:21:38.373833 17723 raft_consensus.cc:493] T 4adbe633369f4aee8bc93c6eeb101f18 P 28b3faef9b3c41a0945a501ecd28769a [term 0 FOLLOWER]: Starting leader election (no leader contacted us within the election timeout)
I20260710 13:21:38.374156 17723 raft_consensus.cc:3060] T 4adbe633369f4aee8bc93c6eeb101f18 P 28b3faef9b3c41a0945a501ecd28769a [term 0 FOLLOWER]: Advancing to term 1
W20260710 13:21:38.374253 17640 consensus_peers.cc:597] T ec9436ef4465477fabd6aafe16d347f6 P d8bcba07105c4340b2609b3b3602c2e8 -> Peer 8f0b94db080548d09cd67d1945590729 (127.16.11.66:39263): Couldn't send request to peer 8f0b94db080548d09cd67d1945590729. Error code: TABLET_NOT_RUNNING (12). Status: Illegal state: Tablet not RUNNING: INITIALIZED. This is attempt 1: this message will repeat every 5th retry.
I20260710 13:21:38.384209 17735 raft_consensus.cc:2749] T c38e29a2ce5747b1b426ca0eca31d9b7 P 28b3faef9b3c41a0945a501ecd28769a [term 1 FOLLOWER]: Leader pre-election lost for term 1. Reason: could not achieve majority
I20260710 13:21:38.386871 17723 raft_consensus.cc:515] T 4adbe633369f4aee8bc93c6eeb101f18 P 28b3faef9b3c41a0945a501ecd28769a [term 1 FOLLOWER]: Starting leader election with config: opid_index: -1 OBSOLETE_local: false peers { permanent_uuid: "28b3faef9b3c41a0945a501ecd28769a" member_type: VOTER last_known_addr { host: "127.16.11.65" port: 38599 } } peers { permanent_uuid: "8f0b94db080548d09cd67d1945590729" member_type: VOTER last_known_addr { host: "127.16.11.66" port: 39263 } } peers { permanent_uuid: "d8bcba07105c4340b2609b3b3602c2e8" member_type: VOTER last_known_addr { host: "127.16.11.67" port: 34991 } }
I20260710 13:21:38.388916 17723 leader_election.cc:290] T 4adbe633369f4aee8bc93c6eeb101f18 P 28b3faef9b3c41a0945a501ecd28769a [CANDIDATE]: Term 1 election: Requested vote from peers 8f0b94db080548d09cd67d1945590729 (127.16.11.66:39263), d8bcba07105c4340b2609b3b3602c2e8 (127.16.11.67:34991)
I20260710 13:21:38.390069 17600 tablet_service.cc:1917] Received RequestConsensusVote() RPC: tablet_id: "4adbe633369f4aee8bc93c6eeb101f18" candidate_uuid: "28b3faef9b3c41a0945a501ecd28769a" candidate_term: 1 candidate_status { last_received { term: 0 index: 0 } } ignore_live_leader: false dest_uuid: "8f0b94db080548d09cd67d1945590729"
W20260710 13:21:38.391637 17491 leader_election.cc:343] T 4adbe633369f4aee8bc93c6eeb101f18 P 28b3faef9b3c41a0945a501ecd28769a [CANDIDATE]: Term 1 election: Tablet error from VoteRequest() call to peer 8f0b94db080548d09cd67d1945590729 (127.16.11.66:39263): Illegal state: must be running to vote when last-logged opid is not known
I20260710 13:21:38.395462 17718 tablet_bootstrap.cc:492] T 23698b96d3d84e938f8b0149bdd3d211 P 28b3faef9b3c41a0945a501ecd28769a: No bootstrap required, opened a new log
I20260710 13:21:38.395893 17718 ts_tablet_manager.cc:1403] T 23698b96d3d84e938f8b0149bdd3d211 P 28b3faef9b3c41a0945a501ecd28769a: Time spent bootstrapping tablet: real 0.076s	user 0.017s	sys 0.003s
I20260710 13:21:38.398447 17718 raft_consensus.cc:359] T 23698b96d3d84e938f8b0149bdd3d211 P 28b3faef9b3c41a0945a501ecd28769a [term 0 FOLLOWER]: Replica starting. Triggering 0 pending ops. Active config: opid_index: -1 OBSOLETE_local: false peers { permanent_uuid: "28b3faef9b3c41a0945a501ecd28769a" member_type: VOTER last_known_addr { host: "127.16.11.65" port: 38599 } } peers { permanent_uuid: "8f0b94db080548d09cd67d1945590729" member_type: VOTER last_known_addr { host: "127.16.11.66" port: 39263 } } peers { permanent_uuid: "d8bcba07105c4340b2609b3b3602c2e8" member_type: VOTER last_known_addr { host: "127.16.11.67" port: 34991 } }
I20260710 13:21:38.398967 17716 tablet_bootstrap.cc:492] T a71b15f7c8324eb5b9b4a8dc951ba213 P d8bcba07105c4340b2609b3b3602c2e8: No bootstrap required, opened a new log
I20260710 13:21:38.399375 17716 ts_tablet_manager.cc:1403] T a71b15f7c8324eb5b9b4a8dc951ba213 P d8bcba07105c4340b2609b3b3602c2e8: Time spent bootstrapping tablet: real 0.315s	user 0.122s	sys 0.164s
I20260710 13:21:38.400704 17785 consensus_queue.cc:1048] T c38e29a2ce5747b1b426ca0eca31d9b7 P d8bcba07105c4340b2609b3b3602c2e8 [LEADER]: Connected to new peer: Peer: permanent_uuid: "8f0b94db080548d09cd67d1945590729" member_type: VOTER last_known_addr { host: "127.16.11.66" port: 39263 }, Status: LMP_MISMATCH, Last received: 0.0, Next index: 1, Last known committed idx: 0, Time since last communication: 0.000s
I20260710 13:21:38.401805 17716 raft_consensus.cc:359] T a71b15f7c8324eb5b9b4a8dc951ba213 P d8bcba07105c4340b2609b3b3602c2e8 [term 0 FOLLOWER]: Replica starting. Triggering 0 pending ops. Active config: opid_index: -1 OBSOLETE_local: false peers { permanent_uuid: "28b3faef9b3c41a0945a501ecd28769a" member_type: VOTER last_known_addr { host: "127.16.11.65" port: 38599 } } peers { permanent_uuid: "8f0b94db080548d09cd67d1945590729" member_type: VOTER last_known_addr { host: "127.16.11.66" port: 39263 } } peers { permanent_uuid: "d8bcba07105c4340b2609b3b3602c2e8" member_type: VOTER last_known_addr { host: "127.16.11.67" port: 34991 } }
I20260710 13:21:38.402428 17716 raft_consensus.cc:385] T a71b15f7c8324eb5b9b4a8dc951ba213 P d8bcba07105c4340b2609b3b3602c2e8 [term 0 FOLLOWER]: Consensus starting up: Expiring failure detector timer to make a prompt election more likely
I20260710 13:21:38.402684 17716 raft_consensus.cc:740] T a71b15f7c8324eb5b9b4a8dc951ba213 P d8bcba07105c4340b2609b3b3602c2e8 [term 0 FOLLOWER]: Becoming Follower/Learner. State: Replica: d8bcba07105c4340b2609b3b3602c2e8, State: Initialized, Role: FOLLOWER
I20260710 13:21:38.403292 17716 consensus_queue.cc:260] T a71b15f7c8324eb5b9b4a8dc951ba213 P d8bcba07105c4340b2609b3b3602c2e8 [NON_LEADER]: Queue going to NON_LEADER mode. State: All replicated index: 0, Majority replicated index: 0, Committed index: 0, Last appended: 0.0, Last appended by leader: 0, Current term: 0, Majority size: -1, State: 0, Mode: NON_LEADER, active raft config: opid_index: -1 OBSOLETE_local: false peers { permanent_uuid: "28b3faef9b3c41a0945a501ecd28769a" member_type: VOTER last_known_addr { host: "127.16.11.65" port: 38599 } } peers { permanent_uuid: "8f0b94db080548d09cd67d1945590729" member_type: VOTER last_known_addr { host: "127.16.11.66" port: 39263 } } peers { permanent_uuid: "d8bcba07105c4340b2609b3b3602c2e8" member_type: VOTER last_known_addr { host: "127.16.11.67" port: 34991 } }
W20260710 13:21:38.403488 17491 leader_election.cc:343] T c3c47d9b9c5040788ba177b8930fd0bd P 28b3faef9b3c41a0945a501ecd28769a [CANDIDATE]: Term 1 pre-election: Tablet error from VoteRequest() call to peer d8bcba07105c4340b2609b3b3602c2e8 (127.16.11.67:34991): Illegal state: must be running to vote when last-logged opid is not known
I20260710 13:21:38.404132 17491 leader_election.cc:304] T c3c47d9b9c5040788ba177b8930fd0bd P 28b3faef9b3c41a0945a501ecd28769a [CANDIDATE]: Term 1 pre-election: Election decided. Result: candidate lost. Election summary: received 3 responses out of 3 voters: 1 yes votes; 2 no votes. yes voters: 28b3faef9b3c41a0945a501ecd28769a; no voters: 8f0b94db080548d09cd67d1945590729, d8bcba07105c4340b2609b3b3602c2e8
I20260710 13:21:38.403826 17600 tablet_service.cc:1917] Received RequestConsensusVote() RPC: tablet_id: "23698b96d3d84e938f8b0149bdd3d211" candidate_uuid: "d8bcba07105c4340b2609b3b3602c2e8" candidate_term: 1 candidate_status { last_received { term: 0 index: 0 } } ignore_live_leader: false dest_uuid: "8f0b94db080548d09cd67d1945590729" is_pre_election: true
I20260710 13:21:38.405237 17716 ts_tablet_manager.cc:1434] T a71b15f7c8324eb5b9b4a8dc951ba213 P d8bcba07105c4340b2609b3b3602c2e8: Time spent starting tablet: real 0.006s	user 0.002s	sys 0.000s
I20260710 13:21:38.406144 17716 tablet_bootstrap.cc:492] T 03bedab54fde48468694416e55047689 P d8bcba07105c4340b2609b3b3602c2e8: Bootstrap starting.
I20260710 13:21:38.409535 17717 tablet_bootstrap.cc:492] T c4242faafd5c43a0bb23be8a8647363f P 8f0b94db080548d09cd67d1945590729: No bootstrap required, opened a new log
I20260710 13:21:38.410004 17717 ts_tablet_manager.cc:1403] T c4242faafd5c43a0bb23be8a8647363f P 8f0b94db080548d09cd67d1945590729: Time spent bootstrapping tablet: real 0.306s	user 0.089s	sys 0.142s
I20260710 13:21:38.411679 17723 raft_consensus.cc:2749] T c3c47d9b9c5040788ba177b8930fd0bd P 28b3faef9b3c41a0945a501ecd28769a [term 0 FOLLOWER]: Leader pre-election lost for term 1. Reason: could not achieve majority
I20260710 13:21:38.412397 17717 raft_consensus.cc:359] T c4242faafd5c43a0bb23be8a8647363f P 8f0b94db080548d09cd67d1945590729 [term 0 FOLLOWER]: Replica starting. Triggering 0 pending ops. Active config: opid_index: -1 OBSOLETE_local: false peers { permanent_uuid: "28b3faef9b3c41a0945a501ecd28769a" member_type: VOTER last_known_addr { host: "127.16.11.65" port: 38599 } } peers { permanent_uuid: "8f0b94db080548d09cd67d1945590729" member_type: VOTER last_known_addr { host: "127.16.11.66" port: 39263 } } peers { permanent_uuid: "d8bcba07105c4340b2609b3b3602c2e8" member_type: VOTER last_known_addr { host: "127.16.11.67" port: 34991 } }
I20260710 13:21:38.399319 17718 raft_consensus.cc:385] T 23698b96d3d84e938f8b0149bdd3d211 P 28b3faef9b3c41a0945a501ecd28769a [term 0 FOLLOWER]: Consensus starting up: Expiring failure detector timer to make a prompt election more likely
I20260710 13:21:38.413044 17717 raft_consensus.cc:385] T c4242faafd5c43a0bb23be8a8647363f P 8f0b94db080548d09cd67d1945590729 [term 0 FOLLOWER]: Consensus starting up: Expiring failure detector timer to make a prompt election more likely
I20260710 13:21:38.413262 17718 raft_consensus.cc:740] T 23698b96d3d84e938f8b0149bdd3d211 P 28b3faef9b3c41a0945a501ecd28769a [term 0 FOLLOWER]: Becoming Follower/Learner. State: Replica: 28b3faef9b3c41a0945a501ecd28769a, State: Initialized, Role: FOLLOWER
I20260710 13:21:38.413341 17717 raft_consensus.cc:740] T c4242faafd5c43a0bb23be8a8647363f P 8f0b94db080548d09cd67d1945590729 [term 0 FOLLOWER]: Becoming Follower/Learner. State: Replica: 8f0b94db080548d09cd67d1945590729, State: Initialized, Role: FOLLOWER
I20260710 13:21:38.414032 17718 consensus_queue.cc:260] T 23698b96d3d84e938f8b0149bdd3d211 P 28b3faef9b3c41a0945a501ecd28769a [NON_LEADER]: Queue going to NON_LEADER mode. State: All replicated index: 0, Majority replicated index: 0, Committed index: 0, Last appended: 0.0, Last appended by leader: 0, Current term: 0, Majority size: -1, State: 0, Mode: NON_LEADER, active raft config: opid_index: -1 OBSOLETE_local: false peers { permanent_uuid: "28b3faef9b3c41a0945a501ecd28769a" member_type: VOTER last_known_addr { host: "127.16.11.65" port: 38599 } } peers { permanent_uuid: "8f0b94db080548d09cd67d1945590729" member_type: VOTER last_known_addr { host: "127.16.11.66" port: 39263 } } peers { permanent_uuid: "d8bcba07105c4340b2609b3b3602c2e8" member_type: VOTER last_known_addr { host: "127.16.11.67" port: 34991 } }
I20260710 13:21:38.414252 17717 consensus_queue.cc:260] T c4242faafd5c43a0bb23be8a8647363f P 8f0b94db080548d09cd67d1945590729 [NON_LEADER]: Queue going to NON_LEADER mode. State: All replicated index: 0, Majority replicated index: 0, Committed index: 0, Last appended: 0.0, Last appended by leader: 0, Current term: 0, Majority size: -1, State: 0, Mode: NON_LEADER, active raft config: opid_index: -1 OBSOLETE_local: false peers { permanent_uuid: "28b3faef9b3c41a0945a501ecd28769a" member_type: VOTER last_known_addr { host: "127.16.11.65" port: 38599 } } peers { permanent_uuid: "8f0b94db080548d09cd67d1945590729" member_type: VOTER last_known_addr { host: "127.16.11.66" port: 39263 } } peers { permanent_uuid: "d8bcba07105c4340b2609b3b3602c2e8" member_type: VOTER last_known_addr { host: "127.16.11.67" port: 34991 } }
I20260710 13:21:38.416067 17718 ts_tablet_manager.cc:1434] T 23698b96d3d84e938f8b0149bdd3d211 P 28b3faef9b3c41a0945a501ecd28769a: Time spent starting tablet: real 0.020s	user 0.006s	sys 0.000s
I20260710 13:21:38.416467 17717 ts_tablet_manager.cc:1434] T c4242faafd5c43a0bb23be8a8647363f P 8f0b94db080548d09cd67d1945590729: Time spent starting tablet: real 0.006s	user 0.005s	sys 0.000s
I20260710 13:21:38.416667 17525 tablet_service.cc:1917] Received RequestConsensusVote() RPC: tablet_id: "23698b96d3d84e938f8b0149bdd3d211" candidate_uuid: "d8bcba07105c4340b2609b3b3602c2e8" candidate_term: 1 candidate_status { last_received { term: 0 index: 0 } } ignore_live_leader: false dest_uuid: "28b3faef9b3c41a0945a501ecd28769a" is_pre_election: true
I20260710 13:21:38.417308 17717 tablet_bootstrap.cc:492] T c3c47d9b9c5040788ba177b8930fd0bd P 8f0b94db080548d09cd67d1945590729: Bootstrap starting.
I20260710 13:21:38.417241 17525 raft_consensus.cc:2468] T 23698b96d3d84e938f8b0149bdd3d211 P 28b3faef9b3c41a0945a501ecd28769a [term 0 FOLLOWER]: Leader pre-election vote request: Granting yes vote for candidate d8bcba07105c4340b2609b3b3602c2e8 in term 0.
I20260710 13:21:38.422055 17674 tablet_service.cc:1917] Received RequestConsensusVote() RPC: tablet_id: "4adbe633369f4aee8bc93c6eeb101f18" candidate_uuid: "28b3faef9b3c41a0945a501ecd28769a" candidate_term: 1 candidate_status { last_received { term: 0 index: 0 } } ignore_live_leader: false dest_uuid: "d8bcba07105c4340b2609b3b3602c2e8"
I20260710 13:21:38.422703 17674 raft_consensus.cc:3060] T 4adbe633369f4aee8bc93c6eeb101f18 P d8bcba07105c4340b2609b3b3602c2e8 [term 0 FOLLOWER]: Advancing to term 1
I20260710 13:21:38.425423 17640 leader_election.cc:304] T 23698b96d3d84e938f8b0149bdd3d211 P d8bcba07105c4340b2609b3b3602c2e8 [CANDIDATE]: Term 1 pre-election: Election decided. Result: candidate won. Election summary: received 2 responses out of 3 voters: 2 yes votes; 0 no votes. yes voters: 28b3faef9b3c41a0945a501ecd28769a, d8bcba07105c4340b2609b3b3602c2e8; no voters: 
I20260710 13:21:38.432715 17717 tablet_bootstrap.cc:654] T c3c47d9b9c5040788ba177b8930fd0bd P 8f0b94db080548d09cd67d1945590729: Neither blocks nor log segments found. Creating new log.
W20260710 13:21:38.428676 17697 debug-util.cc:398] Leaking SignalData structure 0x7b080013b3a0 after lost signal to thread 16432
I20260710 13:21:38.430451 17674 raft_consensus.cc:2468] T 4adbe633369f4aee8bc93c6eeb101f18 P d8bcba07105c4340b2609b3b3602c2e8 [term 1 FOLLOWER]: Leader election vote request: Granting yes vote for candidate 28b3faef9b3c41a0945a501ecd28769a in term 1.
W20260710 13:21:38.440331 17697 debug-util.cc:398] Leaking SignalData structure 0x7b08001d65a0 after lost signal to thread 17459
I20260710 13:21:38.428207 17716 tablet_bootstrap.cc:654] T 03bedab54fde48468694416e55047689 P d8bcba07105c4340b2609b3b3602c2e8: Neither blocks nor log segments found. Creating new log.
W20260710 13:21:38.441956 17697 debug-util.cc:398] Leaking SignalData structure 0x7b08001366c0 after lost signal to thread 17551
W20260710 13:21:38.442991 17697 debug-util.cc:398] Leaking SignalData structure 0x7b08000d72c0 after lost signal to thread 17626
I20260710 13:21:38.444092 17785 raft_consensus.cc:2804] T 23698b96d3d84e938f8b0149bdd3d211 P d8bcba07105c4340b2609b3b3602c2e8 [term 0 FOLLOWER]: Leader pre-election won for term 1
I20260710 13:21:38.444489 17785 raft_consensus.cc:493] T 23698b96d3d84e938f8b0149bdd3d211 P d8bcba07105c4340b2609b3b3602c2e8 [term 0 FOLLOWER]: Starting leader election (no leader contacted us within the election timeout)
I20260710 13:21:38.444809 17785 raft_consensus.cc:3060] T 23698b96d3d84e938f8b0149bdd3d211 P d8bcba07105c4340b2609b3b3602c2e8 [term 0 FOLLOWER]: Advancing to term 1
W20260710 13:21:38.453454 17640 leader_election.cc:343] T 23698b96d3d84e938f8b0149bdd3d211 P d8bcba07105c4340b2609b3b3602c2e8 [CANDIDATE]: Term 1 pre-election: Tablet error from VoteRequest() call to peer 8f0b94db080548d09cd67d1945590729 (127.16.11.66:39263): Illegal state: must be running to vote when last-logged opid is not known
I20260710 13:21:38.453367 17491 leader_election.cc:304] T 4adbe633369f4aee8bc93c6eeb101f18 P 28b3faef9b3c41a0945a501ecd28769a [CANDIDATE]: Term 1 election: Election decided. Result: candidate won. Election summary: received 3 responses out of 3 voters: 2 yes votes; 1 no votes. yes voters: 28b3faef9b3c41a0945a501ecd28769a, d8bcba07105c4340b2609b3b3602c2e8; no voters: 8f0b94db080548d09cd67d1945590729
W20260710 13:21:38.452354 17697 debug-util.cc:398] Leaking SignalData structure 0x7b080018ae00 after lost signal to thread 17700
I20260710 13:21:38.456274 17783 raft_consensus.cc:493] T c4242faafd5c43a0bb23be8a8647363f P 8f0b94db080548d09cd67d1945590729 [term 0 FOLLOWER]: Starting pre-election (no leader contacted us within the election timeout)
I20260710 13:21:38.456756 17783 raft_consensus.cc:515] T c4242faafd5c43a0bb23be8a8647363f P 8f0b94db080548d09cd67d1945590729 [term 0 FOLLOWER]: Starting pre-election with config: opid_index: -1 OBSOLETE_local: false peers { permanent_uuid: "28b3faef9b3c41a0945a501ecd28769a" member_type: VOTER last_known_addr { host: "127.16.11.65" port: 38599 } } peers { permanent_uuid: "8f0b94db080548d09cd67d1945590729" member_type: VOTER last_known_addr { host: "127.16.11.66" port: 39263 } } peers { permanent_uuid: "d8bcba07105c4340b2609b3b3602c2e8" member_type: VOTER last_known_addr { host: "127.16.11.67" port: 34991 } }
I20260710 13:21:38.458766 17783 leader_election.cc:290] T c4242faafd5c43a0bb23be8a8647363f P 8f0b94db080548d09cd67d1945590729 [CANDIDATE]: Term 1 pre-election: Requested pre-vote from peers 28b3faef9b3c41a0945a501ecd28769a (127.16.11.65:38599), d8bcba07105c4340b2609b3b3602c2e8 (127.16.11.67:34991)
I20260710 13:21:38.454627 17735 raft_consensus.cc:2804] T 4adbe633369f4aee8bc93c6eeb101f18 P 28b3faef9b3c41a0945a501ecd28769a [term 1 FOLLOWER]: Leader election won for term 1
I20260710 13:21:38.462649 17735 raft_consensus.cc:697] T 4adbe633369f4aee8bc93c6eeb101f18 P 28b3faef9b3c41a0945a501ecd28769a [term 1 LEADER]: Becoming Leader. State: Replica: 28b3faef9b3c41a0945a501ecd28769a, State: Running, Role: LEADER
I20260710 13:21:38.463522 17735 consensus_queue.cc:237] T 4adbe633369f4aee8bc93c6eeb101f18 P 28b3faef9b3c41a0945a501ecd28769a [LEADER]: Queue going to LEADER mode. State: All replicated index: 0, Majority replicated index: 0, Committed index: 0, Last appended: 0.0, Last appended by leader: 0, Current term: 1, Majority size: 2, State: 0, Mode: LEADER, active raft config: opid_index: -1 OBSOLETE_local: false peers { permanent_uuid: "28b3faef9b3c41a0945a501ecd28769a" member_type: VOTER last_known_addr { host: "127.16.11.65" port: 38599 } } peers { permanent_uuid: "8f0b94db080548d09cd67d1945590729" member_type: VOTER last_known_addr { host: "127.16.11.66" port: 39263 } } peers { permanent_uuid: "d8bcba07105c4340b2609b3b3602c2e8" member_type: VOTER last_known_addr { host: "127.16.11.67" port: 34991 } }
I20260710 13:21:38.466825 17789 raft_consensus.cc:493] T c49e2f0a2ee443af9cea48d607645b80 P 8f0b94db080548d09cd67d1945590729 [term 0 FOLLOWER]: Starting pre-election (no leader contacted us within the election timeout)
I20260710 13:21:38.467381 17789 raft_consensus.cc:515] T c49e2f0a2ee443af9cea48d607645b80 P 8f0b94db080548d09cd67d1945590729 [term 0 FOLLOWER]: Starting pre-election with config: opid_index: -1 OBSOLETE_local: false peers { permanent_uuid: "28b3faef9b3c41a0945a501ecd28769a" member_type: VOTER last_known_addr { host: "127.16.11.65" port: 38599 } } peers { permanent_uuid: "8f0b94db080548d09cd67d1945590729" member_type: VOTER last_known_addr { host: "127.16.11.66" port: 39263 } } peers { permanent_uuid: "d8bcba07105c4340b2609b3b3602c2e8" member_type: VOTER last_known_addr { host: "127.16.11.67" port: 34991 } }
I20260710 13:21:38.468617 17717 tablet_bootstrap.cc:492] T c3c47d9b9c5040788ba177b8930fd0bd P 8f0b94db080548d09cd67d1945590729: No bootstrap required, opened a new log
I20260710 13:21:38.469072 17717 ts_tablet_manager.cc:1403] T c3c47d9b9c5040788ba177b8930fd0bd P 8f0b94db080548d09cd67d1945590729: Time spent bootstrapping tablet: real 0.052s	user 0.019s	sys 0.003s
W20260710 13:21:38.474619 17473 auto_rebalancer.cc:288] Could not retrieve cluster info: Service unavailable: Tablet not running
I20260710 13:21:38.474895 17524 tablet_service.cc:1917] Received RequestConsensusVote() RPC: tablet_id: "c4242faafd5c43a0bb23be8a8647363f" candidate_uuid: "8f0b94db080548d09cd67d1945590729" candidate_term: 1 candidate_status { last_received { term: 0 index: 0 } } ignore_live_leader: false dest_uuid: "28b3faef9b3c41a0945a501ecd28769a" is_pre_election: true
I20260710 13:21:38.475442 17789 leader_election.cc:290] T c49e2f0a2ee443af9cea48d607645b80 P 8f0b94db080548d09cd67d1945590729 [CANDIDATE]: Term 1 pre-election: Requested pre-vote from peers 28b3faef9b3c41a0945a501ecd28769a (127.16.11.65:38599), d8bcba07105c4340b2609b3b3602c2e8 (127.16.11.67:34991)
I20260710 13:21:38.475607 17524 raft_consensus.cc:2468] T c4242faafd5c43a0bb23be8a8647363f P 28b3faef9b3c41a0945a501ecd28769a [term 0 FOLLOWER]: Leader pre-election vote request: Granting yes vote for candidate 8f0b94db080548d09cd67d1945590729 in term 0.
I20260710 13:21:38.476447 17526 tablet_service.cc:1917] Received RequestConsensusVote() RPC: tablet_id: "c49e2f0a2ee443af9cea48d607645b80" candidate_uuid: "8f0b94db080548d09cd67d1945590729" candidate_term: 1 candidate_status { last_received { term: 0 index: 0 } } ignore_live_leader: false dest_uuid: "28b3faef9b3c41a0945a501ecd28769a" is_pre_election: true
I20260710 13:21:38.477029 17526 raft_consensus.cc:2468] T c49e2f0a2ee443af9cea48d607645b80 P 28b3faef9b3c41a0945a501ecd28769a [term 0 FOLLOWER]: Leader pre-election vote request: Granting yes vote for candidate 8f0b94db080548d09cd67d1945590729 in term 0.
I20260710 13:21:38.477074 17566 leader_election.cc:304] T c4242faafd5c43a0bb23be8a8647363f P 8f0b94db080548d09cd67d1945590729 [CANDIDATE]: Term 1 pre-election: Election decided. Result: candidate won. Election summary: received 2 responses out of 3 voters: 2 yes votes; 0 no votes. yes voters: 28b3faef9b3c41a0945a501ecd28769a, 8f0b94db080548d09cd67d1945590729; no voters: 
I20260710 13:21:38.478917 17675 tablet_service.cc:1917] Received RequestConsensusVote() RPC: tablet_id: "c49e2f0a2ee443af9cea48d607645b80" candidate_uuid: "8f0b94db080548d09cd67d1945590729" candidate_term: 1 candidate_status { last_received { term: 0 index: 0 } } ignore_live_leader: false dest_uuid: "d8bcba07105c4340b2609b3b3602c2e8" is_pre_election: true
I20260710 13:21:38.479517 17675 raft_consensus.cc:2468] T c49e2f0a2ee443af9cea48d607645b80 P d8bcba07105c4340b2609b3b3602c2e8 [term 0 FOLLOWER]: Leader pre-election vote request: Granting yes vote for candidate 8f0b94db080548d09cd67d1945590729 in term 0.
I20260710 13:21:38.480413 17674 tablet_service.cc:1917] Received RequestConsensusVote() RPC: tablet_id: "c4242faafd5c43a0bb23be8a8647363f" candidate_uuid: "8f0b94db080548d09cd67d1945590729" candidate_term: 1 candidate_status { last_received { term: 0 index: 0 } } ignore_live_leader: false dest_uuid: "d8bcba07105c4340b2609b3b3602c2e8" is_pre_election: true
I20260710 13:21:38.481012 17674 raft_consensus.cc:2468] T c4242faafd5c43a0bb23be8a8647363f P d8bcba07105c4340b2609b3b3602c2e8 [term 0 FOLLOWER]: Leader pre-election vote request: Granting yes vote for candidate 8f0b94db080548d09cd67d1945590729 in term 0.
I20260710 13:21:38.482759 17789 raft_consensus.cc:2804] T c4242faafd5c43a0bb23be8a8647363f P 8f0b94db080548d09cd67d1945590729 [term 0 FOLLOWER]: Leader pre-election won for term 1
I20260710 13:21:38.486171 17789 raft_consensus.cc:493] T c4242faafd5c43a0bb23be8a8647363f P 8f0b94db080548d09cd67d1945590729 [term 0 FOLLOWER]: Starting leader election (no leader contacted us within the election timeout)
I20260710 13:21:38.485890 17785 raft_consensus.cc:515] T 23698b96d3d84e938f8b0149bdd3d211 P d8bcba07105c4340b2609b3b3602c2e8 [term 1 FOLLOWER]: Starting leader election with config: opid_index: -1 OBSOLETE_local: false peers { permanent_uuid: "28b3faef9b3c41a0945a501ecd28769a" member_type: VOTER last_known_addr { host: "127.16.11.65" port: 38599 } } peers { permanent_uuid: "8f0b94db080548d09cd67d1945590729" member_type: VOTER last_known_addr { host: "127.16.11.66" port: 39263 } } peers { permanent_uuid: "d8bcba07105c4340b2609b3b3602c2e8" member_type: VOTER last_known_addr { host: "127.16.11.67" port: 34991 } }
I20260710 13:21:38.486501 17789 raft_consensus.cc:3060] T c4242faafd5c43a0bb23be8a8647363f P 8f0b94db080548d09cd67d1945590729 [term 0 FOLLOWER]: Advancing to term 1
I20260710 13:21:38.487975 17785 leader_election.cc:290] T 23698b96d3d84e938f8b0149bdd3d211 P d8bcba07105c4340b2609b3b3602c2e8 [CANDIDATE]: Term 1 election: Requested vote from peers 28b3faef9b3c41a0945a501ecd28769a (127.16.11.65:38599), 8f0b94db080548d09cd67d1945590729 (127.16.11.66:39263)
I20260710 13:21:38.482904 17566 leader_election.cc:304] T c49e2f0a2ee443af9cea48d607645b80 P 8f0b94db080548d09cd67d1945590729 [CANDIDATE]: Term 1 pre-election: Election decided. Result: candidate won. Election summary: received 2 responses out of 3 voters: 2 yes votes; 0 no votes. yes voters: 28b3faef9b3c41a0945a501ecd28769a, 8f0b94db080548d09cd67d1945590729; no voters: 
I20260710 13:21:38.490684 17783 raft_consensus.cc:2804] T c49e2f0a2ee443af9cea48d607645b80 P 8f0b94db080548d09cd67d1945590729 [term 0 FOLLOWER]: Leader pre-election won for term 1
I20260710 13:21:38.491046 17783 raft_consensus.cc:493] T c49e2f0a2ee443af9cea48d607645b80 P 8f0b94db080548d09cd67d1945590729 [term 0 FOLLOWER]: Starting leader election (no leader contacted us within the election timeout)
I20260710 13:21:38.491362 17783 raft_consensus.cc:3060] T c49e2f0a2ee443af9cea48d607645b80 P 8f0b94db080548d09cd67d1945590729 [term 0 FOLLOWER]: Advancing to term 1
I20260710 13:21:38.493520 17602 tablet_service.cc:1917] Received RequestConsensusVote() RPC: tablet_id: "23698b96d3d84e938f8b0149bdd3d211" candidate_uuid: "d8bcba07105c4340b2609b3b3602c2e8" candidate_term: 1 candidate_status { last_received { term: 0 index: 0 } } ignore_live_leader: false dest_uuid: "8f0b94db080548d09cd67d1945590729"
I20260710 13:21:38.494402 17526 tablet_service.cc:1917] Received RequestConsensusVote() RPC: tablet_id: "23698b96d3d84e938f8b0149bdd3d211" candidate_uuid: "d8bcba07105c4340b2609b3b3602c2e8" candidate_term: 1 candidate_status { last_received { term: 0 index: 0 } } ignore_live_leader: false dest_uuid: "28b3faef9b3c41a0945a501ecd28769a"
I20260710 13:21:38.495005 17526 raft_consensus.cc:3060] T 23698b96d3d84e938f8b0149bdd3d211 P 28b3faef9b3c41a0945a501ecd28769a [term 0 FOLLOWER]: Advancing to term 1
I20260710 13:21:38.493063 17785 consensus_queue.cc:1048] T c38e29a2ce5747b1b426ca0eca31d9b7 P d8bcba07105c4340b2609b3b3602c2e8 [LEADER]: Connected to new peer: Peer: permanent_uuid: "28b3faef9b3c41a0945a501ecd28769a" member_type: VOTER last_known_addr { host: "127.16.11.65" port: 38599 }, Status: LMP_MISMATCH, Last received: 0.0, Next index: 1, Last known committed idx: 0, Time since last communication: 0.003s
I20260710 13:21:38.495992 17716 tablet_bootstrap.cc:492] T 03bedab54fde48468694416e55047689 P d8bcba07105c4340b2609b3b3602c2e8: No bootstrap required, opened a new log
W20260710 13:21:38.496031 17640 leader_election.cc:343] T 23698b96d3d84e938f8b0149bdd3d211 P d8bcba07105c4340b2609b3b3602c2e8 [CANDIDATE]: Term 1 election: Tablet error from VoteRequest() call to peer 8f0b94db080548d09cd67d1945590729 (127.16.11.66:39263): Illegal state: must be running to vote when last-logged opid is not known
I20260710 13:21:38.496574 17716 ts_tablet_manager.cc:1403] T 03bedab54fde48468694416e55047689 P d8bcba07105c4340b2609b3b3602c2e8: Time spent bootstrapping tablet: real 0.091s	user 0.036s	sys 0.017s
I20260710 13:21:38.501621 17789 raft_consensus.cc:515] T c4242faafd5c43a0bb23be8a8647363f P 8f0b94db080548d09cd67d1945590729 [term 1 FOLLOWER]: Starting leader election with config: opid_index: -1 OBSOLETE_local: false peers { permanent_uuid: "28b3faef9b3c41a0945a501ecd28769a" member_type: VOTER last_known_addr { host: "127.16.11.65" port: 38599 } } peers { permanent_uuid: "8f0b94db080548d09cd67d1945590729" member_type: VOTER last_known_addr { host: "127.16.11.66" port: 39263 } } peers { permanent_uuid: "d8bcba07105c4340b2609b3b3602c2e8" member_type: VOTER last_known_addr { host: "127.16.11.67" port: 34991 } }
I20260710 13:21:38.504189 17525 tablet_service.cc:1917] Received RequestConsensusVote() RPC: tablet_id: "c4242faafd5c43a0bb23be8a8647363f" candidate_uuid: "8f0b94db080548d09cd67d1945590729" candidate_term: 1 candidate_status { last_received { term: 0 index: 0 } } ignore_live_leader: false dest_uuid: "28b3faef9b3c41a0945a501ecd28769a"
I20260710 13:21:38.504338 17526 raft_consensus.cc:2468] T 23698b96d3d84e938f8b0149bdd3d211 P 28b3faef9b3c41a0945a501ecd28769a [term 1 FOLLOWER]: Leader election vote request: Granting yes vote for candidate d8bcba07105c4340b2609b3b3602c2e8 in term 1.
I20260710 13:21:38.504769 17525 raft_consensus.cc:3060] T c4242faafd5c43a0bb23be8a8647363f P 28b3faef9b3c41a0945a501ecd28769a [term 0 FOLLOWER]: Advancing to term 1
I20260710 13:21:38.505187 17717 raft_consensus.cc:359] T c3c47d9b9c5040788ba177b8930fd0bd P 8f0b94db080548d09cd67d1945590729 [term 0 FOLLOWER]: Replica starting. Triggering 0 pending ops. Active config: opid_index: -1 OBSOLETE_local: false peers { permanent_uuid: "28b3faef9b3c41a0945a501ecd28769a" member_type: VOTER last_known_addr { host: "127.16.11.65" port: 38599 } } peers { permanent_uuid: "8f0b94db080548d09cd67d1945590729" member_type: VOTER last_known_addr { host: "127.16.11.66" port: 39263 } } peers { permanent_uuid: "d8bcba07105c4340b2609b3b3602c2e8" member_type: VOTER last_known_addr { host: "127.16.11.67" port: 34991 } }
I20260710 13:21:38.505851 17717 raft_consensus.cc:385] T c3c47d9b9c5040788ba177b8930fd0bd P 8f0b94db080548d09cd67d1945590729 [term 0 FOLLOWER]: Consensus starting up: Expiring failure detector timer to make a prompt election more likely
I20260710 13:21:38.506114 17717 raft_consensus.cc:740] T c3c47d9b9c5040788ba177b8930fd0bd P 8f0b94db080548d09cd67d1945590729 [term 0 FOLLOWER]: Becoming Follower/Learner. State: Replica: 8f0b94db080548d09cd67d1945590729, State: Initialized, Role: FOLLOWER
I20260710 13:21:38.506896 17717 consensus_queue.cc:260] T c3c47d9b9c5040788ba177b8930fd0bd P 8f0b94db080548d09cd67d1945590729 [NON_LEADER]: Queue going to NON_LEADER mode. State: All replicated index: 0, Majority replicated index: 0, Committed index: 0, Last appended: 0.0, Last appended by leader: 0, Current term: 0, Majority size: -1, State: 0, Mode: NON_LEADER, active raft config: opid_index: -1 OBSOLETE_local: false peers { permanent_uuid: "28b3faef9b3c41a0945a501ecd28769a" member_type: VOTER last_known_addr { host: "127.16.11.65" port: 38599 } } peers { permanent_uuid: "8f0b94db080548d09cd67d1945590729" member_type: VOTER last_known_addr { host: "127.16.11.66" port: 39263 } } peers { permanent_uuid: "d8bcba07105c4340b2609b3b3602c2e8" member_type: VOTER last_known_addr { host: "127.16.11.67" port: 34991 } }
I20260710 13:21:38.505679 17424 catalog_manager.cc:5697] T 4adbe633369f4aee8bc93c6eeb101f18 P 28b3faef9b3c41a0945a501ecd28769a reported cstate change: term changed from 0 to 1, leader changed from <none> to 28b3faef9b3c41a0945a501ecd28769a (127.16.11.65). New cstate: current_term: 1 leader_uuid: "28b3faef9b3c41a0945a501ecd28769a" committed_config { opid_index: -1 OBSOLETE_local: false peers { permanent_uuid: "28b3faef9b3c41a0945a501ecd28769a" member_type: VOTER last_known_addr { host: "127.16.11.65" port: 38599 } health_report { overall_health: HEALTHY } } peers { permanent_uuid: "8f0b94db080548d09cd67d1945590729" member_type: VOTER last_known_addr { host: "127.16.11.66" port: 39263 } health_report { overall_health: UNKNOWN } } peers { permanent_uuid: "d8bcba07105c4340b2609b3b3602c2e8" member_type: VOTER last_known_addr { host: "127.16.11.67" port: 34991 } health_report { overall_health: UNKNOWN } } }
I20260710 13:21:38.510674 17716 raft_consensus.cc:359] T 03bedab54fde48468694416e55047689 P d8bcba07105c4340b2609b3b3602c2e8 [term 0 FOLLOWER]: Replica starting. Triggering 0 pending ops. Active config: opid_index: -1 OBSOLETE_local: false peers { permanent_uuid: "28b3faef9b3c41a0945a501ecd28769a" member_type: VOTER last_known_addr { host: "127.16.11.65" port: 38599 } } peers { permanent_uuid: "8f0b94db080548d09cd67d1945590729" member_type: VOTER last_known_addr { host: "127.16.11.66" port: 39263 } } peers { permanent_uuid: "d8bcba07105c4340b2609b3b3602c2e8" member_type: VOTER last_known_addr { host: "127.16.11.67" port: 34991 } }
I20260710 13:21:38.511358 17716 raft_consensus.cc:385] T 03bedab54fde48468694416e55047689 P d8bcba07105c4340b2609b3b3602c2e8 [term 0 FOLLOWER]: Consensus starting up: Expiring failure detector timer to make a prompt election more likely
I20260710 13:21:38.511507 17789 leader_election.cc:290] T c4242faafd5c43a0bb23be8a8647363f P 8f0b94db080548d09cd67d1945590729 [CANDIDATE]: Term 1 election: Requested vote from peers 28b3faef9b3c41a0945a501ecd28769a (127.16.11.65:38599), d8bcba07105c4340b2609b3b3602c2e8 (127.16.11.67:34991)
I20260710 13:21:38.512897 17674 tablet_service.cc:1917] Received RequestConsensusVote() RPC: tablet_id: "c4242faafd5c43a0bb23be8a8647363f" candidate_uuid: "8f0b94db080548d09cd67d1945590729" candidate_term: 1 candidate_status { last_received { term: 0 index: 0 } } ignore_live_leader: false dest_uuid: "d8bcba07105c4340b2609b3b3602c2e8"
I20260710 13:21:38.513480 17674 raft_consensus.cc:3060] T c4242faafd5c43a0bb23be8a8647363f P d8bcba07105c4340b2609b3b3602c2e8 [term 0 FOLLOWER]: Advancing to term 1
I20260710 13:21:38.513389 17640 leader_election.cc:304] T 23698b96d3d84e938f8b0149bdd3d211 P d8bcba07105c4340b2609b3b3602c2e8 [CANDIDATE]: Term 1 election: Election decided. Result: candidate won. Election summary: received 3 responses out of 3 voters: 2 yes votes; 1 no votes. yes voters: 28b3faef9b3c41a0945a501ecd28769a, d8bcba07105c4340b2609b3b3602c2e8; no voters: 8f0b94db080548d09cd67d1945590729
I20260710 13:21:38.514271 17785 raft_consensus.cc:2804] T 23698b96d3d84e938f8b0149bdd3d211 P d8bcba07105c4340b2609b3b3602c2e8 [term 1 FOLLOWER]: Leader election won for term 1
I20260710 13:21:38.514729 17785 raft_consensus.cc:697] T 23698b96d3d84e938f8b0149bdd3d211 P d8bcba07105c4340b2609b3b3602c2e8 [term 1 LEADER]: Becoming Leader. State: Replica: d8bcba07105c4340b2609b3b3602c2e8, State: Running, Role: LEADER
I20260710 13:21:38.511626 17716 raft_consensus.cc:740] T 03bedab54fde48468694416e55047689 P d8bcba07105c4340b2609b3b3602c2e8 [term 0 FOLLOWER]: Becoming Follower/Learner. State: Replica: d8bcba07105c4340b2609b3b3602c2e8, State: Initialized, Role: FOLLOWER
I20260710 13:21:38.515475 17785 consensus_queue.cc:237] T 23698b96d3d84e938f8b0149bdd3d211 P d8bcba07105c4340b2609b3b3602c2e8 [LEADER]: Queue going to LEADER mode. State: All replicated index: 0, Majority replicated index: 0, Committed index: 0, Last appended: 0.0, Last appended by leader: 0, Current term: 1, Majority size: 2, State: 0, Mode: LEADER, active raft config: opid_index: -1 OBSOLETE_local: false peers { permanent_uuid: "28b3faef9b3c41a0945a501ecd28769a" member_type: VOTER last_known_addr { host: "127.16.11.65" port: 38599 } } peers { permanent_uuid: "8f0b94db080548d09cd67d1945590729" member_type: VOTER last_known_addr { host: "127.16.11.66" port: 39263 } } peers { permanent_uuid: "d8bcba07105c4340b2609b3b3602c2e8" member_type: VOTER last_known_addr { host: "127.16.11.67" port: 34991 } }
I20260710 13:21:38.520911 17783 raft_consensus.cc:515] T c49e2f0a2ee443af9cea48d607645b80 P 8f0b94db080548d09cd67d1945590729 [term 1 FOLLOWER]: Starting leader election with config: opid_index: -1 OBSOLETE_local: false peers { permanent_uuid: "28b3faef9b3c41a0945a501ecd28769a" member_type: VOTER last_known_addr { host: "127.16.11.65" port: 38599 } } peers { permanent_uuid: "8f0b94db080548d09cd67d1945590729" member_type: VOTER last_known_addr { host: "127.16.11.66" port: 39263 } } peers { permanent_uuid: "d8bcba07105c4340b2609b3b3602c2e8" member_type: VOTER last_known_addr { host: "127.16.11.67" port: 34991 } }
I20260710 13:21:38.523536 17717 ts_tablet_manager.cc:1434] T c3c47d9b9c5040788ba177b8930fd0bd P 8f0b94db080548d09cd67d1945590729: Time spent starting tablet: real 0.054s	user 0.006s	sys 0.001s
I20260710 13:21:38.524065 17716 consensus_queue.cc:260] T 03bedab54fde48468694416e55047689 P d8bcba07105c4340b2609b3b3602c2e8 [NON_LEADER]: Queue going to NON_LEADER mode. State: All replicated index: 0, Majority replicated index: 0, Committed index: 0, Last appended: 0.0, Last appended by leader: 0, Current term: 0, Majority size: -1, State: 0, Mode: NON_LEADER, active raft config: opid_index: -1 OBSOLETE_local: false peers { permanent_uuid: "28b3faef9b3c41a0945a501ecd28769a" member_type: VOTER last_known_addr { host: "127.16.11.65" port: 38599 } } peers { permanent_uuid: "8f0b94db080548d09cd67d1945590729" member_type: VOTER last_known_addr { host: "127.16.11.66" port: 39263 } } peers { permanent_uuid: "d8bcba07105c4340b2609b3b3602c2e8" member_type: VOTER last_known_addr { host: "127.16.11.67" port: 34991 } }
I20260710 13:21:38.526546 17674 raft_consensus.cc:2468] T c4242faafd5c43a0bb23be8a8647363f P d8bcba07105c4340b2609b3b3602c2e8 [term 1 FOLLOWER]: Leader election vote request: Granting yes vote for candidate 8f0b94db080548d09cd67d1945590729 in term 1.
I20260710 13:21:38.528618 17735 consensus_queue.cc:1048] T a917ce28616c4039802457aa9aad9fab P 28b3faef9b3c41a0945a501ecd28769a [LEADER]: Connected to new peer: Peer: permanent_uuid: "8f0b94db080548d09cd67d1945590729" member_type: VOTER last_known_addr { host: "127.16.11.66" port: 39263 }, Status: LMP_MISMATCH, Last received: 0.0, Next index: 1, Last known committed idx: 0, Time since last communication: 0.000s
I20260710 13:21:38.531980 17717 tablet_bootstrap.cc:492] T 76b9e65aae7a4de688de2bde8440f296 P 8f0b94db080548d09cd67d1945590729: Bootstrap starting.
I20260710 13:21:38.533028 17716 ts_tablet_manager.cc:1434] T 03bedab54fde48468694416e55047689 P d8bcba07105c4340b2609b3b3602c2e8: Time spent starting tablet: real 0.036s	user 0.004s	sys 0.004s
I20260710 13:21:38.536859 17716 tablet_bootstrap.cc:492] T c3c47d9b9c5040788ba177b8930fd0bd P d8bcba07105c4340b2609b3b3602c2e8: Bootstrap starting.
I20260710 13:21:38.538656 17783 leader_election.cc:290] T c49e2f0a2ee443af9cea48d607645b80 P 8f0b94db080548d09cd67d1945590729 [CANDIDATE]: Term 1 election: Requested vote from peers 28b3faef9b3c41a0945a501ecd28769a (127.16.11.65:38599), d8bcba07105c4340b2609b3b3602c2e8 (127.16.11.67:34991)
I20260710 13:21:38.543732 17566 leader_election.cc:304] T c4242faafd5c43a0bb23be8a8647363f P 8f0b94db080548d09cd67d1945590729 [CANDIDATE]: Term 1 election: Election decided. Result: candidate won. Election summary: received 2 responses out of 3 voters: 2 yes votes; 0 no votes. yes voters: 8f0b94db080548d09cd67d1945590729, d8bcba07105c4340b2609b3b3602c2e8; no voters: 
I20260710 13:21:38.545202 17783 raft_consensus.cc:2804] T c4242faafd5c43a0bb23be8a8647363f P 8f0b94db080548d09cd67d1945590729 [term 1 FOLLOWER]: Leader election won for term 1
I20260710 13:21:38.545841 17675 tablet_service.cc:1917] Received RequestConsensusVote() RPC: tablet_id: "c49e2f0a2ee443af9cea48d607645b80" candidate_uuid: "8f0b94db080548d09cd67d1945590729" candidate_term: 1 candidate_status { last_received { term: 0 index: 0 } } ignore_live_leader: false dest_uuid: "d8bcba07105c4340b2609b3b3602c2e8"
I20260710 13:21:38.546192 17527 tablet_service.cc:1917] Received RequestConsensusVote() RPC: tablet_id: "c49e2f0a2ee443af9cea48d607645b80" candidate_uuid: "8f0b94db080548d09cd67d1945590729" candidate_term: 1 candidate_status { last_received { term: 0 index: 0 } } ignore_live_leader: false dest_uuid: "28b3faef9b3c41a0945a501ecd28769a"
I20260710 13:21:38.546763 17527 raft_consensus.cc:3060] T c49e2f0a2ee443af9cea48d607645b80 P 28b3faef9b3c41a0945a501ecd28769a [term 0 FOLLOWER]: Advancing to term 1
I20260710 13:21:38.549183 17675 raft_consensus.cc:3060] T c49e2f0a2ee443af9cea48d607645b80 P d8bcba07105c4340b2609b3b3602c2e8 [term 0 FOLLOWER]: Advancing to term 1
I20260710 13:21:38.551023 17716 tablet_bootstrap.cc:654] T c3c47d9b9c5040788ba177b8930fd0bd P d8bcba07105c4340b2609b3b3602c2e8: Neither blocks nor log segments found. Creating new log.
I20260710 13:21:38.546566 17783 raft_consensus.cc:697] T c4242faafd5c43a0bb23be8a8647363f P 8f0b94db080548d09cd67d1945590729 [term 1 LEADER]: Becoming Leader. State: Replica: 8f0b94db080548d09cd67d1945590729, State: Running, Role: LEADER
I20260710 13:21:38.554678 17783 consensus_queue.cc:237] T c4242faafd5c43a0bb23be8a8647363f P 8f0b94db080548d09cd67d1945590729 [LEADER]: Queue going to LEADER mode. State: All replicated index: 0, Majority replicated index: 0, Committed index: 0, Last appended: 0.0, Last appended by leader: 0, Current term: 1, Majority size: 2, State: 0, Mode: LEADER, active raft config: opid_index: -1 OBSOLETE_local: false peers { permanent_uuid: "28b3faef9b3c41a0945a501ecd28769a" member_type: VOTER last_known_addr { host: "127.16.11.65" port: 38599 } } peers { permanent_uuid: "8f0b94db080548d09cd67d1945590729" member_type: VOTER last_known_addr { host: "127.16.11.66" port: 39263 } } peers { permanent_uuid: "d8bcba07105c4340b2609b3b3602c2e8" member_type: VOTER last_known_addr { host: "127.16.11.67" port: 34991 } }
