I20260710 13:21:37.315850 12155 catalog_manager.cc:5028] TS d1e02579eec1445bb87100d6d381bf5e (127.10.236.3:32825): tablet 80159b7e10d6410bb098531e8b5f986a (table test-workload [id=2e6e151417cf4e509817712a8d31aa59]) successfully deleted
I20260710 13:21:37.326231 12404 tablet_service.cc:1558] Processing DeleteTablet for tablet 93285f5efb54460cb24f093f646a6392 with delete_type TABLET_DATA_TOMBSTONED (TS d1e02579eec1445bb87100d6d381bf5e not found in new config with opid_index 4) from {username='slave'} at 127.0.0.1:49390
I20260710 13:21:37.327653 12871 tablet_replica.cc:333] T 93285f5efb54460cb24f093f646a6392 P d1e02579eec1445bb87100d6d381bf5e: stopping tablet replica
I20260710 13:21:37.328583 12871 raft_consensus.cc:2243] T 93285f5efb54460cb24f093f646a6392 P d1e02579eec1445bb87100d6d381bf5e [term 1 FOLLOWER]: Raft consensus shutting down.
I20260710 13:21:37.329232 12871 raft_consensus.cc:2272] T 93285f5efb54460cb24f093f646a6392 P d1e02579eec1445bb87100d6d381bf5e [term 1 FOLLOWER]: Raft consensus is shut down!
I20260710 13:21:37.335716 12872 ts_tablet_manager.cc:1929] T de5c58ec21da4b8d8e641341c692e084 P 3ad509d640614c6a83b1ee8740085760: tablet deleted with delete type TABLET_DATA_TOMBSTONED: last-logged OpId 1.3
I20260710 13:21:37.335721 12345 consensus_queue.cc:237] T 016757e6573d496e91f989d945e9420d P 3ad509d640614c6a83b1ee8740085760 [LEADER]: Queue going to LEADER mode. State: All replicated index: 0, Majority replicated index: 3, Committed index: 3, Last appended: 1.3, Last appended by leader: 0, Current term: 1, Majority size: 2, State: 0, Mode: LEADER, active raft config: opid_index: 4 OBSOLETE_local: false peers { permanent_uuid: "3ad509d640614c6a83b1ee8740085760" member_type: VOTER last_known_addr { host: "127.10.236.2" port: 34643 } } peers { permanent_uuid: "d1e02579eec1445bb87100d6d381bf5e" member_type: VOTER last_known_addr { host: "127.10.236.3" port: 32825 } } peers { permanent_uuid: "c8f79540ef5049a986b2031c0e01a856" member_type: VOTER last_known_addr { host: "127.10.236.4" port: 36903 } attrs { promote: false } }
I20260710 13:21:37.339692 12871 ts_tablet_manager.cc:1916] T 93285f5efb54460cb24f093f646a6392 P d1e02579eec1445bb87100d6d381bf5e: Deleting tablet data with delete state TABLET_DATA_TOMBSTONED
I20260710 13:21:37.340315 12872 log.cc:1199] T de5c58ec21da4b8d8e641341c692e084 P 3ad509d640614c6a83b1ee8740085760: Deleting WAL directory at /tmp/dist-test-taskIgoWzo/test-tmp/auto_leader_rebalancer-test.0.LeaderRebalancerTest.AddTserver.1783689664207816-11184-0/minicluster-data/ts-1-root/wals/de5c58ec21da4b8d8e641341c692e084
I20260710 13:21:37.342319 12153 catalog_manager.cc:5028] TS 3ad509d640614c6a83b1ee8740085760 (127.10.236.2:34643): tablet de5c58ec21da4b8d8e641341c692e084 (table test-workload [id=2e6e151417cf4e509817712a8d31aa59]) successfully deleted
I20260710 13:21:37.342337 12705 raft_consensus.cc:1275] T 016757e6573d496e91f989d945e9420d P c8f79540ef5049a986b2031c0e01a856 [term 1 FOLLOWER]: Refusing update from remote peer 3ad509d640614c6a83b1ee8740085760: Log matching property violated. Preceding OpId in replica: term: 1 index: 3. Preceding OpId from leader: term: 1 index: 4. (index mismatch)
I20260710 13:21:37.344303 12418 raft_consensus.cc:1275] T 016757e6573d496e91f989d945e9420d P d1e02579eec1445bb87100d6d381bf5e [term 1 FOLLOWER]: Refusing update from remote peer 3ad509d640614c6a83b1ee8740085760: Log matching property violated. Preceding OpId in replica: term: 1 index: 3. Preceding OpId from leader: term: 1 index: 4. (index mismatch)
I20260710 13:21:37.344297 12849 consensus_queue.cc:1048] T 016757e6573d496e91f989d945e9420d P 3ad509d640614c6a83b1ee8740085760 [LEADER]: Connected to new peer: Peer: permanent_uuid: "c8f79540ef5049a986b2031c0e01a856" member_type: VOTER last_known_addr { host: "127.10.236.4" port: 36903 } attrs { promote: false }, Status: LMP_MISMATCH, Last received: 0.0, Next index: 4, Last known committed idx: 3, Time since last communication: 0.001s
I20260710 13:21:37.345816 12813 consensus_queue.cc:1048] T 016757e6573d496e91f989d945e9420d P 3ad509d640614c6a83b1ee8740085760 [LEADER]: Connected to new peer: Peer: permanent_uuid: "d1e02579eec1445bb87100d6d381bf5e" member_type: VOTER last_known_addr { host: "127.10.236.3" port: 32825 }, Status: LMP_MISMATCH, Last received: 0.0, Next index: 4, Last known committed idx: 3, Time since last communication: 0.000s
I20260710 13:21:37.352919 12871 ts_tablet_manager.cc:1929] T 93285f5efb54460cb24f093f646a6392 P d1e02579eec1445bb87100d6d381bf5e: tablet deleted with delete type TABLET_DATA_TOMBSTONED: last-logged OpId 1.3
I20260710 13:21:37.353322 12871 log.cc:1199] T 93285f5efb54460cb24f093f646a6392 P d1e02579eec1445bb87100d6d381bf5e: Deleting WAL directory at /tmp/dist-test-taskIgoWzo/test-tmp/auto_leader_rebalancer-test.0.LeaderRebalancerTest.AddTserver.1783689664207816-11184-0/minicluster-data/ts-2-root/wals/93285f5efb54460cb24f093f646a6392
I20260710 13:21:37.353763 12815 raft_consensus.cc:2955] T 016757e6573d496e91f989d945e9420d P 3ad509d640614c6a83b1ee8740085760 [term 1 LEADER]: Committing config change with OpId 1.4: config changed from index 3 to 4, VOTER 61bd765b529b4c46aefb0f3647cbf721 (127.10.236.1) evicted. New config: { opid_index: 4 OBSOLETE_local: false peers { permanent_uuid: "3ad509d640614c6a83b1ee8740085760" member_type: VOTER last_known_addr { host: "127.10.236.2" port: 34643 } } peers { permanent_uuid: "d1e02579eec1445bb87100d6d381bf5e" member_type: VOTER last_known_addr { host: "127.10.236.3" port: 32825 } } peers { permanent_uuid: "c8f79540ef5049a986b2031c0e01a856" member_type: VOTER last_known_addr { host: "127.10.236.4" port: 36903 } attrs { promote: false } } }
I20260710 13:21:37.354874 12155 catalog_manager.cc:5028] TS d1e02579eec1445bb87100d6d381bf5e (127.10.236.3:32825): tablet 93285f5efb54460cb24f093f646a6392 (table test-workload [id=2e6e151417cf4e509817712a8d31aa59]) successfully deleted
I20260710 13:21:37.355592 12418 raft_consensus.cc:2955] T 016757e6573d496e91f989d945e9420d P d1e02579eec1445bb87100d6d381bf5e [term 1 FOLLOWER]: Committing config change with OpId 1.4: config changed from index 3 to 4, VOTER 61bd765b529b4c46aefb0f3647cbf721 (127.10.236.1) evicted. New config: { opid_index: 4 OBSOLETE_local: false peers { permanent_uuid: "3ad509d640614c6a83b1ee8740085760" member_type: VOTER last_known_addr { host: "127.10.236.2" port: 34643 } } peers { permanent_uuid: "d1e02579eec1445bb87100d6d381bf5e" member_type: VOTER last_known_addr { host: "127.10.236.3" port: 32825 } } peers { permanent_uuid: "c8f79540ef5049a986b2031c0e01a856" member_type: VOTER last_known_addr { host: "127.10.236.4" port: 36903 } attrs { promote: false } } }
I20260710 13:21:37.364619 12153 catalog_manager.cc:5210] ChangeConfig:REMOVE_PEER RPC for tablet 016757e6573d496e91f989d945e9420d with cas_config_opid_index 3: ChangeConfig:REMOVE_PEER succeeded (attempt 1)
I20260710 13:21:37.365994 12705 raft_consensus.cc:2955] T 016757e6573d496e91f989d945e9420d P c8f79540ef5049a986b2031c0e01a856 [term 1 FOLLOWER]: Committing config change with OpId 1.4: config changed from index 3 to 4, VOTER 61bd765b529b4c46aefb0f3647cbf721 (127.10.236.1) evicted. New config: { opid_index: 4 OBSOLETE_local: false peers { permanent_uuid: "3ad509d640614c6a83b1ee8740085760" member_type: VOTER last_known_addr { host: "127.10.236.2" port: 34643 } } peers { permanent_uuid: "d1e02579eec1445bb87100d6d381bf5e" member_type: VOTER last_known_addr { host: "127.10.236.3" port: 32825 } } peers { permanent_uuid: "c8f79540ef5049a986b2031c0e01a856" member_type: VOTER last_known_addr { host: "127.10.236.4" port: 36903 } attrs { promote: false } } }
I20260710 13:21:37.368963 12166 catalog_manager.cc:5697] T 016757e6573d496e91f989d945e9420d P 3ad509d640614c6a83b1ee8740085760 reported cstate change: config changed from index 3 to 4, VOTER 61bd765b529b4c46aefb0f3647cbf721 (127.10.236.1) evicted. New cstate: current_term: 1 leader_uuid: "3ad509d640614c6a83b1ee8740085760" committed_config { opid_index: 4 OBSOLETE_local: false peers { permanent_uuid: "3ad509d640614c6a83b1ee8740085760" member_type: VOTER last_known_addr { host: "127.10.236.2" port: 34643 } health_report { overall_health: HEALTHY } } peers { permanent_uuid: "d1e02579eec1445bb87100d6d381bf5e" member_type: VOTER last_known_addr { host: "127.10.236.3" port: 32825 } health_report { overall_health: HEALTHY } } peers { permanent_uuid: "c8f79540ef5049a986b2031c0e01a856" member_type: VOTER last_known_addr { host: "127.10.236.4" port: 36903 } attrs { promote: false } health_report { overall_health: HEALTHY } } }
I20260710 13:21:37.378679 12261 tablet_service.cc:1558] Processing DeleteTablet for tablet 016757e6573d496e91f989d945e9420d with delete_type TABLET_DATA_TOMBSTONED (TS 61bd765b529b4c46aefb0f3647cbf721 not found in new config with opid_index 4) from {username='slave'} at 127.0.0.1:59012
I20260710 13:21:37.380227 12873 tablet_replica.cc:333] T 016757e6573d496e91f989d945e9420d P 61bd765b529b4c46aefb0f3647cbf721: stopping tablet replica
I20260710 13:21:37.381256 12873 raft_consensus.cc:2243] T 016757e6573d496e91f989d945e9420d P 61bd765b529b4c46aefb0f3647cbf721 [term 1 FOLLOWER]: Raft consensus shutting down.
I20260710 13:21:37.381949 12873 raft_consensus.cc:2272] T 016757e6573d496e91f989d945e9420d P 61bd765b529b4c46aefb0f3647cbf721 [term 1 FOLLOWER]: Raft consensus is shut down!
I20260710 13:21:37.384613 12873 ts_tablet_manager.cc:1916] T 016757e6573d496e91f989d945e9420d P 61bd765b529b4c46aefb0f3647cbf721: Deleting tablet data with delete state TABLET_DATA_TOMBSTONED
I20260710 13:21:37.393838 12873 ts_tablet_manager.cc:1929] T 016757e6573d496e91f989d945e9420d P 61bd765b529b4c46aefb0f3647cbf721: tablet deleted with delete type TABLET_DATA_TOMBSTONED: last-logged OpId 1.3
I20260710 13:21:37.394094 12873 log.cc:1199] T 016757e6573d496e91f989d945e9420d P 61bd765b529b4c46aefb0f3647cbf721: Deleting WAL directory at /tmp/dist-test-taskIgoWzo/test-tmp/auto_leader_rebalancer-test.0.LeaderRebalancerTest.AddTserver.1783689664207816-11184-0/minicluster-data/ts-0-root/wals/016757e6573d496e91f989d945e9420d
I20260710 13:21:37.395447 12156 catalog_manager.cc:5028] TS 61bd765b529b4c46aefb0f3647cbf721 (127.10.236.1:33509): tablet 016757e6573d496e91f989d945e9420d (table test-workload [id=2e6e151417cf4e509817712a8d31aa59]) successfully deleted
I20260710 13:21:38.407440 12345 consensus_queue.cc:237] T 6279e2e60b9a4be190c337ed31264806 P 3ad509d640614c6a83b1ee8740085760 [LEADER]: Queue going to LEADER mode. State: All replicated index: 0, Majority replicated index: 1, Committed index: 1, Last appended: 1.1, Last appended by leader: 0, Current term: 1, Majority size: 2, State: 0, Mode: LEADER, active raft config: opid_index: 2 OBSOLETE_local: false peers { permanent_uuid: "61bd765b529b4c46aefb0f3647cbf721" member_type: VOTER last_known_addr { host: "127.10.236.1" port: 33509 } attrs { replace: true } } peers { permanent_uuid: "3ad509d640614c6a83b1ee8740085760" member_type: VOTER last_known_addr { host: "127.10.236.2" port: 34643 } } peers { permanent_uuid: "d1e02579eec1445bb87100d6d381bf5e" member_type: VOTER last_known_addr { host: "127.10.236.3" port: 32825 } } peers { permanent_uuid: "c8f79540ef5049a986b2031c0e01a856" member_type: NON_VOTER last_known_addr { host: "127.10.236.4" port: 36903 } attrs { promote: true } }
W20260710 13:21:38.413556 12312 consensus_peers.cc:597] T 6279e2e60b9a4be190c337ed31264806 P 3ad509d640614c6a83b1ee8740085760 -> Peer c8f79540ef5049a986b2031c0e01a856 (127.10.236.4:36903): Couldn't send request to peer c8f79540ef5049a986b2031c0e01a856. Error code: TABLET_NOT_FOUND (6). Status: Not found: Tablet not found: 6279e2e60b9a4be190c337ed31264806. This is attempt 1: this message will repeat every 5th retry.
I20260710 13:21:38.413745 12270 raft_consensus.cc:1275] T 6279e2e60b9a4be190c337ed31264806 P 61bd765b529b4c46aefb0f3647cbf721 [term 1 FOLLOWER]: Refusing update from remote peer 3ad509d640614c6a83b1ee8740085760: Log matching property violated. Preceding OpId in replica: term: 1 index: 1. Preceding OpId from leader: term: 1 index: 2. (index mismatch)
I20260710 13:21:38.413964 12416 raft_consensus.cc:1275] T 6279e2e60b9a4be190c337ed31264806 P d1e02579eec1445bb87100d6d381bf5e [term 1 FOLLOWER]: Refusing update from remote peer 3ad509d640614c6a83b1ee8740085760: Log matching property violated. Preceding OpId in replica: term: 1 index: 1. Preceding OpId from leader: term: 1 index: 2. (index mismatch)
I20260710 13:21:38.415123 12815 consensus_queue.cc:1048] T 6279e2e60b9a4be190c337ed31264806 P 3ad509d640614c6a83b1ee8740085760 [LEADER]: Connected to new peer: Peer: permanent_uuid: "61bd765b529b4c46aefb0f3647cbf721" member_type: VOTER last_known_addr { host: "127.10.236.1" port: 33509 } attrs { replace: true }, Status: LMP_MISMATCH, Last received: 0.0, Next index: 2, Last known committed idx: 1, Time since last communication: 0.000s
I20260710 13:21:38.415844 12877 consensus_queue.cc:1048] T 6279e2e60b9a4be190c337ed31264806 P 3ad509d640614c6a83b1ee8740085760 [LEADER]: Connected to new peer: Peer: permanent_uuid: "d1e02579eec1445bb87100d6d381bf5e" member_type: VOTER last_known_addr { host: "127.10.236.3" port: 32825 }, Status: LMP_MISMATCH, Last received: 0.0, Next index: 2, Last known committed idx: 1, Time since last communication: 0.000s
I20260710 13:21:38.422437 12813 raft_consensus.cc:2955] T 6279e2e60b9a4be190c337ed31264806 P 3ad509d640614c6a83b1ee8740085760 [term 1 LEADER]: Committing config change with OpId 1.2: config changed from index -1 to 2, NON_VOTER c8f79540ef5049a986b2031c0e01a856 (127.10.236.4) added. New config: { opid_index: 2 OBSOLETE_local: false peers { permanent_uuid: "61bd765b529b4c46aefb0f3647cbf721" member_type: VOTER last_known_addr { host: "127.10.236.1" port: 33509 } attrs { replace: true } } peers { permanent_uuid: "3ad509d640614c6a83b1ee8740085760" member_type: VOTER last_known_addr { host: "127.10.236.2" port: 34643 } } peers { permanent_uuid: "d1e02579eec1445bb87100d6d381bf5e" member_type: VOTER last_known_addr { host: "127.10.236.3" port: 32825 } } peers { permanent_uuid: "c8f79540ef5049a986b2031c0e01a856" member_type: NON_VOTER last_known_addr { host: "127.10.236.4" port: 36903 } attrs { promote: true } } }
I20260710 13:21:38.424090 12416 raft_consensus.cc:2955] T 6279e2e60b9a4be190c337ed31264806 P d1e02579eec1445bb87100d6d381bf5e [term 1 FOLLOWER]: Committing config change with OpId 1.2: config changed from index -1 to 2, NON_VOTER c8f79540ef5049a986b2031c0e01a856 (127.10.236.4) added. New config: { opid_index: 2 OBSOLETE_local: false peers { permanent_uuid: "61bd765b529b4c46aefb0f3647cbf721" member_type: VOTER last_known_addr { host: "127.10.236.1" port: 33509 } attrs { replace: true } } peers { permanent_uuid: "3ad509d640614c6a83b1ee8740085760" member_type: VOTER last_known_addr { host: "127.10.236.2" port: 34643 } } peers { permanent_uuid: "d1e02579eec1445bb87100d6d381bf5e" member_type: VOTER last_known_addr { host: "127.10.236.3" port: 32825 } } peers { permanent_uuid: "c8f79540ef5049a986b2031c0e01a856" member_type: NON_VOTER last_known_addr { host: "127.10.236.4" port: 36903 } attrs { promote: true } } }
I20260710 13:21:38.424118 12270 raft_consensus.cc:2955] T 6279e2e60b9a4be190c337ed31264806 P 61bd765b529b4c46aefb0f3647cbf721 [term 1 FOLLOWER]: Committing config change with OpId 1.2: config changed from index -1 to 2, NON_VOTER c8f79540ef5049a986b2031c0e01a856 (127.10.236.4) added. New config: { opid_index: 2 OBSOLETE_local: false peers { permanent_uuid: "61bd765b529b4c46aefb0f3647cbf721" member_type: VOTER last_known_addr { host: "127.10.236.1" port: 33509 } attrs { replace: true } } peers { permanent_uuid: "3ad509d640614c6a83b1ee8740085760" member_type: VOTER last_known_addr { host: "127.10.236.2" port: 34643 } } peers { permanent_uuid: "d1e02579eec1445bb87100d6d381bf5e" member_type: VOTER last_known_addr { host: "127.10.236.3" port: 32825 } } peers { permanent_uuid: "c8f79540ef5049a986b2031c0e01a856" member_type: NON_VOTER last_known_addr { host: "127.10.236.4" port: 36903 } attrs { promote: true } } }
I20260710 13:21:38.439893 12166 catalog_manager.cc:5697] T 6279e2e60b9a4be190c337ed31264806 P d1e02579eec1445bb87100d6d381bf5e reported cstate change: config changed from index -1 to 2, NON_VOTER c8f79540ef5049a986b2031c0e01a856 (127.10.236.4) added. New cstate: current_term: 1 leader_uuid: "3ad509d640614c6a83b1ee8740085760" committed_config { opid_index: 2 OBSOLETE_local: false peers { permanent_uuid: "61bd765b529b4c46aefb0f3647cbf721" member_type: VOTER last_known_addr { host: "127.10.236.1" port: 33509 } attrs { replace: true } } peers { permanent_uuid: "3ad509d640614c6a83b1ee8740085760" member_type: VOTER last_known_addr { host: "127.10.236.2" port: 34643 } } peers { permanent_uuid: "d1e02579eec1445bb87100d6d381bf5e" member_type: VOTER last_known_addr { host: "127.10.236.3" port: 32825 } } peers { permanent_uuid: "c8f79540ef5049a986b2031c0e01a856" member_type: NON_VOTER last_known_addr { host: "127.10.236.4" port: 36903 } attrs { promote: true } } }
I20260710 13:21:38.459451 12270 consensus_queue.cc:237] T 516d0223ba7240efbbb8e1bf393c7112 P 61bd765b529b4c46aefb0f3647cbf721 [LEADER]: Queue going to LEADER mode. State: All replicated index: 0, Majority replicated index: 1, Committed index: 1, Last appended: 1.1, Last appended by leader: 0, Current term: 1, Majority size: 2, State: 0, Mode: LEADER, active raft config: opid_index: 2 OBSOLETE_local: false peers { permanent_uuid: "61bd765b529b4c46aefb0f3647cbf721" member_type: VOTER last_known_addr { host: "127.10.236.1" port: 33509 } } peers { permanent_uuid: "3ad509d640614c6a83b1ee8740085760" member_type: VOTER last_known_addr { host: "127.10.236.2" port: 34643 } } peers { permanent_uuid: "d1e02579eec1445bb87100d6d381bf5e" member_type: VOTER last_known_addr { host: "127.10.236.3" port: 32825 } attrs { replace: true } } peers { permanent_uuid: "c8f79540ef5049a986b2031c0e01a856" member_type: NON_VOTER last_known_addr { host: "127.10.236.4" port: 36903 } attrs { promote: true } }
I20260710 13:21:38.468232 12345 raft_consensus.cc:1275] T 516d0223ba7240efbbb8e1bf393c7112 P 3ad509d640614c6a83b1ee8740085760 [term 1 FOLLOWER]: Refusing update from remote peer 61bd765b529b4c46aefb0f3647cbf721: Log matching property violated. Preceding OpId in replica: term: 1 index: 1. Preceding OpId from leader: term: 1 index: 2. (index mismatch)
I20260710 13:21:38.470556 12416 raft_consensus.cc:1275] T 516d0223ba7240efbbb8e1bf393c7112 P d1e02579eec1445bb87100d6d381bf5e [term 1 FOLLOWER]: Refusing update from remote peer 61bd765b529b4c46aefb0f3647cbf721: Log matching property violated. Preceding OpId in replica: term: 1 index: 1. Preceding OpId from leader: term: 1 index: 2. (index mismatch)
I20260710 13:21:38.473389 12874 consensus_queue.cc:1048] T 516d0223ba7240efbbb8e1bf393c7112 P 61bd765b529b4c46aefb0f3647cbf721 [LEADER]: Connected to new peer: Peer: permanent_uuid: "d1e02579eec1445bb87100d6d381bf5e" member_type: VOTER last_known_addr { host: "127.10.236.3" port: 32825 } attrs { replace: true }, Status: LMP_MISMATCH, Last received: 0.0, Next index: 2, Last known committed idx: 1, Time since last communication: 0.000s
I20260710 13:21:38.474226 12887 consensus_queue.cc:1048] T 516d0223ba7240efbbb8e1bf393c7112 P 61bd765b529b4c46aefb0f3647cbf721 [LEADER]: Connected to new peer: Peer: permanent_uuid: "3ad509d640614c6a83b1ee8740085760" member_type: VOTER last_known_addr { host: "127.10.236.2" port: 34643 }, Status: LMP_MISMATCH, Last received: 0.0, Next index: 2, Last known committed idx: 1, Time since last communication: 0.000s
I20260710 13:21:38.482275 12887 raft_consensus.cc:2955] T 516d0223ba7240efbbb8e1bf393c7112 P 61bd765b529b4c46aefb0f3647cbf721 [term 1 LEADER]: Committing config change with OpId 1.2: config changed from index -1 to 2, NON_VOTER c8f79540ef5049a986b2031c0e01a856 (127.10.236.4) added. New config: { opid_index: 2 OBSOLETE_local: false peers { permanent_uuid: "61bd765b529b4c46aefb0f3647cbf721" member_type: VOTER last_known_addr { host: "127.10.236.1" port: 33509 } } peers { permanent_uuid: "3ad509d640614c6a83b1ee8740085760" member_type: VOTER last_known_addr { host: "127.10.236.2" port: 34643 } } peers { permanent_uuid: "d1e02579eec1445bb87100d6d381bf5e" member_type: VOTER last_known_addr { host: "127.10.236.3" port: 32825 } attrs { replace: true } } peers { permanent_uuid: "c8f79540ef5049a986b2031c0e01a856" member_type: NON_VOTER last_known_addr { host: "127.10.236.4" port: 36903 } attrs { promote: true } } }
W20260710 13:21:38.488946 12237 consensus_peers.cc:597] T 516d0223ba7240efbbb8e1bf393c7112 P 61bd765b529b4c46aefb0f3647cbf721 -> Peer c8f79540ef5049a986b2031c0e01a856 (127.10.236.4:36903): Couldn't send request to peer c8f79540ef5049a986b2031c0e01a856. Error code: TABLET_NOT_FOUND (6). Status: Not found: Tablet not found: 516d0223ba7240efbbb8e1bf393c7112. This is attempt 1: this message will repeat every 5th retry.
I20260710 13:21:38.490209 12416 raft_consensus.cc:2955] T 516d0223ba7240efbbb8e1bf393c7112 P d1e02579eec1445bb87100d6d381bf5e [term 1 FOLLOWER]: Committing config change with OpId 1.2: config changed from index -1 to 2, NON_VOTER c8f79540ef5049a986b2031c0e01a856 (127.10.236.4) added. New config: { opid_index: 2 OBSOLETE_local: false peers { permanent_uuid: "61bd765b529b4c46aefb0f3647cbf721" member_type: VOTER last_known_addr { host: "127.10.236.1" port: 33509 } } peers { permanent_uuid: "3ad509d640614c6a83b1ee8740085760" member_type: VOTER last_known_addr { host: "127.10.236.2" port: 34643 } } peers { permanent_uuid: "d1e02579eec1445bb87100d6d381bf5e" member_type: VOTER last_known_addr { host: "127.10.236.3" port: 32825 } attrs { replace: true } } peers { permanent_uuid: "c8f79540ef5049a986b2031c0e01a856" member_type: NON_VOTER last_known_addr { host: "127.10.236.4" port: 36903 } attrs { promote: true } } }
I20260710 13:21:38.490876 12345 raft_consensus.cc:2955] T 516d0223ba7240efbbb8e1bf393c7112 P 3ad509d640614c6a83b1ee8740085760 [term 1 FOLLOWER]: Committing config change with OpId 1.2: config changed from index -1 to 2, NON_VOTER c8f79540ef5049a986b2031c0e01a856 (127.10.236.4) added. New config: { opid_index: 2 OBSOLETE_local: false peers { permanent_uuid: "61bd765b529b4c46aefb0f3647cbf721" member_type: VOTER last_known_addr { host: "127.10.236.1" port: 33509 } } peers { permanent_uuid: "3ad509d640614c6a83b1ee8740085760" member_type: VOTER last_known_addr { host: "127.10.236.2" port: 34643 } } peers { permanent_uuid: "d1e02579eec1445bb87100d6d381bf5e" member_type: VOTER last_known_addr { host: "127.10.236.3" port: 32825 } attrs { replace: true } } peers { permanent_uuid: "c8f79540ef5049a986b2031c0e01a856" member_type: NON_VOTER last_known_addr { host: "127.10.236.4" port: 36903 } attrs { promote: true } } }
I20260710 13:21:38.496903 12346 consensus_queue.cc:237] T a7431de940804a4089e982db7056150a P 3ad509d640614c6a83b1ee8740085760 [LEADER]: Queue going to LEADER mode. State: All replicated index: 0, Majority replicated index: 1, Committed index: 1, Last appended: 1.1, Last appended by leader: 0, Current term: 1, Majority size: 2, State: 0, Mode: LEADER, active raft config: opid_index: 2 OBSOLETE_local: false peers { permanent_uuid: "61bd765b529b4c46aefb0f3647cbf721" member_type: VOTER last_known_addr { host: "127.10.236.1" port: 33509 } attrs { replace: true } } peers { permanent_uuid: "3ad509d640614c6a83b1ee8740085760" member_type: VOTER last_known_addr { host: "127.10.236.2" port: 34643 } } peers { permanent_uuid: "d1e02579eec1445bb87100d6d381bf5e" member_type: VOTER last_known_addr { host: "127.10.236.3" port: 32825 } } peers { permanent_uuid: "c8f79540ef5049a986b2031c0e01a856" member_type: NON_VOTER last_known_addr { host: "127.10.236.4" port: 36903 } attrs { promote: true } }
I20260710 13:21:38.501267 12165 catalog_manager.cc:5697] T 516d0223ba7240efbbb8e1bf393c7112 P 61bd765b529b4c46aefb0f3647cbf721 reported cstate change: config changed from index -1 to 2, NON_VOTER c8f79540ef5049a986b2031c0e01a856 (127.10.236.4) added. New cstate: current_term: 1 leader_uuid: "61bd765b529b4c46aefb0f3647cbf721" committed_config { opid_index: 2 OBSOLETE_local: false peers { permanent_uuid: "61bd765b529b4c46aefb0f3647cbf721" member_type: VOTER last_known_addr { host: "127.10.236.1" port: 33509 } health_report { overall_health: HEALTHY } } peers { permanent_uuid: "3ad509d640614c6a83b1ee8740085760" member_type: VOTER last_known_addr { host: "127.10.236.2" port: 34643 } health_report { overall_health: HEALTHY } } peers { permanent_uuid: "d1e02579eec1445bb87100d6d381bf5e" member_type: VOTER last_known_addr { host: "127.10.236.3" port: 32825 } attrs { replace: true } health_report { overall_health: HEALTHY } } peers { permanent_uuid: "c8f79540ef5049a986b2031c0e01a856" member_type: NON_VOTER last_known_addr { host: "127.10.236.4" port: 36903 } attrs { promote: true } health_report { overall_health: UNKNOWN } } }
I20260710 13:21:38.508656 12416 raft_consensus.cc:1275] T a7431de940804a4089e982db7056150a P d1e02579eec1445bb87100d6d381bf5e [term 1 FOLLOWER]: Refusing update from remote peer 3ad509d640614c6a83b1ee8740085760: Log matching property violated. Preceding OpId in replica: term: 1 index: 1. Preceding OpId from leader: term: 1 index: 2. (index mismatch)
W20260710 13:21:38.508977 12312 consensus_peers.cc:597] T a7431de940804a4089e982db7056150a P 3ad509d640614c6a83b1ee8740085760 -> Peer c8f79540ef5049a986b2031c0e01a856 (127.10.236.4:36903): Couldn't send request to peer c8f79540ef5049a986b2031c0e01a856. Error code: TABLET_NOT_FOUND (6). Status: Not found: Tablet not found: a7431de940804a4089e982db7056150a. This is attempt 1: this message will repeat every 5th retry.
I20260710 13:21:38.510241 12813 consensus_queue.cc:1048] T a7431de940804a4089e982db7056150a P 3ad509d640614c6a83b1ee8740085760 [LEADER]: Connected to new peer: Peer: permanent_uuid: "d1e02579eec1445bb87100d6d381bf5e" member_type: VOTER last_known_addr { host: "127.10.236.3" port: 32825 }, Status: LMP_MISMATCH, Last received: 0.0, Next index: 2, Last known committed idx: 1, Time since last communication: 0.000s
I20260710 13:21:38.508769 12270 raft_consensus.cc:1275] T a7431de940804a4089e982db7056150a P 61bd765b529b4c46aefb0f3647cbf721 [term 1 FOLLOWER]: Refusing update from remote peer 3ad509d640614c6a83b1ee8740085760: Log matching property violated. Preceding OpId in replica: term: 1 index: 1. Preceding OpId from leader: term: 1 index: 2. (index mismatch)
I20260710 13:21:38.514494 12813 consensus_queue.cc:1048] T a7431de940804a4089e982db7056150a P 3ad509d640614c6a83b1ee8740085760 [LEADER]: Connected to new peer: Peer: permanent_uuid: "61bd765b529b4c46aefb0f3647cbf721" member_type: VOTER last_known_addr { host: "127.10.236.1" port: 33509 } attrs { replace: true }, Status: LMP_MISMATCH, Last received: 0.0, Next index: 2, Last known committed idx: 1, Time since last communication: 0.000s
I20260710 13:21:38.518023 12877 raft_consensus.cc:2955] T a7431de940804a4089e982db7056150a P 3ad509d640614c6a83b1ee8740085760 [term 1 LEADER]: Committing config change with OpId 1.2: config changed from index -1 to 2, NON_VOTER c8f79540ef5049a986b2031c0e01a856 (127.10.236.4) added. New config: { opid_index: 2 OBSOLETE_local: false peers { permanent_uuid: "61bd765b529b4c46aefb0f3647cbf721" member_type: VOTER last_known_addr { host: "127.10.236.1" port: 33509 } attrs { replace: true } } peers { permanent_uuid: "3ad509d640614c6a83b1ee8740085760" member_type: VOTER last_known_addr { host: "127.10.236.2" port: 34643 } } peers { permanent_uuid: "d1e02579eec1445bb87100d6d381bf5e" member_type: VOTER last_known_addr { host: "127.10.236.3" port: 32825 } } peers { permanent_uuid: "c8f79540ef5049a986b2031c0e01a856" member_type: NON_VOTER last_known_addr { host: "127.10.236.4" port: 36903 } attrs { promote: true } } }
I20260710 13:21:38.519788 12416 raft_consensus.cc:2955] T a7431de940804a4089e982db7056150a P d1e02579eec1445bb87100d6d381bf5e [term 1 FOLLOWER]: Committing config change with OpId 1.2: config changed from index -1 to 2, NON_VOTER c8f79540ef5049a986b2031c0e01a856 (127.10.236.4) added. New config: { opid_index: 2 OBSOLETE_local: false peers { permanent_uuid: "61bd765b529b4c46aefb0f3647cbf721" member_type: VOTER last_known_addr { host: "127.10.236.1" port: 33509 } attrs { replace: true } } peers { permanent_uuid: "3ad509d640614c6a83b1ee8740085760" member_type: VOTER last_known_addr { host: "127.10.236.2" port: 34643 } } peers { permanent_uuid: "d1e02579eec1445bb87100d6d381bf5e" member_type: VOTER last_known_addr { host: "127.10.236.3" port: 32825 } } peers { permanent_uuid: "c8f79540ef5049a986b2031c0e01a856" member_type: NON_VOTER last_known_addr { host: "127.10.236.4" port: 36903 } attrs { promote: true } } }
I20260710 13:21:38.526269 12270 raft_consensus.cc:2955] T a7431de940804a4089e982db7056150a P 61bd765b529b4c46aefb0f3647cbf721 [term 1 FOLLOWER]: Committing config change with OpId 1.2: config changed from index -1 to 2, NON_VOTER c8f79540ef5049a986b2031c0e01a856 (127.10.236.4) added. New config: { opid_index: 2 OBSOLETE_local: false peers { permanent_uuid: "61bd765b529b4c46aefb0f3647cbf721" member_type: VOTER last_known_addr { host: "127.10.236.1" port: 33509 } attrs { replace: true } } peers { permanent_uuid: "3ad509d640614c6a83b1ee8740085760" member_type: VOTER last_known_addr { host: "127.10.236.2" port: 34643 } } peers { permanent_uuid: "d1e02579eec1445bb87100d6d381bf5e" member_type: VOTER last_known_addr { host: "127.10.236.3" port: 32825 } } peers { permanent_uuid: "c8f79540ef5049a986b2031c0e01a856" member_type: NON_VOTER last_known_addr { host: "127.10.236.4" port: 36903 } attrs { promote: true } } }
I20260710 13:21:38.530874 12268 consensus_queue.cc:237] T f8a08a5aaf7e42c4902bfa9f8ddbd0d1 P 61bd765b529b4c46aefb0f3647cbf721 [LEADER]: Queue going to LEADER mode. State: All replicated index: 0, Majority replicated index: 1, Committed index: 1, Last appended: 1.1, Last appended by leader: 0, Current term: 1, Majority size: 2, State: 0, Mode: LEADER, active raft config: opid_index: 2 OBSOLETE_local: false peers { permanent_uuid: "61bd765b529b4c46aefb0f3647cbf721" member_type: VOTER last_known_addr { host: "127.10.236.1" port: 33509 } } peers { permanent_uuid: "3ad509d640614c6a83b1ee8740085760" member_type: VOTER last_known_addr { host: "127.10.236.2" port: 34643 } attrs { replace: true } } peers { permanent_uuid: "d1e02579eec1445bb87100d6d381bf5e" member_type: VOTER last_known_addr { host: "127.10.236.3" port: 32825 } } peers { permanent_uuid: "c8f79540ef5049a986b2031c0e01a856" member_type: NON_VOTER last_known_addr { host: "127.10.236.4" port: 36903 } attrs { promote: true } }
I20260710 13:21:38.531189 12164 catalog_manager.cc:5697] T a7431de940804a4089e982db7056150a P 3ad509d640614c6a83b1ee8740085760 reported cstate change: config changed from index -1 to 2, NON_VOTER c8f79540ef5049a986b2031c0e01a856 (127.10.236.4) added. New cstate: current_term: 1 leader_uuid: "3ad509d640614c6a83b1ee8740085760" committed_config { opid_index: 2 OBSOLETE_local: false peers { permanent_uuid: "61bd765b529b4c46aefb0f3647cbf721" member_type: VOTER last_known_addr { host: "127.10.236.1" port: 33509 } attrs { replace: true } health_report { overall_health: HEALTHY } } peers { permanent_uuid: "3ad509d640614c6a83b1ee8740085760" member_type: VOTER last_known_addr { host: "127.10.236.2" port: 34643 } health_report { overall_health: HEALTHY } } peers { permanent_uuid: "d1e02579eec1445bb87100d6d381bf5e" member_type: VOTER last_known_addr { host: "127.10.236.3" port: 32825 } health_report { overall_health: HEALTHY } } peers { permanent_uuid: "c8f79540ef5049a986b2031c0e01a856" member_type: NON_VOTER last_known_addr { host: "127.10.236.4" port: 36903 } attrs { promote: true } health_report { overall_health: UNKNOWN } } }
W20260710 13:21:38.538344 12237 consensus_peers.cc:597] T f8a08a5aaf7e42c4902bfa9f8ddbd0d1 P 61bd765b529b4c46aefb0f3647cbf721 -> Peer c8f79540ef5049a986b2031c0e01a856 (127.10.236.4:36903): Couldn't send request to peer c8f79540ef5049a986b2031c0e01a856. Error code: TABLET_NOT_FOUND (6). Status: Not found: Tablet not found: f8a08a5aaf7e42c4902bfa9f8ddbd0d1. This is attempt 1: this message will repeat every 5th retry.
I20260710 13:21:38.542065 12416 raft_consensus.cc:1275] T f8a08a5aaf7e42c4902bfa9f8ddbd0d1 P d1e02579eec1445bb87100d6d381bf5e [term 1 FOLLOWER]: Refusing update from remote peer 61bd765b529b4c46aefb0f3647cbf721: Log matching property violated. Preceding OpId in replica: term: 1 index: 1. Preceding OpId from leader: term: 1 index: 2. (index mismatch)
I20260710 13:21:38.543237 12887 consensus_queue.cc:1048] T f8a08a5aaf7e42c4902bfa9f8ddbd0d1 P 61bd765b529b4c46aefb0f3647cbf721 [LEADER]: Connected to new peer: Peer: permanent_uuid: "d1e02579eec1445bb87100d6d381bf5e" member_type: VOTER last_known_addr { host: "127.10.236.3" port: 32825 }, Status: LMP_MISMATCH, Last received: 0.0, Next index: 2, Last known committed idx: 1, Time since last communication: 0.000s
I20260710 13:21:38.543792 12346 raft_consensus.cc:1275] T f8a08a5aaf7e42c4902bfa9f8ddbd0d1 P 3ad509d640614c6a83b1ee8740085760 [term 1 FOLLOWER]: Refusing update from remote peer 61bd765b529b4c46aefb0f3647cbf721: Log matching property violated. Preceding OpId in replica: term: 1 index: 1. Preceding OpId from leader: term: 1 index: 2. (index mismatch)
I20260710 13:21:38.546329 12892 consensus_queue.cc:1048] T f8a08a5aaf7e42c4902bfa9f8ddbd0d1 P 61bd765b529b4c46aefb0f3647cbf721 [LEADER]: Connected to new peer: Peer: permanent_uuid: "3ad509d640614c6a83b1ee8740085760" member_type: VOTER last_known_addr { host: "127.10.236.2" port: 34643 } attrs { replace: true }, Status: LMP_MISMATCH, Last received: 0.0, Next index: 2, Last known committed idx: 1, Time since last communication: 0.001s
I20260710 13:21:38.555400 12892 raft_consensus.cc:2955] T f8a08a5aaf7e42c4902bfa9f8ddbd0d1 P 61bd765b529b4c46aefb0f3647cbf721 [term 1 LEADER]: Committing config change with OpId 1.2: config changed from index -1 to 2, NON_VOTER c8f79540ef5049a986b2031c0e01a856 (127.10.236.4) added. New config: { opid_index: 2 OBSOLETE_local: false peers { permanent_uuid: "61bd765b529b4c46aefb0f3647cbf721" member_type: VOTER last_known_addr { host: "127.10.236.1" port: 33509 } } peers { permanent_uuid: "3ad509d640614c6a83b1ee8740085760" member_type: VOTER last_known_addr { host: "127.10.236.2" port: 34643 } attrs { replace: true } } peers { permanent_uuid: "d1e02579eec1445bb87100d6d381bf5e" member_type: VOTER last_known_addr { host: "127.10.236.3" port: 32825 } } peers { permanent_uuid: "c8f79540ef5049a986b2031c0e01a856" member_type: NON_VOTER last_known_addr { host: "127.10.236.4" port: 36903 } attrs { promote: true } } }
I20260710 13:21:38.558823 12416 raft_consensus.cc:2955] T f8a08a5aaf7e42c4902bfa9f8ddbd0d1 P d1e02579eec1445bb87100d6d381bf5e [term 1 FOLLOWER]: Committing config change with OpId 1.2: config changed from index -1 to 2, NON_VOTER c8f79540ef5049a986b2031c0e01a856 (127.10.236.4) added. New config: { opid_index: 2 OBSOLETE_local: false peers { permanent_uuid: "61bd765b529b4c46aefb0f3647cbf721" member_type: VOTER last_known_addr { host: "127.10.236.1" port: 33509 } } peers { permanent_uuid: "3ad509d640614c6a83b1ee8740085760" member_type: VOTER last_known_addr { host: "127.10.236.2" port: 34643 } attrs { replace: true } } peers { permanent_uuid: "d1e02579eec1445bb87100d6d381bf5e" member_type: VOTER last_known_addr { host: "127.10.236.3" port: 32825 } } peers { permanent_uuid: "c8f79540ef5049a986b2031c0e01a856" member_type: NON_VOTER last_known_addr { host: "127.10.236.4" port: 36903 } attrs { promote: true } } }
I20260710 13:21:38.558912 12345 raft_consensus.cc:2955] T f8a08a5aaf7e42c4902bfa9f8ddbd0d1 P 3ad509d640614c6a83b1ee8740085760 [term 1 FOLLOWER]: Committing config change with OpId 1.2: config changed from index -1 to 2, NON_VOTER c8f79540ef5049a986b2031c0e01a856 (127.10.236.4) added. New config: { opid_index: 2 OBSOLETE_local: false peers { permanent_uuid: "61bd765b529b4c46aefb0f3647cbf721" member_type: VOTER last_known_addr { host: "127.10.236.1" port: 33509 } } peers { permanent_uuid: "3ad509d640614c6a83b1ee8740085760" member_type: VOTER last_known_addr { host: "127.10.236.2" port: 34643 } attrs { replace: true } } peers { permanent_uuid: "d1e02579eec1445bb87100d6d381bf5e" member_type: VOTER last_known_addr { host: "127.10.236.3" port: 32825 } } peers { permanent_uuid: "c8f79540ef5049a986b2031c0e01a856" member_type: NON_VOTER last_known_addr { host: "127.10.236.4" port: 36903 } attrs { promote: true } } }
I20260710 13:21:38.569159 12164 catalog_manager.cc:5697] T f8a08a5aaf7e42c4902bfa9f8ddbd0d1 P 61bd765b529b4c46aefb0f3647cbf721 reported cstate change: config changed from index -1 to 2, NON_VOTER c8f79540ef5049a986b2031c0e01a856 (127.10.236.4) added. New cstate: current_term: 1 leader_uuid: "61bd765b529b4c46aefb0f3647cbf721" committed_config { opid_index: 2 OBSOLETE_local: false peers { permanent_uuid: "61bd765b529b4c46aefb0f3647cbf721" member_type: VOTER last_known_addr { host: "127.10.236.1" port: 33509 } health_report { overall_health: HEALTHY } } peers { permanent_uuid: "3ad509d640614c6a83b1ee8740085760" member_type: VOTER last_known_addr { host: "127.10.236.2" port: 34643 } attrs { replace: true } health_report { overall_health: HEALTHY } } peers { permanent_uuid: "d1e02579eec1445bb87100d6d381bf5e" member_type: VOTER last_known_addr { host: "127.10.236.3" port: 32825 } health_report { overall_health: HEALTHY } } peers { permanent_uuid: "c8f79540ef5049a986b2031c0e01a856" member_type: NON_VOTER last_known_addr { host: "127.10.236.4" port: 36903 } attrs { promote: true } health_report { overall_health: UNKNOWN } } }
I20260710 13:21:38.952911 12899 ts_tablet_manager.cc:933] T 516d0223ba7240efbbb8e1bf393c7112 P c8f79540ef5049a986b2031c0e01a856: Initiating tablet copy from peer 61bd765b529b4c46aefb0f3647cbf721 (127.10.236.1:33509)
I20260710 13:21:38.959120 12899 tablet_copy_client.cc:323] T 516d0223ba7240efbbb8e1bf393c7112 P c8f79540ef5049a986b2031c0e01a856: tablet copy: Beginning tablet copy session from remote peer at address 127.10.236.1:33509
I20260710 13:21:38.976507 12281 tablet_copy_service.cc:140] P 61bd765b529b4c46aefb0f3647cbf721: Received BeginTabletCopySession request for tablet 516d0223ba7240efbbb8e1bf393c7112 from peer c8f79540ef5049a986b2031c0e01a856 ({username='slave'} at 127.0.0.1:53950)
I20260710 13:21:38.976964 12281 tablet_copy_service.cc:161] P 61bd765b529b4c46aefb0f3647cbf721: Beginning new tablet copy session on tablet 516d0223ba7240efbbb8e1bf393c7112 from peer c8f79540ef5049a986b2031c0e01a856 at {username='slave'} at 127.0.0.1:53950: session id = c8f79540ef5049a986b2031c0e01a856-516d0223ba7240efbbb8e1bf393c7112
I20260710 13:21:38.984470 12281 tablet_copy_source_session.cc:215] T 516d0223ba7240efbbb8e1bf393c7112 P 61bd765b529b4c46aefb0f3647cbf721: Tablet Copy: opened 0 blocks and 1 log segments
I20260710 13:21:38.987327 12899 data_dirs.cc:400] Could only allocate 1 dirs of requested 3 for tablet 516d0223ba7240efbbb8e1bf393c7112. 1 dirs total, 0 dirs full, 0 dirs failed
I20260710 13:21:38.998719 12899 tablet_copy_client.cc:806] T 516d0223ba7240efbbb8e1bf393c7112 P c8f79540ef5049a986b2031c0e01a856: tablet copy: Starting download of 0 data blocks...
I20260710 13:21:38.999195 12899 tablet_copy_client.cc:670] T 516d0223ba7240efbbb8e1bf393c7112 P c8f79540ef5049a986b2031c0e01a856: tablet copy: Starting download of 1 WAL segments...
I20260710 13:21:39.002800 12899 tablet_copy_client.cc:538] T 516d0223ba7240efbbb8e1bf393c7112 P c8f79540ef5049a986b2031c0e01a856: tablet copy: Tablet Copy complete. Replacing tablet superblock.
I20260710 13:21:39.011474 12899 tablet_bootstrap.cc:492] T 516d0223ba7240efbbb8e1bf393c7112 P c8f79540ef5049a986b2031c0e01a856: Bootstrap starting.
I20260710 13:21:39.029198 12904 ts_tablet_manager.cc:933] T 6279e2e60b9a4be190c337ed31264806 P c8f79540ef5049a986b2031c0e01a856: Initiating tablet copy from peer 3ad509d640614c6a83b1ee8740085760 (127.10.236.2:34643)
I20260710 13:21:39.032109 12899 tablet_bootstrap.cc:492] T 516d0223ba7240efbbb8e1bf393c7112 P c8f79540ef5049a986b2031c0e01a856: Bootstrap replayed 1/1 log segments. Stats: ops{read=2 overwritten=0 applied=2 ignored=0} inserts{seen=0 ignored=0} mutations{seen=0 ignored=0} orphaned_commits=0. Pending: 0 replicates
I20260710 13:21:39.032985 12899 tablet_bootstrap.cc:492] T 516d0223ba7240efbbb8e1bf393c7112 P c8f79540ef5049a986b2031c0e01a856: Bootstrap complete.
I20260710 13:21:39.033641 12899 ts_tablet_manager.cc:1403] T 516d0223ba7240efbbb8e1bf393c7112 P c8f79540ef5049a986b2031c0e01a856: Time spent bootstrapping tablet: real 0.022s	user 0.020s	sys 0.001s
I20260710 13:21:39.036661 12899 raft_consensus.cc:359] T 516d0223ba7240efbbb8e1bf393c7112 P c8f79540ef5049a986b2031c0e01a856 [term 1 LEARNER]: Replica starting. Triggering 0 pending ops. Active config: opid_index: 2 OBSOLETE_local: false peers { permanent_uuid: "61bd765b529b4c46aefb0f3647cbf721" member_type: VOTER last_known_addr { host: "127.10.236.1" port: 33509 } } peers { permanent_uuid: "3ad509d640614c6a83b1ee8740085760" member_type: VOTER last_known_addr { host: "127.10.236.2" port: 34643 } } peers { permanent_uuid: "d1e02579eec1445bb87100d6d381bf5e" member_type: VOTER last_known_addr { host: "127.10.236.3" port: 32825 } attrs { replace: true } } peers { permanent_uuid: "c8f79540ef5049a986b2031c0e01a856" member_type: NON_VOTER last_known_addr { host: "127.10.236.4" port: 36903 } attrs { promote: true } }
I20260710 13:21:39.038539 12899 raft_consensus.cc:740] T 516d0223ba7240efbbb8e1bf393c7112 P c8f79540ef5049a986b2031c0e01a856 [term 1 LEARNER]: Becoming Follower/Learner. State: Replica: c8f79540ef5049a986b2031c0e01a856, State: Initialized, Role: LEARNER
I20260710 13:21:39.039212 12899 consensus_queue.cc:260] T 516d0223ba7240efbbb8e1bf393c7112 P c8f79540ef5049a986b2031c0e01a856 [NON_LEADER]: Queue going to NON_LEADER mode. State: All replicated index: 0, Majority replicated index: 0, Committed index: 2, Last appended: 1.2, Last appended by leader: 2, Current term: 0, Majority size: -1, State: 0, Mode: NON_LEADER, active raft config: opid_index: 2 OBSOLETE_local: false peers { permanent_uuid: "61bd765b529b4c46aefb0f3647cbf721" member_type: VOTER last_known_addr { host: "127.10.236.1" port: 33509 } } peers { permanent_uuid: "3ad509d640614c6a83b1ee8740085760" member_type: VOTER last_known_addr { host: "127.10.236.2" port: 34643 } } peers { permanent_uuid: "d1e02579eec1445bb87100d6d381bf5e" member_type: VOTER last_known_addr { host: "127.10.236.3" port: 32825 } attrs { replace: true } } peers { permanent_uuid: "c8f79540ef5049a986b2031c0e01a856" member_type: NON_VOTER last_known_addr { host: "127.10.236.4" port: 36903 } attrs { promote: true } }
I20260710 13:21:39.046944 12906 ts_tablet_manager.cc:933] T f8a08a5aaf7e42c4902bfa9f8ddbd0d1 P c8f79540ef5049a986b2031c0e01a856: Initiating tablet copy from peer 61bd765b529b4c46aefb0f3647cbf721 (127.10.236.1:33509)
I20260710 13:21:39.048981 12899 ts_tablet_manager.cc:1434] T 516d0223ba7240efbbb8e1bf393c7112 P c8f79540ef5049a986b2031c0e01a856: Time spent starting tablet: real 0.015s	user 0.008s	sys 0.004s
I20260710 13:21:39.051501 12904 tablet_copy_client.cc:323] T 6279e2e60b9a4be190c337ed31264806 P c8f79540ef5049a986b2031c0e01a856: tablet copy: Beginning tablet copy session from remote peer at address 127.10.236.2:34643
I20260710 13:21:39.055186 12281 tablet_copy_service.cc:342] P 61bd765b529b4c46aefb0f3647cbf721: Request end of tablet copy session c8f79540ef5049a986b2031c0e01a856-516d0223ba7240efbbb8e1bf393c7112 received from {username='slave'} at 127.0.0.1:53950
I20260710 13:21:39.055641 12281 tablet_copy_service.cc:434] P 61bd765b529b4c46aefb0f3647cbf721: ending tablet copy session c8f79540ef5049a986b2031c0e01a856-516d0223ba7240efbbb8e1bf393c7112 on tablet 516d0223ba7240efbbb8e1bf393c7112 with peer c8f79540ef5049a986b2031c0e01a856
I20260710 13:21:39.056020 12356 tablet_copy_service.cc:140] P 3ad509d640614c6a83b1ee8740085760: Received BeginTabletCopySession request for tablet 6279e2e60b9a4be190c337ed31264806 from peer c8f79540ef5049a986b2031c0e01a856 ({username='slave'} at 127.0.0.1:40732)
I20260710 13:21:39.056541 12356 tablet_copy_service.cc:161] P 3ad509d640614c6a83b1ee8740085760: Beginning new tablet copy session on tablet 6279e2e60b9a4be190c337ed31264806 from peer c8f79540ef5049a986b2031c0e01a856 at {username='slave'} at 127.0.0.1:40732: session id = c8f79540ef5049a986b2031c0e01a856-6279e2e60b9a4be190c337ed31264806
I20260710 13:21:39.056021 12906 tablet_copy_client.cc:323] T f8a08a5aaf7e42c4902bfa9f8ddbd0d1 P c8f79540ef5049a986b2031c0e01a856: tablet copy: Beginning tablet copy session from remote peer at address 127.10.236.1:33509
I20260710 13:21:39.060240 12281 tablet_copy_service.cc:140] P 61bd765b529b4c46aefb0f3647cbf721: Received BeginTabletCopySession request for tablet f8a08a5aaf7e42c4902bfa9f8ddbd0d1 from peer c8f79540ef5049a986b2031c0e01a856 ({username='slave'} at 127.0.0.1:53950)
I20260710 13:21:39.060806 12281 tablet_copy_service.cc:161] P 61bd765b529b4c46aefb0f3647cbf721: Beginning new tablet copy session on tablet f8a08a5aaf7e42c4902bfa9f8ddbd0d1 from peer c8f79540ef5049a986b2031c0e01a856 at {username='slave'} at 127.0.0.1:53950: session id = c8f79540ef5049a986b2031c0e01a856-f8a08a5aaf7e42c4902bfa9f8ddbd0d1
I20260710 13:21:39.064817 12356 tablet_copy_source_session.cc:215] T 6279e2e60b9a4be190c337ed31264806 P 3ad509d640614c6a83b1ee8740085760: Tablet Copy: opened 0 blocks and 1 log segments
I20260710 13:21:39.067730 12904 data_dirs.cc:400] Could only allocate 1 dirs of requested 3 for tablet 6279e2e60b9a4be190c337ed31264806. 1 dirs total, 0 dirs full, 0 dirs failed
I20260710 13:21:39.068815 12281 tablet_copy_source_session.cc:215] T f8a08a5aaf7e42c4902bfa9f8ddbd0d1 P 61bd765b529b4c46aefb0f3647cbf721: Tablet Copy: opened 0 blocks and 1 log segments
I20260710 13:21:39.072041 12906 data_dirs.cc:400] Could only allocate 1 dirs of requested 3 for tablet f8a08a5aaf7e42c4902bfa9f8ddbd0d1. 1 dirs total, 0 dirs full, 0 dirs failed
I20260710 13:21:39.078120 12904 tablet_copy_client.cc:806] T 6279e2e60b9a4be190c337ed31264806 P c8f79540ef5049a986b2031c0e01a856: tablet copy: Starting download of 0 data blocks...
I20260710 13:21:39.078635 12904 tablet_copy_client.cc:670] T 6279e2e60b9a4be190c337ed31264806 P c8f79540ef5049a986b2031c0e01a856: tablet copy: Starting download of 1 WAL segments...
I20260710 13:21:39.082789 12899 ts_tablet_manager.cc:933] T a7431de940804a4089e982db7056150a P c8f79540ef5049a986b2031c0e01a856: Initiating tablet copy from peer 3ad509d640614c6a83b1ee8740085760 (127.10.236.2:34643)
I20260710 13:21:39.084950 12904 tablet_copy_client.cc:538] T 6279e2e60b9a4be190c337ed31264806 P c8f79540ef5049a986b2031c0e01a856: tablet copy: Tablet Copy complete. Replacing tablet superblock.
I20260710 13:21:39.090523 12906 tablet_copy_client.cc:806] T f8a08a5aaf7e42c4902bfa9f8ddbd0d1 P c8f79540ef5049a986b2031c0e01a856: tablet copy: Starting download of 0 data blocks...
I20260710 13:21:39.098212 12906 tablet_copy_client.cc:670] T f8a08a5aaf7e42c4902bfa9f8ddbd0d1 P c8f79540ef5049a986b2031c0e01a856: tablet copy: Starting download of 1 WAL segments...
I20260710 13:21:39.095034 12904 tablet_bootstrap.cc:492] T 6279e2e60b9a4be190c337ed31264806 P c8f79540ef5049a986b2031c0e01a856: Bootstrap starting.
I20260710 13:21:39.105342 12906 tablet_copy_client.cc:538] T f8a08a5aaf7e42c4902bfa9f8ddbd0d1 P c8f79540ef5049a986b2031c0e01a856: tablet copy: Tablet Copy complete. Replacing tablet superblock.
I20260710 13:21:39.106273 12899 tablet_copy_client.cc:323] T a7431de940804a4089e982db7056150a P c8f79540ef5049a986b2031c0e01a856: tablet copy: Beginning tablet copy session from remote peer at address 127.10.236.2:34643
I20260710 13:21:39.107967 12356 tablet_copy_service.cc:140] P 3ad509d640614c6a83b1ee8740085760: Received BeginTabletCopySession request for tablet a7431de940804a4089e982db7056150a from peer c8f79540ef5049a986b2031c0e01a856 ({username='slave'} at 127.0.0.1:40732)
I20260710 13:21:39.108484 12356 tablet_copy_service.cc:161] P 3ad509d640614c6a83b1ee8740085760: Beginning new tablet copy session on tablet a7431de940804a4089e982db7056150a from peer c8f79540ef5049a986b2031c0e01a856 at {username='slave'} at 127.0.0.1:40732: session id = c8f79540ef5049a986b2031c0e01a856-a7431de940804a4089e982db7056150a
I20260710 13:21:39.115859 12356 tablet_copy_source_session.cc:215] T a7431de940804a4089e982db7056150a P 3ad509d640614c6a83b1ee8740085760: Tablet Copy: opened 0 blocks and 1 log segments
I20260710 13:21:39.121435 12899 data_dirs.cc:400] Could only allocate 1 dirs of requested 3 for tablet a7431de940804a4089e982db7056150a. 1 dirs total, 0 dirs full, 0 dirs failed
I20260710 13:21:39.132378 12906 tablet_bootstrap.cc:492] T f8a08a5aaf7e42c4902bfa9f8ddbd0d1 P c8f79540ef5049a986b2031c0e01a856: Bootstrap starting.
I20260710 13:21:39.137054 12904 tablet_bootstrap.cc:492] T 6279e2e60b9a4be190c337ed31264806 P c8f79540ef5049a986b2031c0e01a856: Bootstrap replayed 1/1 log segments. Stats: ops{read=2 overwritten=0 applied=2 ignored=0} inserts{seen=0 ignored=0} mutations{seen=0 ignored=0} orphaned_commits=0. Pending: 0 replicates
I20260710 13:21:39.137998 12904 tablet_bootstrap.cc:492] T 6279e2e60b9a4be190c337ed31264806 P c8f79540ef5049a986b2031c0e01a856: Bootstrap complete.
I20260710 13:21:39.138648 12904 ts_tablet_manager.cc:1403] T 6279e2e60b9a4be190c337ed31264806 P c8f79540ef5049a986b2031c0e01a856: Time spent bootstrapping tablet: real 0.044s	user 0.019s	sys 0.016s
I20260710 13:21:39.138964 12899 tablet_copy_client.cc:806] T a7431de940804a4089e982db7056150a P c8f79540ef5049a986b2031c0e01a856: tablet copy: Starting download of 0 data blocks...
I20260710 13:21:39.139528 12899 tablet_copy_client.cc:670] T a7431de940804a4089e982db7056150a P c8f79540ef5049a986b2031c0e01a856: tablet copy: Starting download of 1 WAL segments...
I20260710 13:21:39.142999 12899 tablet_copy_client.cc:538] T a7431de940804a4089e982db7056150a P c8f79540ef5049a986b2031c0e01a856: tablet copy: Tablet Copy complete. Replacing tablet superblock.
