I20260710 13:21:35.343523 12775 raft_consensus.cc:2955] T 016757e6573d496e91f989d945e9420d P 3ad509d640614c6a83b1ee8740085760 [term 1 LEADER]: Committing config change with OpId 1.2: config changed from index -1 to 2, NON_VOTER c8f79540ef5049a986b2031c0e01a856 (127.10.236.4) added. New config: { opid_index: 2 OBSOLETE_local: false peers { permanent_uuid: "61bd765b529b4c46aefb0f3647cbf721" member_type: VOTER last_known_addr { host: "127.10.236.1" port: 33509 } attrs { replace: true } } peers { permanent_uuid: "3ad509d640614c6a83b1ee8740085760" member_type: VOTER last_known_addr { host: "127.10.236.2" port: 34643 } } peers { permanent_uuid: "d1e02579eec1445bb87100d6d381bf5e" member_type: VOTER last_known_addr { host: "127.10.236.3" port: 32825 } } peers { permanent_uuid: "c8f79540ef5049a986b2031c0e01a856" member_type: NON_VOTER last_known_addr { host: "127.10.236.4" port: 36903 } attrs { promote: true } } }
I20260710 13:21:35.344698 12416 raft_consensus.cc:2955] T 016757e6573d496e91f989d945e9420d P d1e02579eec1445bb87100d6d381bf5e [term 1 FOLLOWER]: Committing config change with OpId 1.2: config changed from index -1 to 2, NON_VOTER c8f79540ef5049a986b2031c0e01a856 (127.10.236.4) added. New config: { opid_index: 2 OBSOLETE_local: false peers { permanent_uuid: "61bd765b529b4c46aefb0f3647cbf721" member_type: VOTER last_known_addr { host: "127.10.236.1" port: 33509 } attrs { replace: true } } peers { permanent_uuid: "3ad509d640614c6a83b1ee8740085760" member_type: VOTER last_known_addr { host: "127.10.236.2" port: 34643 } } peers { permanent_uuid: "d1e02579eec1445bb87100d6d381bf5e" member_type: VOTER last_known_addr { host: "127.10.236.3" port: 32825 } } peers { permanent_uuid: "c8f79540ef5049a986b2031c0e01a856" member_type: NON_VOTER last_known_addr { host: "127.10.236.4" port: 36903 } attrs { promote: true } } }
I20260710 13:21:35.368678 12168 catalog_manager.cc:5697] T 016757e6573d496e91f989d945e9420d P d1e02579eec1445bb87100d6d381bf5e reported cstate change: config changed from index -1 to 2, NON_VOTER c8f79540ef5049a986b2031c0e01a856 (127.10.236.4) added. New cstate: current_term: 1 leader_uuid: "3ad509d640614c6a83b1ee8740085760" committed_config { opid_index: 2 OBSOLETE_local: false peers { permanent_uuid: "61bd765b529b4c46aefb0f3647cbf721" member_type: VOTER last_known_addr { host: "127.10.236.1" port: 33509 } attrs { replace: true } } peers { permanent_uuid: "3ad509d640614c6a83b1ee8740085760" member_type: VOTER last_known_addr { host: "127.10.236.2" port: 34643 } } peers { permanent_uuid: "d1e02579eec1445bb87100d6d381bf5e" member_type: VOTER last_known_addr { host: "127.10.236.3" port: 32825 } } peers { permanent_uuid: "c8f79540ef5049a986b2031c0e01a856" member_type: NON_VOTER last_known_addr { host: "127.10.236.4" port: 36903 } attrs { promote: true } } }
I20260710 13:21:35.386485 12268 raft_consensus.cc:2955] T 016757e6573d496e91f989d945e9420d P 61bd765b529b4c46aefb0f3647cbf721 [term 1 FOLLOWER]: Committing config change with OpId 1.2: config changed from index -1 to 2, NON_VOTER c8f79540ef5049a986b2031c0e01a856 (127.10.236.4) added. New config: { opid_index: 2 OBSOLETE_local: false peers { permanent_uuid: "61bd765b529b4c46aefb0f3647cbf721" member_type: VOTER last_known_addr { host: "127.10.236.1" port: 33509 } attrs { replace: true } } peers { permanent_uuid: "3ad509d640614c6a83b1ee8740085760" member_type: VOTER last_known_addr { host: "127.10.236.2" port: 34643 } } peers { permanent_uuid: "d1e02579eec1445bb87100d6d381bf5e" member_type: VOTER last_known_addr { host: "127.10.236.3" port: 32825 } } peers { permanent_uuid: "c8f79540ef5049a986b2031c0e01a856" member_type: NON_VOTER last_known_addr { host: "127.10.236.4" port: 36903 } attrs { promote: true } } }
I20260710 13:21:35.392772 12345 consensus_queue.cc:237] T 93285f5efb54460cb24f093f646a6392 P 3ad509d640614c6a83b1ee8740085760 [LEADER]: Queue going to LEADER mode. State: All replicated index: 0, Majority replicated index: 1, Committed index: 1, Last appended: 1.1, Last appended by leader: 0, Current term: 1, Majority size: 2, State: 0, Mode: LEADER, active raft config: opid_index: 2 OBSOLETE_local: false peers { permanent_uuid: "61bd765b529b4c46aefb0f3647cbf721" member_type: VOTER last_known_addr { host: "127.10.236.1" port: 33509 } } peers { permanent_uuid: "3ad509d640614c6a83b1ee8740085760" member_type: VOTER last_known_addr { host: "127.10.236.2" port: 34643 } } peers { permanent_uuid: "d1e02579eec1445bb87100d6d381bf5e" member_type: VOTER last_known_addr { host: "127.10.236.3" port: 32825 } attrs { replace: true } } peers { permanent_uuid: "c8f79540ef5049a986b2031c0e01a856" member_type: NON_VOTER last_known_addr { host: "127.10.236.4" port: 36903 } attrs { promote: true } }
I20260710 13:21:35.410125 12416 raft_consensus.cc:1275] T 93285f5efb54460cb24f093f646a6392 P d1e02579eec1445bb87100d6d381bf5e [term 1 FOLLOWER]: Refusing update from remote peer 3ad509d640614c6a83b1ee8740085760: Log matching property violated. Preceding OpId in replica: term: 1 index: 1. Preceding OpId from leader: term: 1 index: 2. (index mismatch)
W20260710 13:21:35.412981 12312 consensus_peers.cc:597] T 93285f5efb54460cb24f093f646a6392 P 3ad509d640614c6a83b1ee8740085760 -> Peer c8f79540ef5049a986b2031c0e01a856 (127.10.236.4:36903): Couldn't send request to peer c8f79540ef5049a986b2031c0e01a856. Error code: TABLET_NOT_FOUND (6). Status: Not found: Tablet not found: 93285f5efb54460cb24f093f646a6392. This is attempt 1: this message will repeat every 5th retry.
I20260710 13:21:35.413630 12815 consensus_queue.cc:1048] T 93285f5efb54460cb24f093f646a6392 P 3ad509d640614c6a83b1ee8740085760 [LEADER]: Connected to new peer: Peer: permanent_uuid: "d1e02579eec1445bb87100d6d381bf5e" member_type: VOTER last_known_addr { host: "127.10.236.3" port: 32825 } attrs { replace: true }, Status: LMP_MISMATCH, Last received: 0.0, Next index: 2, Last known committed idx: 1, Time since last communication: 0.001s
I20260710 13:21:35.430274 12268 raft_consensus.cc:1275] T 93285f5efb54460cb24f093f646a6392 P 61bd765b529b4c46aefb0f3647cbf721 [term 1 FOLLOWER]: Refusing update from remote peer 3ad509d640614c6a83b1ee8740085760: Log matching property violated. Preceding OpId in replica: term: 1 index: 1. Preceding OpId from leader: term: 1 index: 2. (index mismatch)
I20260710 13:21:35.433545 12418 raft_consensus.cc:2955] T 93285f5efb54460cb24f093f646a6392 P d1e02579eec1445bb87100d6d381bf5e [term 1 FOLLOWER]: Committing config change with OpId 1.2: config changed from index -1 to 2, NON_VOTER c8f79540ef5049a986b2031c0e01a856 (127.10.236.4) added. New config: { opid_index: 2 OBSOLETE_local: false peers { permanent_uuid: "61bd765b529b4c46aefb0f3647cbf721" member_type: VOTER last_known_addr { host: "127.10.236.1" port: 33509 } } peers { permanent_uuid: "3ad509d640614c6a83b1ee8740085760" member_type: VOTER last_known_addr { host: "127.10.236.2" port: 34643 } } peers { permanent_uuid: "d1e02579eec1445bb87100d6d381bf5e" member_type: VOTER last_known_addr { host: "127.10.236.3" port: 32825 } attrs { replace: true } } peers { permanent_uuid: "c8f79540ef5049a986b2031c0e01a856" member_type: NON_VOTER last_known_addr { host: "127.10.236.4" port: 36903 } attrs { promote: true } } }
I20260710 13:21:35.431340 12813 raft_consensus.cc:2955] T 93285f5efb54460cb24f093f646a6392 P 3ad509d640614c6a83b1ee8740085760 [term 1 LEADER]: Committing config change with OpId 1.2: config changed from index -1 to 2, NON_VOTER c8f79540ef5049a986b2031c0e01a856 (127.10.236.4) added. New config: { opid_index: 2 OBSOLETE_local: false peers { permanent_uuid: "61bd765b529b4c46aefb0f3647cbf721" member_type: VOTER last_known_addr { host: "127.10.236.1" port: 33509 } } peers { permanent_uuid: "3ad509d640614c6a83b1ee8740085760" member_type: VOTER last_known_addr { host: "127.10.236.2" port: 34643 } } peers { permanent_uuid: "d1e02579eec1445bb87100d6d381bf5e" member_type: VOTER last_known_addr { host: "127.10.236.3" port: 32825 } attrs { replace: true } } peers { permanent_uuid: "c8f79540ef5049a986b2031c0e01a856" member_type: NON_VOTER last_known_addr { host: "127.10.236.4" port: 36903 } attrs { promote: true } } }
I20260710 13:21:35.450033 12812 consensus_queue.cc:1048] T 93285f5efb54460cb24f093f646a6392 P 3ad509d640614c6a83b1ee8740085760 [LEADER]: Connected to new peer: Peer: permanent_uuid: "61bd765b529b4c46aefb0f3647cbf721" member_type: VOTER last_known_addr { host: "127.10.236.1" port: 33509 }, Status: LMP_MISMATCH, Last received: 0.0, Next index: 2, Last known committed idx: 1, Time since last communication: 0.000s
I20260710 13:21:35.457581 12416 consensus_queue.cc:237] T de5c58ec21da4b8d8e641341c692e084 P d1e02579eec1445bb87100d6d381bf5e [LEADER]: Queue going to LEADER mode. State: All replicated index: 0, Majority replicated index: 1, Committed index: 1, Last appended: 1.1, Last appended by leader: 0, Current term: 1, Majority size: 2, State: 0, Mode: LEADER, active raft config: opid_index: 2 OBSOLETE_local: false peers { permanent_uuid: "61bd765b529b4c46aefb0f3647cbf721" member_type: VOTER last_known_addr { host: "127.10.236.1" port: 33509 } } peers { permanent_uuid: "3ad509d640614c6a83b1ee8740085760" member_type: VOTER last_known_addr { host: "127.10.236.2" port: 34643 } attrs { replace: true } } peers { permanent_uuid: "d1e02579eec1445bb87100d6d381bf5e" member_type: VOTER last_known_addr { host: "127.10.236.3" port: 32825 } } peers { permanent_uuid: "c8f79540ef5049a986b2031c0e01a856" member_type: NON_VOTER last_known_addr { host: "127.10.236.4" port: 36903 } attrs { promote: true } }
I20260710 13:21:35.466773 12268 raft_consensus.cc:2955] T 93285f5efb54460cb24f093f646a6392 P 61bd765b529b4c46aefb0f3647cbf721 [term 1 FOLLOWER]: Committing config change with OpId 1.2: config changed from index -1 to 2, NON_VOTER c8f79540ef5049a986b2031c0e01a856 (127.10.236.4) added. New config: { opid_index: 2 OBSOLETE_local: false peers { permanent_uuid: "61bd765b529b4c46aefb0f3647cbf721" member_type: VOTER last_known_addr { host: "127.10.236.1" port: 33509 } } peers { permanent_uuid: "3ad509d640614c6a83b1ee8740085760" member_type: VOTER last_known_addr { host: "127.10.236.2" port: 34643 } } peers { permanent_uuid: "d1e02579eec1445bb87100d6d381bf5e" member_type: VOTER last_known_addr { host: "127.10.236.3" port: 32825 } attrs { replace: true } } peers { permanent_uuid: "c8f79540ef5049a986b2031c0e01a856" member_type: NON_VOTER last_known_addr { host: "127.10.236.4" port: 36903 } attrs { promote: true } } }
W20260710 13:21:35.476827 12386 consensus_peers.cc:597] T de5c58ec21da4b8d8e641341c692e084 P d1e02579eec1445bb87100d6d381bf5e -> Peer c8f79540ef5049a986b2031c0e01a856 (127.10.236.4:36903): Couldn't send request to peer c8f79540ef5049a986b2031c0e01a856. Error code: TABLET_NOT_FOUND (6). Status: Not found: Tablet not found: de5c58ec21da4b8d8e641341c692e084. This is attempt 1: this message will repeat every 5th retry.
I20260710 13:21:35.478596 12345 raft_consensus.cc:1275] T de5c58ec21da4b8d8e641341c692e084 P 3ad509d640614c6a83b1ee8740085760 [term 1 FOLLOWER]: Refusing update from remote peer d1e02579eec1445bb87100d6d381bf5e: Log matching property violated. Preceding OpId in replica: term: 1 index: 1. Preceding OpId from leader: term: 1 index: 2. (index mismatch)
I20260710 13:21:35.480294 12789 consensus_queue.cc:1048] T de5c58ec21da4b8d8e641341c692e084 P d1e02579eec1445bb87100d6d381bf5e [LEADER]: Connected to new peer: Peer: permanent_uuid: "3ad509d640614c6a83b1ee8740085760" member_type: VOTER last_known_addr { host: "127.10.236.2" port: 34643 } attrs { replace: true }, Status: LMP_MISMATCH, Last received: 0.0, Next index: 2, Last known committed idx: 1, Time since last communication: 0.001s
I20260710 13:21:35.481510 12268 raft_consensus.cc:1275] T de5c58ec21da4b8d8e641341c692e084 P 61bd765b529b4c46aefb0f3647cbf721 [term 1 FOLLOWER]: Refusing update from remote peer d1e02579eec1445bb87100d6d381bf5e: Log matching property violated. Preceding OpId in replica: term: 1 index: 1. Preceding OpId from leader: term: 1 index: 2. (index mismatch)
I20260710 13:21:35.482304 12168 catalog_manager.cc:5697] T 93285f5efb54460cb24f093f646a6392 P d1e02579eec1445bb87100d6d381bf5e reported cstate change: config changed from index -1 to 2, NON_VOTER c8f79540ef5049a986b2031c0e01a856 (127.10.236.4) added. New cstate: current_term: 1 leader_uuid: "3ad509d640614c6a83b1ee8740085760" committed_config { opid_index: 2 OBSOLETE_local: false peers { permanent_uuid: "61bd765b529b4c46aefb0f3647cbf721" member_type: VOTER last_known_addr { host: "127.10.236.1" port: 33509 } } peers { permanent_uuid: "3ad509d640614c6a83b1ee8740085760" member_type: VOTER last_known_addr { host: "127.10.236.2" port: 34643 } } peers { permanent_uuid: "d1e02579eec1445bb87100d6d381bf5e" member_type: VOTER last_known_addr { host: "127.10.236.3" port: 32825 } attrs { replace: true } } peers { permanent_uuid: "c8f79540ef5049a986b2031c0e01a856" member_type: NON_VOTER last_known_addr { host: "127.10.236.4" port: 36903 } attrs { promote: true } } }
I20260710 13:21:35.485742 12789 consensus_queue.cc:1048] T de5c58ec21da4b8d8e641341c692e084 P d1e02579eec1445bb87100d6d381bf5e [LEADER]: Connected to new peer: Peer: permanent_uuid: "61bd765b529b4c46aefb0f3647cbf721" member_type: VOTER last_known_addr { host: "127.10.236.1" port: 33509 }, Status: LMP_MISMATCH, Last received: 0.0, Next index: 2, Last known committed idx: 1, Time since last communication: 0.000s
I20260710 13:21:35.496024 12823 raft_consensus.cc:2955] T de5c58ec21da4b8d8e641341c692e084 P d1e02579eec1445bb87100d6d381bf5e [term 1 LEADER]: Committing config change with OpId 1.2: config changed from index -1 to 2, NON_VOTER c8f79540ef5049a986b2031c0e01a856 (127.10.236.4) added. New config: { opid_index: 2 OBSOLETE_local: false peers { permanent_uuid: "61bd765b529b4c46aefb0f3647cbf721" member_type: VOTER last_known_addr { host: "127.10.236.1" port: 33509 } } peers { permanent_uuid: "3ad509d640614c6a83b1ee8740085760" member_type: VOTER last_known_addr { host: "127.10.236.2" port: 34643 } attrs { replace: true } } peers { permanent_uuid: "d1e02579eec1445bb87100d6d381bf5e" member_type: VOTER last_known_addr { host: "127.10.236.3" port: 32825 } } peers { permanent_uuid: "c8f79540ef5049a986b2031c0e01a856" member_type: NON_VOTER last_known_addr { host: "127.10.236.4" port: 36903 } attrs { promote: true } } }
I20260710 13:21:35.497583 12345 raft_consensus.cc:2955] T de5c58ec21da4b8d8e641341c692e084 P 3ad509d640614c6a83b1ee8740085760 [term 1 FOLLOWER]: Committing config change with OpId 1.2: config changed from index -1 to 2, NON_VOTER c8f79540ef5049a986b2031c0e01a856 (127.10.236.4) added. New config: { opid_index: 2 OBSOLETE_local: false peers { permanent_uuid: "61bd765b529b4c46aefb0f3647cbf721" member_type: VOTER last_known_addr { host: "127.10.236.1" port: 33509 } } peers { permanent_uuid: "3ad509d640614c6a83b1ee8740085760" member_type: VOTER last_known_addr { host: "127.10.236.2" port: 34643 } attrs { replace: true } } peers { permanent_uuid: "d1e02579eec1445bb87100d6d381bf5e" member_type: VOTER last_known_addr { host: "127.10.236.3" port: 32825 } } peers { permanent_uuid: "c8f79540ef5049a986b2031c0e01a856" member_type: NON_VOTER last_known_addr { host: "127.10.236.4" port: 36903 } attrs { promote: true } } }
I20260710 13:21:35.510259 12345 consensus_queue.cc:237] T 80159b7e10d6410bb098531e8b5f986a P 3ad509d640614c6a83b1ee8740085760 [LEADER]: Queue going to LEADER mode. State: All replicated index: 0, Majority replicated index: 1, Committed index: 1, Last appended: 1.1, Last appended by leader: 0, Current term: 1, Majority size: 2, State: 0, Mode: LEADER, active raft config: opid_index: 2 OBSOLETE_local: false peers { permanent_uuid: "61bd765b529b4c46aefb0f3647cbf721" member_type: VOTER last_known_addr { host: "127.10.236.1" port: 33509 } } peers { permanent_uuid: "3ad509d640614c6a83b1ee8740085760" member_type: VOTER last_known_addr { host: "127.10.236.2" port: 34643 } } peers { permanent_uuid: "d1e02579eec1445bb87100d6d381bf5e" member_type: VOTER last_known_addr { host: "127.10.236.3" port: 32825 } attrs { replace: true } } peers { permanent_uuid: "c8f79540ef5049a986b2031c0e01a856" member_type: NON_VOTER last_known_addr { host: "127.10.236.4" port: 36903 } attrs { promote: true } }
I20260710 13:21:35.511775 12166 catalog_manager.cc:5697] T de5c58ec21da4b8d8e641341c692e084 P 3ad509d640614c6a83b1ee8740085760 reported cstate change: config changed from index -1 to 2, NON_VOTER c8f79540ef5049a986b2031c0e01a856 (127.10.236.4) added. New cstate: current_term: 1 leader_uuid: "d1e02579eec1445bb87100d6d381bf5e" committed_config { opid_index: 2 OBSOLETE_local: false peers { permanent_uuid: "61bd765b529b4c46aefb0f3647cbf721" member_type: VOTER last_known_addr { host: "127.10.236.1" port: 33509 } } peers { permanent_uuid: "3ad509d640614c6a83b1ee8740085760" member_type: VOTER last_known_addr { host: "127.10.236.2" port: 34643 } attrs { replace: true } } peers { permanent_uuid: "d1e02579eec1445bb87100d6d381bf5e" member_type: VOTER last_known_addr { host: "127.10.236.3" port: 32825 } } peers { permanent_uuid: "c8f79540ef5049a986b2031c0e01a856" member_type: NON_VOTER last_known_addr { host: "127.10.236.4" port: 36903 } attrs { promote: true } } }
I20260710 13:21:35.511581 12268 raft_consensus.cc:2955] T de5c58ec21da4b8d8e641341c692e084 P 61bd765b529b4c46aefb0f3647cbf721 [term 1 FOLLOWER]: Committing config change with OpId 1.2: config changed from index -1 to 2, NON_VOTER c8f79540ef5049a986b2031c0e01a856 (127.10.236.4) added. New config: { opid_index: 2 OBSOLETE_local: false peers { permanent_uuid: "61bd765b529b4c46aefb0f3647cbf721" member_type: VOTER last_known_addr { host: "127.10.236.1" port: 33509 } } peers { permanent_uuid: "3ad509d640614c6a83b1ee8740085760" member_type: VOTER last_known_addr { host: "127.10.236.2" port: 34643 } attrs { replace: true } } peers { permanent_uuid: "d1e02579eec1445bb87100d6d381bf5e" member_type: VOTER last_known_addr { host: "127.10.236.3" port: 32825 } } peers { permanent_uuid: "c8f79540ef5049a986b2031c0e01a856" member_type: NON_VOTER last_known_addr { host: "127.10.236.4" port: 36903 } attrs { promote: true } } }
W20260710 13:21:35.522070 12312 consensus_peers.cc:597] T 80159b7e10d6410bb098531e8b5f986a P 3ad509d640614c6a83b1ee8740085760 -> Peer c8f79540ef5049a986b2031c0e01a856 (127.10.236.4:36903): Couldn't send request to peer c8f79540ef5049a986b2031c0e01a856. Error code: TABLET_NOT_FOUND (6). Status: Not found: Tablet not found: 80159b7e10d6410bb098531e8b5f986a. This is attempt 1: this message will repeat every 5th retry.
I20260710 13:21:35.524673 12416 raft_consensus.cc:1275] T 80159b7e10d6410bb098531e8b5f986a P d1e02579eec1445bb87100d6d381bf5e [term 1 FOLLOWER]: Refusing update from remote peer 3ad509d640614c6a83b1ee8740085760: Log matching property violated. Preceding OpId in replica: term: 1 index: 1. Preceding OpId from leader: term: 1 index: 2. (index mismatch)
I20260710 13:21:35.525039 12268 raft_consensus.cc:1275] T 80159b7e10d6410bb098531e8b5f986a P 61bd765b529b4c46aefb0f3647cbf721 [term 1 FOLLOWER]: Refusing update from remote peer 3ad509d640614c6a83b1ee8740085760: Log matching property violated. Preceding OpId in replica: term: 1 index: 1. Preceding OpId from leader: term: 1 index: 2. (index mismatch)
I20260710 13:21:35.526592 12812 consensus_queue.cc:1048] T 80159b7e10d6410bb098531e8b5f986a P 3ad509d640614c6a83b1ee8740085760 [LEADER]: Connected to new peer: Peer: permanent_uuid: "61bd765b529b4c46aefb0f3647cbf721" member_type: VOTER last_known_addr { host: "127.10.236.1" port: 33509 }, Status: LMP_MISMATCH, Last received: 0.0, Next index: 2, Last known committed idx: 1, Time since last communication: 0.000s
I20260710 13:21:35.527796 12813 consensus_queue.cc:1048] T 80159b7e10d6410bb098531e8b5f986a P 3ad509d640614c6a83b1ee8740085760 [LEADER]: Connected to new peer: Peer: permanent_uuid: "d1e02579eec1445bb87100d6d381bf5e" member_type: VOTER last_known_addr { host: "127.10.236.3" port: 32825 } attrs { replace: true }, Status: LMP_MISMATCH, Last received: 0.0, Next index: 2, Last known committed idx: 1, Time since last communication: 0.000s
I20260710 13:21:35.536051 12812 raft_consensus.cc:2955] T 80159b7e10d6410bb098531e8b5f986a P 3ad509d640614c6a83b1ee8740085760 [term 1 LEADER]: Committing config change with OpId 1.2: config changed from index -1 to 2, NON_VOTER c8f79540ef5049a986b2031c0e01a856 (127.10.236.4) added. New config: { opid_index: 2 OBSOLETE_local: false peers { permanent_uuid: "61bd765b529b4c46aefb0f3647cbf721" member_type: VOTER last_known_addr { host: "127.10.236.1" port: 33509 } } peers { permanent_uuid: "3ad509d640614c6a83b1ee8740085760" member_type: VOTER last_known_addr { host: "127.10.236.2" port: 34643 } } peers { permanent_uuid: "d1e02579eec1445bb87100d6d381bf5e" member_type: VOTER last_known_addr { host: "127.10.236.3" port: 32825 } attrs { replace: true } } peers { permanent_uuid: "c8f79540ef5049a986b2031c0e01a856" member_type: NON_VOTER last_known_addr { host: "127.10.236.4" port: 36903 } attrs { promote: true } } }
I20260710 13:21:35.537791 12268 raft_consensus.cc:2955] T 80159b7e10d6410bb098531e8b5f986a P 61bd765b529b4c46aefb0f3647cbf721 [term 1 FOLLOWER]: Committing config change with OpId 1.2: config changed from index -1 to 2, NON_VOTER c8f79540ef5049a986b2031c0e01a856 (127.10.236.4) added. New config: { opid_index: 2 OBSOLETE_local: false peers { permanent_uuid: "61bd765b529b4c46aefb0f3647cbf721" member_type: VOTER last_known_addr { host: "127.10.236.1" port: 33509 } } peers { permanent_uuid: "3ad509d640614c6a83b1ee8740085760" member_type: VOTER last_known_addr { host: "127.10.236.2" port: 34643 } } peers { permanent_uuid: "d1e02579eec1445bb87100d6d381bf5e" member_type: VOTER last_known_addr { host: "127.10.236.3" port: 32825 } attrs { replace: true } } peers { permanent_uuid: "c8f79540ef5049a986b2031c0e01a856" member_type: NON_VOTER last_known_addr { host: "127.10.236.4" port: 36903 } attrs { promote: true } } }
I20260710 13:21:35.539961 12416 raft_consensus.cc:2955] T 80159b7e10d6410bb098531e8b5f986a P d1e02579eec1445bb87100d6d381bf5e [term 1 FOLLOWER]: Committing config change with OpId 1.2: config changed from index -1 to 2, NON_VOTER c8f79540ef5049a986b2031c0e01a856 (127.10.236.4) added. New config: { opid_index: 2 OBSOLETE_local: false peers { permanent_uuid: "61bd765b529b4c46aefb0f3647cbf721" member_type: VOTER last_known_addr { host: "127.10.236.1" port: 33509 } } peers { permanent_uuid: "3ad509d640614c6a83b1ee8740085760" member_type: VOTER last_known_addr { host: "127.10.236.2" port: 34643 } } peers { permanent_uuid: "d1e02579eec1445bb87100d6d381bf5e" member_type: VOTER last_known_addr { host: "127.10.236.3" port: 32825 } attrs { replace: true } } peers { permanent_uuid: "c8f79540ef5049a986b2031c0e01a856" member_type: NON_VOTER last_known_addr { host: "127.10.236.4" port: 36903 } attrs { promote: true } } }
I20260710 13:21:35.549834 12164 catalog_manager.cc:5697] T 80159b7e10d6410bb098531e8b5f986a P 61bd765b529b4c46aefb0f3647cbf721 reported cstate change: config changed from index -1 to 2, NON_VOTER c8f79540ef5049a986b2031c0e01a856 (127.10.236.4) added. New cstate: current_term: 1 leader_uuid: "3ad509d640614c6a83b1ee8740085760" committed_config { opid_index: 2 OBSOLETE_local: false peers { permanent_uuid: "61bd765b529b4c46aefb0f3647cbf721" member_type: VOTER last_known_addr { host: "127.10.236.1" port: 33509 } } peers { permanent_uuid: "3ad509d640614c6a83b1ee8740085760" member_type: VOTER last_known_addr { host: "127.10.236.2" port: 34643 } } peers { permanent_uuid: "d1e02579eec1445bb87100d6d381bf5e" member_type: VOTER last_known_addr { host: "127.10.236.3" port: 32825 } attrs { replace: true } } peers { permanent_uuid: "c8f79540ef5049a986b2031c0e01a856" member_type: NON_VOTER last_known_addr { host: "127.10.236.4" port: 36903 } attrs { promote: true } } }
I20260710 13:21:35.846796 12830 ts_tablet_manager.cc:933] T 016757e6573d496e91f989d945e9420d P c8f79540ef5049a986b2031c0e01a856: Initiating tablet copy from peer 3ad509d640614c6a83b1ee8740085760 (127.10.236.2:34643)
I20260710 13:21:35.848717 12830 tablet_copy_client.cc:323] T 016757e6573d496e91f989d945e9420d P c8f79540ef5049a986b2031c0e01a856: tablet copy: Beginning tablet copy session from remote peer at address 127.10.236.2:34643
I20260710 13:21:35.850515 12356 tablet_copy_service.cc:140] P 3ad509d640614c6a83b1ee8740085760: Received BeginTabletCopySession request for tablet 016757e6573d496e91f989d945e9420d from peer c8f79540ef5049a986b2031c0e01a856 ({username='slave'} at 127.0.0.1:40732)
I20260710 13:21:35.851053 12356 tablet_copy_service.cc:161] P 3ad509d640614c6a83b1ee8740085760: Beginning new tablet copy session on tablet 016757e6573d496e91f989d945e9420d from peer c8f79540ef5049a986b2031c0e01a856 at {username='slave'} at 127.0.0.1:40732: session id = c8f79540ef5049a986b2031c0e01a856-016757e6573d496e91f989d945e9420d
I20260710 13:21:35.858655 12356 tablet_copy_source_session.cc:215] T 016757e6573d496e91f989d945e9420d P 3ad509d640614c6a83b1ee8740085760: Tablet Copy: opened 0 blocks and 1 log segments
I20260710 13:21:35.861569 12830 data_dirs.cc:400] Could only allocate 1 dirs of requested 3 for tablet 016757e6573d496e91f989d945e9420d. 1 dirs total, 0 dirs full, 0 dirs failed
I20260710 13:21:35.872130 12830 tablet_copy_client.cc:806] T 016757e6573d496e91f989d945e9420d P c8f79540ef5049a986b2031c0e01a856: tablet copy: Starting download of 0 data blocks...
I20260710 13:21:35.872701 12830 tablet_copy_client.cc:670] T 016757e6573d496e91f989d945e9420d P c8f79540ef5049a986b2031c0e01a856: tablet copy: Starting download of 1 WAL segments...
I20260710 13:21:35.878630 12830 tablet_copy_client.cc:538] T 016757e6573d496e91f989d945e9420d P c8f79540ef5049a986b2031c0e01a856: tablet copy: Tablet Copy complete. Replacing tablet superblock.
I20260710 13:21:35.887300 12830 tablet_bootstrap.cc:492] T 016757e6573d496e91f989d945e9420d P c8f79540ef5049a986b2031c0e01a856: Bootstrap starting.
I20260710 13:21:35.907222 12830 tablet_bootstrap.cc:492] T 016757e6573d496e91f989d945e9420d P c8f79540ef5049a986b2031c0e01a856: Bootstrap replayed 1/1 log segments. Stats: ops{read=2 overwritten=0 applied=2 ignored=0} inserts{seen=0 ignored=0} mutations{seen=0 ignored=0} orphaned_commits=0. Pending: 0 replicates
I20260710 13:21:35.908102 12830 tablet_bootstrap.cc:492] T 016757e6573d496e91f989d945e9420d P c8f79540ef5049a986b2031c0e01a856: Bootstrap complete.
I20260710 13:21:35.908746 12830 ts_tablet_manager.cc:1403] T 016757e6573d496e91f989d945e9420d P c8f79540ef5049a986b2031c0e01a856: Time spent bootstrapping tablet: real 0.022s	user 0.019s	sys 0.000s
I20260710 13:21:35.911798 12830 raft_consensus.cc:359] T 016757e6573d496e91f989d945e9420d P c8f79540ef5049a986b2031c0e01a856 [term 1 LEARNER]: Replica starting. Triggering 0 pending ops. Active config: opid_index: 2 OBSOLETE_local: false peers { permanent_uuid: "61bd765b529b4c46aefb0f3647cbf721" member_type: VOTER last_known_addr { host: "127.10.236.1" port: 33509 } attrs { replace: true } } peers { permanent_uuid: "3ad509d640614c6a83b1ee8740085760" member_type: VOTER last_known_addr { host: "127.10.236.2" port: 34643 } } peers { permanent_uuid: "d1e02579eec1445bb87100d6d381bf5e" member_type: VOTER last_known_addr { host: "127.10.236.3" port: 32825 } } peers { permanent_uuid: "c8f79540ef5049a986b2031c0e01a856" member_type: NON_VOTER last_known_addr { host: "127.10.236.4" port: 36903 } attrs { promote: true } }
I20260710 13:21:35.912616 12830 raft_consensus.cc:740] T 016757e6573d496e91f989d945e9420d P c8f79540ef5049a986b2031c0e01a856 [term 1 LEARNER]: Becoming Follower/Learner. State: Replica: c8f79540ef5049a986b2031c0e01a856, State: Initialized, Role: LEARNER
I20260710 13:21:35.913249 12830 consensus_queue.cc:260] T 016757e6573d496e91f989d945e9420d P c8f79540ef5049a986b2031c0e01a856 [NON_LEADER]: Queue going to NON_LEADER mode. State: All replicated index: 0, Majority replicated index: 0, Committed index: 2, Last appended: 1.2, Last appended by leader: 2, Current term: 0, Majority size: -1, State: 0, Mode: NON_LEADER, active raft config: opid_index: 2 OBSOLETE_local: false peers { permanent_uuid: "61bd765b529b4c46aefb0f3647cbf721" member_type: VOTER last_known_addr { host: "127.10.236.1" port: 33509 } attrs { replace: true } } peers { permanent_uuid: "3ad509d640614c6a83b1ee8740085760" member_type: VOTER last_known_addr { host: "127.10.236.2" port: 34643 } } peers { permanent_uuid: "d1e02579eec1445bb87100d6d381bf5e" member_type: VOTER last_known_addr { host: "127.10.236.3" port: 32825 } } peers { permanent_uuid: "c8f79540ef5049a986b2031c0e01a856" member_type: NON_VOTER last_known_addr { host: "127.10.236.4" port: 36903 } attrs { promote: true } }
I20260710 13:21:35.917248 12830 ts_tablet_manager.cc:1434] T 016757e6573d496e91f989d945e9420d P c8f79540ef5049a986b2031c0e01a856: Time spent starting tablet: real 0.008s	user 0.007s	sys 0.000s
I20260710 13:21:35.920234 12356 tablet_copy_service.cc:342] P 3ad509d640614c6a83b1ee8740085760: Request end of tablet copy session c8f79540ef5049a986b2031c0e01a856-016757e6573d496e91f989d945e9420d received from {username='slave'} at 127.0.0.1:40732
I20260710 13:21:35.920723 12356 tablet_copy_service.cc:434] P 3ad509d640614c6a83b1ee8740085760: ending tablet copy session c8f79540ef5049a986b2031c0e01a856-016757e6573d496e91f989d945e9420d on tablet 016757e6573d496e91f989d945e9420d with peer c8f79540ef5049a986b2031c0e01a856
I20260710 13:21:35.977874 12830 ts_tablet_manager.cc:933] T 93285f5efb54460cb24f093f646a6392 P c8f79540ef5049a986b2031c0e01a856: Initiating tablet copy from peer 3ad509d640614c6a83b1ee8740085760 (127.10.236.2:34643)
I20260710 13:21:35.979737 12830 tablet_copy_client.cc:323] T 93285f5efb54460cb24f093f646a6392 P c8f79540ef5049a986b2031c0e01a856: tablet copy: Beginning tablet copy session from remote peer at address 127.10.236.2:34643
I20260710 13:21:35.981132 12356 tablet_copy_service.cc:140] P 3ad509d640614c6a83b1ee8740085760: Received BeginTabletCopySession request for tablet 93285f5efb54460cb24f093f646a6392 from peer c8f79540ef5049a986b2031c0e01a856 ({username='slave'} at 127.0.0.1:40732)
I20260710 13:21:35.981539 12356 tablet_copy_service.cc:161] P 3ad509d640614c6a83b1ee8740085760: Beginning new tablet copy session on tablet 93285f5efb54460cb24f093f646a6392 from peer c8f79540ef5049a986b2031c0e01a856 at {username='slave'} at 127.0.0.1:40732: session id = c8f79540ef5049a986b2031c0e01a856-93285f5efb54460cb24f093f646a6392
I20260710 13:21:35.988850 12356 tablet_copy_source_session.cc:215] T 93285f5efb54460cb24f093f646a6392 P 3ad509d640614c6a83b1ee8740085760: Tablet Copy: opened 0 blocks and 1 log segments
I20260710 13:21:35.991577 12830 data_dirs.cc:400] Could only allocate 1 dirs of requested 3 for tablet 93285f5efb54460cb24f093f646a6392. 1 dirs total, 0 dirs full, 0 dirs failed
I20260710 13:21:36.006158 12830 tablet_copy_client.cc:806] T 93285f5efb54460cb24f093f646a6392 P c8f79540ef5049a986b2031c0e01a856: tablet copy: Starting download of 0 data blocks...
I20260710 13:21:36.006793 12830 tablet_copy_client.cc:670] T 93285f5efb54460cb24f093f646a6392 P c8f79540ef5049a986b2031c0e01a856: tablet copy: Starting download of 1 WAL segments...
I20260710 13:21:36.012058 12830 tablet_copy_client.cc:538] T 93285f5efb54460cb24f093f646a6392 P c8f79540ef5049a986b2031c0e01a856: tablet copy: Tablet Copy complete. Replacing tablet superblock.
I20260710 13:21:36.012187 12836 ts_tablet_manager.cc:933] T de5c58ec21da4b8d8e641341c692e084 P c8f79540ef5049a986b2031c0e01a856: Initiating tablet copy from peer d1e02579eec1445bb87100d6d381bf5e (127.10.236.3:32825)
I20260710 13:21:36.014149 12836 tablet_copy_client.cc:323] T de5c58ec21da4b8d8e641341c692e084 P c8f79540ef5049a986b2031c0e01a856: tablet copy: Beginning tablet copy session from remote peer at address 127.10.236.3:32825
I20260710 13:21:36.016096 12430 tablet_copy_service.cc:140] P d1e02579eec1445bb87100d6d381bf5e: Received BeginTabletCopySession request for tablet de5c58ec21da4b8d8e641341c692e084 from peer c8f79540ef5049a986b2031c0e01a856 ({username='slave'} at 127.0.0.1:37476)
I20260710 13:21:36.016701 12430 tablet_copy_service.cc:161] P d1e02579eec1445bb87100d6d381bf5e: Beginning new tablet copy session on tablet de5c58ec21da4b8d8e641341c692e084 from peer c8f79540ef5049a986b2031c0e01a856 at {username='slave'} at 127.0.0.1:37476: session id = c8f79540ef5049a986b2031c0e01a856-de5c58ec21da4b8d8e641341c692e084
I20260710 13:21:36.024093 12830 tablet_bootstrap.cc:492] T 93285f5efb54460cb24f093f646a6392 P c8f79540ef5049a986b2031c0e01a856: Bootstrap starting.
I20260710 13:21:36.026245 12430 tablet_copy_source_session.cc:215] T de5c58ec21da4b8d8e641341c692e084 P d1e02579eec1445bb87100d6d381bf5e: Tablet Copy: opened 0 blocks and 1 log segments
I20260710 13:21:36.030505 12836 data_dirs.cc:400] Could only allocate 1 dirs of requested 3 for tablet de5c58ec21da4b8d8e641341c692e084. 1 dirs total, 0 dirs full, 0 dirs failed
I20260710 13:21:36.041803 12830 tablet_bootstrap.cc:492] T 93285f5efb54460cb24f093f646a6392 P c8f79540ef5049a986b2031c0e01a856: Bootstrap replayed 1/1 log segments. Stats: ops{read=2 overwritten=0 applied=2 ignored=0} inserts{seen=0 ignored=0} mutations{seen=0 ignored=0} orphaned_commits=0. Pending: 0 replicates
I20260710 13:21:36.042713 12830 tablet_bootstrap.cc:492] T 93285f5efb54460cb24f093f646a6392 P c8f79540ef5049a986b2031c0e01a856: Bootstrap complete.
I20260710 13:21:36.044178 12830 ts_tablet_manager.cc:1403] T 93285f5efb54460cb24f093f646a6392 P c8f79540ef5049a986b2031c0e01a856: Time spent bootstrapping tablet: real 0.020s	user 0.021s	sys 0.000s
I20260710 13:21:36.046036 12836 tablet_copy_client.cc:806] T de5c58ec21da4b8d8e641341c692e084 P c8f79540ef5049a986b2031c0e01a856: tablet copy: Starting download of 0 data blocks...
I20260710 13:21:36.046576 12836 tablet_copy_client.cc:670] T de5c58ec21da4b8d8e641341c692e084 P c8f79540ef5049a986b2031c0e01a856: tablet copy: Starting download of 1 WAL segments...
I20260710 13:21:36.046974 12830 raft_consensus.cc:359] T 93285f5efb54460cb24f093f646a6392 P c8f79540ef5049a986b2031c0e01a856 [term 1 LEARNER]: Replica starting. Triggering 0 pending ops. Active config: opid_index: 2 OBSOLETE_local: false peers { permanent_uuid: "61bd765b529b4c46aefb0f3647cbf721" member_type: VOTER last_known_addr { host: "127.10.236.1" port: 33509 } } peers { permanent_uuid: "3ad509d640614c6a83b1ee8740085760" member_type: VOTER last_known_addr { host: "127.10.236.2" port: 34643 } } peers { permanent_uuid: "d1e02579eec1445bb87100d6d381bf5e" member_type: VOTER last_known_addr { host: "127.10.236.3" port: 32825 } attrs { replace: true } } peers { permanent_uuid: "c8f79540ef5049a986b2031c0e01a856" member_type: NON_VOTER last_known_addr { host: "127.10.236.4" port: 36903 } attrs { promote: true } }
I20260710 13:21:36.047648 12830 raft_consensus.cc:740] T 93285f5efb54460cb24f093f646a6392 P c8f79540ef5049a986b2031c0e01a856 [term 1 LEARNER]: Becoming Follower/Learner. State: Replica: c8f79540ef5049a986b2031c0e01a856, State: Initialized, Role: LEARNER
I20260710 13:21:36.048228 12830 consensus_queue.cc:260] T 93285f5efb54460cb24f093f646a6392 P c8f79540ef5049a986b2031c0e01a856 [NON_LEADER]: Queue going to NON_LEADER mode. State: All replicated index: 0, Majority replicated index: 0, Committed index: 2, Last appended: 1.2, Last appended by leader: 2, Current term: 0, Majority size: -1, State: 0, Mode: NON_LEADER, active raft config: opid_index: 2 OBSOLETE_local: false peers { permanent_uuid: "61bd765b529b4c46aefb0f3647cbf721" member_type: VOTER last_known_addr { host: "127.10.236.1" port: 33509 } } peers { permanent_uuid: "3ad509d640614c6a83b1ee8740085760" member_type: VOTER last_known_addr { host: "127.10.236.2" port: 34643 } } peers { permanent_uuid: "d1e02579eec1445bb87100d6d381bf5e" member_type: VOTER last_known_addr { host: "127.10.236.3" port: 32825 } attrs { replace: true } } peers { permanent_uuid: "c8f79540ef5049a986b2031c0e01a856" member_type: NON_VOTER last_known_addr { host: "127.10.236.4" port: 36903 } attrs { promote: true } }
I20260710 13:21:36.050194 12830 ts_tablet_manager.cc:1434] T 93285f5efb54460cb24f093f646a6392 P c8f79540ef5049a986b2031c0e01a856: Time spent starting tablet: real 0.006s	user 0.002s	sys 0.004s
I20260710 13:21:36.052028 12356 tablet_copy_service.cc:342] P 3ad509d640614c6a83b1ee8740085760: Request end of tablet copy session c8f79540ef5049a986b2031c0e01a856-93285f5efb54460cb24f093f646a6392 received from {username='slave'} at 127.0.0.1:40732
I20260710 13:21:36.052379 12356 tablet_copy_service.cc:434] P 3ad509d640614c6a83b1ee8740085760: ending tablet copy session c8f79540ef5049a986b2031c0e01a856-93285f5efb54460cb24f093f646a6392 on tablet 93285f5efb54460cb24f093f646a6392 with peer c8f79540ef5049a986b2031c0e01a856
I20260710 13:21:36.055109 12836 tablet_copy_client.cc:538] T de5c58ec21da4b8d8e641341c692e084 P c8f79540ef5049a986b2031c0e01a856: tablet copy: Tablet Copy complete. Replacing tablet superblock.
I20260710 13:21:36.058314 12830 ts_tablet_manager.cc:933] T 80159b7e10d6410bb098531e8b5f986a P c8f79540ef5049a986b2031c0e01a856: Initiating tablet copy from peer 3ad509d640614c6a83b1ee8740085760 (127.10.236.2:34643)
I20260710 13:21:36.068702 12836 tablet_bootstrap.cc:492] T de5c58ec21da4b8d8e641341c692e084 P c8f79540ef5049a986b2031c0e01a856: Bootstrap starting.
I20260710 13:21:36.078313 12830 tablet_copy_client.cc:323] T 80159b7e10d6410bb098531e8b5f986a P c8f79540ef5049a986b2031c0e01a856: tablet copy: Beginning tablet copy session from remote peer at address 127.10.236.2:34643
I20260710 13:21:36.079639 12356 tablet_copy_service.cc:140] P 3ad509d640614c6a83b1ee8740085760: Received BeginTabletCopySession request for tablet 80159b7e10d6410bb098531e8b5f986a from peer c8f79540ef5049a986b2031c0e01a856 ({username='slave'} at 127.0.0.1:40732)
I20260710 13:21:36.080066 12356 tablet_copy_service.cc:161] P 3ad509d640614c6a83b1ee8740085760: Beginning new tablet copy session on tablet 80159b7e10d6410bb098531e8b5f986a from peer c8f79540ef5049a986b2031c0e01a856 at {username='slave'} at 127.0.0.1:40732: session id = c8f79540ef5049a986b2031c0e01a856-80159b7e10d6410bb098531e8b5f986a
I20260710 13:21:36.084781 12356 tablet_copy_source_session.cc:215] T 80159b7e10d6410bb098531e8b5f986a P 3ad509d640614c6a83b1ee8740085760: Tablet Copy: opened 0 blocks and 1 log segments
I20260710 13:21:36.087265 12830 data_dirs.cc:400] Could only allocate 1 dirs of requested 3 for tablet 80159b7e10d6410bb098531e8b5f986a. 1 dirs total, 0 dirs full, 0 dirs failed
I20260710 13:21:36.094264 12836 tablet_bootstrap.cc:492] T de5c58ec21da4b8d8e641341c692e084 P c8f79540ef5049a986b2031c0e01a856: Bootstrap replayed 1/1 log segments. Stats: ops{read=2 overwritten=0 applied=2 ignored=0} inserts{seen=0 ignored=0} mutations{seen=0 ignored=0} orphaned_commits=0. Pending: 0 replicates
I20260710 13:21:36.095096 12836 tablet_bootstrap.cc:492] T de5c58ec21da4b8d8e641341c692e084 P c8f79540ef5049a986b2031c0e01a856: Bootstrap complete.
I20260710 13:21:36.096123 12836 ts_tablet_manager.cc:1403] T de5c58ec21da4b8d8e641341c692e084 P c8f79540ef5049a986b2031c0e01a856: Time spent bootstrapping tablet: real 0.028s	user 0.008s	sys 0.011s
I20260710 13:21:36.097311 12830 tablet_copy_client.cc:806] T 80159b7e10d6410bb098531e8b5f986a P c8f79540ef5049a986b2031c0e01a856: tablet copy: Starting download of 0 data blocks...
I20260710 13:21:36.097942 12830 tablet_copy_client.cc:670] T 80159b7e10d6410bb098531e8b5f986a P c8f79540ef5049a986b2031c0e01a856: tablet copy: Starting download of 1 WAL segments...
I20260710 13:21:36.098883 12836 raft_consensus.cc:359] T de5c58ec21da4b8d8e641341c692e084 P c8f79540ef5049a986b2031c0e01a856 [term 1 LEARNER]: Replica starting. Triggering 0 pending ops. Active config: opid_index: 2 OBSOLETE_local: false peers { permanent_uuid: "61bd765b529b4c46aefb0f3647cbf721" member_type: VOTER last_known_addr { host: "127.10.236.1" port: 33509 } } peers { permanent_uuid: "3ad509d640614c6a83b1ee8740085760" member_type: VOTER last_known_addr { host: "127.10.236.2" port: 34643 } attrs { replace: true } } peers { permanent_uuid: "d1e02579eec1445bb87100d6d381bf5e" member_type: VOTER last_known_addr { host: "127.10.236.3" port: 32825 } } peers { permanent_uuid: "c8f79540ef5049a986b2031c0e01a856" member_type: NON_VOTER last_known_addr { host: "127.10.236.4" port: 36903 } attrs { promote: true } }
I20260710 13:21:36.099696 12836 raft_consensus.cc:740] T de5c58ec21da4b8d8e641341c692e084 P c8f79540ef5049a986b2031c0e01a856 [term 1 LEARNER]: Becoming Follower/Learner. State: Replica: c8f79540ef5049a986b2031c0e01a856, State: Initialized, Role: LEARNER
I20260710 13:21:36.101243 12830 tablet_copy_client.cc:538] T 80159b7e10d6410bb098531e8b5f986a P c8f79540ef5049a986b2031c0e01a856: tablet copy: Tablet Copy complete. Replacing tablet superblock.
I20260710 13:21:36.101999 12836 consensus_queue.cc:260] T de5c58ec21da4b8d8e641341c692e084 P c8f79540ef5049a986b2031c0e01a856 [NON_LEADER]: Queue going to NON_LEADER mode. State: All replicated index: 0, Majority replicated index: 0, Committed index: 2, Last appended: 1.2, Last appended by leader: 2, Current term: 0, Majority size: -1, State: 0, Mode: NON_LEADER, active raft config: opid_index: 2 OBSOLETE_local: false peers { permanent_uuid: "61bd765b529b4c46aefb0f3647cbf721" member_type: VOTER last_known_addr { host: "127.10.236.1" port: 33509 } } peers { permanent_uuid: "3ad509d640614c6a83b1ee8740085760" member_type: VOTER last_known_addr { host: "127.10.236.2" port: 34643 } attrs { replace: true } } peers { permanent_uuid: "d1e02579eec1445bb87100d6d381bf5e" member_type: VOTER last_known_addr { host: "127.10.236.3" port: 32825 } } peers { permanent_uuid: "c8f79540ef5049a986b2031c0e01a856" member_type: NON_VOTER last_known_addr { host: "127.10.236.4" port: 36903 } attrs { promote: true } }
I20260710 13:21:36.104138 12836 ts_tablet_manager.cc:1434] T de5c58ec21da4b8d8e641341c692e084 P c8f79540ef5049a986b2031c0e01a856: Time spent starting tablet: real 0.008s	user 0.006s	sys 0.001s
I20260710 13:21:36.106093 12430 tablet_copy_service.cc:342] P d1e02579eec1445bb87100d6d381bf5e: Request end of tablet copy session c8f79540ef5049a986b2031c0e01a856-de5c58ec21da4b8d8e641341c692e084 received from {username='slave'} at 127.0.0.1:37476
I20260710 13:21:36.106472 12430 tablet_copy_service.cc:434] P d1e02579eec1445bb87100d6d381bf5e: ending tablet copy session c8f79540ef5049a986b2031c0e01a856-de5c58ec21da4b8d8e641341c692e084 on tablet de5c58ec21da4b8d8e641341c692e084 with peer c8f79540ef5049a986b2031c0e01a856
I20260710 13:21:36.108700 12830 tablet_bootstrap.cc:492] T 80159b7e10d6410bb098531e8b5f986a P c8f79540ef5049a986b2031c0e01a856: Bootstrap starting.
I20260710 13:21:36.126032 12830 tablet_bootstrap.cc:492] T 80159b7e10d6410bb098531e8b5f986a P c8f79540ef5049a986b2031c0e01a856: Bootstrap replayed 1/1 log segments. Stats: ops{read=2 overwritten=0 applied=2 ignored=0} inserts{seen=0 ignored=0} mutations{seen=0 ignored=0} orphaned_commits=0. Pending: 0 replicates
I20260710 13:21:36.126753 12830 tablet_bootstrap.cc:492] T 80159b7e10d6410bb098531e8b5f986a P c8f79540ef5049a986b2031c0e01a856: Bootstrap complete.
I20260710 13:21:36.127377 12830 ts_tablet_manager.cc:1403] T 80159b7e10d6410bb098531e8b5f986a P c8f79540ef5049a986b2031c0e01a856: Time spent bootstrapping tablet: real 0.019s	user 0.016s	sys 0.003s
I20260710 13:21:36.129670 12830 raft_consensus.cc:359] T 80159b7e10d6410bb098531e8b5f986a P c8f79540ef5049a986b2031c0e01a856 [term 1 LEARNER]: Replica starting. Triggering 0 pending ops. Active config: opid_index: 2 OBSOLETE_local: false peers { permanent_uuid: "61bd765b529b4c46aefb0f3647cbf721" member_type: VOTER last_known_addr { host: "127.10.236.1" port: 33509 } } peers { permanent_uuid: "3ad509d640614c6a83b1ee8740085760" member_type: VOTER last_known_addr { host: "127.10.236.2" port: 34643 } } peers { permanent_uuid: "d1e02579eec1445bb87100d6d381bf5e" member_type: VOTER last_known_addr { host: "127.10.236.3" port: 32825 } attrs { replace: true } } peers { permanent_uuid: "c8f79540ef5049a986b2031c0e01a856" member_type: NON_VOTER last_known_addr { host: "127.10.236.4" port: 36903 } attrs { promote: true } }
I20260710 13:21:36.130385 12830 raft_consensus.cc:740] T 80159b7e10d6410bb098531e8b5f986a P c8f79540ef5049a986b2031c0e01a856 [term 1 LEARNER]: Becoming Follower/Learner. State: Replica: c8f79540ef5049a986b2031c0e01a856, State: Initialized, Role: LEARNER
I20260710 13:21:36.130913 12830 consensus_queue.cc:260] T 80159b7e10d6410bb098531e8b5f986a P c8f79540ef5049a986b2031c0e01a856 [NON_LEADER]: Queue going to NON_LEADER mode. State: All replicated index: 0, Majority replicated index: 0, Committed index: 2, Last appended: 1.2, Last appended by leader: 2, Current term: 0, Majority size: -1, State: 0, Mode: NON_LEADER, active raft config: opid_index: 2 OBSOLETE_local: false peers { permanent_uuid: "61bd765b529b4c46aefb0f3647cbf721" member_type: VOTER last_known_addr { host: "127.10.236.1" port: 33509 } } peers { permanent_uuid: "3ad509d640614c6a83b1ee8740085760" member_type: VOTER last_known_addr { host: "127.10.236.2" port: 34643 } } peers { permanent_uuid: "d1e02579eec1445bb87100d6d381bf5e" member_type: VOTER last_known_addr { host: "127.10.236.3" port: 32825 } attrs { replace: true } } peers { permanent_uuid: "c8f79540ef5049a986b2031c0e01a856" member_type: NON_VOTER last_known_addr { host: "127.10.236.4" port: 36903 } attrs { promote: true } }
I20260710 13:21:36.132815 12830 ts_tablet_manager.cc:1434] T 80159b7e10d6410bb098531e8b5f986a P c8f79540ef5049a986b2031c0e01a856: Time spent starting tablet: real 0.005s	user 0.004s	sys 0.000s
I20260710 13:21:36.138340 12356 tablet_copy_service.cc:342] P 3ad509d640614c6a83b1ee8740085760: Request end of tablet copy session c8f79540ef5049a986b2031c0e01a856-80159b7e10d6410bb098531e8b5f986a received from {username='slave'} at 127.0.0.1:40732
I20260710 13:21:36.138746 12356 tablet_copy_service.cc:434] P 3ad509d640614c6a83b1ee8740085760: ending tablet copy session c8f79540ef5049a986b2031c0e01a856-80159b7e10d6410bb098531e8b5f986a on tablet 80159b7e10d6410bb098531e8b5f986a with peer c8f79540ef5049a986b2031c0e01a856
I20260710 13:21:36.412622 12705 raft_consensus.cc:1217] T 016757e6573d496e91f989d945e9420d P c8f79540ef5049a986b2031c0e01a856 [term 1 LEARNER]: Deduplicated request from leader. Original: 1.1->[1.2-1.2]   Dedup: 1.2->[]
I20260710 13:21:36.425889 12705 raft_consensus.cc:1217] T de5c58ec21da4b8d8e641341c692e084 P c8f79540ef5049a986b2031c0e01a856 [term 1 LEARNER]: Deduplicated request from leader. Original: 1.1->[1.2-1.2]   Dedup: 1.2->[]
I20260710 13:21:36.472916 12705 raft_consensus.cc:1217] T 80159b7e10d6410bb098531e8b5f986a P c8f79540ef5049a986b2031c0e01a856 [term 1 LEARNER]: Deduplicated request from leader. Original: 1.1->[1.2-1.2]   Dedup: 1.2->[]
I20260710 13:21:36.502791 12705 raft_consensus.cc:1217] T 93285f5efb54460cb24f093f646a6392 P c8f79540ef5049a986b2031c0e01a856 [term 1 LEARNER]: Deduplicated request from leader. Original: 1.1->[1.2-1.2]   Dedup: 1.2->[]
I20260710 13:21:36.890890 12823 raft_consensus.cc:1064] T de5c58ec21da4b8d8e641341c692e084 P d1e02579eec1445bb87100d6d381bf5e: attempting to promote NON_VOTER c8f79540ef5049a986b2031c0e01a856 to VOTER
I20260710 13:21:36.892994 12823 consensus_queue.cc:237] T de5c58ec21da4b8d8e641341c692e084 P d1e02579eec1445bb87100d6d381bf5e [LEADER]: Queue going to LEADER mode. State: All replicated index: 0, Majority replicated index: 2, Committed index: 2, Last appended: 1.2, Last appended by leader: 0, Current term: 1, Majority size: 3, State: 0, Mode: LEADER, active raft config: opid_index: 3 OBSOLETE_local: false peers { permanent_uuid: "61bd765b529b4c46aefb0f3647cbf721" member_type: VOTER last_known_addr { host: "127.10.236.1" port: 33509 } } peers { permanent_uuid: "3ad509d640614c6a83b1ee8740085760" member_type: VOTER last_known_addr { host: "127.10.236.2" port: 34643 } attrs { replace: true } } peers { permanent_uuid: "d1e02579eec1445bb87100d6d381bf5e" member_type: VOTER last_known_addr { host: "127.10.236.3" port: 32825 } } peers { permanent_uuid: "c8f79540ef5049a986b2031c0e01a856" member_type: VOTER last_known_addr { host: "127.10.236.4" port: 36903 } attrs { promote: false } }
I20260710 13:21:36.899453 12345 raft_consensus.cc:1275] T de5c58ec21da4b8d8e641341c692e084 P 3ad509d640614c6a83b1ee8740085760 [term 1 FOLLOWER]: Refusing update from remote peer d1e02579eec1445bb87100d6d381bf5e: Log matching property violated. Preceding OpId in replica: term: 1 index: 2. Preceding OpId from leader: term: 1 index: 3. (index mismatch)
I20260710 13:21:36.900210 12268 raft_consensus.cc:1275] T de5c58ec21da4b8d8e641341c692e084 P 61bd765b529b4c46aefb0f3647cbf721 [term 1 FOLLOWER]: Refusing update from remote peer d1e02579eec1445bb87100d6d381bf5e: Log matching property violated. Preceding OpId in replica: term: 1 index: 2. Preceding OpId from leader: term: 1 index: 3. (index mismatch)
I20260710 13:21:36.901299 12705 raft_consensus.cc:1275] T de5c58ec21da4b8d8e641341c692e084 P c8f79540ef5049a986b2031c0e01a856 [term 1 LEARNER]: Refusing update from remote peer d1e02579eec1445bb87100d6d381bf5e: Log matching property violated. Preceding OpId in replica: term: 1 index: 2. Preceding OpId from leader: term: 1 index: 3. (index mismatch)
I20260710 13:21:36.901075 12823 consensus_queue.cc:1048] T de5c58ec21da4b8d8e641341c692e084 P d1e02579eec1445bb87100d6d381bf5e [LEADER]: Connected to new peer: Peer: permanent_uuid: "3ad509d640614c6a83b1ee8740085760" member_type: VOTER last_known_addr { host: "127.10.236.2" port: 34643 } attrs { replace: true }, Status: LMP_MISMATCH, Last received: 0.0, Next index: 3, Last known committed idx: 2, Time since last communication: 0.000s
