I20260710 13:21:49.854058 23106 leader_election.cc:290] T d46feeb4a1ba4a7281147cc6faa5ff28 P 9624fa52f9164afbb9447e05793270b4 [CANDIDATE]: Term 2 election: Requested vote from peers 1fa9e2df8db748289009de16001c7c8b (127.21.21.1:40949), 368e2add00c7438c8e2f4cc7f4d5ff62 (127.21.21.3:33709)
I20260710 13:21:49.855266 22835 tablet_service.cc:1917] Received RequestConsensusVote() RPC: tablet_id: "d46feeb4a1ba4a7281147cc6faa5ff28" candidate_uuid: "9624fa52f9164afbb9447e05793270b4" candidate_term: 2 candidate_status { last_received { term: 1 index: 4 } } ignore_live_leader: true dest_uuid: "368e2add00c7438c8e2f4cc7f4d5ff62"
I20260710 13:21:49.855890 22835 raft_consensus.cc:3060] T d46feeb4a1ba4a7281147cc6faa5ff28 P 368e2add00c7438c8e2f4cc7f4d5ff62 [term 1 FOLLOWER]: Advancing to term 2
I20260710 13:21:49.856045 22685 tablet_service.cc:1917] Received RequestConsensusVote() RPC: tablet_id: "d46feeb4a1ba4a7281147cc6faa5ff28" candidate_uuid: "9624fa52f9164afbb9447e05793270b4" candidate_term: 2 candidate_status { last_received { term: 1 index: 4 } } ignore_live_leader: true dest_uuid: "1fa9e2df8db748289009de16001c7c8b"
I20260710 13:21:49.856594 22685 raft_consensus.cc:3055] T d46feeb4a1ba4a7281147cc6faa5ff28 P 1fa9e2df8db748289009de16001c7c8b [term 1 LEADER]: Stepping down as leader of term 1
I20260710 13:21:49.856845 22685 raft_consensus.cc:740] T d46feeb4a1ba4a7281147cc6faa5ff28 P 1fa9e2df8db748289009de16001c7c8b [term 1 LEADER]: Becoming Follower/Learner. State: Replica: 1fa9e2df8db748289009de16001c7c8b, State: Running, Role: LEADER
I20260710 13:21:49.857535 22685 consensus_queue.cc:260] T d46feeb4a1ba4a7281147cc6faa5ff28 P 1fa9e2df8db748289009de16001c7c8b [NON_LEADER]: Queue going to NON_LEADER mode. State: All replicated index: 0, Majority replicated index: 4, Committed index: 4, Last appended: 1.4, Last appended by leader: 4, Current term: 1, Majority size: -1, State: 0, Mode: NON_LEADER, active raft config: opid_index: 4 OBSOLETE_local: false peers { permanent_uuid: "1fa9e2df8db748289009de16001c7c8b" member_type: VOTER last_known_addr { host: "127.21.21.1" port: 40949 } } peers { permanent_uuid: "368e2add00c7438c8e2f4cc7f4d5ff62" member_type: VOTER last_known_addr { host: "127.21.21.3" port: 33709 } } peers { permanent_uuid: "9624fa52f9164afbb9447e05793270b4" member_type: VOTER last_known_addr { host: "127.21.21.4" port: 39501 } attrs { promote: false } }
I20260710 13:21:49.858592 22685 raft_consensus.cc:3060] T d46feeb4a1ba4a7281147cc6faa5ff28 P 1fa9e2df8db748289009de16001c7c8b [term 1 FOLLOWER]: Advancing to term 2
I20260710 13:21:49.859877 22835 raft_consensus.cc:2468] T d46feeb4a1ba4a7281147cc6faa5ff28 P 368e2add00c7438c8e2f4cc7f4d5ff62 [term 2 FOLLOWER]: Leader election vote request: Granting yes vote for candidate 9624fa52f9164afbb9447e05793270b4 in term 2.
I20260710 13:21:49.861024 23072 leader_election.cc:304] T d46feeb4a1ba4a7281147cc6faa5ff28 P 9624fa52f9164afbb9447e05793270b4 [CANDIDATE]: Term 2 election: Election decided. Result: candidate won. Election summary: received 2 responses out of 3 voters: 2 yes votes; 0 no votes. yes voters: 368e2add00c7438c8e2f4cc7f4d5ff62, 9624fa52f9164afbb9447e05793270b4; no voters: 
I20260710 13:21:49.861799 23469 raft_consensus.cc:2804] T d46feeb4a1ba4a7281147cc6faa5ff28 P 9624fa52f9164afbb9447e05793270b4 [term 2 FOLLOWER]: Leader election won for term 2
I20260710 13:21:49.862272 23469 raft_consensus.cc:697] T d46feeb4a1ba4a7281147cc6faa5ff28 P 9624fa52f9164afbb9447e05793270b4 [term 2 LEADER]: Becoming Leader. State: Replica: 9624fa52f9164afbb9447e05793270b4, State: Running, Role: LEADER
I20260710 13:21:49.863090 23469 consensus_queue.cc:237] T d46feeb4a1ba4a7281147cc6faa5ff28 P 9624fa52f9164afbb9447e05793270b4 [LEADER]: Queue going to LEADER mode. State: All replicated index: 0, Majority replicated index: 4, Committed index: 4, Last appended: 1.4, Last appended by leader: 4, Current term: 2, Majority size: 2, State: 0, Mode: LEADER, active raft config: opid_index: 4 OBSOLETE_local: false peers { permanent_uuid: "1fa9e2df8db748289009de16001c7c8b" member_type: VOTER last_known_addr { host: "127.21.21.1" port: 40949 } } peers { permanent_uuid: "368e2add00c7438c8e2f4cc7f4d5ff62" member_type: VOTER last_known_addr { host: "127.21.21.3" port: 33709 } } peers { permanent_uuid: "9624fa52f9164afbb9447e05793270b4" member_type: VOTER last_known_addr { host: "127.21.21.4" port: 39501 } attrs { promote: false } }
I20260710 13:21:49.865437 22685 raft_consensus.cc:2468] T d46feeb4a1ba4a7281147cc6faa5ff28 P 1fa9e2df8db748289009de16001c7c8b [term 2 FOLLOWER]: Leader election vote request: Granting yes vote for candidate 9624fa52f9164afbb9447e05793270b4 in term 2.
I20260710 13:21:49.871703 22583 catalog_manager.cc:5697] T d46feeb4a1ba4a7281147cc6faa5ff28 P 9624fa52f9164afbb9447e05793270b4 reported cstate change: term changed from 1 to 2, leader changed from 1fa9e2df8db748289009de16001c7c8b (127.21.21.1) to 9624fa52f9164afbb9447e05793270b4 (127.21.21.4). New cstate: current_term: 2 leader_uuid: "9624fa52f9164afbb9447e05793270b4" committed_config { opid_index: 4 OBSOLETE_local: false peers { permanent_uuid: "1fa9e2df8db748289009de16001c7c8b" member_type: VOTER last_known_addr { host: "127.21.21.1" port: 40949 } health_report { overall_health: UNKNOWN } } peers { permanent_uuid: "368e2add00c7438c8e2f4cc7f4d5ff62" member_type: VOTER last_known_addr { host: "127.21.21.3" port: 33709 } health_report { overall_health: UNKNOWN } } peers { permanent_uuid: "9624fa52f9164afbb9447e05793270b4" member_type: VOTER last_known_addr { host: "127.21.21.4" port: 39501 } attrs { promote: false } health_report { overall_health: HEALTHY } } }
I20260710 13:21:49.928552 23458 raft_consensus.cc:993] T 72cd3ff3539d400cb26f1956a50068d8 P 1fa9e2df8db748289009de16001c7c8b: : Instructing follower 9624fa52f9164afbb9447e05793270b4 to start an election
I20260710 13:21:49.929039 23468 raft_consensus.cc:1081] T 72cd3ff3539d400cb26f1956a50068d8 P 1fa9e2df8db748289009de16001c7c8b [term 1 LEADER]: Signalling peer 9624fa52f9164afbb9447e05793270b4 to start an election
I20260710 13:21:49.930428 23106 tablet_service.cc:2044] Received Run Leader Election RPC: tablet_id: "72cd3ff3539d400cb26f1956a50068d8"
dest_uuid: "9624fa52f9164afbb9447e05793270b4"
 from {username='slave'} at 127.0.0.1:44416
I20260710 13:21:49.930821 23106 raft_consensus.cc:493] T 72cd3ff3539d400cb26f1956a50068d8 P 9624fa52f9164afbb9447e05793270b4 [term 1 FOLLOWER]: Starting forced leader election (received explicit request)
I20260710 13:21:49.931067 23106 raft_consensus.cc:3060] T 72cd3ff3539d400cb26f1956a50068d8 P 9624fa52f9164afbb9447e05793270b4 [term 1 FOLLOWER]: Advancing to term 2
I20260710 13:21:49.935487 23106 raft_consensus.cc:515] T 72cd3ff3539d400cb26f1956a50068d8 P 9624fa52f9164afbb9447e05793270b4 [term 2 FOLLOWER]: Starting forced leader election with config: opid_index: 4 OBSOLETE_local: false peers { permanent_uuid: "1fa9e2df8db748289009de16001c7c8b" member_type: VOTER last_known_addr { host: "127.21.21.1" port: 40949 } } peers { permanent_uuid: "7580488015a74631a0224832ba5e904b" member_type: VOTER last_known_addr { host: "127.21.21.2" port: 34191 } } peers { permanent_uuid: "9624fa52f9164afbb9447e05793270b4" member_type: VOTER last_known_addr { host: "127.21.21.4" port: 39501 } attrs { promote: false } }
I20260710 13:21:49.936856 23106 leader_election.cc:290] T 72cd3ff3539d400cb26f1956a50068d8 P 9624fa52f9164afbb9447e05793270b4 [CANDIDATE]: Term 2 election: Requested vote from peers 1fa9e2df8db748289009de16001c7c8b (127.21.21.1:40949), 7580488015a74631a0224832ba5e904b (127.21.21.2:34191)
I20260710 13:21:49.937453 22685 tablet_service.cc:1917] Received RequestConsensusVote() RPC: tablet_id: "72cd3ff3539d400cb26f1956a50068d8" candidate_uuid: "9624fa52f9164afbb9447e05793270b4" candidate_term: 2 candidate_status { last_received { term: 1 index: 4 } } ignore_live_leader: true dest_uuid: "1fa9e2df8db748289009de16001c7c8b"
I20260710 13:21:49.937992 22685 raft_consensus.cc:3055] T 72cd3ff3539d400cb26f1956a50068d8 P 1fa9e2df8db748289009de16001c7c8b [term 1 LEADER]: Stepping down as leader of term 1
I20260710 13:21:49.937837 22757 tablet_service.cc:1917] Received RequestConsensusVote() RPC: tablet_id: "72cd3ff3539d400cb26f1956a50068d8" candidate_uuid: "9624fa52f9164afbb9447e05793270b4" candidate_term: 2 candidate_status { last_received { term: 1 index: 4 } } ignore_live_leader: true dest_uuid: "7580488015a74631a0224832ba5e904b"
I20260710 13:21:49.938213 22685 raft_consensus.cc:740] T 72cd3ff3539d400cb26f1956a50068d8 P 1fa9e2df8db748289009de16001c7c8b [term 1 LEADER]: Becoming Follower/Learner. State: Replica: 1fa9e2df8db748289009de16001c7c8b, State: Running, Role: LEADER
I20260710 13:21:49.938444 22757 raft_consensus.cc:3060] T 72cd3ff3539d400cb26f1956a50068d8 P 7580488015a74631a0224832ba5e904b [term 1 FOLLOWER]: Advancing to term 2
I20260710 13:21:49.938827 22685 consensus_queue.cc:260] T 72cd3ff3539d400cb26f1956a50068d8 P 1fa9e2df8db748289009de16001c7c8b [NON_LEADER]: Queue going to NON_LEADER mode. State: All replicated index: 0, Majority replicated index: 4, Committed index: 4, Last appended: 1.4, Last appended by leader: 4, Current term: 1, Majority size: -1, State: 0, Mode: NON_LEADER, active raft config: opid_index: 4 OBSOLETE_local: false peers { permanent_uuid: "1fa9e2df8db748289009de16001c7c8b" member_type: VOTER last_known_addr { host: "127.21.21.1" port: 40949 } } peers { permanent_uuid: "7580488015a74631a0224832ba5e904b" member_type: VOTER last_known_addr { host: "127.21.21.2" port: 34191 } } peers { permanent_uuid: "9624fa52f9164afbb9447e05793270b4" member_type: VOTER last_known_addr { host: "127.21.21.4" port: 39501 } attrs { promote: false } }
I20260710 13:21:49.939531 22685 raft_consensus.cc:3060] T 72cd3ff3539d400cb26f1956a50068d8 P 1fa9e2df8db748289009de16001c7c8b [term 1 FOLLOWER]: Advancing to term 2
I20260710 13:21:49.943703 22685 raft_consensus.cc:2468] T 72cd3ff3539d400cb26f1956a50068d8 P 1fa9e2df8db748289009de16001c7c8b [term 2 FOLLOWER]: Leader election vote request: Granting yes vote for candidate 9624fa52f9164afbb9447e05793270b4 in term 2.
I20260710 13:21:49.944777 23072 leader_election.cc:304] T 72cd3ff3539d400cb26f1956a50068d8 P 9624fa52f9164afbb9447e05793270b4 [CANDIDATE]: Term 2 election: Election decided. Result: candidate won. Election summary: received 2 responses out of 3 voters: 2 yes votes; 0 no votes. yes voters: 1fa9e2df8db748289009de16001c7c8b, 9624fa52f9164afbb9447e05793270b4; no voters: 
I20260710 13:21:49.945535 23469 raft_consensus.cc:2804] T 72cd3ff3539d400cb26f1956a50068d8 P 9624fa52f9164afbb9447e05793270b4 [term 2 FOLLOWER]: Leader election won for term 2
I20260710 13:21:49.945990 23469 raft_consensus.cc:697] T 72cd3ff3539d400cb26f1956a50068d8 P 9624fa52f9164afbb9447e05793270b4 [term 2 LEADER]: Becoming Leader. State: Replica: 9624fa52f9164afbb9447e05793270b4, State: Running, Role: LEADER
I20260710 13:21:49.946122 22757 raft_consensus.cc:2468] T 72cd3ff3539d400cb26f1956a50068d8 P 7580488015a74631a0224832ba5e904b [term 2 FOLLOWER]: Leader election vote request: Granting yes vote for candidate 9624fa52f9164afbb9447e05793270b4 in term 2.
I20260710 13:21:49.946873 23469 consensus_queue.cc:237] T 72cd3ff3539d400cb26f1956a50068d8 P 9624fa52f9164afbb9447e05793270b4 [LEADER]: Queue going to LEADER mode. State: All replicated index: 0, Majority replicated index: 4, Committed index: 4, Last appended: 1.4, Last appended by leader: 4, Current term: 2, Majority size: 2, State: 0, Mode: LEADER, active raft config: opid_index: 4 OBSOLETE_local: false peers { permanent_uuid: "1fa9e2df8db748289009de16001c7c8b" member_type: VOTER last_known_addr { host: "127.21.21.1" port: 40949 } } peers { permanent_uuid: "7580488015a74631a0224832ba5e904b" member_type: VOTER last_known_addr { host: "127.21.21.2" port: 34191 } } peers { permanent_uuid: "9624fa52f9164afbb9447e05793270b4" member_type: VOTER last_known_addr { host: "127.21.21.4" port: 39501 } attrs { promote: false } }
I20260710 13:21:49.954244 22583 catalog_manager.cc:5697] T 72cd3ff3539d400cb26f1956a50068d8 P 9624fa52f9164afbb9447e05793270b4 reported cstate change: term changed from 1 to 2, leader changed from 1fa9e2df8db748289009de16001c7c8b (127.21.21.1) to 9624fa52f9164afbb9447e05793270b4 (127.21.21.4). New cstate: current_term: 2 leader_uuid: "9624fa52f9164afbb9447e05793270b4" committed_config { opid_index: 4 OBSOLETE_local: false peers { permanent_uuid: "1fa9e2df8db748289009de16001c7c8b" member_type: VOTER last_known_addr { host: "127.21.21.1" port: 40949 } health_report { overall_health: UNKNOWN } } peers { permanent_uuid: "7580488015a74631a0224832ba5e904b" member_type: VOTER last_known_addr { host: "127.21.21.2" port: 34191 } health_report { overall_health: UNKNOWN } } peers { permanent_uuid: "9624fa52f9164afbb9447e05793270b4" member_type: VOTER last_known_addr { host: "127.21.21.4" port: 39501 } attrs { promote: false } health_report { overall_health: HEALTHY } } }
I20260710 13:21:49.972949 22835 raft_consensus.cc:1275] T 390b6f4c8499405abac549d9c3e7a5f2 P 368e2add00c7438c8e2f4cc7f4d5ff62 [term 2 FOLLOWER]: Refusing update from remote peer 9624fa52f9164afbb9447e05793270b4: Log matching property violated. Preceding OpId in replica: term: 1 index: 4. Preceding OpId from leader: term: 2 index: 5. (index mismatch)
I20260710 13:21:49.973990 23469 consensus_queue.cc:1048] T 390b6f4c8499405abac549d9c3e7a5f2 P 9624fa52f9164afbb9447e05793270b4 [LEADER]: Connected to new peer: Peer: permanent_uuid: "368e2add00c7438c8e2f4cc7f4d5ff62" member_type: VOTER last_known_addr { host: "127.21.21.3" port: 33709 }, Status: LMP_MISMATCH, Last received: 0.0, Next index: 5, Last known committed idx: 4, Time since last communication: 0.000s
I20260710 13:21:49.994066 22685 raft_consensus.cc:1275] T 390b6f4c8499405abac549d9c3e7a5f2 P 1fa9e2df8db748289009de16001c7c8b [term 2 FOLLOWER]: Refusing update from remote peer 9624fa52f9164afbb9447e05793270b4: Log matching property violated. Preceding OpId in replica: term: 1 index: 4. Preceding OpId from leader: term: 2 index: 5. (index mismatch)
I20260710 13:21:49.995471 23470 consensus_queue.cc:1048] T 390b6f4c8499405abac549d9c3e7a5f2 P 9624fa52f9164afbb9447e05793270b4 [LEADER]: Connected to new peer: Peer: permanent_uuid: "1fa9e2df8db748289009de16001c7c8b" member_type: VOTER last_known_addr { host: "127.21.21.1" port: 40949 }, Status: LMP_MISMATCH, Last received: 0.0, Next index: 5, Last known committed idx: 4, Time since last communication: 0.000s
I20260710 13:21:50.147893 22757 raft_consensus.cc:1275] T 7a71a0a57d834232971a23d6764ee09d P 7580488015a74631a0224832ba5e904b [term 2 FOLLOWER]: Refusing update from remote peer 9624fa52f9164afbb9447e05793270b4: Log matching property violated. Preceding OpId in replica: term: 1 index: 4. Preceding OpId from leader: term: 2 index: 5. (index mismatch)
I20260710 13:21:50.149075 23470 consensus_queue.cc:1048] T 7a71a0a57d834232971a23d6764ee09d P 9624fa52f9164afbb9447e05793270b4 [LEADER]: Connected to new peer: Peer: permanent_uuid: "7580488015a74631a0224832ba5e904b" member_type: VOTER last_known_addr { host: "127.21.21.2" port: 34191 }, Status: LMP_MISMATCH, Last received: 0.0, Next index: 5, Last known committed idx: 4, Time since last communication: 0.000s
I20260710 13:21:50.161847 22685 raft_consensus.cc:1275] T 7a71a0a57d834232971a23d6764ee09d P 1fa9e2df8db748289009de16001c7c8b [term 2 FOLLOWER]: Refusing update from remote peer 9624fa52f9164afbb9447e05793270b4: Log matching property violated. Preceding OpId in replica: term: 1 index: 4. Preceding OpId from leader: term: 2 index: 5. (index mismatch)
I20260710 13:21:50.167914 23470 consensus_queue.cc:1048] T 7a71a0a57d834232971a23d6764ee09d P 9624fa52f9164afbb9447e05793270b4 [LEADER]: Connected to new peer: Peer: permanent_uuid: "1fa9e2df8db748289009de16001c7c8b" member_type: VOTER last_known_addr { host: "127.21.21.1" port: 40949 }, Status: LMP_MISMATCH, Last received: 0.0, Next index: 5, Last known committed idx: 4, Time since last communication: 0.000s
I20260710 13:21:50.181581 22685 raft_consensus.cc:1275] T 45b9b4912b2249728a4829e8a045a15c P 1fa9e2df8db748289009de16001c7c8b [term 2 FOLLOWER]: Refusing update from remote peer 9624fa52f9164afbb9447e05793270b4: Log matching property violated. Preceding OpId in replica: term: 1 index: 4. Preceding OpId from leader: term: 2 index: 5. (index mismatch)
I20260710 13:21:50.182734 23470 consensus_queue.cc:1048] T 45b9b4912b2249728a4829e8a045a15c P 9624fa52f9164afbb9447e05793270b4 [LEADER]: Connected to new peer: Peer: permanent_uuid: "1fa9e2df8db748289009de16001c7c8b" member_type: VOTER last_known_addr { host: "127.21.21.1" port: 40949 }, Status: LMP_MISMATCH, Last received: 0.0, Next index: 5, Last known committed idx: 4, Time since last communication: 0.000s
I20260710 13:21:50.191835 22831 raft_consensus.cc:1275] T 45b9b4912b2249728a4829e8a045a15c P 368e2add00c7438c8e2f4cc7f4d5ff62 [term 2 FOLLOWER]: Refusing update from remote peer 9624fa52f9164afbb9447e05793270b4: Log matching property violated. Preceding OpId in replica: term: 1 index: 4. Preceding OpId from leader: term: 2 index: 5. (index mismatch)
I20260710 13:21:50.193028 23470 consensus_queue.cc:1048] T 45b9b4912b2249728a4829e8a045a15c P 9624fa52f9164afbb9447e05793270b4 [LEADER]: Connected to new peer: Peer: permanent_uuid: "368e2add00c7438c8e2f4cc7f4d5ff62" member_type: VOTER last_known_addr { host: "127.21.21.3" port: 33709 }, Status: LMP_MISMATCH, Last received: 0.0, Next index: 5, Last known committed idx: 4, Time since last communication: 0.000s
I20260710 13:21:50.282684 22685 raft_consensus.cc:1275] T d46feeb4a1ba4a7281147cc6faa5ff28 P 1fa9e2df8db748289009de16001c7c8b [term 2 FOLLOWER]: Refusing update from remote peer 9624fa52f9164afbb9447e05793270b4: Log matching property violated. Preceding OpId in replica: term: 1 index: 4. Preceding OpId from leader: term: 2 index: 5. (index mismatch)
I20260710 13:21:50.283807 23470 consensus_queue.cc:1048] T d46feeb4a1ba4a7281147cc6faa5ff28 P 9624fa52f9164afbb9447e05793270b4 [LEADER]: Connected to new peer: Peer: permanent_uuid: "1fa9e2df8db748289009de16001c7c8b" member_type: VOTER last_known_addr { host: "127.21.21.1" port: 40949 }, Status: LMP_MISMATCH, Last received: 0.0, Next index: 5, Last known committed idx: 4, Time since last communication: 0.000s
I20260710 13:21:50.298480 22831 raft_consensus.cc:1275] T d46feeb4a1ba4a7281147cc6faa5ff28 P 368e2add00c7438c8e2f4cc7f4d5ff62 [term 2 FOLLOWER]: Refusing update from remote peer 9624fa52f9164afbb9447e05793270b4: Log matching property violated. Preceding OpId in replica: term: 1 index: 4. Preceding OpId from leader: term: 2 index: 5. (index mismatch)
I20260710 13:21:50.301004 23489 consensus_queue.cc:1048] T d46feeb4a1ba4a7281147cc6faa5ff28 P 9624fa52f9164afbb9447e05793270b4 [LEADER]: Connected to new peer: Peer: permanent_uuid: "368e2add00c7438c8e2f4cc7f4d5ff62" member_type: VOTER last_known_addr { host: "127.21.21.3" port: 33709 }, Status: LMP_MISMATCH, Last received: 0.0, Next index: 5, Last known committed idx: 4, Time since last communication: 0.000s
I20260710 13:21:50.417768 21588 auto_leader_rebalancer.cc:141] leader rebalance for table test-workload
I20260710 13:21:50.434129 21588 auto_leader_rebalancer.cc:141] leader rebalance for table test-workload
I20260710 13:21:50.447000 22685 tablet_service.cc:2072] Received LeaderStepDown RPC: tablet_id: "6a3fb3955c93496d9e774057b834d47e"
dest_uuid: "1fa9e2df8db748289009de16001c7c8b"
mode: GRACEFUL
new_leader_uuid: "9624fa52f9164afbb9447e05793270b4"
 from {username='slave'} at 127.0.0.1:36850
I20260710 13:21:50.447583 22685 raft_consensus.cc:606] T 6a3fb3955c93496d9e774057b834d47e P 1fa9e2df8db748289009de16001c7c8b [term 1 LEADER]: Received request to transfer leadership to TS 9624fa52f9164afbb9447e05793270b4
I20260710 13:21:50.449908 22685 tablet_service.cc:2072] Received LeaderStepDown RPC: tablet_id: "a2c8fd5710b24e56b34b8a3139b2b07a"
dest_uuid: "1fa9e2df8db748289009de16001c7c8b"
mode: GRACEFUL
new_leader_uuid: "7580488015a74631a0224832ba5e904b"
 from {username='slave'} at 127.0.0.1:36850
I20260710 13:21:50.450441 22685 raft_consensus.cc:606] T a2c8fd5710b24e56b34b8a3139b2b07a P 1fa9e2df8db748289009de16001c7c8b [term 1 LEADER]: Received request to transfer leadership to TS 7580488015a74631a0224832ba5e904b
I20260710 13:21:50.452724 22685 tablet_service.cc:2072] Received LeaderStepDown RPC: tablet_id: "cdef3f38dccf4f9b8d7c98979af215be"
dest_uuid: "1fa9e2df8db748289009de16001c7c8b"
mode: GRACEFUL
new_leader_uuid: "368e2add00c7438c8e2f4cc7f4d5ff62"
 from {username='slave'} at 127.0.0.1:36850
I20260710 13:21:50.453212 22685 raft_consensus.cc:606] T cdef3f38dccf4f9b8d7c98979af215be P 1fa9e2df8db748289009de16001c7c8b [term 1 LEADER]: Received request to transfer leadership to TS 368e2add00c7438c8e2f4cc7f4d5ff62
I20260710 13:21:50.454859 21588 auto_leader_rebalancer.cc:479] table: test-workload, leader rebalance finish, leader transfer count: 3
I20260710 13:21:50.455478 21588 auto_leader_rebalancer.cc:554] All tables' leader rebalancing finished this round
I20260710 13:21:50.492622 22757 raft_consensus.cc:1275] T 72cd3ff3539d400cb26f1956a50068d8 P 7580488015a74631a0224832ba5e904b [term 2 FOLLOWER]: Refusing update from remote peer 9624fa52f9164afbb9447e05793270b4: Log matching property violated. Preceding OpId in replica: term: 1 index: 4. Preceding OpId from leader: term: 2 index: 5. (index mismatch)
I20260710 13:21:50.493971 23489 consensus_queue.cc:1048] T 72cd3ff3539d400cb26f1956a50068d8 P 9624fa52f9164afbb9447e05793270b4 [LEADER]: Connected to new peer: Peer: permanent_uuid: "7580488015a74631a0224832ba5e904b" member_type: VOTER last_known_addr { host: "127.21.21.2" port: 34191 }, Status: LMP_MISMATCH, Last received: 0.0, Next index: 5, Last known committed idx: 4, Time since last communication: 0.000s
I20260710 13:21:50.497289 23497 raft_consensus.cc:993] T 6a3fb3955c93496d9e774057b834d47e P 1fa9e2df8db748289009de16001c7c8b: : Instructing follower 9624fa52f9164afbb9447e05793270b4 to start an election
I20260710 13:21:50.497865 23497 raft_consensus.cc:1081] T 6a3fb3955c93496d9e774057b834d47e P 1fa9e2df8db748289009de16001c7c8b [term 1 LEADER]: Signalling peer 9624fa52f9164afbb9447e05793270b4 to start an election
I20260710 13:21:50.500553 23103 tablet_service.cc:2044] Received Run Leader Election RPC: tablet_id: "6a3fb3955c93496d9e774057b834d47e"
dest_uuid: "9624fa52f9164afbb9447e05793270b4"
 from {username='slave'} at 127.0.0.1:44416
I20260710 13:21:50.501765 23103 raft_consensus.cc:493] T 6a3fb3955c93496d9e774057b834d47e P 9624fa52f9164afbb9447e05793270b4 [term 1 FOLLOWER]: Starting forced leader election (received explicit request)
I20260710 13:21:50.502185 23103 raft_consensus.cc:3060] T 6a3fb3955c93496d9e774057b834d47e P 9624fa52f9164afbb9447e05793270b4 [term 1 FOLLOWER]: Advancing to term 2
I20260710 13:21:50.507229 22685 raft_consensus.cc:1275] T 72cd3ff3539d400cb26f1956a50068d8 P 1fa9e2df8db748289009de16001c7c8b [term 2 FOLLOWER]: Refusing update from remote peer 9624fa52f9164afbb9447e05793270b4: Log matching property violated. Preceding OpId in replica: term: 1 index: 4. Preceding OpId from leader: term: 2 index: 5. (index mismatch)
I20260710 13:21:50.508543 23469 consensus_queue.cc:1048] T 72cd3ff3539d400cb26f1956a50068d8 P 9624fa52f9164afbb9447e05793270b4 [LEADER]: Connected to new peer: Peer: permanent_uuid: "1fa9e2df8db748289009de16001c7c8b" member_type: VOTER last_known_addr { host: "127.21.21.1" port: 40949 }, Status: LMP_MISMATCH, Last received: 0.0, Next index: 5, Last known committed idx: 4, Time since last communication: 0.000s
I20260710 13:21:50.515091 23103 raft_consensus.cc:515] T 6a3fb3955c93496d9e774057b834d47e P 9624fa52f9164afbb9447e05793270b4 [term 2 FOLLOWER]: Starting forced leader election with config: opid_index: 4 OBSOLETE_local: false peers { permanent_uuid: "1fa9e2df8db748289009de16001c7c8b" member_type: VOTER last_known_addr { host: "127.21.21.1" port: 40949 } } peers { permanent_uuid: "7580488015a74631a0224832ba5e904b" member_type: VOTER last_known_addr { host: "127.21.21.2" port: 34191 } } peers { permanent_uuid: "9624fa52f9164afbb9447e05793270b4" member_type: VOTER last_known_addr { host: "127.21.21.4" port: 39501 } attrs { promote: false } }
I20260710 13:21:50.520841 22683 tablet_service.cc:1917] Received RequestConsensusVote() RPC: tablet_id: "6a3fb3955c93496d9e774057b834d47e" candidate_uuid: "9624fa52f9164afbb9447e05793270b4" candidate_term: 2 candidate_status { last_received { term: 1 index: 4 } } ignore_live_leader: true dest_uuid: "1fa9e2df8db748289009de16001c7c8b"
I20260710 13:21:50.521368 22683 raft_consensus.cc:3055] T 6a3fb3955c93496d9e774057b834d47e P 1fa9e2df8db748289009de16001c7c8b [term 1 LEADER]: Stepping down as leader of term 1
I20260710 13:21:50.521703 22683 raft_consensus.cc:740] T 6a3fb3955c93496d9e774057b834d47e P 1fa9e2df8db748289009de16001c7c8b [term 1 LEADER]: Becoming Follower/Learner. State: Replica: 1fa9e2df8db748289009de16001c7c8b, State: Running, Role: LEADER
I20260710 13:21:50.522370 22683 consensus_queue.cc:260] T 6a3fb3955c93496d9e774057b834d47e P 1fa9e2df8db748289009de16001c7c8b [NON_LEADER]: Queue going to NON_LEADER mode. State: All replicated index: 0, Majority replicated index: 4, Committed index: 4, Last appended: 1.4, Last appended by leader: 4, Current term: 1, Majority size: -1, State: 0, Mode: NON_LEADER, active raft config: opid_index: 4 OBSOLETE_local: false peers { permanent_uuid: "1fa9e2df8db748289009de16001c7c8b" member_type: VOTER last_known_addr { host: "127.21.21.1" port: 40949 } } peers { permanent_uuid: "7580488015a74631a0224832ba5e904b" member_type: VOTER last_known_addr { host: "127.21.21.2" port: 34191 } } peers { permanent_uuid: "9624fa52f9164afbb9447e05793270b4" member_type: VOTER last_known_addr { host: "127.21.21.4" port: 39501 } attrs { promote: false } }
I20260710 13:21:50.522845 22761 tablet_service.cc:1917] Received RequestConsensusVote() RPC: tablet_id: "6a3fb3955c93496d9e774057b834d47e" candidate_uuid: "9624fa52f9164afbb9447e05793270b4" candidate_term: 2 candidate_status { last_received { term: 1 index: 4 } } ignore_live_leader: true dest_uuid: "7580488015a74631a0224832ba5e904b"
I20260710 13:21:50.523355 22683 raft_consensus.cc:3060] T 6a3fb3955c93496d9e774057b834d47e P 1fa9e2df8db748289009de16001c7c8b [term 1 FOLLOWER]: Advancing to term 2
I20260710 13:21:50.523415 22761 raft_consensus.cc:3060] T 6a3fb3955c93496d9e774057b834d47e P 7580488015a74631a0224832ba5e904b [term 1 FOLLOWER]: Advancing to term 2
I20260710 13:21:50.529431 22683 raft_consensus.cc:2468] T 6a3fb3955c93496d9e774057b834d47e P 1fa9e2df8db748289009de16001c7c8b [term 2 FOLLOWER]: Leader election vote request: Granting yes vote for candidate 9624fa52f9164afbb9447e05793270b4 in term 2.
I20260710 13:21:50.530501 23072 leader_election.cc:304] T 6a3fb3955c93496d9e774057b834d47e P 9624fa52f9164afbb9447e05793270b4 [CANDIDATE]: Term 2 election: Election decided. Result: candidate won. Election summary: received 2 responses out of 3 voters: 2 yes votes; 0 no votes. yes voters: 1fa9e2df8db748289009de16001c7c8b, 9624fa52f9164afbb9447e05793270b4; no voters: 
I20260710 13:21:50.531253 23469 raft_consensus.cc:2804] T 6a3fb3955c93496d9e774057b834d47e P 9624fa52f9164afbb9447e05793270b4 [term 2 FOLLOWER]: Leader election won for term 2
I20260710 13:21:50.532089 23469 raft_consensus.cc:697] T 6a3fb3955c93496d9e774057b834d47e P 9624fa52f9164afbb9447e05793270b4 [term 2 LEADER]: Becoming Leader. State: Replica: 9624fa52f9164afbb9447e05793270b4, State: Running, Role: LEADER
I20260710 13:21:50.520313 23103 leader_election.cc:290] T 6a3fb3955c93496d9e774057b834d47e P 9624fa52f9164afbb9447e05793270b4 [CANDIDATE]: Term 2 election: Requested vote from peers 1fa9e2df8db748289009de16001c7c8b (127.21.21.1:40949), 7580488015a74631a0224832ba5e904b (127.21.21.2:34191)
I20260710 13:21:50.532958 23469 consensus_queue.cc:237] T 6a3fb3955c93496d9e774057b834d47e P 9624fa52f9164afbb9447e05793270b4 [LEADER]: Queue going to LEADER mode. State: All replicated index: 0, Majority replicated index: 4, Committed index: 4, Last appended: 1.4, Last appended by leader: 4, Current term: 2, Majority size: 2, State: 0, Mode: LEADER, active raft config: opid_index: 4 OBSOLETE_local: false peers { permanent_uuid: "1fa9e2df8db748289009de16001c7c8b" member_type: VOTER last_known_addr { host: "127.21.21.1" port: 40949 } } peers { permanent_uuid: "7580488015a74631a0224832ba5e904b" member_type: VOTER last_known_addr { host: "127.21.21.2" port: 34191 } } peers { permanent_uuid: "9624fa52f9164afbb9447e05793270b4" member_type: VOTER last_known_addr { host: "127.21.21.4" port: 39501 } attrs { promote: false } }
I20260710 13:21:50.546607 22761 raft_consensus.cc:2468] T 6a3fb3955c93496d9e774057b834d47e P 7580488015a74631a0224832ba5e904b [term 2 FOLLOWER]: Leader election vote request: Granting yes vote for candidate 9624fa52f9164afbb9447e05793270b4 in term 2.
I20260710 13:21:50.552019 23501 raft_consensus.cc:993] T cdef3f38dccf4f9b8d7c98979af215be P 1fa9e2df8db748289009de16001c7c8b: : Instructing follower 368e2add00c7438c8e2f4cc7f4d5ff62 to start an election
I20260710 13:21:50.552500 23497 raft_consensus.cc:1081] T cdef3f38dccf4f9b8d7c98979af215be P 1fa9e2df8db748289009de16001c7c8b [term 1 LEADER]: Signalling peer 368e2add00c7438c8e2f4cc7f4d5ff62 to start an election
I20260710 13:21:50.554077 22831 tablet_service.cc:2044] Received Run Leader Election RPC: tablet_id: "cdef3f38dccf4f9b8d7c98979af215be"
dest_uuid: "368e2add00c7438c8e2f4cc7f4d5ff62"
 from {username='slave'} at 127.0.0.1:41494
I20260710 13:21:50.554629 22831 raft_consensus.cc:493] T cdef3f38dccf4f9b8d7c98979af215be P 368e2add00c7438c8e2f4cc7f4d5ff62 [term 1 FOLLOWER]: Starting forced leader election (received explicit request)
I20260710 13:21:50.554538 22583 catalog_manager.cc:5697] T 6a3fb3955c93496d9e774057b834d47e P 9624fa52f9164afbb9447e05793270b4 reported cstate change: term changed from 1 to 2, leader changed from 1fa9e2df8db748289009de16001c7c8b (127.21.21.1) to 9624fa52f9164afbb9447e05793270b4 (127.21.21.4). New cstate: current_term: 2 leader_uuid: "9624fa52f9164afbb9447e05793270b4" committed_config { opid_index: 4 OBSOLETE_local: false peers { permanent_uuid: "1fa9e2df8db748289009de16001c7c8b" member_type: VOTER last_known_addr { host: "127.21.21.1" port: 40949 } health_report { overall_health: UNKNOWN } } peers { permanent_uuid: "7580488015a74631a0224832ba5e904b" member_type: VOTER last_known_addr { host: "127.21.21.2" port: 34191 } health_report { overall_health: UNKNOWN } } peers { permanent_uuid: "9624fa52f9164afbb9447e05793270b4" member_type: VOTER last_known_addr { host: "127.21.21.4" port: 39501 } attrs { promote: false } health_report { overall_health: HEALTHY } } }
I20260710 13:21:50.555020 22831 raft_consensus.cc:3060] T cdef3f38dccf4f9b8d7c98979af215be P 368e2add00c7438c8e2f4cc7f4d5ff62 [term 1 FOLLOWER]: Advancing to term 2
I20260710 13:21:50.560716 22831 raft_consensus.cc:515] T cdef3f38dccf4f9b8d7c98979af215be P 368e2add00c7438c8e2f4cc7f4d5ff62 [term 2 FOLLOWER]: Starting forced leader election with config: opid_index: -1 OBSOLETE_local: false peers { permanent_uuid: "1fa9e2df8db748289009de16001c7c8b" member_type: VOTER last_known_addr { host: "127.21.21.1" port: 40949 } } peers { permanent_uuid: "7580488015a74631a0224832ba5e904b" member_type: VOTER last_known_addr { host: "127.21.21.2" port: 34191 } } peers { permanent_uuid: "368e2add00c7438c8e2f4cc7f4d5ff62" member_type: VOTER last_known_addr { host: "127.21.21.3" port: 33709 } }
I20260710 13:21:50.563292 22831 leader_election.cc:290] T cdef3f38dccf4f9b8d7c98979af215be P 368e2add00c7438c8e2f4cc7f4d5ff62 [CANDIDATE]: Term 2 election: Requested vote from peers 1fa9e2df8db748289009de16001c7c8b (127.21.21.1:40949), 7580488015a74631a0224832ba5e904b (127.21.21.2:34191)
I20260710 13:21:50.564656 22683 tablet_service.cc:1917] Received RequestConsensusVote() RPC: tablet_id: "cdef3f38dccf4f9b8d7c98979af215be" candidate_uuid: "368e2add00c7438c8e2f4cc7f4d5ff62" candidate_term: 2 candidate_status { last_received { term: 1 index: 1 } } ignore_live_leader: true dest_uuid: "1fa9e2df8db748289009de16001c7c8b"
I20260710 13:21:50.565117 22683 raft_consensus.cc:3055] T cdef3f38dccf4f9b8d7c98979af215be P 1fa9e2df8db748289009de16001c7c8b [term 1 LEADER]: Stepping down as leader of term 1
I20260710 13:21:50.565343 22683 raft_consensus.cc:740] T cdef3f38dccf4f9b8d7c98979af215be P 1fa9e2df8db748289009de16001c7c8b [term 1 LEADER]: Becoming Follower/Learner. State: Replica: 1fa9e2df8db748289009de16001c7c8b, State: Running, Role: LEADER
I20260710 13:21:50.566138 22761 tablet_service.cc:1917] Received RequestConsensusVote() RPC: tablet_id: "cdef3f38dccf4f9b8d7c98979af215be" candidate_uuid: "368e2add00c7438c8e2f4cc7f4d5ff62" candidate_term: 2 candidate_status { last_received { term: 1 index: 1 } } ignore_live_leader: true dest_uuid: "7580488015a74631a0224832ba5e904b"
I20260710 13:21:50.566011 22683 consensus_queue.cc:260] T cdef3f38dccf4f9b8d7c98979af215be P 1fa9e2df8db748289009de16001c7c8b [NON_LEADER]: Queue going to NON_LEADER mode. State: All replicated index: 0, Majority replicated index: 1, Committed index: 1, Last appended: 1.1, Last appended by leader: 1, Current term: 1, Majority size: -1, State: 0, Mode: NON_LEADER, active raft config: opid_index: -1 OBSOLETE_local: false peers { permanent_uuid: "1fa9e2df8db748289009de16001c7c8b" member_type: VOTER last_known_addr { host: "127.21.21.1" port: 40949 } } peers { permanent_uuid: "7580488015a74631a0224832ba5e904b" member_type: VOTER last_known_addr { host: "127.21.21.2" port: 34191 } } peers { permanent_uuid: "368e2add00c7438c8e2f4cc7f4d5ff62" member_type: VOTER last_known_addr { host: "127.21.21.3" port: 33709 } }
I20260710 13:21:50.566898 22761 raft_consensus.cc:3060] T cdef3f38dccf4f9b8d7c98979af215be P 7580488015a74631a0224832ba5e904b [term 1 FOLLOWER]: Advancing to term 2
I20260710 13:21:50.567462 22683 raft_consensus.cc:3060] T cdef3f38dccf4f9b8d7c98979af215be P 1fa9e2df8db748289009de16001c7c8b [term 1 FOLLOWER]: Advancing to term 2
I20260710 13:21:50.572907 22761 raft_consensus.cc:2468] T cdef3f38dccf4f9b8d7c98979af215be P 7580488015a74631a0224832ba5e904b [term 2 FOLLOWER]: Leader election vote request: Granting yes vote for candidate 368e2add00c7438c8e2f4cc7f4d5ff62 in term 2.
I20260710 13:21:50.573377 22683 raft_consensus.cc:2468] T cdef3f38dccf4f9b8d7c98979af215be P 1fa9e2df8db748289009de16001c7c8b [term 2 FOLLOWER]: Leader election vote request: Granting yes vote for candidate 368e2add00c7438c8e2f4cc7f4d5ff62 in term 2.
I20260710 13:21:50.574011 22801 leader_election.cc:304] T cdef3f38dccf4f9b8d7c98979af215be P 368e2add00c7438c8e2f4cc7f4d5ff62 [CANDIDATE]: Term 2 election: Election decided. Result: candidate won. Election summary: received 2 responses out of 3 voters: 2 yes votes; 0 no votes. yes voters: 368e2add00c7438c8e2f4cc7f4d5ff62, 7580488015a74631a0224832ba5e904b; no voters: 
I20260710 13:21:50.574862 23494 raft_consensus.cc:2804] T cdef3f38dccf4f9b8d7c98979af215be P 368e2add00c7438c8e2f4cc7f4d5ff62 [term 2 FOLLOWER]: Leader election won for term 2
I20260710 13:21:50.575304 23494 raft_consensus.cc:697] T cdef3f38dccf4f9b8d7c98979af215be P 368e2add00c7438c8e2f4cc7f4d5ff62 [term 2 LEADER]: Becoming Leader. State: Replica: 368e2add00c7438c8e2f4cc7f4d5ff62, State: Running, Role: LEADER
I20260710 13:21:50.576022 23494 consensus_queue.cc:237] T cdef3f38dccf4f9b8d7c98979af215be P 368e2add00c7438c8e2f4cc7f4d5ff62 [LEADER]: Queue going to LEADER mode. State: All replicated index: 0, Majority replicated index: 1, Committed index: 1, Last appended: 1.1, Last appended by leader: 1, Current term: 2, Majority size: 2, State: 0, Mode: LEADER, active raft config: opid_index: -1 OBSOLETE_local: false peers { permanent_uuid: "1fa9e2df8db748289009de16001c7c8b" member_type: VOTER last_known_addr { host: "127.21.21.1" port: 40949 } } peers { permanent_uuid: "7580488015a74631a0224832ba5e904b" member_type: VOTER last_known_addr { host: "127.21.21.2" port: 34191 } } peers { permanent_uuid: "368e2add00c7438c8e2f4cc7f4d5ff62" member_type: VOTER last_known_addr { host: "127.21.21.3" port: 33709 } }
I20260710 13:21:50.584872 22583 catalog_manager.cc:5697] T cdef3f38dccf4f9b8d7c98979af215be P 368e2add00c7438c8e2f4cc7f4d5ff62 reported cstate change: term changed from 1 to 2, leader changed from 1fa9e2df8db748289009de16001c7c8b (127.21.21.1) to 368e2add00c7438c8e2f4cc7f4d5ff62 (127.21.21.3). New cstate: current_term: 2 leader_uuid: "368e2add00c7438c8e2f4cc7f4d5ff62" committed_config { opid_index: -1 OBSOLETE_local: false peers { permanent_uuid: "1fa9e2df8db748289009de16001c7c8b" member_type: VOTER last_known_addr { host: "127.21.21.1" port: 40949 } health_report { overall_health: UNKNOWN } } peers { permanent_uuid: "7580488015a74631a0224832ba5e904b" member_type: VOTER last_known_addr { host: "127.21.21.2" port: 34191 } health_report { overall_health: UNKNOWN } } peers { permanent_uuid: "368e2add00c7438c8e2f4cc7f4d5ff62" member_type: VOTER last_known_addr { host: "127.21.21.3" port: 33709 } health_report { overall_health: HEALTHY } } }
I20260710 13:21:50.936038 23497 raft_consensus.cc:993] T a2c8fd5710b24e56b34b8a3139b2b07a P 1fa9e2df8db748289009de16001c7c8b: : Instructing follower 7580488015a74631a0224832ba5e904b to start an election
I20260710 13:21:50.936484 23501 raft_consensus.cc:1081] T a2c8fd5710b24e56b34b8a3139b2b07a P 1fa9e2df8db748289009de16001c7c8b [term 1 LEADER]: Signalling peer 7580488015a74631a0224832ba5e904b to start an election
I20260710 13:21:50.937881 22757 tablet_service.cc:2044] Received Run Leader Election RPC: tablet_id: "a2c8fd5710b24e56b34b8a3139b2b07a"
dest_uuid: "7580488015a74631a0224832ba5e904b"
 from {username='slave'} at 127.0.0.1:34196
I20260710 13:21:50.938316 22757 raft_consensus.cc:493] T a2c8fd5710b24e56b34b8a3139b2b07a P 7580488015a74631a0224832ba5e904b [term 1 FOLLOWER]: Starting forced leader election (received explicit request)
I20260710 13:21:50.938580 22757 raft_consensus.cc:3060] T a2c8fd5710b24e56b34b8a3139b2b07a P 7580488015a74631a0224832ba5e904b [term 1 FOLLOWER]: Advancing to term 2
I20260710 13:21:50.942912 22757 raft_consensus.cc:515] T a2c8fd5710b24e56b34b8a3139b2b07a P 7580488015a74631a0224832ba5e904b [term 2 FOLLOWER]: Starting forced leader election with config: opid_index: 4 OBSOLETE_local: false peers { permanent_uuid: "1fa9e2df8db748289009de16001c7c8b" member_type: VOTER last_known_addr { host: "127.21.21.1" port: 40949 } } peers { permanent_uuid: "7580488015a74631a0224832ba5e904b" member_type: VOTER last_known_addr { host: "127.21.21.2" port: 34191 } } peers { permanent_uuid: "9624fa52f9164afbb9447e05793270b4" member_type: VOTER last_known_addr { host: "127.21.21.4" port: 39501 } attrs { promote: false } }
I20260710 13:21:50.944564 22757 leader_election.cc:290] T a2c8fd5710b24e56b34b8a3139b2b07a P 7580488015a74631a0224832ba5e904b [CANDIDATE]: Term 2 election: Requested vote from peers 1fa9e2df8db748289009de16001c7c8b (127.21.21.1:40949), 9624fa52f9164afbb9447e05793270b4 (127.21.21.4:39501)
I20260710 13:21:50.945336 22683 tablet_service.cc:1917] Received RequestConsensusVote() RPC: tablet_id: "a2c8fd5710b24e56b34b8a3139b2b07a" candidate_uuid: "7580488015a74631a0224832ba5e904b" candidate_term: 2 candidate_status { last_received { term: 1 index: 4 } } ignore_live_leader: true dest_uuid: "1fa9e2df8db748289009de16001c7c8b"
I20260710 13:21:50.945574 23103 tablet_service.cc:1917] Received RequestConsensusVote() RPC: tablet_id: "a2c8fd5710b24e56b34b8a3139b2b07a" candidate_uuid: "7580488015a74631a0224832ba5e904b" candidate_term: 2 candidate_status { last_received { term: 1 index: 4 } } ignore_live_leader: true dest_uuid: "9624fa52f9164afbb9447e05793270b4"
I20260710 13:21:50.945962 22683 raft_consensus.cc:3055] T a2c8fd5710b24e56b34b8a3139b2b07a P 1fa9e2df8db748289009de16001c7c8b [term 1 LEADER]: Stepping down as leader of term 1
I20260710 13:21:50.946120 23103 raft_consensus.cc:3060] T a2c8fd5710b24e56b34b8a3139b2b07a P 9624fa52f9164afbb9447e05793270b4 [term 1 FOLLOWER]: Advancing to term 2
I20260710 13:21:50.946314 22683 raft_consensus.cc:740] T a2c8fd5710b24e56b34b8a3139b2b07a P 1fa9e2df8db748289009de16001c7c8b [term 1 LEADER]: Becoming Follower/Learner. State: Replica: 1fa9e2df8db748289009de16001c7c8b, State: Running, Role: LEADER
I20260710 13:21:50.947144 22683 consensus_queue.cc:260] T a2c8fd5710b24e56b34b8a3139b2b07a P 1fa9e2df8db748289009de16001c7c8b [NON_LEADER]: Queue going to NON_LEADER mode. State: All replicated index: 0, Majority replicated index: 4, Committed index: 4, Last appended: 1.4, Last appended by leader: 4, Current term: 1, Majority size: -1, State: 0, Mode: NON_LEADER, active raft config: opid_index: 4 OBSOLETE_local: false peers { permanent_uuid: "1fa9e2df8db748289009de16001c7c8b" member_type: VOTER last_known_addr { host: "127.21.21.1" port: 40949 } } peers { permanent_uuid: "7580488015a74631a0224832ba5e904b" member_type: VOTER last_known_addr { host: "127.21.21.2" port: 34191 } } peers { permanent_uuid: "9624fa52f9164afbb9447e05793270b4" member_type: VOTER last_known_addr { host: "127.21.21.4" port: 39501 } attrs { promote: false } }
I20260710 13:21:50.948277 22683 raft_consensus.cc:3060] T a2c8fd5710b24e56b34b8a3139b2b07a P 1fa9e2df8db748289009de16001c7c8b [term 1 FOLLOWER]: Advancing to term 2
I20260710 13:21:50.951588 23103 raft_consensus.cc:2468] T a2c8fd5710b24e56b34b8a3139b2b07a P 9624fa52f9164afbb9447e05793270b4 [term 2 FOLLOWER]: Leader election vote request: Granting yes vote for candidate 7580488015a74631a0224832ba5e904b in term 2.
I20260710 13:21:50.953766 22725 leader_election.cc:304] T a2c8fd5710b24e56b34b8a3139b2b07a P 7580488015a74631a0224832ba5e904b [CANDIDATE]: Term 2 election: Election decided. Result: candidate won. Election summary: received 2 responses out of 3 voters: 2 yes votes; 0 no votes. yes voters: 7580488015a74631a0224832ba5e904b, 9624fa52f9164afbb9447e05793270b4; no voters: 
I20260710 13:21:50.956111 23500 raft_consensus.cc:2804] T a2c8fd5710b24e56b34b8a3139b2b07a P 7580488015a74631a0224832ba5e904b [term 2 FOLLOWER]: Leader election won for term 2
I20260710 13:21:50.954074 22683 raft_consensus.cc:2468] T a2c8fd5710b24e56b34b8a3139b2b07a P 1fa9e2df8db748289009de16001c7c8b [term 2 FOLLOWER]: Leader election vote request: Granting yes vote for candidate 7580488015a74631a0224832ba5e904b in term 2.
I20260710 13:21:50.956555 23500 raft_consensus.cc:697] T a2c8fd5710b24e56b34b8a3139b2b07a P 7580488015a74631a0224832ba5e904b [term 2 LEADER]: Becoming Leader. State: Replica: 7580488015a74631a0224832ba5e904b, State: Running, Role: LEADER
I20260710 13:21:50.958408 23500 consensus_queue.cc:237] T a2c8fd5710b24e56b34b8a3139b2b07a P 7580488015a74631a0224832ba5e904b [LEADER]: Queue going to LEADER mode. State: All replicated index: 0, Majority replicated index: 4, Committed index: 4, Last appended: 1.4, Last appended by leader: 4, Current term: 2, Majority size: 2, State: 0, Mode: LEADER, active raft config: opid_index: 4 OBSOLETE_local: false peers { permanent_uuid: "1fa9e2df8db748289009de16001c7c8b" member_type: VOTER last_known_addr { host: "127.21.21.1" port: 40949 } } peers { permanent_uuid: "7580488015a74631a0224832ba5e904b" member_type: VOTER last_known_addr { host: "127.21.21.2" port: 34191 } } peers { permanent_uuid: "9624fa52f9164afbb9447e05793270b4" member_type: VOTER last_known_addr { host: "127.21.21.4" port: 39501 } attrs { promote: false } }
I20260710 13:21:50.967360 22583 catalog_manager.cc:5697] T a2c8fd5710b24e56b34b8a3139b2b07a P 7580488015a74631a0224832ba5e904b reported cstate change: term changed from 1 to 2, leader changed from 1fa9e2df8db748289009de16001c7c8b (127.21.21.1) to 7580488015a74631a0224832ba5e904b (127.21.21.2). New cstate: current_term: 2 leader_uuid: "7580488015a74631a0224832ba5e904b" committed_config { opid_index: 4 OBSOLETE_local: false peers { permanent_uuid: "1fa9e2df8db748289009de16001c7c8b" member_type: VOTER last_known_addr { host: "127.21.21.1" port: 40949 } health_report { overall_health: UNKNOWN } } peers { permanent_uuid: "7580488015a74631a0224832ba5e904b" member_type: VOTER last_known_addr { host: "127.21.21.2" port: 34191 } health_report { overall_health: HEALTHY } } peers { permanent_uuid: "9624fa52f9164afbb9447e05793270b4" member_type: VOTER last_known_addr { host: "127.21.21.4" port: 39501 } attrs { promote: false } health_report { overall_health: UNKNOWN } } }
I20260710 13:21:50.992854 22683 raft_consensus.cc:1275] T cdef3f38dccf4f9b8d7c98979af215be P 1fa9e2df8db748289009de16001c7c8b [term 2 FOLLOWER]: Refusing update from remote peer 368e2add00c7438c8e2f4cc7f4d5ff62: Log matching property violated. Preceding OpId in replica: term: 1 index: 1. Preceding OpId from leader: term: 2 index: 2. (index mismatch)
I20260710 13:21:50.994045 23494 consensus_queue.cc:1048] T cdef3f38dccf4f9b8d7c98979af215be P 368e2add00c7438c8e2f4cc7f4d5ff62 [LEADER]: Connected to new peer: Peer: permanent_uuid: "1fa9e2df8db748289009de16001c7c8b" member_type: VOTER last_known_addr { host: "127.21.21.1" port: 40949 }, Status: LMP_MISMATCH, Last received: 0.0, Next index: 2, Last known committed idx: 1, Time since last communication: 0.000s
I20260710 13:21:51.012555 22757 raft_consensus.cc:1275] T cdef3f38dccf4f9b8d7c98979af215be P 7580488015a74631a0224832ba5e904b [term 2 FOLLOWER]: Refusing update from remote peer 368e2add00c7438c8e2f4cc7f4d5ff62: Log matching property violated. Preceding OpId in replica: term: 1 index: 1. Preceding OpId from leader: term: 2 index: 2. (index mismatch)
I20260710 13:21:51.014796 22685 raft_consensus.cc:1275] T 6a3fb3955c93496d9e774057b834d47e P 1fa9e2df8db748289009de16001c7c8b [term 2 FOLLOWER]: Refusing update from remote peer 9624fa52f9164afbb9447e05793270b4: Log matching property violated. Preceding OpId in replica: term: 1 index: 4. Preceding OpId from leader: term: 2 index: 5. (index mismatch)
I20260710 13:21:51.014336 23512 consensus_queue.cc:1048] T cdef3f38dccf4f9b8d7c98979af215be P 368e2add00c7438c8e2f4cc7f4d5ff62 [LEADER]: Connected to new peer: Peer: permanent_uuid: "7580488015a74631a0224832ba5e904b" member_type: VOTER last_known_addr { host: "127.21.21.2" port: 34191 }, Status: LMP_MISMATCH, Last received: 0.0, Next index: 2, Last known committed idx: 1, Time since last communication: 0.002s
I20260710 13:21:51.016461 23469 consensus_queue.cc:1048] T 6a3fb3955c93496d9e774057b834d47e P 9624fa52f9164afbb9447e05793270b4 [LEADER]: Connected to new peer: Peer: permanent_uuid: "1fa9e2df8db748289009de16001c7c8b" member_type: VOTER last_known_addr { host: "127.21.21.1" port: 40949 }, Status: LMP_MISMATCH, Last received: 0.0, Next index: 5, Last known committed idx: 4, Time since last communication: 0.000s
I20260710 13:21:51.051687 22757 raft_consensus.cc:1275] T 6a3fb3955c93496d9e774057b834d47e P 7580488015a74631a0224832ba5e904b [term 2 FOLLOWER]: Refusing update from remote peer 9624fa52f9164afbb9447e05793270b4: Log matching property violated. Preceding OpId in replica: term: 1 index: 4. Preceding OpId from leader: term: 2 index: 5. (index mismatch)
I20260710 13:21:51.056561 23485 consensus_queue.cc:1048] T 6a3fb3955c93496d9e774057b834d47e P 9624fa52f9164afbb9447e05793270b4 [LEADER]: Connected to new peer: Peer: permanent_uuid: "7580488015a74631a0224832ba5e904b" member_type: VOTER last_known_addr { host: "127.21.21.2" port: 34191 }, Status: LMP_MISMATCH, Last received: 0.0, Next index: 5, Last known committed idx: 4, Time since last communication: 0.000s
I20260710 13:21:51.415361 22683 raft_consensus.cc:1275] T a2c8fd5710b24e56b34b8a3139b2b07a P 1fa9e2df8db748289009de16001c7c8b [term 2 FOLLOWER]: Refusing update from remote peer 7580488015a74631a0224832ba5e904b: Log matching property violated. Preceding OpId in replica: term: 1 index: 4. Preceding OpId from leader: term: 2 index: 5. (index mismatch)
I20260710 13:21:51.416399 23500 consensus_queue.cc:1048] T a2c8fd5710b24e56b34b8a3139b2b07a P 7580488015a74631a0224832ba5e904b [LEADER]: Connected to new peer: Peer: permanent_uuid: "1fa9e2df8db748289009de16001c7c8b" member_type: VOTER last_known_addr { host: "127.21.21.1" port: 40949 }, Status: LMP_MISMATCH, Last received: 0.0, Next index: 5, Last known committed idx: 4, Time since last communication: 0.000s
I20260710 13:21:51.423941 23103 raft_consensus.cc:1275] T a2c8fd5710b24e56b34b8a3139b2b07a P 9624fa52f9164afbb9447e05793270b4 [term 2 FOLLOWER]: Refusing update from remote peer 7580488015a74631a0224832ba5e904b: Log matching property violated. Preceding OpId in replica: term: 1 index: 4. Preceding OpId from leader: term: 2 index: 5. (index mismatch)
I20260710 13:21:51.425590 23471 consensus_queue.cc:1048] T a2c8fd5710b24e56b34b8a3139b2b07a P 7580488015a74631a0224832ba5e904b [LEADER]: Connected to new peer: Peer: permanent_uuid: "9624fa52f9164afbb9447e05793270b4" member_type: VOTER last_known_addr { host: "127.21.21.4" port: 39501 } attrs { promote: false }, Status: LMP_MISMATCH, Last received: 0.0, Next index: 5, Last known committed idx: 4, Time since last communication: 0.001s
I20260710 13:21:51.456156 21588 auto_leader_rebalancer.cc:141] leader rebalance for table test-workload
I20260710 13:21:51.472882 21588 tablet_server.cc:179] TabletServer@127.21.21.1:0 shutting down...
I20260710 13:21:51.506762 21588 ts_tablet_manager.cc:1507] Shutting down tablet manager...
I20260710 13:21:51.507543 21588 tablet_replica.cc:333] T 2dcd680ea43f4d4ab7018811659aa06e P 1fa9e2df8db748289009de16001c7c8b: stopping tablet replica
I20260710 13:21:51.508214 21588 raft_consensus.cc:2243] T 2dcd680ea43f4d4ab7018811659aa06e P 1fa9e2df8db748289009de16001c7c8b [term 1 FOLLOWER]: Raft consensus shutting down.
I20260710 13:21:51.508666 21588 raft_consensus.cc:2272] T 2dcd680ea43f4d4ab7018811659aa06e P 1fa9e2df8db748289009de16001c7c8b [term 1 FOLLOWER]: Raft consensus is shut down!
I20260710 13:21:51.510703 21588 tablet_replica.cc:333] T d46feeb4a1ba4a7281147cc6faa5ff28 P 1fa9e2df8db748289009de16001c7c8b: stopping tablet replica
