I20260710 13:21:09.296268 21618 catalog_manager.cc:5697] T 2efc11287c20452c989feb1f1e82f7ca P 469ce0e67aa54ff4ad858fa822060832 reported cstate change: term changed from 2 to 3, leader changed from 193073a361c14bb69ed00768934e97b2 (127.21.21.1) to 469ce0e67aa54ff4ad858fa822060832 (127.21.21.3). New cstate: current_term: 3 leader_uuid: "469ce0e67aa54ff4ad858fa822060832" committed_config { opid_index: -1 OBSOLETE_local: false peers { permanent_uuid: "193073a361c14bb69ed00768934e97b2" member_type: VOTER last_known_addr { host: "127.21.21.1" port: 43253 } health_report { overall_health: UNKNOWN } } peers { permanent_uuid: "3f90dd4e43504ba094ac9564ee050fbd" member_type: VOTER last_known_addr { host: "127.21.21.2" port: 34149 } health_report { overall_health: UNKNOWN } } peers { permanent_uuid: "469ce0e67aa54ff4ad858fa822060832" member_type: VOTER last_known_addr { host: "127.21.21.3" port: 42043 } health_report { overall_health: HEALTHY } } }
I20260710 13:21:09.487121 21797 raft_consensus.cc:1275] T 10cfd662aae7493ebab288d34dc14817 P 3f90dd4e43504ba094ac9564ee050fbd [term 3 FOLLOWER]: Refusing update from remote peer 469ce0e67aa54ff4ad858fa822060832: Log matching property violated. Preceding OpId in replica: term: 2 index: 2. Preceding OpId from leader: term: 3 index: 3. (index mismatch)
I20260710 13:21:09.488334 21948 consensus_queue.cc:1048] T 10cfd662aae7493ebab288d34dc14817 P 469ce0e67aa54ff4ad858fa822060832 [LEADER]: Connected to new peer: Peer: permanent_uuid: "3f90dd4e43504ba094ac9564ee050fbd" member_type: VOTER last_known_addr { host: "127.21.21.2" port: 34149 }, Status: LMP_MISMATCH, Last received: 0.0, Next index: 3, Last known committed idx: 2, Time since last communication: 0.000s
I20260710 13:21:09.498013 21722 raft_consensus.cc:1275] T 10cfd662aae7493ebab288d34dc14817 P 193073a361c14bb69ed00768934e97b2 [term 3 FOLLOWER]: Refusing update from remote peer 469ce0e67aa54ff4ad858fa822060832: Log matching property violated. Preceding OpId in replica: term: 2 index: 2. Preceding OpId from leader: term: 3 index: 3. (index mismatch)
I20260710 13:21:09.499421 22013 consensus_queue.cc:1048] T 10cfd662aae7493ebab288d34dc14817 P 469ce0e67aa54ff4ad858fa822060832 [LEADER]: Connected to new peer: Peer: permanent_uuid: "193073a361c14bb69ed00768934e97b2" member_type: VOTER last_known_addr { host: "127.21.21.1" port: 43253 }, Status: LMP_MISMATCH, Last received: 0.0, Next index: 3, Last known committed idx: 2, Time since last communication: 0.000s
I20260710 13:21:09.732614 21722 raft_consensus.cc:1275] T 2efc11287c20452c989feb1f1e82f7ca P 193073a361c14bb69ed00768934e97b2 [term 3 FOLLOWER]: Refusing update from remote peer 469ce0e67aa54ff4ad858fa822060832: Log matching property violated. Preceding OpId in replica: term: 2 index: 2. Preceding OpId from leader: term: 3 index: 3. (index mismatch)
I20260710 13:21:09.733647 22013 consensus_queue.cc:1048] T 2efc11287c20452c989feb1f1e82f7ca P 469ce0e67aa54ff4ad858fa822060832 [LEADER]: Connected to new peer: Peer: permanent_uuid: "193073a361c14bb69ed00768934e97b2" member_type: VOTER last_known_addr { host: "127.21.21.1" port: 43253 }, Status: LMP_MISMATCH, Last received: 0.0, Next index: 3, Last known committed idx: 2, Time since last communication: 0.000s
I20260710 13:21:09.742861 21796 raft_consensus.cc:1275] T 2efc11287c20452c989feb1f1e82f7ca P 3f90dd4e43504ba094ac9564ee050fbd [term 3 FOLLOWER]: Refusing update from remote peer 469ce0e67aa54ff4ad858fa822060832: Log matching property violated. Preceding OpId in replica: term: 2 index: 2. Preceding OpId from leader: term: 3 index: 3. (index mismatch)
I20260710 13:21:09.744093 22013 consensus_queue.cc:1048] T 2efc11287c20452c989feb1f1e82f7ca P 469ce0e67aa54ff4ad858fa822060832 [LEADER]: Connected to new peer: Peer: permanent_uuid: "3f90dd4e43504ba094ac9564ee050fbd" member_type: VOTER last_known_addr { host: "127.21.21.2" port: 34149 }, Status: LMP_MISMATCH, Last received: 0.0, Next index: 3, Last known committed idx: 2, Time since last communication: 0.000s
I20260710 13:21:09.873526 21588 auto_leader_rebalancer.cc:141] leader rebalance for table test-workload
I20260710 13:21:09.883025 21722 tablet_service.cc:2072] Received LeaderStepDown RPC: tablet_id: "2ec260abce5c4510b348453e7dbcfd51"
dest_uuid: "193073a361c14bb69ed00768934e97b2"
mode: GRACEFUL
new_leader_uuid: "3f90dd4e43504ba094ac9564ee050fbd"
 from {username='slave'} at 127.0.0.1:50680
I20260710 13:21:09.883502 21722 raft_consensus.cc:606] T 2ec260abce5c4510b348453e7dbcfd51 P 193073a361c14bb69ed00768934e97b2 [term 2 LEADER]: Received request to transfer leadership to TS 3f90dd4e43504ba094ac9564ee050fbd
I20260710 13:21:09.888296 21869 tablet_service.cc:2072] Received LeaderStepDown RPC: tablet_id: "2efc11287c20452c989feb1f1e82f7ca"
dest_uuid: "469ce0e67aa54ff4ad858fa822060832"
mode: GRACEFUL
new_leader_uuid: "3f90dd4e43504ba094ac9564ee050fbd"
 from {username='slave'} at 127.0.0.1:46160
I20260710 13:21:09.888821 21869 raft_consensus.cc:606] T 2efc11287c20452c989feb1f1e82f7ca P 469ce0e67aa54ff4ad858fa822060832 [term 3 LEADER]: Received request to transfer leadership to TS 3f90dd4e43504ba094ac9564ee050fbd
I20260710 13:21:09.893316 21722 tablet_service.cc:2072] Received LeaderStepDown RPC: tablet_id: "e4ab51e22b3e4f859a07e3c27b3f2510"
dest_uuid: "193073a361c14bb69ed00768934e97b2"
mode: GRACEFUL
new_leader_uuid: "3f90dd4e43504ba094ac9564ee050fbd"
 from {username='slave'} at 127.0.0.1:50680
I20260710 13:21:09.893831 21722 raft_consensus.cc:606] T e4ab51e22b3e4f859a07e3c27b3f2510 P 193073a361c14bb69ed00768934e97b2 [term 2 LEADER]: Received request to transfer leadership to TS 3f90dd4e43504ba094ac9564ee050fbd
I20260710 13:21:09.898264 21722 tablet_service.cc:2072] Received LeaderStepDown RPC: tablet_id: "06913ec8fd794f1bb80b3ccfbe4a78e9"
dest_uuid: "193073a361c14bb69ed00768934e97b2"
mode: GRACEFUL
new_leader_uuid: "3f90dd4e43504ba094ac9564ee050fbd"
 from {username='slave'} at 127.0.0.1:50680
I20260710 13:21:09.898604 21722 raft_consensus.cc:606] T 06913ec8fd794f1bb80b3ccfbe4a78e9 P 193073a361c14bb69ed00768934e97b2 [term 2 LEADER]: Received request to transfer leadership to TS 3f90dd4e43504ba094ac9564ee050fbd
I20260710 13:21:09.904984 21869 tablet_service.cc:2072] Received LeaderStepDown RPC: tablet_id: "10cfd662aae7493ebab288d34dc14817"
dest_uuid: "469ce0e67aa54ff4ad858fa822060832"
mode: GRACEFUL
new_leader_uuid: "3f90dd4e43504ba094ac9564ee050fbd"
 from {username='slave'} at 127.0.0.1:46160
I20260710 13:21:09.905475 21869 raft_consensus.cc:606] T 10cfd662aae7493ebab288d34dc14817 P 469ce0e67aa54ff4ad858fa822060832 [term 3 LEADER]: Received request to transfer leadership to TS 3f90dd4e43504ba094ac9564ee050fbd
I20260710 13:21:09.934998 22027 raft_consensus.cc:993] T 10cfd662aae7493ebab288d34dc14817 P 469ce0e67aa54ff4ad858fa822060832: : Instructing follower 3f90dd4e43504ba094ac9564ee050fbd to start an election
I20260710 13:21:09.935376 22013 raft_consensus.cc:1081] T 10cfd662aae7493ebab288d34dc14817 P 469ce0e67aa54ff4ad858fa822060832 [term 3 LEADER]: Signalling peer 3f90dd4e43504ba094ac9564ee050fbd to start an election
I20260710 13:21:09.936581 21796 tablet_service.cc:2044] Received Run Leader Election RPC: tablet_id: "10cfd662aae7493ebab288d34dc14817"
dest_uuid: "3f90dd4e43504ba094ac9564ee050fbd"
 from {username='slave'} at 127.0.0.1:52888
I20260710 13:21:09.937003 21796 raft_consensus.cc:493] T 10cfd662aae7493ebab288d34dc14817 P 3f90dd4e43504ba094ac9564ee050fbd [term 3 FOLLOWER]: Starting forced leader election (received explicit request)
I20260710 13:21:09.937263 21796 raft_consensus.cc:3060] T 10cfd662aae7493ebab288d34dc14817 P 3f90dd4e43504ba094ac9564ee050fbd [term 3 FOLLOWER]: Advancing to term 4
I20260710 13:21:09.941349 21796 raft_consensus.cc:515] T 10cfd662aae7493ebab288d34dc14817 P 3f90dd4e43504ba094ac9564ee050fbd [term 4 FOLLOWER]: Starting forced leader election with config: opid_index: -1 OBSOLETE_local: false peers { permanent_uuid: "193073a361c14bb69ed00768934e97b2" member_type: VOTER last_known_addr { host: "127.21.21.1" port: 43253 } } peers { permanent_uuid: "3f90dd4e43504ba094ac9564ee050fbd" member_type: VOTER last_known_addr { host: "127.21.21.2" port: 34149 } } peers { permanent_uuid: "469ce0e67aa54ff4ad858fa822060832" member_type: VOTER last_known_addr { host: "127.21.21.3" port: 42043 } }
I20260710 13:21:09.942799 21796 leader_election.cc:290] T 10cfd662aae7493ebab288d34dc14817 P 3f90dd4e43504ba094ac9564ee050fbd [CANDIDATE]: Term 4 election: Requested vote from peers 193073a361c14bb69ed00768934e97b2 (127.21.21.1:43253), 469ce0e67aa54ff4ad858fa822060832 (127.21.21.3:42043)
I20260710 13:21:09.943434 21722 tablet_service.cc:1917] Received RequestConsensusVote() RPC: tablet_id: "10cfd662aae7493ebab288d34dc14817" candidate_uuid: "3f90dd4e43504ba094ac9564ee050fbd" candidate_term: 4 candidate_status { last_received { term: 3 index: 3 } } ignore_live_leader: true dest_uuid: "193073a361c14bb69ed00768934e97b2"
I20260710 13:21:09.943914 21722 raft_consensus.cc:3060] T 10cfd662aae7493ebab288d34dc14817 P 193073a361c14bb69ed00768934e97b2 [term 3 FOLLOWER]: Advancing to term 4
I20260710 13:21:09.943794 21869 tablet_service.cc:1917] Received RequestConsensusVote() RPC: tablet_id: "10cfd662aae7493ebab288d34dc14817" candidate_uuid: "3f90dd4e43504ba094ac9564ee050fbd" candidate_term: 4 candidate_status { last_received { term: 3 index: 3 } } ignore_live_leader: true dest_uuid: "469ce0e67aa54ff4ad858fa822060832"
I20260710 13:21:09.944327 21869 raft_consensus.cc:3055] T 10cfd662aae7493ebab288d34dc14817 P 469ce0e67aa54ff4ad858fa822060832 [term 3 LEADER]: Stepping down as leader of term 3
I20260710 13:21:09.944588 21869 raft_consensus.cc:740] T 10cfd662aae7493ebab288d34dc14817 P 469ce0e67aa54ff4ad858fa822060832 [term 3 LEADER]: Becoming Follower/Learner. State: Replica: 469ce0e67aa54ff4ad858fa822060832, State: Running, Role: LEADER
I20260710 13:21:09.945300 21869 consensus_queue.cc:260] T 10cfd662aae7493ebab288d34dc14817 P 469ce0e67aa54ff4ad858fa822060832 [NON_LEADER]: Queue going to NON_LEADER mode. State: All replicated index: 0, Majority replicated index: 3, Committed index: 3, Last appended: 3.3, Last appended by leader: 3, Current term: 3, Majority size: -1, State: 0, Mode: NON_LEADER, active raft config: opid_index: -1 OBSOLETE_local: false peers { permanent_uuid: "193073a361c14bb69ed00768934e97b2" member_type: VOTER last_known_addr { host: "127.21.21.1" port: 43253 } } peers { permanent_uuid: "3f90dd4e43504ba094ac9564ee050fbd" member_type: VOTER last_known_addr { host: "127.21.21.2" port: 34149 } } peers { permanent_uuid: "469ce0e67aa54ff4ad858fa822060832" member_type: VOTER last_known_addr { host: "127.21.21.3" port: 42043 } }
I20260710 13:21:09.946265 21869 raft_consensus.cc:3060] T 10cfd662aae7493ebab288d34dc14817 P 469ce0e67aa54ff4ad858fa822060832 [term 3 FOLLOWER]: Advancing to term 4
I20260710 13:21:09.947733 21722 raft_consensus.cc:2468] T 10cfd662aae7493ebab288d34dc14817 P 193073a361c14bb69ed00768934e97b2 [term 4 FOLLOWER]: Leader election vote request: Granting yes vote for candidate 3f90dd4e43504ba094ac9564ee050fbd in term 4.
I20260710 13:21:09.948484 21764 leader_election.cc:304] T 10cfd662aae7493ebab288d34dc14817 P 3f90dd4e43504ba094ac9564ee050fbd [CANDIDATE]: Term 4 election: Election decided. Result: candidate won. Election summary: received 2 responses out of 3 voters: 2 yes votes; 0 no votes. yes voters: 193073a361c14bb69ed00768934e97b2, 3f90dd4e43504ba094ac9564ee050fbd; no voters: 
I20260710 13:21:09.949047 21979 raft_consensus.cc:2804] T 10cfd662aae7493ebab288d34dc14817 P 3f90dd4e43504ba094ac9564ee050fbd [term 4 FOLLOWER]: Leader election won for term 4
I20260710 13:21:09.949982 21979 raft_consensus.cc:697] T 10cfd662aae7493ebab288d34dc14817 P 3f90dd4e43504ba094ac9564ee050fbd [term 4 LEADER]: Becoming Leader. State: Replica: 3f90dd4e43504ba094ac9564ee050fbd, State: Running, Role: LEADER
I20260710 13:21:09.950601 21869 raft_consensus.cc:2468] T 10cfd662aae7493ebab288d34dc14817 P 469ce0e67aa54ff4ad858fa822060832 [term 4 FOLLOWER]: Leader election vote request: Granting yes vote for candidate 3f90dd4e43504ba094ac9564ee050fbd in term 4.
I20260710 13:21:09.950656 21979 consensus_queue.cc:237] T 10cfd662aae7493ebab288d34dc14817 P 3f90dd4e43504ba094ac9564ee050fbd [LEADER]: Queue going to LEADER mode. State: All replicated index: 0, Majority replicated index: 3, Committed index: 3, Last appended: 3.3, Last appended by leader: 3, Current term: 4, Majority size: 2, State: 0, Mode: LEADER, active raft config: opid_index: -1 OBSOLETE_local: false peers { permanent_uuid: "193073a361c14bb69ed00768934e97b2" member_type: VOTER last_known_addr { host: "127.21.21.1" port: 43253 } } peers { permanent_uuid: "3f90dd4e43504ba094ac9564ee050fbd" member_type: VOTER last_known_addr { host: "127.21.21.2" port: 34149 } } peers { permanent_uuid: "469ce0e67aa54ff4ad858fa822060832" member_type: VOTER last_known_addr { host: "127.21.21.3" port: 42043 } }
I20260710 13:21:09.956261 21617 catalog_manager.cc:5697] T 10cfd662aae7493ebab288d34dc14817 P 3f90dd4e43504ba094ac9564ee050fbd reported cstate change: term changed from 3 to 4, leader changed from 469ce0e67aa54ff4ad858fa822060832 (127.21.21.3) to 3f90dd4e43504ba094ac9564ee050fbd (127.21.21.2). New cstate: current_term: 4 leader_uuid: "3f90dd4e43504ba094ac9564ee050fbd" committed_config { opid_index: -1 OBSOLETE_local: false peers { permanent_uuid: "193073a361c14bb69ed00768934e97b2" member_type: VOTER last_known_addr { host: "127.21.21.1" port: 43253 } health_report { overall_health: UNKNOWN } } peers { permanent_uuid: "3f90dd4e43504ba094ac9564ee050fbd" member_type: VOTER last_known_addr { host: "127.21.21.2" port: 34149 } health_report { overall_health: HEALTHY } } peers { permanent_uuid: "469ce0e67aa54ff4ad858fa822060832" member_type: VOTER last_known_addr { host: "127.21.21.3" port: 42043 } health_report { overall_health: UNKNOWN } } }
I20260710 13:21:09.969702 22033 raft_consensus.cc:993] T 06913ec8fd794f1bb80b3ccfbe4a78e9 P 193073a361c14bb69ed00768934e97b2: : Instructing follower 3f90dd4e43504ba094ac9564ee050fbd to start an election
I20260710 13:21:09.970072 21923 raft_consensus.cc:1081] T 06913ec8fd794f1bb80b3ccfbe4a78e9 P 193073a361c14bb69ed00768934e97b2 [term 2 LEADER]: Signalling peer 3f90dd4e43504ba094ac9564ee050fbd to start an election
I20260710 13:21:09.971199 21796 tablet_service.cc:2044] Received Run Leader Election RPC: tablet_id: "06913ec8fd794f1bb80b3ccfbe4a78e9"
dest_uuid: "3f90dd4e43504ba094ac9564ee050fbd"
 from {username='slave'} at 127.0.0.1:52886
I20260710 13:21:09.971586 21796 raft_consensus.cc:493] T 06913ec8fd794f1bb80b3ccfbe4a78e9 P 3f90dd4e43504ba094ac9564ee050fbd [term 2 FOLLOWER]: Starting forced leader election (received explicit request)
I20260710 13:21:09.971855 21796 raft_consensus.cc:3060] T 06913ec8fd794f1bb80b3ccfbe4a78e9 P 3f90dd4e43504ba094ac9564ee050fbd [term 2 FOLLOWER]: Advancing to term 3
I20260710 13:21:09.975800 21796 raft_consensus.cc:515] T 06913ec8fd794f1bb80b3ccfbe4a78e9 P 3f90dd4e43504ba094ac9564ee050fbd [term 3 FOLLOWER]: Starting forced leader election with config: opid_index: -1 OBSOLETE_local: false peers { permanent_uuid: "193073a361c14bb69ed00768934e97b2" member_type: VOTER last_known_addr { host: "127.21.21.1" port: 43253 } } peers { permanent_uuid: "3f90dd4e43504ba094ac9564ee050fbd" member_type: VOTER last_known_addr { host: "127.21.21.2" port: 34149 } } peers { permanent_uuid: "469ce0e67aa54ff4ad858fa822060832" member_type: VOTER last_known_addr { host: "127.21.21.3" port: 42043 } }
I20260710 13:21:09.977203 21796 leader_election.cc:290] T 06913ec8fd794f1bb80b3ccfbe4a78e9 P 3f90dd4e43504ba094ac9564ee050fbd [CANDIDATE]: Term 3 election: Requested vote from peers 193073a361c14bb69ed00768934e97b2 (127.21.21.1:43253), 469ce0e67aa54ff4ad858fa822060832 (127.21.21.3:42043)
I20260710 13:21:09.977907 21722 tablet_service.cc:1917] Received RequestConsensusVote() RPC: tablet_id: "06913ec8fd794f1bb80b3ccfbe4a78e9" candidate_uuid: "3f90dd4e43504ba094ac9564ee050fbd" candidate_term: 3 candidate_status { last_received { term: 2 index: 2 } } ignore_live_leader: true dest_uuid: "193073a361c14bb69ed00768934e97b2"
I20260710 13:21:09.978253 21869 tablet_service.cc:1917] Received RequestConsensusVote() RPC: tablet_id: "06913ec8fd794f1bb80b3ccfbe4a78e9" candidate_uuid: "3f90dd4e43504ba094ac9564ee050fbd" candidate_term: 3 candidate_status { last_received { term: 2 index: 2 } } ignore_live_leader: true dest_uuid: "469ce0e67aa54ff4ad858fa822060832"
I20260710 13:21:09.978432 21722 raft_consensus.cc:3055] T 06913ec8fd794f1bb80b3ccfbe4a78e9 P 193073a361c14bb69ed00768934e97b2 [term 2 LEADER]: Stepping down as leader of term 2
I20260710 13:21:09.978704 21722 raft_consensus.cc:740] T 06913ec8fd794f1bb80b3ccfbe4a78e9 P 193073a361c14bb69ed00768934e97b2 [term 2 LEADER]: Becoming Follower/Learner. State: Replica: 193073a361c14bb69ed00768934e97b2, State: Running, Role: LEADER
I20260710 13:21:09.978772 21869 raft_consensus.cc:3060] T 06913ec8fd794f1bb80b3ccfbe4a78e9 P 469ce0e67aa54ff4ad858fa822060832 [term 2 FOLLOWER]: Advancing to term 3
I20260710 13:21:09.979386 21722 consensus_queue.cc:260] T 06913ec8fd794f1bb80b3ccfbe4a78e9 P 193073a361c14bb69ed00768934e97b2 [NON_LEADER]: Queue going to NON_LEADER mode. State: All replicated index: 0, Majority replicated index: 2, Committed index: 2, Last appended: 2.2, Last appended by leader: 2, Current term: 2, Majority size: -1, State: 0, Mode: NON_LEADER, active raft config: opid_index: -1 OBSOLETE_local: false peers { permanent_uuid: "193073a361c14bb69ed00768934e97b2" member_type: VOTER last_known_addr { host: "127.21.21.1" port: 43253 } } peers { permanent_uuid: "3f90dd4e43504ba094ac9564ee050fbd" member_type: VOTER last_known_addr { host: "127.21.21.2" port: 34149 } } peers { permanent_uuid: "469ce0e67aa54ff4ad858fa822060832" member_type: VOTER last_known_addr { host: "127.21.21.3" port: 42043 } }
I20260710 13:21:09.980435 21722 raft_consensus.cc:3060] T 06913ec8fd794f1bb80b3ccfbe4a78e9 P 193073a361c14bb69ed00768934e97b2 [term 2 FOLLOWER]: Advancing to term 3
I20260710 13:21:09.984728 21869 raft_consensus.cc:2468] T 06913ec8fd794f1bb80b3ccfbe4a78e9 P 469ce0e67aa54ff4ad858fa822060832 [term 3 FOLLOWER]: Leader election vote request: Granting yes vote for candidate 3f90dd4e43504ba094ac9564ee050fbd in term 3.
I20260710 13:21:09.985740 21761 leader_election.cc:304] T 06913ec8fd794f1bb80b3ccfbe4a78e9 P 3f90dd4e43504ba094ac9564ee050fbd [CANDIDATE]: Term 3 election: Election decided. Result: candidate won. Election summary: received 2 responses out of 3 voters: 2 yes votes; 0 no votes. yes voters: 3f90dd4e43504ba094ac9564ee050fbd, 469ce0e67aa54ff4ad858fa822060832; no voters: 
I20260710 13:21:09.985867 21722 raft_consensus.cc:2468] T 06913ec8fd794f1bb80b3ccfbe4a78e9 P 193073a361c14bb69ed00768934e97b2 [term 3 FOLLOWER]: Leader election vote request: Granting yes vote for candidate 3f90dd4e43504ba094ac9564ee050fbd in term 3.
I20260710 13:21:09.986485 21979 raft_consensus.cc:2804] T 06913ec8fd794f1bb80b3ccfbe4a78e9 P 3f90dd4e43504ba094ac9564ee050fbd [term 3 FOLLOWER]: Leader election won for term 3
I20260710 13:21:09.986917 21979 raft_consensus.cc:697] T 06913ec8fd794f1bb80b3ccfbe4a78e9 P 3f90dd4e43504ba094ac9564ee050fbd [term 3 LEADER]: Becoming Leader. State: Replica: 3f90dd4e43504ba094ac9564ee050fbd, State: Running, Role: LEADER
I20260710 13:21:09.987555 21979 consensus_queue.cc:237] T 06913ec8fd794f1bb80b3ccfbe4a78e9 P 3f90dd4e43504ba094ac9564ee050fbd [LEADER]: Queue going to LEADER mode. State: All replicated index: 0, Majority replicated index: 2, Committed index: 2, Last appended: 2.2, Last appended by leader: 2, Current term: 3, Majority size: 2, State: 0, Mode: LEADER, active raft config: opid_index: -1 OBSOLETE_local: false peers { permanent_uuid: "193073a361c14bb69ed00768934e97b2" member_type: VOTER last_known_addr { host: "127.21.21.1" port: 43253 } } peers { permanent_uuid: "3f90dd4e43504ba094ac9564ee050fbd" member_type: VOTER last_known_addr { host: "127.21.21.2" port: 34149 } } peers { permanent_uuid: "469ce0e67aa54ff4ad858fa822060832" member_type: VOTER last_known_addr { host: "127.21.21.3" port: 42043 } }
I20260710 13:21:09.993984 21617 catalog_manager.cc:5697] T 06913ec8fd794f1bb80b3ccfbe4a78e9 P 3f90dd4e43504ba094ac9564ee050fbd reported cstate change: term changed from 2 to 3, leader changed from 193073a361c14bb69ed00768934e97b2 (127.21.21.1) to 3f90dd4e43504ba094ac9564ee050fbd (127.21.21.2). New cstate: current_term: 3 leader_uuid: "3f90dd4e43504ba094ac9564ee050fbd" committed_config { opid_index: -1 OBSOLETE_local: false peers { permanent_uuid: "193073a361c14bb69ed00768934e97b2" member_type: VOTER last_known_addr { host: "127.21.21.1" port: 43253 } health_report { overall_health: UNKNOWN } } peers { permanent_uuid: "3f90dd4e43504ba094ac9564ee050fbd" member_type: VOTER last_known_addr { host: "127.21.21.2" port: 34149 } health_report { overall_health: HEALTHY } } peers { permanent_uuid: "469ce0e67aa54ff4ad858fa822060832" member_type: VOTER last_known_addr { host: "127.21.21.3" port: 42043 } health_report { overall_health: UNKNOWN } } }
I20260710 13:21:10.302459 22033 raft_consensus.cc:993] T 2ec260abce5c4510b348453e7dbcfd51 P 193073a361c14bb69ed00768934e97b2: : Instructing follower 3f90dd4e43504ba094ac9564ee050fbd to start an election
I20260710 13:21:10.302831 21923 raft_consensus.cc:1081] T 2ec260abce5c4510b348453e7dbcfd51 P 193073a361c14bb69ed00768934e97b2 [term 2 LEADER]: Signalling peer 3f90dd4e43504ba094ac9564ee050fbd to start an election
I20260710 13:21:10.304152 21796 tablet_service.cc:2044] Received Run Leader Election RPC: tablet_id: "2ec260abce5c4510b348453e7dbcfd51"
dest_uuid: "3f90dd4e43504ba094ac9564ee050fbd"
 from {username='slave'} at 127.0.0.1:52886
I20260710 13:21:10.304584 21796 raft_consensus.cc:493] T 2ec260abce5c4510b348453e7dbcfd51 P 3f90dd4e43504ba094ac9564ee050fbd [term 2 FOLLOWER]: Starting forced leader election (received explicit request)
I20260710 13:21:10.304864 21796 raft_consensus.cc:3060] T 2ec260abce5c4510b348453e7dbcfd51 P 3f90dd4e43504ba094ac9564ee050fbd [term 2 FOLLOWER]: Advancing to term 3
I20260710 13:21:10.308970 21796 raft_consensus.cc:515] T 2ec260abce5c4510b348453e7dbcfd51 P 3f90dd4e43504ba094ac9564ee050fbd [term 3 FOLLOWER]: Starting forced leader election with config: opid_index: -1 OBSOLETE_local: false peers { permanent_uuid: "469ce0e67aa54ff4ad858fa822060832" member_type: VOTER last_known_addr { host: "127.21.21.3" port: 42043 } } peers { permanent_uuid: "3f90dd4e43504ba094ac9564ee050fbd" member_type: VOTER last_known_addr { host: "127.21.21.2" port: 34149 } } peers { permanent_uuid: "193073a361c14bb69ed00768934e97b2" member_type: VOTER last_known_addr { host: "127.21.21.1" port: 43253 } }
I20260710 13:21:10.310514 21796 leader_election.cc:290] T 2ec260abce5c4510b348453e7dbcfd51 P 3f90dd4e43504ba094ac9564ee050fbd [CANDIDATE]: Term 3 election: Requested vote from peers 469ce0e67aa54ff4ad858fa822060832 (127.21.21.3:42043), 193073a361c14bb69ed00768934e97b2 (127.21.21.1:43253)
I20260710 13:21:10.311141 21869 tablet_service.cc:1917] Received RequestConsensusVote() RPC: tablet_id: "2ec260abce5c4510b348453e7dbcfd51" candidate_uuid: "3f90dd4e43504ba094ac9564ee050fbd" candidate_term: 3 candidate_status { last_received { term: 2 index: 2 } } ignore_live_leader: true dest_uuid: "469ce0e67aa54ff4ad858fa822060832"
I20260710 13:21:10.311722 21722 tablet_service.cc:1917] Received RequestConsensusVote() RPC: tablet_id: "2ec260abce5c4510b348453e7dbcfd51" candidate_uuid: "3f90dd4e43504ba094ac9564ee050fbd" candidate_term: 3 candidate_status { last_received { term: 2 index: 2 } } ignore_live_leader: true dest_uuid: "193073a361c14bb69ed00768934e97b2"
I20260710 13:21:10.312196 21722 raft_consensus.cc:3055] T 2ec260abce5c4510b348453e7dbcfd51 P 193073a361c14bb69ed00768934e97b2 [term 2 LEADER]: Stepping down as leader of term 2
I20260710 13:21:10.312461 21722 raft_consensus.cc:740] T 2ec260abce5c4510b348453e7dbcfd51 P 193073a361c14bb69ed00768934e97b2 [term 2 LEADER]: Becoming Follower/Learner. State: Replica: 193073a361c14bb69ed00768934e97b2, State: Running, Role: LEADER
I20260710 13:21:10.313033 21722 consensus_queue.cc:260] T 2ec260abce5c4510b348453e7dbcfd51 P 193073a361c14bb69ed00768934e97b2 [NON_LEADER]: Queue going to NON_LEADER mode. State: All replicated index: 0, Majority replicated index: 2, Committed index: 2, Last appended: 2.2, Last appended by leader: 2, Current term: 2, Majority size: -1, State: 0, Mode: NON_LEADER, active raft config: opid_index: -1 OBSOLETE_local: false peers { permanent_uuid: "469ce0e67aa54ff4ad858fa822060832" member_type: VOTER last_known_addr { host: "127.21.21.3" port: 42043 } } peers { permanent_uuid: "3f90dd4e43504ba094ac9564ee050fbd" member_type: VOTER last_known_addr { host: "127.21.21.2" port: 34149 } } peers { permanent_uuid: "193073a361c14bb69ed00768934e97b2" member_type: VOTER last_known_addr { host: "127.21.21.1" port: 43253 } }
I20260710 13:21:10.313778 21722 raft_consensus.cc:3060] T 2ec260abce5c4510b348453e7dbcfd51 P 193073a361c14bb69ed00768934e97b2 [term 2 FOLLOWER]: Advancing to term 3
I20260710 13:21:10.318806 22027 raft_consensus.cc:993] T 2efc11287c20452c989feb1f1e82f7ca P 469ce0e67aa54ff4ad858fa822060832: : Instructing follower 3f90dd4e43504ba094ac9564ee050fbd to start an election
I20260710 13:21:10.318976 21722 raft_consensus.cc:2468] T 2ec260abce5c4510b348453e7dbcfd51 P 193073a361c14bb69ed00768934e97b2 [term 3 FOLLOWER]: Leader election vote request: Granting yes vote for candidate 3f90dd4e43504ba094ac9564ee050fbd in term 3.
I20260710 13:21:10.319231 22035 raft_consensus.cc:1081] T 2efc11287c20452c989feb1f1e82f7ca P 469ce0e67aa54ff4ad858fa822060832 [term 3 LEADER]: Signalling peer 3f90dd4e43504ba094ac9564ee050fbd to start an election
I20260710 13:21:10.320012 21764 leader_election.cc:304] T 2ec260abce5c4510b348453e7dbcfd51 P 3f90dd4e43504ba094ac9564ee050fbd [CANDIDATE]: Term 3 election: Election decided. Result: candidate won. Election summary: received 3 responses out of 3 voters: 2 yes votes; 1 no votes. yes voters: 193073a361c14bb69ed00768934e97b2, 3f90dd4e43504ba094ac9564ee050fbd; no voters: 469ce0e67aa54ff4ad858fa822060832
I20260710 13:21:10.320617 21979 raft_consensus.cc:2804] T 2ec260abce5c4510b348453e7dbcfd51 P 3f90dd4e43504ba094ac9564ee050fbd [term 3 FOLLOWER]: Leader election won for term 3
I20260710 13:21:10.321120 21796 tablet_service.cc:2044] Received Run Leader Election RPC: tablet_id: "2efc11287c20452c989feb1f1e82f7ca"
dest_uuid: "3f90dd4e43504ba094ac9564ee050fbd"
 from {username='slave'} at 127.0.0.1:52888
I20260710 13:21:10.321571 21796 raft_consensus.cc:493] T 2efc11287c20452c989feb1f1e82f7ca P 3f90dd4e43504ba094ac9564ee050fbd [term 3 FOLLOWER]: Starting forced leader election (received explicit request)
I20260710 13:21:10.321781 21979 raft_consensus.cc:697] T 2ec260abce5c4510b348453e7dbcfd51 P 3f90dd4e43504ba094ac9564ee050fbd [term 3 LEADER]: Becoming Leader. State: Replica: 3f90dd4e43504ba094ac9564ee050fbd, State: Running, Role: LEADER
I20260710 13:21:10.321911 21796 raft_consensus.cc:3060] T 2efc11287c20452c989feb1f1e82f7ca P 3f90dd4e43504ba094ac9564ee050fbd [term 3 FOLLOWER]: Advancing to term 4
I20260710 13:21:10.322448 21979 consensus_queue.cc:237] T 2ec260abce5c4510b348453e7dbcfd51 P 3f90dd4e43504ba094ac9564ee050fbd [LEADER]: Queue going to LEADER mode. State: All replicated index: 0, Majority replicated index: 2, Committed index: 2, Last appended: 2.2, Last appended by leader: 2, Current term: 3, Majority size: 2, State: 0, Mode: LEADER, active raft config: opid_index: -1 OBSOLETE_local: false peers { permanent_uuid: "469ce0e67aa54ff4ad858fa822060832" member_type: VOTER last_known_addr { host: "127.21.21.3" port: 42043 } } peers { permanent_uuid: "3f90dd4e43504ba094ac9564ee050fbd" member_type: VOTER last_known_addr { host: "127.21.21.2" port: 34149 } } peers { permanent_uuid: "193073a361c14bb69ed00768934e97b2" member_type: VOTER last_known_addr { host: "127.21.21.1" port: 43253 } }
I20260710 13:21:10.326305 21796 raft_consensus.cc:515] T 2efc11287c20452c989feb1f1e82f7ca P 3f90dd4e43504ba094ac9564ee050fbd [term 4 FOLLOWER]: Starting forced leader election with config: opid_index: -1 OBSOLETE_local: false peers { permanent_uuid: "193073a361c14bb69ed00768934e97b2" member_type: VOTER last_known_addr { host: "127.21.21.1" port: 43253 } } peers { permanent_uuid: "3f90dd4e43504ba094ac9564ee050fbd" member_type: VOTER last_known_addr { host: "127.21.21.2" port: 34149 } } peers { permanent_uuid: "469ce0e67aa54ff4ad858fa822060832" member_type: VOTER last_known_addr { host: "127.21.21.3" port: 42043 } }
I20260710 13:21:10.328606 21722 tablet_service.cc:1917] Received RequestConsensusVote() RPC: tablet_id: "2efc11287c20452c989feb1f1e82f7ca" candidate_uuid: "3f90dd4e43504ba094ac9564ee050fbd" candidate_term: 4 candidate_status { last_received { term: 3 index: 3 } } ignore_live_leader: true dest_uuid: "193073a361c14bb69ed00768934e97b2"
I20260710 13:21:10.328964 21869 tablet_service.cc:1917] Received RequestConsensusVote() RPC: tablet_id: "2efc11287c20452c989feb1f1e82f7ca" candidate_uuid: "3f90dd4e43504ba094ac9564ee050fbd" candidate_term: 4 candidate_status { last_received { term: 3 index: 3 } } ignore_live_leader: true dest_uuid: "469ce0e67aa54ff4ad858fa822060832"
I20260710 13:21:10.329082 21722 raft_consensus.cc:3060] T 2efc11287c20452c989feb1f1e82f7ca P 193073a361c14bb69ed00768934e97b2 [term 3 FOLLOWER]: Advancing to term 4
I20260710 13:21:10.328758 21796 leader_election.cc:290] T 2efc11287c20452c989feb1f1e82f7ca P 3f90dd4e43504ba094ac9564ee050fbd [CANDIDATE]: Term 4 election: Requested vote from peers 193073a361c14bb69ed00768934e97b2 (127.21.21.1:43253), 469ce0e67aa54ff4ad858fa822060832 (127.21.21.3:42043)
I20260710 13:21:10.328737 21617 catalog_manager.cc:5697] T 2ec260abce5c4510b348453e7dbcfd51 P 3f90dd4e43504ba094ac9564ee050fbd reported cstate change: term changed from 2 to 3, leader changed from 193073a361c14bb69ed00768934e97b2 (127.21.21.1) to 3f90dd4e43504ba094ac9564ee050fbd (127.21.21.2). New cstate: current_term: 3 leader_uuid: "3f90dd4e43504ba094ac9564ee050fbd" committed_config { opid_index: -1 OBSOLETE_local: false peers { permanent_uuid: "469ce0e67aa54ff4ad858fa822060832" member_type: VOTER last_known_addr { host: "127.21.21.3" port: 42043 } health_report { overall_health: UNKNOWN } } peers { permanent_uuid: "3f90dd4e43504ba094ac9564ee050fbd" member_type: VOTER last_known_addr { host: "127.21.21.2" port: 34149 } health_report { overall_health: HEALTHY } } peers { permanent_uuid: "193073a361c14bb69ed00768934e97b2" member_type: VOTER last_known_addr { host: "127.21.21.1" port: 43253 } health_report { overall_health: UNKNOWN } } }
I20260710 13:21:10.329514 21869 raft_consensus.cc:3055] T 2efc11287c20452c989feb1f1e82f7ca P 469ce0e67aa54ff4ad858fa822060832 [term 3 LEADER]: Stepping down as leader of term 3
I20260710 13:21:10.329938 21869 raft_consensus.cc:740] T 2efc11287c20452c989feb1f1e82f7ca P 469ce0e67aa54ff4ad858fa822060832 [term 3 LEADER]: Becoming Follower/Learner. State: Replica: 469ce0e67aa54ff4ad858fa822060832, State: Running, Role: LEADER
I20260710 13:21:10.330922 21869 consensus_queue.cc:260] T 2efc11287c20452c989feb1f1e82f7ca P 469ce0e67aa54ff4ad858fa822060832 [NON_LEADER]: Queue going to NON_LEADER mode. State: All replicated index: 0, Majority replicated index: 3, Committed index: 3, Last appended: 3.3, Last appended by leader: 3, Current term: 3, Majority size: -1, State: 0, Mode: NON_LEADER, active raft config: opid_index: -1 OBSOLETE_local: false peers { permanent_uuid: "193073a361c14bb69ed00768934e97b2" member_type: VOTER last_known_addr { host: "127.21.21.1" port: 43253 } } peers { permanent_uuid: "3f90dd4e43504ba094ac9564ee050fbd" member_type: VOTER last_known_addr { host: "127.21.21.2" port: 34149 } } peers { permanent_uuid: "469ce0e67aa54ff4ad858fa822060832" member_type: VOTER last_known_addr { host: "127.21.21.3" port: 42043 } }
I20260710 13:21:10.331996 21869 raft_consensus.cc:3060] T 2efc11287c20452c989feb1f1e82f7ca P 469ce0e67aa54ff4ad858fa822060832 [term 3 FOLLOWER]: Advancing to term 4
I20260710 13:21:10.334295 21722 raft_consensus.cc:2468] T 2efc11287c20452c989feb1f1e82f7ca P 193073a361c14bb69ed00768934e97b2 [term 4 FOLLOWER]: Leader election vote request: Granting yes vote for candidate 3f90dd4e43504ba094ac9564ee050fbd in term 4.
I20260710 13:21:10.337450 21764 leader_election.cc:304] T 2efc11287c20452c989feb1f1e82f7ca P 3f90dd4e43504ba094ac9564ee050fbd [CANDIDATE]: Term 4 election: Election decided. Result: candidate won. Election summary: received 2 responses out of 3 voters: 2 yes votes; 0 no votes. yes voters: 193073a361c14bb69ed00768934e97b2, 3f90dd4e43504ba094ac9564ee050fbd; no voters: 
I20260710 13:21:10.337540 21869 raft_consensus.cc:2468] T 2efc11287c20452c989feb1f1e82f7ca P 469ce0e67aa54ff4ad858fa822060832 [term 4 FOLLOWER]: Leader election vote request: Granting yes vote for candidate 3f90dd4e43504ba094ac9564ee050fbd in term 4.
I20260710 13:21:10.338165 21979 raft_consensus.cc:2804] T 2efc11287c20452c989feb1f1e82f7ca P 3f90dd4e43504ba094ac9564ee050fbd [term 4 FOLLOWER]: Leader election won for term 4
I20260710 13:21:10.338721 21979 raft_consensus.cc:697] T 2efc11287c20452c989feb1f1e82f7ca P 3f90dd4e43504ba094ac9564ee050fbd [term 4 LEADER]: Becoming Leader. State: Replica: 3f90dd4e43504ba094ac9564ee050fbd, State: Running, Role: LEADER
I20260710 13:21:10.339401 21979 consensus_queue.cc:237] T 2efc11287c20452c989feb1f1e82f7ca P 3f90dd4e43504ba094ac9564ee050fbd [LEADER]: Queue going to LEADER mode. State: All replicated index: 0, Majority replicated index: 3, Committed index: 3, Last appended: 3.3, Last appended by leader: 3, Current term: 4, Majority size: 2, State: 0, Mode: LEADER, active raft config: opid_index: -1 OBSOLETE_local: false peers { permanent_uuid: "193073a361c14bb69ed00768934e97b2" member_type: VOTER last_known_addr { host: "127.21.21.1" port: 43253 } } peers { permanent_uuid: "3f90dd4e43504ba094ac9564ee050fbd" member_type: VOTER last_known_addr { host: "127.21.21.2" port: 34149 } } peers { permanent_uuid: "469ce0e67aa54ff4ad858fa822060832" member_type: VOTER last_known_addr { host: "127.21.21.3" port: 42043 } }
I20260710 13:21:10.340477 21869 raft_consensus.cc:1275] T 10cfd662aae7493ebab288d34dc14817 P 469ce0e67aa54ff4ad858fa822060832 [term 4 FOLLOWER]: Refusing update from remote peer 3f90dd4e43504ba094ac9564ee050fbd: Log matching property violated. Preceding OpId in replica: term: 3 index: 3. Preceding OpId from leader: term: 4 index: 4. (index mismatch)
I20260710 13:21:10.341531 22029 consensus_queue.cc:1048] T 10cfd662aae7493ebab288d34dc14817 P 3f90dd4e43504ba094ac9564ee050fbd [LEADER]: Connected to new peer: Peer: permanent_uuid: "469ce0e67aa54ff4ad858fa822060832" member_type: VOTER last_known_addr { host: "127.21.21.3" port: 42043 }, Status: LMP_MISMATCH, Last received: 0.0, Next index: 4, Last known committed idx: 3, Time since last communication: 0.000s
I20260710 13:21:10.345449 21617 catalog_manager.cc:5697] T 2efc11287c20452c989feb1f1e82f7ca P 3f90dd4e43504ba094ac9564ee050fbd reported cstate change: term changed from 3 to 4, leader changed from 469ce0e67aa54ff4ad858fa822060832 (127.21.21.3) to 3f90dd4e43504ba094ac9564ee050fbd (127.21.21.2). New cstate: current_term: 4 leader_uuid: "3f90dd4e43504ba094ac9564ee050fbd" committed_config { opid_index: -1 OBSOLETE_local: false peers { permanent_uuid: "193073a361c14bb69ed00768934e97b2" member_type: VOTER last_known_addr { host: "127.21.21.1" port: 43253 } health_report { overall_health: UNKNOWN } } peers { permanent_uuid: "3f90dd4e43504ba094ac9564ee050fbd" member_type: VOTER last_known_addr { host: "127.21.21.2" port: 34149 } health_report { overall_health: HEALTHY } } peers { permanent_uuid: "469ce0e67aa54ff4ad858fa822060832" member_type: VOTER last_known_addr { host: "127.21.21.3" port: 42043 } health_report { overall_health: UNKNOWN } } }
I20260710 13:21:10.351367 21722 raft_consensus.cc:1275] T 10cfd662aae7493ebab288d34dc14817 P 193073a361c14bb69ed00768934e97b2 [term 4 FOLLOWER]: Refusing update from remote peer 3f90dd4e43504ba094ac9564ee050fbd: Log matching property violated. Preceding OpId in replica: term: 3 index: 3. Preceding OpId from leader: term: 4 index: 4. (index mismatch)
I20260710 13:21:10.352504 22038 consensus_queue.cc:1048] T 10cfd662aae7493ebab288d34dc14817 P 3f90dd4e43504ba094ac9564ee050fbd [LEADER]: Connected to new peer: Peer: permanent_uuid: "193073a361c14bb69ed00768934e97b2" member_type: VOTER last_known_addr { host: "127.21.21.1" port: 43253 }, Status: LMP_MISMATCH, Last received: 0.0, Next index: 4, Last known committed idx: 3, Time since last communication: 0.000s
I20260710 13:21:10.384981 21869 raft_consensus.cc:1275] T 06913ec8fd794f1bb80b3ccfbe4a78e9 P 469ce0e67aa54ff4ad858fa822060832 [term 3 FOLLOWER]: Refusing update from remote peer 3f90dd4e43504ba094ac9564ee050fbd: Log matching property violated. Preceding OpId in replica: term: 2 index: 2. Preceding OpId from leader: term: 3 index: 3. (index mismatch)
I20260710 13:21:10.385980 22038 consensus_queue.cc:1048] T 06913ec8fd794f1bb80b3ccfbe4a78e9 P 3f90dd4e43504ba094ac9564ee050fbd [LEADER]: Connected to new peer: Peer: permanent_uuid: "469ce0e67aa54ff4ad858fa822060832" member_type: VOTER last_known_addr { host: "127.21.21.3" port: 42043 }, Status: LMP_MISMATCH, Last received: 0.0, Next index: 3, Last known committed idx: 2, Time since last communication: 0.000s
I20260710 13:21:10.393297 21722 raft_consensus.cc:1275] T 06913ec8fd794f1bb80b3ccfbe4a78e9 P 193073a361c14bb69ed00768934e97b2 [term 3 FOLLOWER]: Refusing update from remote peer 3f90dd4e43504ba094ac9564ee050fbd: Log matching property violated. Preceding OpId in replica: term: 2 index: 2. Preceding OpId from leader: term: 3 index: 3. (index mismatch)
I20260710 13:21:10.394943 22029 consensus_queue.cc:1048] T 06913ec8fd794f1bb80b3ccfbe4a78e9 P 3f90dd4e43504ba094ac9564ee050fbd [LEADER]: Connected to new peer: Peer: permanent_uuid: "193073a361c14bb69ed00768934e97b2" member_type: VOTER last_known_addr { host: "127.21.21.1" port: 43253 }, Status: LMP_MISMATCH, Last received: 0.0, Next index: 3, Last known committed idx: 2, Time since last communication: 0.000s
I20260710 13:21:10.507493 22033 raft_consensus.cc:993] T e4ab51e22b3e4f859a07e3c27b3f2510 P 193073a361c14bb69ed00768934e97b2: : Instructing follower 3f90dd4e43504ba094ac9564ee050fbd to start an election
I20260710 13:21:10.507895 21923 raft_consensus.cc:1081] T e4ab51e22b3e4f859a07e3c27b3f2510 P 193073a361c14bb69ed00768934e97b2 [term 2 LEADER]: Signalling peer 3f90dd4e43504ba094ac9564ee050fbd to start an election
I20260710 13:21:10.509266 21796 tablet_service.cc:2044] Received Run Leader Election RPC: tablet_id: "e4ab51e22b3e4f859a07e3c27b3f2510"
dest_uuid: "3f90dd4e43504ba094ac9564ee050fbd"
 from {username='slave'} at 127.0.0.1:52886
I20260710 13:21:10.509729 21796 raft_consensus.cc:493] T e4ab51e22b3e4f859a07e3c27b3f2510 P 3f90dd4e43504ba094ac9564ee050fbd [term 2 FOLLOWER]: Starting forced leader election (received explicit request)
I20260710 13:21:10.509982 21796 raft_consensus.cc:3060] T e4ab51e22b3e4f859a07e3c27b3f2510 P 3f90dd4e43504ba094ac9564ee050fbd [term 2 FOLLOWER]: Advancing to term 3
I20260710 13:21:10.515143 21796 raft_consensus.cc:515] T e4ab51e22b3e4f859a07e3c27b3f2510 P 3f90dd4e43504ba094ac9564ee050fbd [term 3 FOLLOWER]: Starting forced leader election with config: opid_index: -1 OBSOLETE_local: false peers { permanent_uuid: "193073a361c14bb69ed00768934e97b2" member_type: VOTER last_known_addr { host: "127.21.21.1" port: 43253 } } peers { permanent_uuid: "3f90dd4e43504ba094ac9564ee050fbd" member_type: VOTER last_known_addr { host: "127.21.21.2" port: 34149 } } peers { permanent_uuid: "469ce0e67aa54ff4ad858fa822060832" member_type: VOTER last_known_addr { host: "127.21.21.3" port: 42043 } }
I20260710 13:21:10.516665 21796 leader_election.cc:290] T e4ab51e22b3e4f859a07e3c27b3f2510 P 3f90dd4e43504ba094ac9564ee050fbd [CANDIDATE]: Term 3 election: Requested vote from peers 193073a361c14bb69ed00768934e97b2 (127.21.21.1:43253), 469ce0e67aa54ff4ad858fa822060832 (127.21.21.3:42043)
I20260710 13:21:10.517297 21722 tablet_service.cc:1917] Received RequestConsensusVote() RPC: tablet_id: "e4ab51e22b3e4f859a07e3c27b3f2510" candidate_uuid: "3f90dd4e43504ba094ac9564ee050fbd" candidate_term: 3 candidate_status { last_received { term: 2 index: 2 } } ignore_live_leader: true dest_uuid: "193073a361c14bb69ed00768934e97b2"
I20260710 13:21:10.517508 21869 tablet_service.cc:1917] Received RequestConsensusVote() RPC: tablet_id: "e4ab51e22b3e4f859a07e3c27b3f2510" candidate_uuid: "3f90dd4e43504ba094ac9564ee050fbd" candidate_term: 3 candidate_status { last_received { term: 2 index: 2 } } ignore_live_leader: true dest_uuid: "469ce0e67aa54ff4ad858fa822060832"
I20260710 13:21:10.517853 21722 raft_consensus.cc:3055] T e4ab51e22b3e4f859a07e3c27b3f2510 P 193073a361c14bb69ed00768934e97b2 [term 2 LEADER]: Stepping down as leader of term 2
I20260710 13:21:10.517985 21869 raft_consensus.cc:3060] T e4ab51e22b3e4f859a07e3c27b3f2510 P 469ce0e67aa54ff4ad858fa822060832 [term 2 FOLLOWER]: Advancing to term 3
I20260710 13:21:10.518167 21722 raft_consensus.cc:740] T e4ab51e22b3e4f859a07e3c27b3f2510 P 193073a361c14bb69ed00768934e97b2 [term 2 LEADER]: Becoming Follower/Learner. State: Replica: 193073a361c14bb69ed00768934e97b2, State: Running, Role: LEADER
I20260710 13:21:10.518844 21722 consensus_queue.cc:260] T e4ab51e22b3e4f859a07e3c27b3f2510 P 193073a361c14bb69ed00768934e97b2 [NON_LEADER]: Queue going to NON_LEADER mode. State: All replicated index: 0, Majority replicated index: 2, Committed index: 2, Last appended: 2.2, Last appended by leader: 2, Current term: 2, Majority size: -1, State: 0, Mode: NON_LEADER, active raft config: opid_index: -1 OBSOLETE_local: false peers { permanent_uuid: "193073a361c14bb69ed00768934e97b2" member_type: VOTER last_known_addr { host: "127.21.21.1" port: 43253 } } peers { permanent_uuid: "3f90dd4e43504ba094ac9564ee050fbd" member_type: VOTER last_known_addr { host: "127.21.21.2" port: 34149 } } peers { permanent_uuid: "469ce0e67aa54ff4ad858fa822060832" member_type: VOTER last_known_addr { host: "127.21.21.3" port: 42043 } }
I20260710 13:21:10.519858 21722 raft_consensus.cc:3060] T e4ab51e22b3e4f859a07e3c27b3f2510 P 193073a361c14bb69ed00768934e97b2 [term 2 FOLLOWER]: Advancing to term 3
I20260710 13:21:10.523530 21869 raft_consensus.cc:2468] T e4ab51e22b3e4f859a07e3c27b3f2510 P 469ce0e67aa54ff4ad858fa822060832 [term 3 FOLLOWER]: Leader election vote request: Granting yes vote for candidate 3f90dd4e43504ba094ac9564ee050fbd in term 3.
I20260710 13:21:10.524499 21761 leader_election.cc:304] T e4ab51e22b3e4f859a07e3c27b3f2510 P 3f90dd4e43504ba094ac9564ee050fbd [CANDIDATE]: Term 3 election: Election decided. Result: candidate won. Election summary: received 2 responses out of 3 voters: 2 yes votes; 0 no votes. yes voters: 3f90dd4e43504ba094ac9564ee050fbd, 469ce0e67aa54ff4ad858fa822060832; no voters: 
I20260710 13:21:10.525080 21722 raft_consensus.cc:2468] T e4ab51e22b3e4f859a07e3c27b3f2510 P 193073a361c14bb69ed00768934e97b2 [term 3 FOLLOWER]: Leader election vote request: Granting yes vote for candidate 3f90dd4e43504ba094ac9564ee050fbd in term 3.
I20260710 13:21:10.525174 22029 raft_consensus.cc:2804] T e4ab51e22b3e4f859a07e3c27b3f2510 P 3f90dd4e43504ba094ac9564ee050fbd [term 3 FOLLOWER]: Leader election won for term 3
I20260710 13:21:10.525676 22029 raft_consensus.cc:697] T e4ab51e22b3e4f859a07e3c27b3f2510 P 3f90dd4e43504ba094ac9564ee050fbd [term 3 LEADER]: Becoming Leader. State: Replica: 3f90dd4e43504ba094ac9564ee050fbd, State: Running, Role: LEADER
I20260710 13:21:10.526388 22029 consensus_queue.cc:237] T e4ab51e22b3e4f859a07e3c27b3f2510 P 3f90dd4e43504ba094ac9564ee050fbd [LEADER]: Queue going to LEADER mode. State: All replicated index: 0, Majority replicated index: 2, Committed index: 2, Last appended: 2.2, Last appended by leader: 2, Current term: 3, Majority size: 2, State: 0, Mode: LEADER, active raft config: opid_index: -1 OBSOLETE_local: false peers { permanent_uuid: "193073a361c14bb69ed00768934e97b2" member_type: VOTER last_known_addr { host: "127.21.21.1" port: 43253 } } peers { permanent_uuid: "3f90dd4e43504ba094ac9564ee050fbd" member_type: VOTER last_known_addr { host: "127.21.21.2" port: 34149 } } peers { permanent_uuid: "469ce0e67aa54ff4ad858fa822060832" member_type: VOTER last_known_addr { host: "127.21.21.3" port: 42043 } }
I20260710 13:21:10.532730 21617 catalog_manager.cc:5697] T e4ab51e22b3e4f859a07e3c27b3f2510 P 3f90dd4e43504ba094ac9564ee050fbd reported cstate change: term changed from 2 to 3, leader changed from 193073a361c14bb69ed00768934e97b2 (127.21.21.1) to 3f90dd4e43504ba094ac9564ee050fbd (127.21.21.2). New cstate: current_term: 3 leader_uuid: "3f90dd4e43504ba094ac9564ee050fbd" committed_config { opid_index: -1 OBSOLETE_local: false peers { permanent_uuid: "193073a361c14bb69ed00768934e97b2" member_type: VOTER last_known_addr { host: "127.21.21.1" port: 43253 } health_report { overall_health: UNKNOWN } } peers { permanent_uuid: "3f90dd4e43504ba094ac9564ee050fbd" member_type: VOTER last_known_addr { host: "127.21.21.2" port: 34149 } health_report { overall_health: HEALTHY } } peers { permanent_uuid: "469ce0e67aa54ff4ad858fa822060832" member_type: VOTER last_known_addr { host: "127.21.21.3" port: 42043 } health_report { overall_health: UNKNOWN } } }
I20260710 13:21:10.764694 21869 raft_consensus.cc:3060] T 2ec260abce5c4510b348453e7dbcfd51 P 469ce0e67aa54ff4ad858fa822060832 [term 2 FOLLOWER]: Advancing to term 3
I20260710 13:21:10.768584 21869 raft_consensus.cc:1275] T 2ec260abce5c4510b348453e7dbcfd51 P 469ce0e67aa54ff4ad858fa822060832 [term 3 FOLLOWER]: Refusing update from remote peer 3f90dd4e43504ba094ac9564ee050fbd: Log matching property violated. Preceding OpId in replica: term: 2 index: 2. Preceding OpId from leader: term: 3 index: 3. (index mismatch)
I20260710 13:21:10.769629 22029 consensus_queue.cc:1048] T 2ec260abce5c4510b348453e7dbcfd51 P 3f90dd4e43504ba094ac9564ee050fbd [LEADER]: Connected to new peer: Peer: permanent_uuid: "469ce0e67aa54ff4ad858fa822060832" member_type: VOTER last_known_addr { host: "127.21.21.3" port: 42043 }, Status: LMP_MISMATCH, Last received: 0.0, Next index: 3, Last known committed idx: 2, Time since last communication: 0.000s
I20260710 13:21:10.777281 21722 raft_consensus.cc:1275] T 2ec260abce5c4510b348453e7dbcfd51 P 193073a361c14bb69ed00768934e97b2 [term 3 FOLLOWER]: Refusing update from remote peer 3f90dd4e43504ba094ac9564ee050fbd: Log matching property violated. Preceding OpId in replica: term: 2 index: 2. Preceding OpId from leader: term: 3 index: 3. (index mismatch)
I20260710 13:21:10.778416 22029 consensus_queue.cc:1048] T 2ec260abce5c4510b348453e7dbcfd51 P 3f90dd4e43504ba094ac9564ee050fbd [LEADER]: Connected to new peer: Peer: permanent_uuid: "193073a361c14bb69ed00768934e97b2" member_type: VOTER last_known_addr { host: "127.21.21.1" port: 43253 }, Status: LMP_MISMATCH, Last received: 0.0, Next index: 3, Last known committed idx: 2, Time since last communication: 0.001s
I20260710 13:21:10.826388 21722 raft_consensus.cc:1275] T 2efc11287c20452c989feb1f1e82f7ca P 193073a361c14bb69ed00768934e97b2 [term 4 FOLLOWER]: Refusing update from remote peer 3f90dd4e43504ba094ac9564ee050fbd: Log matching property violated. Preceding OpId in replica: term: 3 index: 3. Preceding OpId from leader: term: 4 index: 4. (index mismatch)
I20260710 13:21:10.827492 22029 consensus_queue.cc:1048] T 2efc11287c20452c989feb1f1e82f7ca P 3f90dd4e43504ba094ac9564ee050fbd [LEADER]: Connected to new peer: Peer: permanent_uuid: "193073a361c14bb69ed00768934e97b2" member_type: VOTER last_known_addr { host: "127.21.21.1" port: 43253 }, Status: LMP_MISMATCH, Last received: 0.0, Next index: 4, Last known committed idx: 3, Time since last communication: 0.000s
I20260710 13:21:10.834991 21872 raft_consensus.cc:1275] T 2efc11287c20452c989feb1f1e82f7ca P 469ce0e67aa54ff4ad858fa822060832 [term 4 FOLLOWER]: Refusing update from remote peer 3f90dd4e43504ba094ac9564ee050fbd: Log matching property violated. Preceding OpId in replica: term: 3 index: 3. Preceding OpId from leader: term: 4 index: 4. (index mismatch)
I20260710 13:21:10.836431 22047 consensus_queue.cc:1048] T 2efc11287c20452c989feb1f1e82f7ca P 3f90dd4e43504ba094ac9564ee050fbd [LEADER]: Connected to new peer: Peer: permanent_uuid: "469ce0e67aa54ff4ad858fa822060832" member_type: VOTER last_known_addr { host: "127.21.21.3" port: 42043 }, Status: LMP_MISMATCH, Last received: 0.0, Next index: 4, Last known committed idx: 3, Time since last communication: 0.000s
I20260710 13:21:10.942531 21722 raft_consensus.cc:1275] T e4ab51e22b3e4f859a07e3c27b3f2510 P 193073a361c14bb69ed00768934e97b2 [term 3 FOLLOWER]: Refusing update from remote peer 3f90dd4e43504ba094ac9564ee050fbd: Log matching property violated. Preceding OpId in replica: term: 2 index: 2. Preceding OpId from leader: term: 3 index: 3. (index mismatch)
I20260710 13:21:10.943581 22047 consensus_queue.cc:1048] T e4ab51e22b3e4f859a07e3c27b3f2510 P 3f90dd4e43504ba094ac9564ee050fbd [LEADER]: Connected to new peer: Peer: permanent_uuid: "193073a361c14bb69ed00768934e97b2" member_type: VOTER last_known_addr { host: "127.21.21.1" port: 43253 }, Status: LMP_MISMATCH, Last received: 0.0, Next index: 3, Last known committed idx: 2, Time since last communication: 0.000s
I20260710 13:21:10.951268 21872 raft_consensus.cc:1275] T e4ab51e22b3e4f859a07e3c27b3f2510 P 469ce0e67aa54ff4ad858fa822060832 [term 3 FOLLOWER]: Refusing update from remote peer 3f90dd4e43504ba094ac9564ee050fbd: Log matching property violated. Preceding OpId in replica: term: 2 index: 2. Preceding OpId from leader: term: 3 index: 3. (index mismatch)
