I20260710 13:21:17.323007 17416 raft_consensus.cc:385] T 54637a3bf6d648bfa48ed8975cc806a9 P 4d6a446402924668ab6f8ec032351416 [term 0 FOLLOWER]: Consensus starting up: Expiring failure detector timer to make a prompt election more likely
I20260710 13:21:17.323103 17225 tablet_service.cc:1917] Received RequestConsensusVote() RPC: tablet_id: "968dca5838a94969ae4af36527e9fba0" candidate_uuid: "4d6a446402924668ab6f8ec032351416" candidate_term: 1 candidate_status { last_received { term: 0 index: 0 } } ignore_live_leader: false dest_uuid: "6f55828f61514f2aaa7504a62042137e" is_pre_election: true
I20260710 13:21:17.323432 17416 raft_consensus.cc:740] T 54637a3bf6d648bfa48ed8975cc806a9 P 4d6a446402924668ab6f8ec032351416 [term 0 FOLLOWER]: Becoming Follower/Learner. State: Replica: 4d6a446402924668ab6f8ec032351416, State: Initialized, Role: FOLLOWER
I20260710 13:21:17.323550 17417 consensus_queue.cc:260] T 2bd0b960aec443d1870ec2af8ddd79fd P 6f55828f61514f2aaa7504a62042137e [NON_LEADER]: Queue going to NON_LEADER mode. State: All replicated index: 0, Majority replicated index: 0, Committed index: 0, Last appended: 0.0, Last appended by leader: 0, Current term: 0, Majority size: -1, State: 0, Mode: NON_LEADER, active raft config: opid_index: -1 OBSOLETE_local: false peers { permanent_uuid: "6f55828f61514f2aaa7504a62042137e" member_type: VOTER last_known_addr { host: "127.16.51.129" port: 43377 } } peers { permanent_uuid: "4d6a446402924668ab6f8ec032351416" member_type: VOTER last_known_addr { host: "127.16.51.130" port: 44461 } } peers { permanent_uuid: "7d64dd4e7a4349218960057062bea878" member_type: VOTER last_known_addr { host: "127.16.51.131" port: 32999 } }
I20260710 13:21:17.324412 17414 ts_tablet_manager.cc:1434] T d7bcc8f4b9cb4ffd9d79bcfc97e3a31d P 7d64dd4e7a4349218960057062bea878: Time spent starting tablet: real 0.017s	user 0.006s	sys 0.003s
I20260710 13:21:17.324342 17416 consensus_queue.cc:260] T 54637a3bf6d648bfa48ed8975cc806a9 P 4d6a446402924668ab6f8ec032351416 [NON_LEADER]: Queue going to NON_LEADER mode. State: All replicated index: 0, Majority replicated index: 0, Committed index: 0, Last appended: 0.0, Last appended by leader: 0, Current term: 0, Majority size: -1, State: 0, Mode: NON_LEADER, active raft config: opid_index: -1 OBSOLETE_local: false peers { permanent_uuid: "6f55828f61514f2aaa7504a62042137e" member_type: VOTER last_known_addr { host: "127.16.51.129" port: 43377 } } peers { permanent_uuid: "4d6a446402924668ab6f8ec032351416" member_type: VOTER last_known_addr { host: "127.16.51.130" port: 44461 } } peers { permanent_uuid: "7d64dd4e7a4349218960057062bea878" member_type: VOTER last_known_addr { host: "127.16.51.131" port: 32999 } }
W20260710 13:21:17.325047 17264 leader_election.cc:343] T 968dca5838a94969ae4af36527e9fba0 P 4d6a446402924668ab6f8ec032351416 [CANDIDATE]: Term 1 pre-election: Tablet error from VoteRequest() call to peer 6f55828f61514f2aaa7504a62042137e (127.16.51.129:43377): Illegal state: must be running to vote when last-logged opid is not known
I20260710 13:21:17.328156 17417 ts_tablet_manager.cc:1434] T 2bd0b960aec443d1870ec2af8ddd79fd P 6f55828f61514f2aaa7504a62042137e: Time spent starting tablet: real 0.012s	user 0.008s	sys 0.000s
I20260710 13:21:17.329298 17417 tablet_bootstrap.cc:492] T d7bcc8f4b9cb4ffd9d79bcfc97e3a31d P 6f55828f61514f2aaa7504a62042137e: Bootstrap starting.
I20260710 13:21:17.329778 17416 ts_tablet_manager.cc:1434] T 54637a3bf6d648bfa48ed8975cc806a9 P 4d6a446402924668ab6f8ec032351416: Time spent starting tablet: real 0.011s	user 0.008s	sys 0.000s
I20260710 13:21:17.330861 17416 tablet_bootstrap.cc:492] T b4ce5851798547c2b9af6056bbdb3fc4 P 4d6a446402924668ab6f8ec032351416: Bootstrap starting.
I20260710 13:21:17.331540 17414 tablet_bootstrap.cc:492] T 968dca5838a94969ae4af36527e9fba0 P 7d64dd4e7a4349218960057062bea878: Bootstrap starting.
W20260710 13:21:17.334570 17171 auto_rebalancer.cc:288] Could not retrieve cluster info: Service unavailable: Tablet not running
I20260710 13:21:17.336448 17417 tablet_bootstrap.cc:654] T d7bcc8f4b9cb4ffd9d79bcfc97e3a31d P 6f55828f61514f2aaa7504a62042137e: Neither blocks nor log segments found. Creating new log.
I20260710 13:21:17.337860 17416 tablet_bootstrap.cc:654] T b4ce5851798547c2b9af6056bbdb3fc4 P 4d6a446402924668ab6f8ec032351416: Neither blocks nor log segments found. Creating new log.
I20260710 13:21:17.341476 17414 tablet_bootstrap.cc:654] T 968dca5838a94969ae4af36527e9fba0 P 7d64dd4e7a4349218960057062bea878: Neither blocks nor log segments found. Creating new log.
I20260710 13:21:17.349871 17417 tablet_bootstrap.cc:492] T d7bcc8f4b9cb4ffd9d79bcfc97e3a31d P 6f55828f61514f2aaa7504a62042137e: No bootstrap required, opened a new log
I20260710 13:21:17.350478 17417 ts_tablet_manager.cc:1403] T d7bcc8f4b9cb4ffd9d79bcfc97e3a31d P 6f55828f61514f2aaa7504a62042137e: Time spent bootstrapping tablet: real 0.021s	user 0.014s	sys 0.004s
I20260710 13:21:17.351778 17414 tablet_bootstrap.cc:492] T 968dca5838a94969ae4af36527e9fba0 P 7d64dd4e7a4349218960057062bea878: No bootstrap required, opened a new log
I20260710 13:21:17.352273 17414 ts_tablet_manager.cc:1403] T 968dca5838a94969ae4af36527e9fba0 P 7d64dd4e7a4349218960057062bea878: Time spent bootstrapping tablet: real 0.021s	user 0.016s	sys 0.000s
I20260710 13:21:17.353791 17417 raft_consensus.cc:359] T d7bcc8f4b9cb4ffd9d79bcfc97e3a31d P 6f55828f61514f2aaa7504a62042137e [term 0 FOLLOWER]: Replica starting. Triggering 0 pending ops. Active config: opid_index: -1 OBSOLETE_local: false peers { permanent_uuid: "6f55828f61514f2aaa7504a62042137e" member_type: VOTER last_known_addr { host: "127.16.51.129" port: 43377 } } peers { permanent_uuid: "4d6a446402924668ab6f8ec032351416" member_type: VOTER last_known_addr { host: "127.16.51.130" port: 44461 } } peers { permanent_uuid: "7d64dd4e7a4349218960057062bea878" member_type: VOTER last_known_addr { host: "127.16.51.131" port: 32999 } }
I20260710 13:21:17.354586 17417 raft_consensus.cc:385] T d7bcc8f4b9cb4ffd9d79bcfc97e3a31d P 6f55828f61514f2aaa7504a62042137e [term 0 FOLLOWER]: Consensus starting up: Expiring failure detector timer to make a prompt election more likely
I20260710 13:21:17.354884 17417 raft_consensus.cc:740] T d7bcc8f4b9cb4ffd9d79bcfc97e3a31d P 6f55828f61514f2aaa7504a62042137e [term 0 FOLLOWER]: Becoming Follower/Learner. State: Replica: 6f55828f61514f2aaa7504a62042137e, State: Initialized, Role: FOLLOWER
I20260710 13:21:17.355754 17417 consensus_queue.cc:260] T d7bcc8f4b9cb4ffd9d79bcfc97e3a31d P 6f55828f61514f2aaa7504a62042137e [NON_LEADER]: Queue going to NON_LEADER mode. State: All replicated index: 0, Majority replicated index: 0, Committed index: 0, Last appended: 0.0, Last appended by leader: 0, Current term: 0, Majority size: -1, State: 0, Mode: NON_LEADER, active raft config: opid_index: -1 OBSOLETE_local: false peers { permanent_uuid: "6f55828f61514f2aaa7504a62042137e" member_type: VOTER last_known_addr { host: "127.16.51.129" port: 43377 } } peers { permanent_uuid: "4d6a446402924668ab6f8ec032351416" member_type: VOTER last_known_addr { host: "127.16.51.130" port: 44461 } } peers { permanent_uuid: "7d64dd4e7a4349218960057062bea878" member_type: VOTER last_known_addr { host: "127.16.51.131" port: 32999 } }
I20260710 13:21:17.355696 17414 raft_consensus.cc:359] T 968dca5838a94969ae4af36527e9fba0 P 7d64dd4e7a4349218960057062bea878 [term 0 FOLLOWER]: Replica starting. Triggering 0 pending ops. Active config: opid_index: -1 OBSOLETE_local: false peers { permanent_uuid: "6f55828f61514f2aaa7504a62042137e" member_type: VOTER last_known_addr { host: "127.16.51.129" port: 43377 } } peers { permanent_uuid: "4d6a446402924668ab6f8ec032351416" member_type: VOTER last_known_addr { host: "127.16.51.130" port: 44461 } } peers { permanent_uuid: "7d64dd4e7a4349218960057062bea878" member_type: VOTER last_known_addr { host: "127.16.51.131" port: 32999 } }
I20260710 13:21:17.357053 17414 raft_consensus.cc:385] T 968dca5838a94969ae4af36527e9fba0 P 7d64dd4e7a4349218960057062bea878 [term 0 FOLLOWER]: Consensus starting up: Expiring failure detector timer to make a prompt election more likely
I20260710 13:21:17.356812 17374 tablet_service.cc:1917] Received RequestConsensusVote() RPC: tablet_id: "968dca5838a94969ae4af36527e9fba0" candidate_uuid: "4d6a446402924668ab6f8ec032351416" candidate_term: 1 candidate_status { last_received { term: 0 index: 0 } } ignore_live_leader: false dest_uuid: "7d64dd4e7a4349218960057062bea878" is_pre_election: true
I20260710 13:21:17.358659 17414 raft_consensus.cc:740] T 968dca5838a94969ae4af36527e9fba0 P 7d64dd4e7a4349218960057062bea878 [term 0 FOLLOWER]: Becoming Follower/Learner. State: Replica: 7d64dd4e7a4349218960057062bea878, State: Initialized, Role: FOLLOWER
I20260710 13:21:17.359493 17414 consensus_queue.cc:260] T 968dca5838a94969ae4af36527e9fba0 P 7d64dd4e7a4349218960057062bea878 [NON_LEADER]: Queue going to NON_LEADER mode. State: All replicated index: 0, Majority replicated index: 0, Committed index: 0, Last appended: 0.0, Last appended by leader: 0, Current term: 0, Majority size: -1, State: 0, Mode: NON_LEADER, active raft config: opid_index: -1 OBSOLETE_local: false peers { permanent_uuid: "6f55828f61514f2aaa7504a62042137e" member_type: VOTER last_known_addr { host: "127.16.51.129" port: 43377 } } peers { permanent_uuid: "4d6a446402924668ab6f8ec032351416" member_type: VOTER last_known_addr { host: "127.16.51.130" port: 44461 } } peers { permanent_uuid: "7d64dd4e7a4349218960057062bea878" member_type: VOTER last_known_addr { host: "127.16.51.131" port: 32999 } }
I20260710 13:21:17.360280 17416 tablet_bootstrap.cc:492] T b4ce5851798547c2b9af6056bbdb3fc4 P 4d6a446402924668ab6f8ec032351416: No bootstrap required, opened a new log
I20260710 13:21:17.360587 17374 raft_consensus.cc:2468] T 968dca5838a94969ae4af36527e9fba0 P 7d64dd4e7a4349218960057062bea878 [term 0 FOLLOWER]: Leader pre-election vote request: Granting yes vote for candidate 4d6a446402924668ab6f8ec032351416 in term 0.
I20260710 13:21:17.360802 17416 ts_tablet_manager.cc:1403] T b4ce5851798547c2b9af6056bbdb3fc4 P 4d6a446402924668ab6f8ec032351416: Time spent bootstrapping tablet: real 0.030s	user 0.013s	sys 0.009s
I20260710 13:21:17.361246 17417 ts_tablet_manager.cc:1434] T d7bcc8f4b9cb4ffd9d79bcfc97e3a31d P 6f55828f61514f2aaa7504a62042137e: Time spent starting tablet: real 0.010s	user 0.007s	sys 0.001s
I20260710 13:21:17.362458 17417 tablet_bootstrap.cc:492] T 586a3b570448498da106faee6e043ce1 P 6f55828f61514f2aaa7504a62042137e: Bootstrap starting.
I20260710 13:21:17.363220 17419 raft_consensus.cc:493] T ddbcb67ef0f64222b0c8b51806406cf6 P 7d64dd4e7a4349218960057062bea878 [term 0 FOLLOWER]: Starting pre-election (no leader contacted us within the election timeout)
I20260710 13:21:17.363711 17419 raft_consensus.cc:515] T ddbcb67ef0f64222b0c8b51806406cf6 P 7d64dd4e7a4349218960057062bea878 [term 0 FOLLOWER]: Starting pre-election with config: opid_index: -1 OBSOLETE_local: false peers { permanent_uuid: "6f55828f61514f2aaa7504a62042137e" member_type: VOTER last_known_addr { host: "127.16.51.129" port: 43377 } } peers { permanent_uuid: "4d6a446402924668ab6f8ec032351416" member_type: VOTER last_known_addr { host: "127.16.51.130" port: 44461 } } peers { permanent_uuid: "7d64dd4e7a4349218960057062bea878" member_type: VOTER last_known_addr { host: "127.16.51.131" port: 32999 } }
I20260710 13:21:17.364326 17416 raft_consensus.cc:359] T b4ce5851798547c2b9af6056bbdb3fc4 P 4d6a446402924668ab6f8ec032351416 [term 0 FOLLOWER]: Replica starting. Triggering 0 pending ops. Active config: opid_index: -1 OBSOLETE_local: false peers { permanent_uuid: "7d64dd4e7a4349218960057062bea878" member_type: VOTER last_known_addr { host: "127.16.51.131" port: 32999 } } peers { permanent_uuid: "6f55828f61514f2aaa7504a62042137e" member_type: VOTER last_known_addr { host: "127.16.51.129" port: 43377 } } peers { permanent_uuid: "4d6a446402924668ab6f8ec032351416" member_type: VOTER last_known_addr { host: "127.16.51.130" port: 44461 } }
I20260710 13:21:17.365276 17416 raft_consensus.cc:385] T b4ce5851798547c2b9af6056bbdb3fc4 P 4d6a446402924668ab6f8ec032351416 [term 0 FOLLOWER]: Consensus starting up: Expiring failure detector timer to make a prompt election more likely
I20260710 13:21:17.365634 17416 raft_consensus.cc:740] T b4ce5851798547c2b9af6056bbdb3fc4 P 4d6a446402924668ab6f8ec032351416 [term 0 FOLLOWER]: Becoming Follower/Learner. State: Replica: 4d6a446402924668ab6f8ec032351416, State: Initialized, Role: FOLLOWER
I20260710 13:21:17.366374 17416 consensus_queue.cc:260] T b4ce5851798547c2b9af6056bbdb3fc4 P 4d6a446402924668ab6f8ec032351416 [NON_LEADER]: Queue going to NON_LEADER mode. State: All replicated index: 0, Majority replicated index: 0, Committed index: 0, Last appended: 0.0, Last appended by leader: 0, Current term: 0, Majority size: -1, State: 0, Mode: NON_LEADER, active raft config: opid_index: -1 OBSOLETE_local: false peers { permanent_uuid: "7d64dd4e7a4349218960057062bea878" member_type: VOTER last_known_addr { host: "127.16.51.131" port: 32999 } } peers { permanent_uuid: "6f55828f61514f2aaa7504a62042137e" member_type: VOTER last_known_addr { host: "127.16.51.129" port: 43377 } } peers { permanent_uuid: "4d6a446402924668ab6f8ec032351416" member_type: VOTER last_known_addr { host: "127.16.51.130" port: 44461 } }
I20260710 13:21:17.373154 17417 tablet_bootstrap.cc:654] T 586a3b570448498da106faee6e043ce1 P 6f55828f61514f2aaa7504a62042137e: Neither blocks nor log segments found. Creating new log.
I20260710 13:21:17.374830 17416 ts_tablet_manager.cc:1434] T b4ce5851798547c2b9af6056bbdb3fc4 P 4d6a446402924668ab6f8ec032351416: Time spent starting tablet: real 0.013s	user 0.009s	sys 0.000s
I20260710 13:21:17.376153 17419 leader_election.cc:290] T ddbcb67ef0f64222b0c8b51806406cf6 P 7d64dd4e7a4349218960057062bea878 [CANDIDATE]: Term 1 pre-election: Requested pre-vote from peers 6f55828f61514f2aaa7504a62042137e (127.16.51.129:43377), 4d6a446402924668ab6f8ec032351416 (127.16.51.130:44461)
I20260710 13:21:17.377622 17416 tablet_bootstrap.cc:492] T 2bd0b960aec443d1870ec2af8ddd79fd P 4d6a446402924668ab6f8ec032351416: Bootstrap starting.
I20260710 13:21:17.381215 17265 leader_election.cc:304] T 968dca5838a94969ae4af36527e9fba0 P 4d6a446402924668ab6f8ec032351416 [CANDIDATE]: Term 1 pre-election: Election decided. Result: candidate won. Election summary: received 3 responses out of 3 voters: 2 yes votes; 1 no votes. yes voters: 4d6a446402924668ab6f8ec032351416, 7d64dd4e7a4349218960057062bea878; no voters: 6f55828f61514f2aaa7504a62042137e
I20260710 13:21:17.382719 17421 raft_consensus.cc:2804] T 968dca5838a94969ae4af36527e9fba0 P 4d6a446402924668ab6f8ec032351416 [term 0 FOLLOWER]: Leader pre-election won for term 1
I20260710 13:21:17.383101 17421 raft_consensus.cc:493] T 968dca5838a94969ae4af36527e9fba0 P 4d6a446402924668ab6f8ec032351416 [term 0 FOLLOWER]: Starting leader election (no leader contacted us within the election timeout)
I20260710 13:21:17.383438 17421 raft_consensus.cc:3060] T 968dca5838a94969ae4af36527e9fba0 P 4d6a446402924668ab6f8ec032351416 [term 0 FOLLOWER]: Advancing to term 1
I20260710 13:21:17.384779 17416 tablet_bootstrap.cc:654] T 2bd0b960aec443d1870ec2af8ddd79fd P 4d6a446402924668ab6f8ec032351416: Neither blocks nor log segments found. Creating new log.
I20260710 13:21:17.396770 17416 tablet_bootstrap.cc:492] T 2bd0b960aec443d1870ec2af8ddd79fd P 4d6a446402924668ab6f8ec032351416: No bootstrap required, opened a new log
I20260710 13:21:17.397329 17416 ts_tablet_manager.cc:1403] T 2bd0b960aec443d1870ec2af8ddd79fd P 4d6a446402924668ab6f8ec032351416: Time spent bootstrapping tablet: real 0.020s	user 0.011s	sys 0.006s
I20260710 13:21:17.399353 17414 ts_tablet_manager.cc:1434] T 968dca5838a94969ae4af36527e9fba0 P 7d64dd4e7a4349218960057062bea878: Time spent starting tablet: real 0.047s	user 0.006s	sys 0.000s
I20260710 13:21:17.400941 17414 tablet_bootstrap.cc:492] T c25adcb5a9024bf29130e1d38b4f6945 P 7d64dd4e7a4349218960057062bea878: Bootstrap starting.
I20260710 13:21:17.400620 17416 raft_consensus.cc:359] T 2bd0b960aec443d1870ec2af8ddd79fd P 4d6a446402924668ab6f8ec032351416 [term 0 FOLLOWER]: Replica starting. Triggering 0 pending ops. Active config: opid_index: -1 OBSOLETE_local: false peers { permanent_uuid: "6f55828f61514f2aaa7504a62042137e" member_type: VOTER last_known_addr { host: "127.16.51.129" port: 43377 } } peers { permanent_uuid: "4d6a446402924668ab6f8ec032351416" member_type: VOTER last_known_addr { host: "127.16.51.130" port: 44461 } } peers { permanent_uuid: "7d64dd4e7a4349218960057062bea878" member_type: VOTER last_known_addr { host: "127.16.51.131" port: 32999 } }
I20260710 13:21:17.401470 17416 raft_consensus.cc:385] T 2bd0b960aec443d1870ec2af8ddd79fd P 4d6a446402924668ab6f8ec032351416 [term 0 FOLLOWER]: Consensus starting up: Expiring failure detector timer to make a prompt election more likely
I20260710 13:21:17.401816 17416 raft_consensus.cc:740] T 2bd0b960aec443d1870ec2af8ddd79fd P 4d6a446402924668ab6f8ec032351416 [term 0 FOLLOWER]: Becoming Follower/Learner. State: Replica: 4d6a446402924668ab6f8ec032351416, State: Initialized, Role: FOLLOWER
I20260710 13:21:17.402809 17416 consensus_queue.cc:260] T 2bd0b960aec443d1870ec2af8ddd79fd P 4d6a446402924668ab6f8ec032351416 [NON_LEADER]: Queue going to NON_LEADER mode. State: All replicated index: 0, Majority replicated index: 0, Committed index: 0, Last appended: 0.0, Last appended by leader: 0, Current term: 0, Majority size: -1, State: 0, Mode: NON_LEADER, active raft config: opid_index: -1 OBSOLETE_local: false peers { permanent_uuid: "6f55828f61514f2aaa7504a62042137e" member_type: VOTER last_known_addr { host: "127.16.51.129" port: 43377 } } peers { permanent_uuid: "4d6a446402924668ab6f8ec032351416" member_type: VOTER last_known_addr { host: "127.16.51.130" port: 44461 } } peers { permanent_uuid: "7d64dd4e7a4349218960057062bea878" member_type: VOTER last_known_addr { host: "127.16.51.131" port: 32999 } }
I20260710 13:21:17.405241 17421 raft_consensus.cc:515] T 968dca5838a94969ae4af36527e9fba0 P 4d6a446402924668ab6f8ec032351416 [term 1 FOLLOWER]: Starting leader election with config: opid_index: -1 OBSOLETE_local: false peers { permanent_uuid: "6f55828f61514f2aaa7504a62042137e" member_type: VOTER last_known_addr { host: "127.16.51.129" port: 43377 } } peers { permanent_uuid: "4d6a446402924668ab6f8ec032351416" member_type: VOTER last_known_addr { host: "127.16.51.130" port: 44461 } } peers { permanent_uuid: "7d64dd4e7a4349218960057062bea878" member_type: VOTER last_known_addr { host: "127.16.51.131" port: 32999 } }
I20260710 13:21:17.411010 17421 leader_election.cc:290] T 968dca5838a94969ae4af36527e9fba0 P 4d6a446402924668ab6f8ec032351416 [CANDIDATE]: Term 1 election: Requested vote from peers 6f55828f61514f2aaa7504a62042137e (127.16.51.129:43377), 7d64dd4e7a4349218960057062bea878 (127.16.51.131:32999)
I20260710 13:21:17.411546 17225 tablet_service.cc:1917] Received RequestConsensusVote() RPC: tablet_id: "968dca5838a94969ae4af36527e9fba0" candidate_uuid: "4d6a446402924668ab6f8ec032351416" candidate_term: 1 candidate_status { last_received { term: 0 index: 0 } } ignore_live_leader: false dest_uuid: "6f55828f61514f2aaa7504a62042137e"
I20260710 13:21:17.412200 17374 tablet_service.cc:1917] Received RequestConsensusVote() RPC: tablet_id: "968dca5838a94969ae4af36527e9fba0" candidate_uuid: "4d6a446402924668ab6f8ec032351416" candidate_term: 1 candidate_status { last_received { term: 0 index: 0 } } ignore_live_leader: false dest_uuid: "7d64dd4e7a4349218960057062bea878"
I20260710 13:21:17.414897 17416 ts_tablet_manager.cc:1434] T 2bd0b960aec443d1870ec2af8ddd79fd P 4d6a446402924668ab6f8ec032351416: Time spent starting tablet: real 0.017s	user 0.013s	sys 0.001s
I20260710 13:21:17.415150 17374 raft_consensus.cc:3060] T 968dca5838a94969ae4af36527e9fba0 P 7d64dd4e7a4349218960057062bea878 [term 0 FOLLOWER]: Advancing to term 1
W20260710 13:21:17.415462 17264 leader_election.cc:343] T 968dca5838a94969ae4af36527e9fba0 P 4d6a446402924668ab6f8ec032351416 [CANDIDATE]: Term 1 election: Tablet error from VoteRequest() call to peer 6f55828f61514f2aaa7504a62042137e (127.16.51.129:43377): Illegal state: must be running to vote when last-logged opid is not known
I20260710 13:21:17.415961 17416 tablet_bootstrap.cc:492] T ddbcb67ef0f64222b0c8b51806406cf6 P 4d6a446402924668ab6f8ec032351416: Bootstrap starting.
I20260710 13:21:17.422082 17424 raft_consensus.cc:493] T 54637a3bf6d648bfa48ed8975cc806a9 P 6f55828f61514f2aaa7504a62042137e [term 0 FOLLOWER]: Starting pre-election (no leader contacted us within the election timeout)
I20260710 13:21:17.422715 17424 raft_consensus.cc:515] T 54637a3bf6d648bfa48ed8975cc806a9 P 6f55828f61514f2aaa7504a62042137e [term 0 FOLLOWER]: Starting pre-election with config: opid_index: -1 OBSOLETE_local: false peers { permanent_uuid: "6f55828f61514f2aaa7504a62042137e" member_type: VOTER last_known_addr { host: "127.16.51.129" port: 43377 } } peers { permanent_uuid: "4d6a446402924668ab6f8ec032351416" member_type: VOTER last_known_addr { host: "127.16.51.130" port: 44461 } } peers { permanent_uuid: "7d64dd4e7a4349218960057062bea878" member_type: VOTER last_known_addr { host: "127.16.51.131" port: 32999 } }
I20260710 13:21:17.423658 17416 tablet_bootstrap.cc:654] T ddbcb67ef0f64222b0c8b51806406cf6 P 4d6a446402924668ab6f8ec032351416: Neither blocks nor log segments found. Creating new log.
I20260710 13:21:17.434013 17444 raft_consensus.cc:493] T 2bd0b960aec443d1870ec2af8ddd79fd P 4d6a446402924668ab6f8ec032351416 [term 0 FOLLOWER]: Starting pre-election (no leader contacted us within the election timeout)
I20260710 13:21:17.434621 17444 raft_consensus.cc:515] T 2bd0b960aec443d1870ec2af8ddd79fd P 4d6a446402924668ab6f8ec032351416 [term 0 FOLLOWER]: Starting pre-election with config: opid_index: -1 OBSOLETE_local: false peers { permanent_uuid: "6f55828f61514f2aaa7504a62042137e" member_type: VOTER last_known_addr { host: "127.16.51.129" port: 43377 } } peers { permanent_uuid: "4d6a446402924668ab6f8ec032351416" member_type: VOTER last_known_addr { host: "127.16.51.130" port: 44461 } } peers { permanent_uuid: "7d64dd4e7a4349218960057062bea878" member_type: VOTER last_known_addr { host: "127.16.51.131" port: 32999 } }
I20260710 13:21:17.436743 17444 leader_election.cc:290] T 2bd0b960aec443d1870ec2af8ddd79fd P 4d6a446402924668ab6f8ec032351416 [CANDIDATE]: Term 1 pre-election: Requested pre-vote from peers 6f55828f61514f2aaa7504a62042137e (127.16.51.129:43377), 7d64dd4e7a4349218960057062bea878 (127.16.51.131:32999)
I20260710 13:21:17.436959 17424 leader_election.cc:290] T 54637a3bf6d648bfa48ed8975cc806a9 P 6f55828f61514f2aaa7504a62042137e [CANDIDATE]: Term 1 pre-election: Requested pre-vote from peers 4d6a446402924668ab6f8ec032351416 (127.16.51.130:44461), 7d64dd4e7a4349218960057062bea878 (127.16.51.131:32999)
I20260710 13:21:17.438165 17373 tablet_service.cc:1917] Received RequestConsensusVote() RPC: tablet_id: "2bd0b960aec443d1870ec2af8ddd79fd" candidate_uuid: "4d6a446402924668ab6f8ec032351416" candidate_term: 1 candidate_status { last_received { term: 0 index: 0 } } ignore_live_leader: false dest_uuid: "7d64dd4e7a4349218960057062bea878" is_pre_election: true
I20260710 13:21:17.438824 17373 raft_consensus.cc:2468] T 2bd0b960aec443d1870ec2af8ddd79fd P 7d64dd4e7a4349218960057062bea878 [term 0 FOLLOWER]: Leader pre-election vote request: Granting yes vote for candidate 4d6a446402924668ab6f8ec032351416 in term 0.
I20260710 13:21:17.440210 17265 leader_election.cc:304] T 2bd0b960aec443d1870ec2af8ddd79fd P 4d6a446402924668ab6f8ec032351416 [CANDIDATE]: Term 1 pre-election: Election decided. Result: candidate won. Election summary: received 2 responses out of 3 voters: 2 yes votes; 0 no votes. yes voters: 4d6a446402924668ab6f8ec032351416, 7d64dd4e7a4349218960057062bea878; no voters: 
I20260710 13:21:17.441300 17444 raft_consensus.cc:2804] T 2bd0b960aec443d1870ec2af8ddd79fd P 4d6a446402924668ab6f8ec032351416 [term 0 FOLLOWER]: Leader pre-election won for term 1
I20260710 13:21:17.441689 17444 raft_consensus.cc:493] T 2bd0b960aec443d1870ec2af8ddd79fd P 4d6a446402924668ab6f8ec032351416 [term 0 FOLLOWER]: Starting leader election (no leader contacted us within the election timeout)
I20260710 13:21:17.442001 17444 raft_consensus.cc:3060] T 2bd0b960aec443d1870ec2af8ddd79fd P 4d6a446402924668ab6f8ec032351416 [term 0 FOLLOWER]: Advancing to term 1
I20260710 13:21:17.445143 17225 tablet_service.cc:1917] Received RequestConsensusVote() RPC: tablet_id: "2bd0b960aec443d1870ec2af8ddd79fd" candidate_uuid: "4d6a446402924668ab6f8ec032351416" candidate_term: 1 candidate_status { last_received { term: 0 index: 0 } } ignore_live_leader: false dest_uuid: "6f55828f61514f2aaa7504a62042137e" is_pre_election: true
I20260710 13:21:17.445875 17225 raft_consensus.cc:2468] T 2bd0b960aec443d1870ec2af8ddd79fd P 6f55828f61514f2aaa7504a62042137e [term 0 FOLLOWER]: Leader pre-election vote request: Granting yes vote for candidate 4d6a446402924668ab6f8ec032351416 in term 0.
I20260710 13:21:17.425204 17374 raft_consensus.cc:2468] T 968dca5838a94969ae4af36527e9fba0 P 7d64dd4e7a4349218960057062bea878 [term 1 FOLLOWER]: Leader election vote request: Granting yes vote for candidate 4d6a446402924668ab6f8ec032351416 in term 1.
I20260710 13:21:17.447314 17265 leader_election.cc:304] T 968dca5838a94969ae4af36527e9fba0 P 4d6a446402924668ab6f8ec032351416 [CANDIDATE]: Term 1 election: Election decided. Result: candidate won. Election summary: received 3 responses out of 3 voters: 2 yes votes; 1 no votes. yes voters: 4d6a446402924668ab6f8ec032351416, 7d64dd4e7a4349218960057062bea878; no voters: 6f55828f61514f2aaa7504a62042137e
I20260710 13:21:17.449748 17421 raft_consensus.cc:2804] T 968dca5838a94969ae4af36527e9fba0 P 4d6a446402924668ab6f8ec032351416 [term 1 FOLLOWER]: Leader election won for term 1
I20260710 13:21:17.449554 17444 raft_consensus.cc:515] T 2bd0b960aec443d1870ec2af8ddd79fd P 4d6a446402924668ab6f8ec032351416 [term 1 FOLLOWER]: Starting leader election with config: opid_index: -1 OBSOLETE_local: false peers { permanent_uuid: "6f55828f61514f2aaa7504a62042137e" member_type: VOTER last_known_addr { host: "127.16.51.129" port: 43377 } } peers { permanent_uuid: "4d6a446402924668ab6f8ec032351416" member_type: VOTER last_known_addr { host: "127.16.51.130" port: 44461 } } peers { permanent_uuid: "7d64dd4e7a4349218960057062bea878" member_type: VOTER last_known_addr { host: "127.16.51.131" port: 32999 } }
I20260710 13:21:17.453466 17225 tablet_service.cc:1917] Received RequestConsensusVote() RPC: tablet_id: "2bd0b960aec443d1870ec2af8ddd79fd" candidate_uuid: "4d6a446402924668ab6f8ec032351416" candidate_term: 1 candidate_status { last_received { term: 0 index: 0 } } ignore_live_leader: false dest_uuid: "6f55828f61514f2aaa7504a62042137e"
I20260710 13:21:17.454283 17225 raft_consensus.cc:3060] T 2bd0b960aec443d1870ec2af8ddd79fd P 6f55828f61514f2aaa7504a62042137e [term 0 FOLLOWER]: Advancing to term 1
I20260710 13:21:17.462821 17225 raft_consensus.cc:2468] T 2bd0b960aec443d1870ec2af8ddd79fd P 6f55828f61514f2aaa7504a62042137e [term 1 FOLLOWER]: Leader election vote request: Granting yes vote for candidate 4d6a446402924668ab6f8ec032351416 in term 1.
I20260710 13:21:17.463137 17224 tablet_service.cc:1917] Received RequestConsensusVote() RPC: tablet_id: "ddbcb67ef0f64222b0c8b51806406cf6" candidate_uuid: "7d64dd4e7a4349218960057062bea878" candidate_term: 1 candidate_status { last_received { term: 0 index: 0 } } ignore_live_leader: false dest_uuid: "6f55828f61514f2aaa7504a62042137e" is_pre_election: true
I20260710 13:21:17.464067 17224 raft_consensus.cc:2468] T ddbcb67ef0f64222b0c8b51806406cf6 P 6f55828f61514f2aaa7504a62042137e [term 0 FOLLOWER]: Leader pre-election vote request: Granting yes vote for candidate 7d64dd4e7a4349218960057062bea878 in term 0.
I20260710 13:21:17.464053 17264 leader_election.cc:304] T 2bd0b960aec443d1870ec2af8ddd79fd P 4d6a446402924668ab6f8ec032351416 [CANDIDATE]: Term 1 election: Election decided. Result: candidate won. Election summary: received 2 responses out of 3 voters: 2 yes votes; 0 no votes. yes voters: 4d6a446402924668ab6f8ec032351416, 6f55828f61514f2aaa7504a62042137e; no voters: 
I20260710 13:21:17.466045 17444 leader_election.cc:290] T 2bd0b960aec443d1870ec2af8ddd79fd P 4d6a446402924668ab6f8ec032351416 [CANDIDATE]: Term 1 election: Requested vote from peers 6f55828f61514f2aaa7504a62042137e (127.16.51.129:43377), 7d64dd4e7a4349218960057062bea878 (127.16.51.131:32999)
I20260710 13:21:17.466735 17444 raft_consensus.cc:493] T ecb647251dd64f0c8ce3b81c511185ab P 4d6a446402924668ab6f8ec032351416 [term 0 FOLLOWER]: Starting pre-election (no leader contacted us within the election timeout)
I20260710 13:21:17.466460 17338 leader_election.cc:304] T ddbcb67ef0f64222b0c8b51806406cf6 P 7d64dd4e7a4349218960057062bea878 [CANDIDATE]: Term 1 pre-election: Election decided. Result: candidate won. Election summary: received 2 responses out of 3 voters: 2 yes votes; 0 no votes. yes voters: 6f55828f61514f2aaa7504a62042137e, 7d64dd4e7a4349218960057062bea878; no voters: 
I20260710 13:21:17.467296 17444 raft_consensus.cc:515] T ecb647251dd64f0c8ce3b81c511185ab P 4d6a446402924668ab6f8ec032351416 [term 0 FOLLOWER]: Starting pre-election with config: opid_index: -1 OBSOLETE_local: false peers { permanent_uuid: "6f55828f61514f2aaa7504a62042137e" member_type: VOTER last_known_addr { host: "127.16.51.129" port: 43377 } } peers { permanent_uuid: "4d6a446402924668ab6f8ec032351416" member_type: VOTER last_known_addr { host: "127.16.51.130" port: 44461 } } peers { permanent_uuid: "7d64dd4e7a4349218960057062bea878" member_type: VOTER last_known_addr { host: "127.16.51.131" port: 32999 } }
I20260710 13:21:17.467730 17419 raft_consensus.cc:2804] T ddbcb67ef0f64222b0c8b51806406cf6 P 7d64dd4e7a4349218960057062bea878 [term 0 FOLLOWER]: Leader pre-election won for term 1
I20260710 13:21:17.468328 17419 raft_consensus.cc:493] T ddbcb67ef0f64222b0c8b51806406cf6 P 7d64dd4e7a4349218960057062bea878 [term 0 FOLLOWER]: Starting leader election (no leader contacted us within the election timeout)
I20260710 13:21:17.468720 17419 raft_consensus.cc:3060] T ddbcb67ef0f64222b0c8b51806406cf6 P 7d64dd4e7a4349218960057062bea878 [term 0 FOLLOWER]: Advancing to term 1
I20260710 13:21:17.465540 17374 tablet_service.cc:1917] Received RequestConsensusVote() RPC: tablet_id: "2bd0b960aec443d1870ec2af8ddd79fd" candidate_uuid: "4d6a446402924668ab6f8ec032351416" candidate_term: 1 candidate_status { last_received { term: 0 index: 0 } } ignore_live_leader: false dest_uuid: "7d64dd4e7a4349218960057062bea878"
I20260710 13:21:17.469594 17374 raft_consensus.cc:3060] T 2bd0b960aec443d1870ec2af8ddd79fd P 7d64dd4e7a4349218960057062bea878 [term 0 FOLLOWER]: Advancing to term 1
I20260710 13:21:17.471282 17373 tablet_service.cc:1917] Received RequestConsensusVote() RPC: tablet_id: "ecb647251dd64f0c8ce3b81c511185ab" candidate_uuid: "4d6a446402924668ab6f8ec032351416" candidate_term: 1 candidate_status { last_received { term: 0 index: 0 } } ignore_live_leader: false dest_uuid: "7d64dd4e7a4349218960057062bea878" is_pre_election: true
I20260710 13:21:17.471799 17417 tablet_bootstrap.cc:492] T 586a3b570448498da106faee6e043ce1 P 6f55828f61514f2aaa7504a62042137e: No bootstrap required, opened a new log
I20260710 13:21:17.471993 17373 raft_consensus.cc:2468] T ecb647251dd64f0c8ce3b81c511185ab P 7d64dd4e7a4349218960057062bea878 [term 0 FOLLOWER]: Leader pre-election vote request: Granting yes vote for candidate 4d6a446402924668ab6f8ec032351416 in term 0.
I20260710 13:21:17.472378 17417 ts_tablet_manager.cc:1403] T 586a3b570448498da106faee6e043ce1 P 6f55828f61514f2aaa7504a62042137e: Time spent bootstrapping tablet: real 0.110s	user 0.036s	sys 0.018s
I20260710 13:21:17.473606 17265 leader_election.cc:304] T ecb647251dd64f0c8ce3b81c511185ab P 4d6a446402924668ab6f8ec032351416 [CANDIDATE]: Term 1 pre-election: Election decided. Result: candidate won. Election summary: received 2 responses out of 3 voters: 2 yes votes; 0 no votes. yes voters: 4d6a446402924668ab6f8ec032351416, 7d64dd4e7a4349218960057062bea878; no voters: 
I20260710 13:21:17.475620 17421 raft_consensus.cc:697] T 968dca5838a94969ae4af36527e9fba0 P 4d6a446402924668ab6f8ec032351416 [term 1 LEADER]: Becoming Leader. State: Replica: 4d6a446402924668ab6f8ec032351416, State: Running, Role: LEADER
I20260710 13:21:17.475836 17417 raft_consensus.cc:359] T 586a3b570448498da106faee6e043ce1 P 6f55828f61514f2aaa7504a62042137e [term 0 FOLLOWER]: Replica starting. Triggering 0 pending ops. Active config: opid_index: -1 OBSOLETE_local: false peers { permanent_uuid: "6f55828f61514f2aaa7504a62042137e" member_type: VOTER last_known_addr { host: "127.16.51.129" port: 43377 } } peers { permanent_uuid: "4d6a446402924668ab6f8ec032351416" member_type: VOTER last_known_addr { host: "127.16.51.130" port: 44461 } } peers { permanent_uuid: "7d64dd4e7a4349218960057062bea878" member_type: VOTER last_known_addr { host: "127.16.51.131" port: 32999 } }
I20260710 13:21:17.486963 17224 tablet_service.cc:1917] Received RequestConsensusVote() RPC: tablet_id: "ecb647251dd64f0c8ce3b81c511185ab" candidate_uuid: "4d6a446402924668ab6f8ec032351416" candidate_term: 1 candidate_status { last_received { term: 0 index: 0 } } ignore_live_leader: false dest_uuid: "6f55828f61514f2aaa7504a62042137e" is_pre_election: true
I20260710 13:21:17.487488 17417 raft_consensus.cc:385] T 586a3b570448498da106faee6e043ce1 P 6f55828f61514f2aaa7504a62042137e [term 0 FOLLOWER]: Consensus starting up: Expiring failure detector timer to make a prompt election more likely
I20260710 13:21:17.487795 17417 raft_consensus.cc:740] T 586a3b570448498da106faee6e043ce1 P 6f55828f61514f2aaa7504a62042137e [term 0 FOLLOWER]: Becoming Follower/Learner. State: Replica: 6f55828f61514f2aaa7504a62042137e, State: Initialized, Role: FOLLOWER
I20260710 13:21:17.488780 17374 raft_consensus.cc:2468] T 2bd0b960aec443d1870ec2af8ddd79fd P 7d64dd4e7a4349218960057062bea878 [term 1 FOLLOWER]: Leader election vote request: Granting yes vote for candidate 4d6a446402924668ab6f8ec032351416 in term 1.
I20260710 13:21:17.477705 17419 raft_consensus.cc:515] T ddbcb67ef0f64222b0c8b51806406cf6 P 7d64dd4e7a4349218960057062bea878 [term 1 FOLLOWER]: Starting leader election with config: opid_index: -1 OBSOLETE_local: false peers { permanent_uuid: "6f55828f61514f2aaa7504a62042137e" member_type: VOTER last_known_addr { host: "127.16.51.129" port: 43377 } } peers { permanent_uuid: "4d6a446402924668ab6f8ec032351416" member_type: VOTER last_known_addr { host: "127.16.51.130" port: 44461 } } peers { permanent_uuid: "7d64dd4e7a4349218960057062bea878" member_type: VOTER last_known_addr { host: "127.16.51.131" port: 32999 } }
I20260710 13:21:17.478758 17444 leader_election.cc:290] T ecb647251dd64f0c8ce3b81c511185ab P 4d6a446402924668ab6f8ec032351416 [CANDIDATE]: Term 1 pre-election: Requested pre-vote from peers 6f55828f61514f2aaa7504a62042137e (127.16.51.129:43377), 7d64dd4e7a4349218960057062bea878 (127.16.51.131:32999)
I20260710 13:21:17.480088 17414 tablet_bootstrap.cc:654] T c25adcb5a9024bf29130e1d38b4f6945 P 7d64dd4e7a4349218960057062bea878: Neither blocks nor log segments found. Creating new log.
I20260710 13:21:17.479825 17300 tablet_service.cc:1917] Received RequestConsensusVote() RPC: tablet_id: "54637a3bf6d648bfa48ed8975cc806a9" candidate_uuid: "6f55828f61514f2aaa7504a62042137e" candidate_term: 1 candidate_status { last_received { term: 0 index: 0 } } ignore_live_leader: false dest_uuid: "4d6a446402924668ab6f8ec032351416" is_pre_election: true
I20260710 13:21:17.490170 17300 raft_consensus.cc:2468] T 54637a3bf6d648bfa48ed8975cc806a9 P 4d6a446402924668ab6f8ec032351416 [term 0 FOLLOWER]: Leader pre-election vote request: Granting yes vote for candidate 6f55828f61514f2aaa7504a62042137e in term 0.
I20260710 13:21:17.481204 17450 raft_consensus.cc:2804] T 2bd0b960aec443d1870ec2af8ddd79fd P 4d6a446402924668ab6f8ec032351416 [term 1 FOLLOWER]: Leader election won for term 1
I20260710 13:21:17.490885 17450 raft_consensus.cc:697] T 2bd0b960aec443d1870ec2af8ddd79fd P 4d6a446402924668ab6f8ec032351416 [term 1 LEADER]: Becoming Leader. State: Replica: 4d6a446402924668ab6f8ec032351416, State: Running, Role: LEADER
I20260710 13:21:17.491712 17450 consensus_queue.cc:237] T 2bd0b960aec443d1870ec2af8ddd79fd P 4d6a446402924668ab6f8ec032351416 [LEADER]: Queue going to LEADER mode. State: All replicated index: 0, Majority replicated index: 0, Committed index: 0, Last appended: 0.0, Last appended by leader: 0, Current term: 1, Majority size: 2, State: 0, Mode: LEADER, active raft config: opid_index: -1 OBSOLETE_local: false peers { permanent_uuid: "6f55828f61514f2aaa7504a62042137e" member_type: VOTER last_known_addr { host: "127.16.51.129" port: 43377 } } peers { permanent_uuid: "4d6a446402924668ab6f8ec032351416" member_type: VOTER last_known_addr { host: "127.16.51.130" port: 44461 } } peers { permanent_uuid: "7d64dd4e7a4349218960057062bea878" member_type: VOTER last_known_addr { host: "127.16.51.131" port: 32999 } }
I20260710 13:21:17.485720 17299 tablet_service.cc:1917] Received RequestConsensusVote() RPC: tablet_id: "ddbcb67ef0f64222b0c8b51806406cf6" candidate_uuid: "7d64dd4e7a4349218960057062bea878" candidate_term: 1 candidate_status { last_received { term: 0 index: 0 } } ignore_live_leader: false dest_uuid: "4d6a446402924668ab6f8ec032351416" is_pre_election: true
I20260710 13:21:17.486902 17416 tablet_bootstrap.cc:492] T ddbcb67ef0f64222b0c8b51806406cf6 P 4d6a446402924668ab6f8ec032351416: No bootstrap required, opened a new log
W20260710 13:21:17.488848 17264 leader_election.cc:343] T ecb647251dd64f0c8ce3b81c511185ab P 4d6a446402924668ab6f8ec032351416 [CANDIDATE]: Term 1 pre-election: Tablet error from VoteRequest() call to peer 6f55828f61514f2aaa7504a62042137e (127.16.51.129:43377): Illegal state: must be running to vote when last-logged opid is not known
I20260710 13:21:17.488654 17417 consensus_queue.cc:260] T 586a3b570448498da106faee6e043ce1 P 6f55828f61514f2aaa7504a62042137e [NON_LEADER]: Queue going to NON_LEADER mode. State: All replicated index: 0, Majority replicated index: 0, Committed index: 0, Last appended: 0.0, Last appended by leader: 0, Current term: 0, Majority size: -1, State: 0, Mode: NON_LEADER, active raft config: opid_index: -1 OBSOLETE_local: false peers { permanent_uuid: "6f55828f61514f2aaa7504a62042137e" member_type: VOTER last_known_addr { host: "127.16.51.129" port: 43377 } } peers { permanent_uuid: "4d6a446402924668ab6f8ec032351416" member_type: VOTER last_known_addr { host: "127.16.51.130" port: 44461 } } peers { permanent_uuid: "7d64dd4e7a4349218960057062bea878" member_type: VOTER last_known_addr { host: "127.16.51.131" port: 32999 } }
I20260710 13:21:17.477080 17421 consensus_queue.cc:237] T 968dca5838a94969ae4af36527e9fba0 P 4d6a446402924668ab6f8ec032351416 [LEADER]: Queue going to LEADER mode. State: All replicated index: 0, Majority replicated index: 0, Committed index: 0, Last appended: 0.0, Last appended by leader: 0, Current term: 1, Majority size: 2, State: 0, Mode: LEADER, active raft config: opid_index: -1 OBSOLETE_local: false peers { permanent_uuid: "6f55828f61514f2aaa7504a62042137e" member_type: VOTER last_known_addr { host: "127.16.51.129" port: 43377 } } peers { permanent_uuid: "4d6a446402924668ab6f8ec032351416" member_type: VOTER last_known_addr { host: "127.16.51.130" port: 44461 } } peers { permanent_uuid: "7d64dd4e7a4349218960057062bea878" member_type: VOTER last_known_addr { host: "127.16.51.131" port: 32999 } }
I20260710 13:21:17.492295 17191 leader_election.cc:304] T 54637a3bf6d648bfa48ed8975cc806a9 P 6f55828f61514f2aaa7504a62042137e [CANDIDATE]: Term 1 pre-election: Election decided. Result: candidate won. Election summary: received 2 responses out of 3 voters: 2 yes votes; 0 no votes. yes voters: 4d6a446402924668ab6f8ec032351416, 6f55828f61514f2aaa7504a62042137e; no voters: 
W20260710 13:21:17.498271 17340 leader_election.cc:343] T ddbcb67ef0f64222b0c8b51806406cf6 P 7d64dd4e7a4349218960057062bea878 [CANDIDATE]: Term 1 pre-election: Tablet error from VoteRequest() call to peer 4d6a446402924668ab6f8ec032351416 (127.16.51.130:44461): Illegal state: must be running to vote when last-logged opid is not known
I20260710 13:21:17.499820 17424 raft_consensus.cc:2804] T 54637a3bf6d648bfa48ed8975cc806a9 P 6f55828f61514f2aaa7504a62042137e [term 0 FOLLOWER]: Leader pre-election won for term 1
I20260710 13:21:17.500283 17424 raft_consensus.cc:493] T 54637a3bf6d648bfa48ed8975cc806a9 P 6f55828f61514f2aaa7504a62042137e [term 0 FOLLOWER]: Starting leader election (no leader contacted us within the election timeout)
I20260710 13:21:17.500293 17374 tablet_service.cc:1917] Received RequestConsensusVote() RPC: tablet_id: "54637a3bf6d648bfa48ed8975cc806a9" candidate_uuid: "6f55828f61514f2aaa7504a62042137e" candidate_term: 1 candidate_status { last_received { term: 0 index: 0 } } ignore_live_leader: false dest_uuid: "7d64dd4e7a4349218960057062bea878" is_pre_election: true
I20260710 13:21:17.500844 17424 raft_consensus.cc:3060] T 54637a3bf6d648bfa48ed8975cc806a9 P 6f55828f61514f2aaa7504a62042137e [term 0 FOLLOWER]: Advancing to term 1
W20260710 13:21:17.502501 17190 leader_election.cc:343] T 54637a3bf6d648bfa48ed8975cc806a9 P 6f55828f61514f2aaa7504a62042137e [CANDIDATE]: Term 1 pre-election: Tablet error from VoteRequest() call to peer 7d64dd4e7a4349218960057062bea878 (127.16.51.131:32999): Illegal state: must be running to vote when last-logged opid is not known
I20260710 13:21:17.498428 17417 ts_tablet_manager.cc:1434] T 586a3b570448498da106faee6e043ce1 P 6f55828f61514f2aaa7504a62042137e: Time spent starting tablet: real 0.026s	user 0.007s	sys 0.000s
I20260710 13:21:17.482504 17451 raft_consensus.cc:2804] T ecb647251dd64f0c8ce3b81c511185ab P 4d6a446402924668ab6f8ec032351416 [term 0 FOLLOWER]: Leader pre-election won for term 1
I20260710 13:21:17.493824 17419 leader_election.cc:290] T ddbcb67ef0f64222b0c8b51806406cf6 P 7d64dd4e7a4349218960057062bea878 [CANDIDATE]: Term 1 election: Requested vote from peers 6f55828f61514f2aaa7504a62042137e (127.16.51.129:43377), 4d6a446402924668ab6f8ec032351416 (127.16.51.130:44461)
I20260710 13:21:17.494480 17300 tablet_service.cc:1917] Received RequestConsensusVote() RPC: tablet_id: "ddbcb67ef0f64222b0c8b51806406cf6" candidate_uuid: "7d64dd4e7a4349218960057062bea878" candidate_term: 1 candidate_status { last_received { term: 0 index: 0 } } ignore_live_leader: false dest_uuid: "4d6a446402924668ab6f8ec032351416"
I20260710 13:21:17.507759 17451 raft_consensus.cc:493] T ecb647251dd64f0c8ce3b81c511185ab P 4d6a446402924668ab6f8ec032351416 [term 0 FOLLOWER]: Starting leader election (no leader contacted us within the election timeout)
I20260710 13:21:17.496299 17416 ts_tablet_manager.cc:1403] T ddbcb67ef0f64222b0c8b51806406cf6 P 4d6a446402924668ab6f8ec032351416: Time spent bootstrapping tablet: real 0.081s	user 0.010s	sys 0.019s
I20260710 13:21:17.512248 17416 raft_consensus.cc:359] T ddbcb67ef0f64222b0c8b51806406cf6 P 4d6a446402924668ab6f8ec032351416 [term 0 FOLLOWER]: Replica starting. Triggering 0 pending ops. Active config: opid_index: -1 OBSOLETE_local: false peers { permanent_uuid: "6f55828f61514f2aaa7504a62042137e" member_type: VOTER last_known_addr { host: "127.16.51.129" port: 43377 } } peers { permanent_uuid: "4d6a446402924668ab6f8ec032351416" member_type: VOTER last_known_addr { host: "127.16.51.130" port: 44461 } } peers { permanent_uuid: "7d64dd4e7a4349218960057062bea878" member_type: VOTER last_known_addr { host: "127.16.51.131" port: 32999 } }
W20260710 13:21:17.513774 17340 leader_election.cc:343] T ddbcb67ef0f64222b0c8b51806406cf6 P 7d64dd4e7a4349218960057062bea878 [CANDIDATE]: Term 1 election: Tablet error from VoteRequest() call to peer 4d6a446402924668ab6f8ec032351416 (127.16.51.130:44461): Illegal state: must be running to vote when last-logged opid is not known
I20260710 13:21:17.514334 17414 tablet_bootstrap.cc:492] T c25adcb5a9024bf29130e1d38b4f6945 P 7d64dd4e7a4349218960057062bea878: No bootstrap required, opened a new log
I20260710 13:21:17.514703 17416 raft_consensus.cc:385] T ddbcb67ef0f64222b0c8b51806406cf6 P 4d6a446402924668ab6f8ec032351416 [term 0 FOLLOWER]: Consensus starting up: Expiring failure detector timer to make a prompt election more likely
I20260710 13:21:17.514843 17414 ts_tablet_manager.cc:1403] T c25adcb5a9024bf29130e1d38b4f6945 P 7d64dd4e7a4349218960057062bea878: Time spent bootstrapping tablet: real 0.114s	user 0.012s	sys 0.002s
I20260710 13:21:17.515111 17416 raft_consensus.cc:740] T ddbcb67ef0f64222b0c8b51806406cf6 P 4d6a446402924668ab6f8ec032351416 [term 0 FOLLOWER]: Becoming Follower/Learner. State: Replica: 4d6a446402924668ab6f8ec032351416, State: Initialized, Role: FOLLOWER
I20260710 13:21:17.515940 17416 consensus_queue.cc:260] T ddbcb67ef0f64222b0c8b51806406cf6 P 4d6a446402924668ab6f8ec032351416 [NON_LEADER]: Queue going to NON_LEADER mode. State: All replicated index: 0, Majority replicated index: 0, Committed index: 0, Last appended: 0.0, Last appended by leader: 0, Current term: 0, Majority size: -1, State: 0, Mode: NON_LEADER, active raft config: opid_index: -1 OBSOLETE_local: false peers { permanent_uuid: "6f55828f61514f2aaa7504a62042137e" member_type: VOTER last_known_addr { host: "127.16.51.129" port: 43377 } } peers { permanent_uuid: "4d6a446402924668ab6f8ec032351416" member_type: VOTER last_known_addr { host: "127.16.51.130" port: 44461 } } peers { permanent_uuid: "7d64dd4e7a4349218960057062bea878" member_type: VOTER last_known_addr { host: "127.16.51.131" port: 32999 } }
I20260710 13:21:17.516758 17417 tablet_bootstrap.cc:492] T c25adcb5a9024bf29130e1d38b4f6945 P 6f55828f61514f2aaa7504a62042137e: Bootstrap starting.
I20260710 13:21:17.533372 17123 catalog_manager.cc:5697] T 968dca5838a94969ae4af36527e9fba0 P 4d6a446402924668ab6f8ec032351416 reported cstate change: term changed from 0 to 1, leader changed from <none> to 4d6a446402924668ab6f8ec032351416 (127.16.51.130). New cstate: current_term: 1 leader_uuid: "4d6a446402924668ab6f8ec032351416" committed_config { opid_index: -1 OBSOLETE_local: false peers { permanent_uuid: "6f55828f61514f2aaa7504a62042137e" member_type: VOTER last_known_addr { host: "127.16.51.129" port: 43377 } health_report { overall_health: UNKNOWN } } peers { permanent_uuid: "4d6a446402924668ab6f8ec032351416" member_type: VOTER last_known_addr { host: "127.16.51.130" port: 44461 } health_report { overall_health: HEALTHY } } peers { permanent_uuid: "7d64dd4e7a4349218960057062bea878" member_type: VOTER last_known_addr { host: "127.16.51.131" port: 32999 } health_report { overall_health: UNKNOWN } } }
I20260710 13:21:17.536161 17417 tablet_bootstrap.cc:654] T c25adcb5a9024bf29130e1d38b4f6945 P 6f55828f61514f2aaa7504a62042137e: Neither blocks nor log segments found. Creating new log.
I20260710 13:21:17.536458 17453 raft_consensus.cc:493] T d7bcc8f4b9cb4ffd9d79bcfc97e3a31d P 6f55828f61514f2aaa7504a62042137e [term 0 FOLLOWER]: Starting pre-election (no leader contacted us within the election timeout)
I20260710 13:21:17.536996 17453 raft_consensus.cc:515] T d7bcc8f4b9cb4ffd9d79bcfc97e3a31d P 6f55828f61514f2aaa7504a62042137e [term 0 FOLLOWER]: Starting pre-election with config: opid_index: -1 OBSOLETE_local: false peers { permanent_uuid: "6f55828f61514f2aaa7504a62042137e" member_type: VOTER last_known_addr { host: "127.16.51.129" port: 43377 } } peers { permanent_uuid: "4d6a446402924668ab6f8ec032351416" member_type: VOTER last_known_addr { host: "127.16.51.130" port: 44461 } } peers { permanent_uuid: "7d64dd4e7a4349218960057062bea878" member_type: VOTER last_known_addr { host: "127.16.51.131" port: 32999 } }
I20260710 13:21:17.537518 17424 raft_consensus.cc:515] T 54637a3bf6d648bfa48ed8975cc806a9 P 6f55828f61514f2aaa7504a62042137e [term 1 FOLLOWER]: Starting leader election with config: opid_index: -1 OBSOLETE_local: false peers { permanent_uuid: "6f55828f61514f2aaa7504a62042137e" member_type: VOTER last_known_addr { host: "127.16.51.129" port: 43377 } } peers { permanent_uuid: "4d6a446402924668ab6f8ec032351416" member_type: VOTER last_known_addr { host: "127.16.51.130" port: 44461 } } peers { permanent_uuid: "7d64dd4e7a4349218960057062bea878" member_type: VOTER last_known_addr { host: "127.16.51.131" port: 32999 } }
I20260710 13:21:17.539737 17453 leader_election.cc:290] T d7bcc8f4b9cb4ffd9d79bcfc97e3a31d P 6f55828f61514f2aaa7504a62042137e [CANDIDATE]: Term 1 pre-election: Requested pre-vote from peers 4d6a446402924668ab6f8ec032351416 (127.16.51.130:44461), 7d64dd4e7a4349218960057062bea878 (127.16.51.131:32999)
I20260710 13:21:17.508183 17451 raft_consensus.cc:3060] T ecb647251dd64f0c8ce3b81c511185ab P 4d6a446402924668ab6f8ec032351416 [term 0 FOLLOWER]: Advancing to term 1
I20260710 13:21:17.541446 17424 leader_election.cc:290] T 54637a3bf6d648bfa48ed8975cc806a9 P 6f55828f61514f2aaa7504a62042137e [CANDIDATE]: Term 1 election: Requested vote from peers 4d6a446402924668ab6f8ec032351416 (127.16.51.130:44461), 7d64dd4e7a4349218960057062bea878 (127.16.51.131:32999)
I20260710 13:21:17.518580 17416 ts_tablet_manager.cc:1434] T ddbcb67ef0f64222b0c8b51806406cf6 P 4d6a446402924668ab6f8ec032351416: Time spent starting tablet: real 0.010s	user 0.007s	sys 0.000s
I20260710 13:21:17.520812 17414 raft_consensus.cc:359] T c25adcb5a9024bf29130e1d38b4f6945 P 7d64dd4e7a4349218960057062bea878 [term 0 FOLLOWER]: Replica starting. Triggering 0 pending ops. Active config: opid_index: -1 OBSOLETE_local: false peers { permanent_uuid: "6f55828f61514f2aaa7504a62042137e" member_type: VOTER last_known_addr { host: "127.16.51.129" port: 43377 } } peers { permanent_uuid: "4d6a446402924668ab6f8ec032351416" member_type: VOTER last_known_addr { host: "127.16.51.130" port: 44461 } } peers { permanent_uuid: "7d64dd4e7a4349218960057062bea878" member_type: VOTER last_known_addr { host: "127.16.51.131" port: 32999 } }
