I20260710 13:21:39.866158 12361 tablet_service.cc:1558] Processing DeleteTablet for tablet b208330b685e4896bf888fae807923ee with delete_type TABLET_DATA_TOMBSTONED (TS a3b86dc485ca4be8b9bd1980e7a6ca1e not found in new config with opid_index 4) from {username='slave'} at 127.0.0.1:39818
I20260710 13:21:39.869529 12881 tablet_replica.cc:333] T b208330b685e4896bf888fae807923ee P a3b86dc485ca4be8b9bd1980e7a6ca1e: stopping tablet replica
I20260710 13:21:39.870496 12881 raft_consensus.cc:2243] T b208330b685e4896bf888fae807923ee P a3b86dc485ca4be8b9bd1980e7a6ca1e [term 1 FOLLOWER]: Raft consensus shutting down.
I20260710 13:21:39.871280 12881 raft_consensus.cc:2272] T b208330b685e4896bf888fae807923ee P a3b86dc485ca4be8b9bd1980e7a6ca1e [term 1 FOLLOWER]: Raft consensus is shut down!
I20260710 13:21:39.874396 12881 ts_tablet_manager.cc:1916] T b208330b685e4896bf888fae807923ee P a3b86dc485ca4be8b9bd1980e7a6ca1e: Deleting tablet data with delete state TABLET_DATA_TOMBSTONED
I20260710 13:21:39.886075 12881 ts_tablet_manager.cc:1929] T b208330b685e4896bf888fae807923ee P a3b86dc485ca4be8b9bd1980e7a6ca1e: tablet deleted with delete type TABLET_DATA_TOMBSTONED: last-logged OpId 1.3
I20260710 13:21:39.886490 12881 log.cc:1199] T b208330b685e4896bf888fae807923ee P a3b86dc485ca4be8b9bd1980e7a6ca1e: Deleting WAL directory at /tmp/dist-test-taskRO1mOf/test-tmp/auto_leader_rebalancer-test.0.LeaderRebalancerTest.AddTserver.1783689661105517-11073-0/minicluster-data/ts-2-root/wals/b208330b685e4896bf888fae807923ee
I20260710 13:21:39.888043 12107 catalog_manager.cc:5028] TS a3b86dc485ca4be8b9bd1980e7a6ca1e (127.10.208.67:36693): tablet b208330b685e4896bf888fae807923ee (table test-workload [id=529e85589de647758a8e575b1dd35451]) successfully deleted
I20260710 13:21:40.893914 12372 consensus_queue.cc:237] T 289b20aa028e4ba789c416c4bb1c2159 P a3b86dc485ca4be8b9bd1980e7a6ca1e [LEADER]: Queue going to LEADER mode. State: All replicated index: 0, Majority replicated index: 1, Committed index: 1, Last appended: 1.1, Last appended by leader: 0, Current term: 1, Majority size: 2, State: 0, Mode: LEADER, active raft config: opid_index: 2 OBSOLETE_local: false peers { permanent_uuid: "c06c3ccab957432dae90fa755a438648" member_type: VOTER last_known_addr { host: "127.10.208.65" port: 35303 } } peers { permanent_uuid: "2ed13d79824c45e4b4282c900fbddf66" member_type: VOTER last_known_addr { host: "127.10.208.66" port: 42581 } attrs { replace: true } } peers { permanent_uuid: "a3b86dc485ca4be8b9bd1980e7a6ca1e" member_type: VOTER last_known_addr { host: "127.10.208.67" port: 36693 } } peers { permanent_uuid: "68689d0ad709491fa1e4a770392929fc" member_type: NON_VOTER last_known_addr { host: "127.10.208.68" port: 42349 } attrs { promote: true } }
I20260710 13:21:40.900133 12293 raft_consensus.cc:1275] T 289b20aa028e4ba789c416c4bb1c2159 P 2ed13d79824c45e4b4282c900fbddf66 [term 1 FOLLOWER]: Refusing update from remote peer a3b86dc485ca4be8b9bd1980e7a6ca1e: Log matching property violated. Preceding OpId in replica: term: 1 index: 1. Preceding OpId from leader: term: 1 index: 2. (index mismatch)
W20260710 13:21:40.900686 12335 consensus_peers.cc:597] T 289b20aa028e4ba789c416c4bb1c2159 P a3b86dc485ca4be8b9bd1980e7a6ca1e -> Peer 68689d0ad709491fa1e4a770392929fc (127.10.208.68:42349): Couldn't send request to peer 68689d0ad709491fa1e4a770392929fc. Error code: TABLET_NOT_FOUND (6). Status: Not found: Tablet not found: 289b20aa028e4ba789c416c4bb1c2159. This is attempt 1: this message will repeat every 5th retry.
I20260710 13:21:40.901608 12828 consensus_queue.cc:1048] T 289b20aa028e4ba789c416c4bb1c2159 P a3b86dc485ca4be8b9bd1980e7a6ca1e [LEADER]: Connected to new peer: Peer: permanent_uuid: "2ed13d79824c45e4b4282c900fbddf66" member_type: VOTER last_known_addr { host: "127.10.208.66" port: 42581 } attrs { replace: true }, Status: LMP_MISMATCH, Last received: 0.0, Next index: 2, Last known committed idx: 1, Time since last communication: 0.000s
I20260710 13:21:40.901943 12220 raft_consensus.cc:1275] T 289b20aa028e4ba789c416c4bb1c2159 P c06c3ccab957432dae90fa755a438648 [term 1 FOLLOWER]: Refusing update from remote peer a3b86dc485ca4be8b9bd1980e7a6ca1e: Log matching property violated. Preceding OpId in replica: term: 1 index: 1. Preceding OpId from leader: term: 1 index: 2. (index mismatch)
I20260710 13:21:40.903271 12859 consensus_queue.cc:1048] T 289b20aa028e4ba789c416c4bb1c2159 P a3b86dc485ca4be8b9bd1980e7a6ca1e [LEADER]: Connected to new peer: Peer: permanent_uuid: "c06c3ccab957432dae90fa755a438648" member_type: VOTER last_known_addr { host: "127.10.208.65" port: 35303 }, Status: LMP_MISMATCH, Last received: 0.0, Next index: 2, Last known committed idx: 1, Time since last communication: 0.000s
I20260710 13:21:40.912480 12828 raft_consensus.cc:2955] T 289b20aa028e4ba789c416c4bb1c2159 P a3b86dc485ca4be8b9bd1980e7a6ca1e [term 1 LEADER]: Committing config change with OpId 1.2: config changed from index -1 to 2, NON_VOTER 68689d0ad709491fa1e4a770392929fc (127.10.208.68) added. New config: { opid_index: 2 OBSOLETE_local: false peers { permanent_uuid: "c06c3ccab957432dae90fa755a438648" member_type: VOTER last_known_addr { host: "127.10.208.65" port: 35303 } } peers { permanent_uuid: "2ed13d79824c45e4b4282c900fbddf66" member_type: VOTER last_known_addr { host: "127.10.208.66" port: 42581 } attrs { replace: true } } peers { permanent_uuid: "a3b86dc485ca4be8b9bd1980e7a6ca1e" member_type: VOTER last_known_addr { host: "127.10.208.67" port: 36693 } } peers { permanent_uuid: "68689d0ad709491fa1e4a770392929fc" member_type: NON_VOTER last_known_addr { host: "127.10.208.68" port: 42349 } attrs { promote: true } } }
I20260710 13:21:40.917870 12220 raft_consensus.cc:2955] T 289b20aa028e4ba789c416c4bb1c2159 P c06c3ccab957432dae90fa755a438648 [term 1 FOLLOWER]: Committing config change with OpId 1.2: config changed from index -1 to 2, NON_VOTER 68689d0ad709491fa1e4a770392929fc (127.10.208.68) added. New config: { opid_index: 2 OBSOLETE_local: false peers { permanent_uuid: "c06c3ccab957432dae90fa755a438648" member_type: VOTER last_known_addr { host: "127.10.208.65" port: 35303 } } peers { permanent_uuid: "2ed13d79824c45e4b4282c900fbddf66" member_type: VOTER last_known_addr { host: "127.10.208.66" port: 42581 } attrs { replace: true } } peers { permanent_uuid: "a3b86dc485ca4be8b9bd1980e7a6ca1e" member_type: VOTER last_known_addr { host: "127.10.208.67" port: 36693 } } peers { permanent_uuid: "68689d0ad709491fa1e4a770392929fc" member_type: NON_VOTER last_known_addr { host: "127.10.208.68" port: 42349 } attrs { promote: true } } }
I20260710 13:21:40.958281 12117 catalog_manager.cc:5697] T 289b20aa028e4ba789c416c4bb1c2159 P a3b86dc485ca4be8b9bd1980e7a6ca1e reported cstate change: config changed from index -1 to 2, NON_VOTER 68689d0ad709491fa1e4a770392929fc (127.10.208.68) added. New cstate: current_term: 1 leader_uuid: "a3b86dc485ca4be8b9bd1980e7a6ca1e" committed_config { opid_index: 2 OBSOLETE_local: false peers { permanent_uuid: "c06c3ccab957432dae90fa755a438648" member_type: VOTER last_known_addr { host: "127.10.208.65" port: 35303 } health_report { overall_health: HEALTHY } } peers { permanent_uuid: "2ed13d79824c45e4b4282c900fbddf66" member_type: VOTER last_known_addr { host: "127.10.208.66" port: 42581 } attrs { replace: true } health_report { overall_health: UNKNOWN } } peers { permanent_uuid: "a3b86dc485ca4be8b9bd1980e7a6ca1e" member_type: VOTER last_known_addr { host: "127.10.208.67" port: 36693 } health_report { overall_health: HEALTHY } } peers { permanent_uuid: "68689d0ad709491fa1e4a770392929fc" member_type: NON_VOTER last_known_addr { host: "127.10.208.68" port: 42349 } attrs { promote: true } health_report { overall_health: UNKNOWN } } }
I20260710 13:21:40.970403 12294 raft_consensus.cc:2955] T 289b20aa028e4ba789c416c4bb1c2159 P 2ed13d79824c45e4b4282c900fbddf66 [term 1 FOLLOWER]: Committing config change with OpId 1.2: config changed from index -1 to 2, NON_VOTER 68689d0ad709491fa1e4a770392929fc (127.10.208.68) added. New config: { opid_index: 2 OBSOLETE_local: false peers { permanent_uuid: "c06c3ccab957432dae90fa755a438648" member_type: VOTER last_known_addr { host: "127.10.208.65" port: 35303 } } peers { permanent_uuid: "2ed13d79824c45e4b4282c900fbddf66" member_type: VOTER last_known_addr { host: "127.10.208.66" port: 42581 } attrs { replace: true } } peers { permanent_uuid: "a3b86dc485ca4be8b9bd1980e7a6ca1e" member_type: VOTER last_known_addr { host: "127.10.208.67" port: 36693 } } peers { permanent_uuid: "68689d0ad709491fa1e4a770392929fc" member_type: NON_VOTER last_known_addr { host: "127.10.208.68" port: 42349 } attrs { promote: true } } }
I20260710 13:21:40.980288 12293 consensus_queue.cc:237] T a8666d04c95041d2b672f6a0f5099efb P 2ed13d79824c45e4b4282c900fbddf66 [LEADER]: Queue going to LEADER mode. State: All replicated index: 0, Majority replicated index: 1, Committed index: 1, Last appended: 1.1, Last appended by leader: 0, Current term: 1, Majority size: 2, State: 0, Mode: LEADER, active raft config: opid_index: 2 OBSOLETE_local: false peers { permanent_uuid: "c06c3ccab957432dae90fa755a438648" member_type: VOTER last_known_addr { host: "127.10.208.65" port: 35303 } attrs { replace: true } } peers { permanent_uuid: "2ed13d79824c45e4b4282c900fbddf66" member_type: VOTER last_known_addr { host: "127.10.208.66" port: 42581 } } peers { permanent_uuid: "a3b86dc485ca4be8b9bd1980e7a6ca1e" member_type: VOTER last_known_addr { host: "127.10.208.67" port: 36693 } } peers { permanent_uuid: "68689d0ad709491fa1e4a770392929fc" member_type: NON_VOTER last_known_addr { host: "127.10.208.68" port: 42349 } attrs { promote: true } }
I20260710 13:21:40.991160 12372 raft_consensus.cc:1275] T a8666d04c95041d2b672f6a0f5099efb P a3b86dc485ca4be8b9bd1980e7a6ca1e [term 1 FOLLOWER]: Refusing update from remote peer 2ed13d79824c45e4b4282c900fbddf66: Log matching property violated. Preceding OpId in replica: term: 1 index: 1. Preceding OpId from leader: term: 1 index: 2. (index mismatch)
I20260710 13:21:40.992977 12220 raft_consensus.cc:1275] T a8666d04c95041d2b672f6a0f5099efb P c06c3ccab957432dae90fa755a438648 [term 1 FOLLOWER]: Refusing update from remote peer 2ed13d79824c45e4b4282c900fbddf66: Log matching property violated. Preceding OpId in replica: term: 1 index: 1. Preceding OpId from leader: term: 1 index: 2. (index mismatch)
I20260710 13:21:40.993775 12882 consensus_queue.cc:1048] T a8666d04c95041d2b672f6a0f5099efb P 2ed13d79824c45e4b4282c900fbddf66 [LEADER]: Connected to new peer: Peer: permanent_uuid: "a3b86dc485ca4be8b9bd1980e7a6ca1e" member_type: VOTER last_known_addr { host: "127.10.208.67" port: 36693 }, Status: LMP_MISMATCH, Last received: 0.0, Next index: 2, Last known committed idx: 1, Time since last communication: 0.000s
I20260710 13:21:40.998463 12882 consensus_queue.cc:1048] T a8666d04c95041d2b672f6a0f5099efb P 2ed13d79824c45e4b4282c900fbddf66 [LEADER]: Connected to new peer: Peer: permanent_uuid: "c06c3ccab957432dae90fa755a438648" member_type: VOTER last_known_addr { host: "127.10.208.65" port: 35303 } attrs { replace: true }, Status: LMP_MISMATCH, Last received: 0.0, Next index: 2, Last known committed idx: 1, Time since last communication: 0.000s
I20260710 13:21:41.018714 12898 raft_consensus.cc:2955] T a8666d04c95041d2b672f6a0f5099efb P 2ed13d79824c45e4b4282c900fbddf66 [term 1 LEADER]: Committing config change with OpId 1.2: config changed from index -1 to 2, NON_VOTER 68689d0ad709491fa1e4a770392929fc (127.10.208.68) added. New config: { opid_index: 2 OBSOLETE_local: false peers { permanent_uuid: "c06c3ccab957432dae90fa755a438648" member_type: VOTER last_known_addr { host: "127.10.208.65" port: 35303 } attrs { replace: true } } peers { permanent_uuid: "2ed13d79824c45e4b4282c900fbddf66" member_type: VOTER last_known_addr { host: "127.10.208.66" port: 42581 } } peers { permanent_uuid: "a3b86dc485ca4be8b9bd1980e7a6ca1e" member_type: VOTER last_known_addr { host: "127.10.208.67" port: 36693 } } peers { permanent_uuid: "68689d0ad709491fa1e4a770392929fc" member_type: NON_VOTER last_known_addr { host: "127.10.208.68" port: 42349 } attrs { promote: true } } }
I20260710 13:21:41.023087 12220 raft_consensus.cc:2955] T a8666d04c95041d2b672f6a0f5099efb P c06c3ccab957432dae90fa755a438648 [term 1 FOLLOWER]: Committing config change with OpId 1.2: config changed from index -1 to 2, NON_VOTER 68689d0ad709491fa1e4a770392929fc (127.10.208.68) added. New config: { opid_index: 2 OBSOLETE_local: false peers { permanent_uuid: "c06c3ccab957432dae90fa755a438648" member_type: VOTER last_known_addr { host: "127.10.208.65" port: 35303 } attrs { replace: true } } peers { permanent_uuid: "2ed13d79824c45e4b4282c900fbddf66" member_type: VOTER last_known_addr { host: "127.10.208.66" port: 42581 } } peers { permanent_uuid: "a3b86dc485ca4be8b9bd1980e7a6ca1e" member_type: VOTER last_known_addr { host: "127.10.208.67" port: 36693 } } peers { permanent_uuid: "68689d0ad709491fa1e4a770392929fc" member_type: NON_VOTER last_known_addr { host: "127.10.208.68" port: 42349 } attrs { promote: true } } }
W20260710 13:21:41.024693 12261 consensus_peers.cc:597] T a8666d04c95041d2b672f6a0f5099efb P 2ed13d79824c45e4b4282c900fbddf66 -> Peer 68689d0ad709491fa1e4a770392929fc (127.10.208.68:42349): Couldn't send request to peer 68689d0ad709491fa1e4a770392929fc. Error code: TABLET_NOT_FOUND (6). Status: Not found: Tablet not found: a8666d04c95041d2b672f6a0f5099efb. This is attempt 1: this message will repeat every 5th retry.
I20260710 13:21:41.027045 12372 raft_consensus.cc:2955] T a8666d04c95041d2b672f6a0f5099efb P a3b86dc485ca4be8b9bd1980e7a6ca1e [term 1 FOLLOWER]: Committing config change with OpId 1.2: config changed from index -1 to 2, NON_VOTER 68689d0ad709491fa1e4a770392929fc (127.10.208.68) added. New config: { opid_index: 2 OBSOLETE_local: false peers { permanent_uuid: "c06c3ccab957432dae90fa755a438648" member_type: VOTER last_known_addr { host: "127.10.208.65" port: 35303 } attrs { replace: true } } peers { permanent_uuid: "2ed13d79824c45e4b4282c900fbddf66" member_type: VOTER last_known_addr { host: "127.10.208.66" port: 42581 } } peers { permanent_uuid: "a3b86dc485ca4be8b9bd1980e7a6ca1e" member_type: VOTER last_known_addr { host: "127.10.208.67" port: 36693 } } peers { permanent_uuid: "68689d0ad709491fa1e4a770392929fc" member_type: NON_VOTER last_known_addr { host: "127.10.208.68" port: 42349 } attrs { promote: true } } }
I20260710 13:21:41.033672 12219 consensus_queue.cc:237] T cf01af9eb374407a847909bfcc4ce6a9 P c06c3ccab957432dae90fa755a438648 [LEADER]: Queue going to LEADER mode. State: All replicated index: 0, Majority replicated index: 1, Committed index: 1, Last appended: 1.1, Last appended by leader: 0, Current term: 1, Majority size: 2, State: 0, Mode: LEADER, active raft config: opid_index: 2 OBSOLETE_local: false peers { permanent_uuid: "c06c3ccab957432dae90fa755a438648" member_type: VOTER last_known_addr { host: "127.10.208.65" port: 35303 } } peers { permanent_uuid: "2ed13d79824c45e4b4282c900fbddf66" member_type: VOTER last_known_addr { host: "127.10.208.66" port: 42581 } } peers { permanent_uuid: "a3b86dc485ca4be8b9bd1980e7a6ca1e" member_type: VOTER last_known_addr { host: "127.10.208.67" port: 36693 } attrs { replace: true } } peers { permanent_uuid: "68689d0ad709491fa1e4a770392929fc" member_type: NON_VOTER last_known_addr { host: "127.10.208.68" port: 42349 } attrs { promote: true } }
I20260710 13:21:41.035072 12120 catalog_manager.cc:5697] T a8666d04c95041d2b672f6a0f5099efb P 2ed13d79824c45e4b4282c900fbddf66 reported cstate change: config changed from index -1 to 2, NON_VOTER 68689d0ad709491fa1e4a770392929fc (127.10.208.68) added. New cstate: current_term: 1 leader_uuid: "2ed13d79824c45e4b4282c900fbddf66" committed_config { opid_index: 2 OBSOLETE_local: false peers { permanent_uuid: "c06c3ccab957432dae90fa755a438648" member_type: VOTER last_known_addr { host: "127.10.208.65" port: 35303 } attrs { replace: true } health_report { overall_health: HEALTHY } } peers { permanent_uuid: "2ed13d79824c45e4b4282c900fbddf66" member_type: VOTER last_known_addr { host: "127.10.208.66" port: 42581 } health_report { overall_health: HEALTHY } } peers { permanent_uuid: "a3b86dc485ca4be8b9bd1980e7a6ca1e" member_type: VOTER last_known_addr { host: "127.10.208.67" port: 36693 } health_report { overall_health: HEALTHY } } peers { permanent_uuid: "68689d0ad709491fa1e4a770392929fc" member_type: NON_VOTER last_known_addr { host: "127.10.208.68" port: 42349 } attrs { promote: true } health_report { overall_health: UNKNOWN } } }
W20260710 13:21:41.059787 12186 consensus_peers.cc:597] T cf01af9eb374407a847909bfcc4ce6a9 P c06c3ccab957432dae90fa755a438648 -> Peer 68689d0ad709491fa1e4a770392929fc (127.10.208.68:42349): Couldn't send request to peer 68689d0ad709491fa1e4a770392929fc. Error code: TABLET_NOT_FOUND (6). Status: Not found: Tablet not found: cf01af9eb374407a847909bfcc4ce6a9. This is attempt 1: this message will repeat every 5th retry.
I20260710 13:21:41.061758 12372 raft_consensus.cc:1275] T cf01af9eb374407a847909bfcc4ce6a9 P a3b86dc485ca4be8b9bd1980e7a6ca1e [term 1 FOLLOWER]: Refusing update from remote peer c06c3ccab957432dae90fa755a438648: Log matching property violated. Preceding OpId in replica: term: 1 index: 1. Preceding OpId from leader: term: 1 index: 2. (index mismatch)
I20260710 13:21:41.062953 12803 consensus_queue.cc:1048] T cf01af9eb374407a847909bfcc4ce6a9 P c06c3ccab957432dae90fa755a438648 [LEADER]: Connected to new peer: Peer: permanent_uuid: "a3b86dc485ca4be8b9bd1980e7a6ca1e" member_type: VOTER last_known_addr { host: "127.10.208.67" port: 36693 } attrs { replace: true }, Status: LMP_MISMATCH, Last received: 0.0, Next index: 2, Last known committed idx: 1, Time since last communication: 0.001s
I20260710 13:21:41.066634 12293 raft_consensus.cc:1275] T cf01af9eb374407a847909bfcc4ce6a9 P 2ed13d79824c45e4b4282c900fbddf66 [term 1 FOLLOWER]: Refusing update from remote peer c06c3ccab957432dae90fa755a438648: Log matching property violated. Preceding OpId in replica: term: 1 index: 1. Preceding OpId from leader: term: 1 index: 2. (index mismatch)
I20260710 13:21:41.068274 12904 consensus_queue.cc:1048] T cf01af9eb374407a847909bfcc4ce6a9 P c06c3ccab957432dae90fa755a438648 [LEADER]: Connected to new peer: Peer: permanent_uuid: "2ed13d79824c45e4b4282c900fbddf66" member_type: VOTER last_known_addr { host: "127.10.208.66" port: 42581 }, Status: LMP_MISMATCH, Last received: 0.0, Next index: 2, Last known committed idx: 1, Time since last communication: 0.000s
I20260710 13:21:41.082207 12905 raft_consensus.cc:2955] T cf01af9eb374407a847909bfcc4ce6a9 P c06c3ccab957432dae90fa755a438648 [term 1 LEADER]: Committing config change with OpId 1.2: config changed from index -1 to 2, NON_VOTER 68689d0ad709491fa1e4a770392929fc (127.10.208.68) added. New config: { opid_index: 2 OBSOLETE_local: false peers { permanent_uuid: "c06c3ccab957432dae90fa755a438648" member_type: VOTER last_known_addr { host: "127.10.208.65" port: 35303 } } peers { permanent_uuid: "2ed13d79824c45e4b4282c900fbddf66" member_type: VOTER last_known_addr { host: "127.10.208.66" port: 42581 } } peers { permanent_uuid: "a3b86dc485ca4be8b9bd1980e7a6ca1e" member_type: VOTER last_known_addr { host: "127.10.208.67" port: 36693 } attrs { replace: true } } peers { permanent_uuid: "68689d0ad709491fa1e4a770392929fc" member_type: NON_VOTER last_known_addr { host: "127.10.208.68" port: 42349 } attrs { promote: true } } }
I20260710 13:21:41.084115 12372 raft_consensus.cc:2955] T cf01af9eb374407a847909bfcc4ce6a9 P a3b86dc485ca4be8b9bd1980e7a6ca1e [term 1 FOLLOWER]: Committing config change with OpId 1.2: config changed from index -1 to 2, NON_VOTER 68689d0ad709491fa1e4a770392929fc (127.10.208.68) added. New config: { opid_index: 2 OBSOLETE_local: false peers { permanent_uuid: "c06c3ccab957432dae90fa755a438648" member_type: VOTER last_known_addr { host: "127.10.208.65" port: 35303 } } peers { permanent_uuid: "2ed13d79824c45e4b4282c900fbddf66" member_type: VOTER last_known_addr { host: "127.10.208.66" port: 42581 } } peers { permanent_uuid: "a3b86dc485ca4be8b9bd1980e7a6ca1e" member_type: VOTER last_known_addr { host: "127.10.208.67" port: 36693 } attrs { replace: true } } peers { permanent_uuid: "68689d0ad709491fa1e4a770392929fc" member_type: NON_VOTER last_known_addr { host: "127.10.208.68" port: 42349 } attrs { promote: true } } }
I20260710 13:21:41.088052 12293 raft_consensus.cc:2955] T cf01af9eb374407a847909bfcc4ce6a9 P 2ed13d79824c45e4b4282c900fbddf66 [term 1 FOLLOWER]: Committing config change with OpId 1.2: config changed from index -1 to 2, NON_VOTER 68689d0ad709491fa1e4a770392929fc (127.10.208.68) added. New config: { opid_index: 2 OBSOLETE_local: false peers { permanent_uuid: "c06c3ccab957432dae90fa755a438648" member_type: VOTER last_known_addr { host: "127.10.208.65" port: 35303 } } peers { permanent_uuid: "2ed13d79824c45e4b4282c900fbddf66" member_type: VOTER last_known_addr { host: "127.10.208.66" port: 42581 } } peers { permanent_uuid: "a3b86dc485ca4be8b9bd1980e7a6ca1e" member_type: VOTER last_known_addr { host: "127.10.208.67" port: 36693 } attrs { replace: true } } peers { permanent_uuid: "68689d0ad709491fa1e4a770392929fc" member_type: NON_VOTER last_known_addr { host: "127.10.208.68" port: 42349 } attrs { promote: true } } }
I20260710 13:21:41.099694 12117 catalog_manager.cc:5697] T cf01af9eb374407a847909bfcc4ce6a9 P a3b86dc485ca4be8b9bd1980e7a6ca1e reported cstate change: config changed from index -1 to 2, NON_VOTER 68689d0ad709491fa1e4a770392929fc (127.10.208.68) added. New cstate: current_term: 1 leader_uuid: "c06c3ccab957432dae90fa755a438648" committed_config { opid_index: 2 OBSOLETE_local: false peers { permanent_uuid: "c06c3ccab957432dae90fa755a438648" member_type: VOTER last_known_addr { host: "127.10.208.65" port: 35303 } } peers { permanent_uuid: "2ed13d79824c45e4b4282c900fbddf66" member_type: VOTER last_known_addr { host: "127.10.208.66" port: 42581 } } peers { permanent_uuid: "a3b86dc485ca4be8b9bd1980e7a6ca1e" member_type: VOTER last_known_addr { host: "127.10.208.67" port: 36693 } attrs { replace: true } } peers { permanent_uuid: "68689d0ad709491fa1e4a770392929fc" member_type: NON_VOTER last_known_addr { host: "127.10.208.68" port: 42349 } attrs { promote: true } } }
I20260710 13:21:41.104375 12372 consensus_queue.cc:237] T ca7bc134d50447b289ccc7bd53ebfdd1 P a3b86dc485ca4be8b9bd1980e7a6ca1e [LEADER]: Queue going to LEADER mode. State: All replicated index: 0, Majority replicated index: 1, Committed index: 1, Last appended: 1.1, Last appended by leader: 0, Current term: 1, Majority size: 2, State: 0, Mode: LEADER, active raft config: opid_index: 2 OBSOLETE_local: false peers { permanent_uuid: "c06c3ccab957432dae90fa755a438648" member_type: VOTER last_known_addr { host: "127.10.208.65" port: 35303 } attrs { replace: true } } peers { permanent_uuid: "2ed13d79824c45e4b4282c900fbddf66" member_type: VOTER last_known_addr { host: "127.10.208.66" port: 42581 } } peers { permanent_uuid: "a3b86dc485ca4be8b9bd1980e7a6ca1e" member_type: VOTER last_known_addr { host: "127.10.208.67" port: 36693 } } peers { permanent_uuid: "68689d0ad709491fa1e4a770392929fc" member_type: NON_VOTER last_known_addr { host: "127.10.208.68" port: 42349 } attrs { promote: true } }
W20260710 13:21:41.112732 12335 consensus_peers.cc:597] T ca7bc134d50447b289ccc7bd53ebfdd1 P a3b86dc485ca4be8b9bd1980e7a6ca1e -> Peer 68689d0ad709491fa1e4a770392929fc (127.10.208.68:42349): Couldn't send request to peer 68689d0ad709491fa1e4a770392929fc. Error code: TABLET_NOT_FOUND (6). Status: Not found: Tablet not found: ca7bc134d50447b289ccc7bd53ebfdd1. This is attempt 1: this message will repeat every 5th retry.
I20260710 13:21:41.113108 12294 raft_consensus.cc:1275] T ca7bc134d50447b289ccc7bd53ebfdd1 P 2ed13d79824c45e4b4282c900fbddf66 [term 1 FOLLOWER]: Refusing update from remote peer a3b86dc485ca4be8b9bd1980e7a6ca1e: Log matching property violated. Preceding OpId in replica: term: 1 index: 1. Preceding OpId from leader: term: 1 index: 2. (index mismatch)
I20260710 13:21:41.113339 12219 raft_consensus.cc:1275] T ca7bc134d50447b289ccc7bd53ebfdd1 P c06c3ccab957432dae90fa755a438648 [term 1 FOLLOWER]: Refusing update from remote peer a3b86dc485ca4be8b9bd1980e7a6ca1e: Log matching property violated. Preceding OpId in replica: term: 1 index: 1. Preceding OpId from leader: term: 1 index: 2. (index mismatch)
I20260710 13:21:41.114435 12859 consensus_queue.cc:1048] T ca7bc134d50447b289ccc7bd53ebfdd1 P a3b86dc485ca4be8b9bd1980e7a6ca1e [LEADER]: Connected to new peer: Peer: permanent_uuid: "2ed13d79824c45e4b4282c900fbddf66" member_type: VOTER last_known_addr { host: "127.10.208.66" port: 42581 }, Status: LMP_MISMATCH, Last received: 0.0, Next index: 2, Last known committed idx: 1, Time since last communication: 0.000s
I20260710 13:21:41.116430 12887 consensus_queue.cc:1048] T ca7bc134d50447b289ccc7bd53ebfdd1 P a3b86dc485ca4be8b9bd1980e7a6ca1e [LEADER]: Connected to new peer: Peer: permanent_uuid: "c06c3ccab957432dae90fa755a438648" member_type: VOTER last_known_addr { host: "127.10.208.65" port: 35303 } attrs { replace: true }, Status: LMP_MISMATCH, Last received: 0.0, Next index: 2, Last known committed idx: 1, Time since last communication: 0.000s
I20260710 13:21:41.130582 12890 raft_consensus.cc:2955] T ca7bc134d50447b289ccc7bd53ebfdd1 P a3b86dc485ca4be8b9bd1980e7a6ca1e [term 1 LEADER]: Committing config change with OpId 1.2: config changed from index -1 to 2, NON_VOTER 68689d0ad709491fa1e4a770392929fc (127.10.208.68) added. New config: { opid_index: 2 OBSOLETE_local: false peers { permanent_uuid: "c06c3ccab957432dae90fa755a438648" member_type: VOTER last_known_addr { host: "127.10.208.65" port: 35303 } attrs { replace: true } } peers { permanent_uuid: "2ed13d79824c45e4b4282c900fbddf66" member_type: VOTER last_known_addr { host: "127.10.208.66" port: 42581 } } peers { permanent_uuid: "a3b86dc485ca4be8b9bd1980e7a6ca1e" member_type: VOTER last_known_addr { host: "127.10.208.67" port: 36693 } } peers { permanent_uuid: "68689d0ad709491fa1e4a770392929fc" member_type: NON_VOTER last_known_addr { host: "127.10.208.68" port: 42349 } attrs { promote: true } } }
I20260710 13:21:41.136195 12293 raft_consensus.cc:2955] T ca7bc134d50447b289ccc7bd53ebfdd1 P 2ed13d79824c45e4b4282c900fbddf66 [term 1 FOLLOWER]: Committing config change with OpId 1.2: config changed from index -1 to 2, NON_VOTER 68689d0ad709491fa1e4a770392929fc (127.10.208.68) added. New config: { opid_index: 2 OBSOLETE_local: false peers { permanent_uuid: "c06c3ccab957432dae90fa755a438648" member_type: VOTER last_known_addr { host: "127.10.208.65" port: 35303 } attrs { replace: true } } peers { permanent_uuid: "2ed13d79824c45e4b4282c900fbddf66" member_type: VOTER last_known_addr { host: "127.10.208.66" port: 42581 } } peers { permanent_uuid: "a3b86dc485ca4be8b9bd1980e7a6ca1e" member_type: VOTER last_known_addr { host: "127.10.208.67" port: 36693 } } peers { permanent_uuid: "68689d0ad709491fa1e4a770392929fc" member_type: NON_VOTER last_known_addr { host: "127.10.208.68" port: 42349 } attrs { promote: true } } }
I20260710 13:21:41.136650 12219 raft_consensus.cc:2955] T ca7bc134d50447b289ccc7bd53ebfdd1 P c06c3ccab957432dae90fa755a438648 [term 1 FOLLOWER]: Committing config change with OpId 1.2: config changed from index -1 to 2, NON_VOTER 68689d0ad709491fa1e4a770392929fc (127.10.208.68) added. New config: { opid_index: 2 OBSOLETE_local: false peers { permanent_uuid: "c06c3ccab957432dae90fa755a438648" member_type: VOTER last_known_addr { host: "127.10.208.65" port: 35303 } attrs { replace: true } } peers { permanent_uuid: "2ed13d79824c45e4b4282c900fbddf66" member_type: VOTER last_known_addr { host: "127.10.208.66" port: 42581 } } peers { permanent_uuid: "a3b86dc485ca4be8b9bd1980e7a6ca1e" member_type: VOTER last_known_addr { host: "127.10.208.67" port: 36693 } } peers { permanent_uuid: "68689d0ad709491fa1e4a770392929fc" member_type: NON_VOTER last_known_addr { host: "127.10.208.68" port: 42349 } attrs { promote: true } } }
I20260710 13:21:41.149928 12120 catalog_manager.cc:5697] T ca7bc134d50447b289ccc7bd53ebfdd1 P 2ed13d79824c45e4b4282c900fbddf66 reported cstate change: config changed from index -1 to 2, NON_VOTER 68689d0ad709491fa1e4a770392929fc (127.10.208.68) added. New cstate: current_term: 1 leader_uuid: "a3b86dc485ca4be8b9bd1980e7a6ca1e" committed_config { opid_index: 2 OBSOLETE_local: false peers { permanent_uuid: "c06c3ccab957432dae90fa755a438648" member_type: VOTER last_known_addr { host: "127.10.208.65" port: 35303 } attrs { replace: true } } peers { permanent_uuid: "2ed13d79824c45e4b4282c900fbddf66" member_type: VOTER last_known_addr { host: "127.10.208.66" port: 42581 } } peers { permanent_uuid: "a3b86dc485ca4be8b9bd1980e7a6ca1e" member_type: VOTER last_known_addr { host: "127.10.208.67" port: 36693 } } peers { permanent_uuid: "68689d0ad709491fa1e4a770392929fc" member_type: NON_VOTER last_known_addr { host: "127.10.208.68" port: 42349 } attrs { promote: true } } }
I20260710 13:21:41.366338 12911 ts_tablet_manager.cc:933] T 289b20aa028e4ba789c416c4bb1c2159 P 68689d0ad709491fa1e4a770392929fc: Initiating tablet copy from peer a3b86dc485ca4be8b9bd1980e7a6ca1e (127.10.208.67:36693)
I20260710 13:21:41.368993 12911 tablet_copy_client.cc:323] T 289b20aa028e4ba789c416c4bb1c2159 P 68689d0ad709491fa1e4a770392929fc: tablet copy: Beginning tablet copy session from remote peer at address 127.10.208.67:36693
I20260710 13:21:41.370934 12381 tablet_copy_service.cc:140] P a3b86dc485ca4be8b9bd1980e7a6ca1e: Received BeginTabletCopySession request for tablet 289b20aa028e4ba789c416c4bb1c2159 from peer 68689d0ad709491fa1e4a770392929fc ({username='slave'} at 127.0.0.1:39866)
I20260710 13:21:41.371513 12381 tablet_copy_service.cc:161] P a3b86dc485ca4be8b9bd1980e7a6ca1e: Beginning new tablet copy session on tablet 289b20aa028e4ba789c416c4bb1c2159 from peer 68689d0ad709491fa1e4a770392929fc at {username='slave'} at 127.0.0.1:39866: session id = 68689d0ad709491fa1e4a770392929fc-289b20aa028e4ba789c416c4bb1c2159
I20260710 13:21:41.382855 12381 tablet_copy_source_session.cc:215] T 289b20aa028e4ba789c416c4bb1c2159 P a3b86dc485ca4be8b9bd1980e7a6ca1e: Tablet Copy: opened 0 blocks and 1 log segments
I20260710 13:21:41.386978 12911 data_dirs.cc:400] Could only allocate 1 dirs of requested 3 for tablet 289b20aa028e4ba789c416c4bb1c2159. 1 dirs total, 0 dirs full, 0 dirs failed
I20260710 13:21:41.407373 12911 tablet_copy_client.cc:806] T 289b20aa028e4ba789c416c4bb1c2159 P 68689d0ad709491fa1e4a770392929fc: tablet copy: Starting download of 0 data blocks...
I20260710 13:21:41.408134 12911 tablet_copy_client.cc:670] T 289b20aa028e4ba789c416c4bb1c2159 P 68689d0ad709491fa1e4a770392929fc: tablet copy: Starting download of 1 WAL segments...
I20260710 13:21:41.412792 12911 tablet_copy_client.cc:538] T 289b20aa028e4ba789c416c4bb1c2159 P 68689d0ad709491fa1e4a770392929fc: tablet copy: Tablet Copy complete. Replacing tablet superblock.
I20260710 13:21:41.423008 12911 tablet_bootstrap.cc:492] T 289b20aa028e4ba789c416c4bb1c2159 P 68689d0ad709491fa1e4a770392929fc: Bootstrap starting.
I20260710 13:21:41.453158 12911 tablet_bootstrap.cc:492] T 289b20aa028e4ba789c416c4bb1c2159 P 68689d0ad709491fa1e4a770392929fc: Bootstrap replayed 1/1 log segments. Stats: ops{read=2 overwritten=0 applied=2 ignored=0} inserts{seen=0 ignored=0} mutations{seen=0 ignored=0} orphaned_commits=0. Pending: 0 replicates
I20260710 13:21:41.454210 12911 tablet_bootstrap.cc:492] T 289b20aa028e4ba789c416c4bb1c2159 P 68689d0ad709491fa1e4a770392929fc: Bootstrap complete.
I20260710 13:21:41.456136 12911 ts_tablet_manager.cc:1403] T 289b20aa028e4ba789c416c4bb1c2159 P 68689d0ad709491fa1e4a770392929fc: Time spent bootstrapping tablet: real 0.033s	user 0.014s	sys 0.016s
I20260710 13:21:41.459609 12911 raft_consensus.cc:359] T 289b20aa028e4ba789c416c4bb1c2159 P 68689d0ad709491fa1e4a770392929fc [term 1 LEARNER]: Replica starting. Triggering 0 pending ops. Active config: opid_index: 2 OBSOLETE_local: false peers { permanent_uuid: "c06c3ccab957432dae90fa755a438648" member_type: VOTER last_known_addr { host: "127.10.208.65" port: 35303 } } peers { permanent_uuid: "2ed13d79824c45e4b4282c900fbddf66" member_type: VOTER last_known_addr { host: "127.10.208.66" port: 42581 } attrs { replace: true } } peers { permanent_uuid: "a3b86dc485ca4be8b9bd1980e7a6ca1e" member_type: VOTER last_known_addr { host: "127.10.208.67" port: 36693 } } peers { permanent_uuid: "68689d0ad709491fa1e4a770392929fc" member_type: NON_VOTER last_known_addr { host: "127.10.208.68" port: 42349 } attrs { promote: true } }
I20260710 13:21:41.460592 12911 raft_consensus.cc:740] T 289b20aa028e4ba789c416c4bb1c2159 P 68689d0ad709491fa1e4a770392929fc [term 1 LEARNER]: Becoming Follower/Learner. State: Replica: 68689d0ad709491fa1e4a770392929fc, State: Initialized, Role: LEARNER
I20260710 13:21:41.461356 12911 consensus_queue.cc:260] T 289b20aa028e4ba789c416c4bb1c2159 P 68689d0ad709491fa1e4a770392929fc [NON_LEADER]: Queue going to NON_LEADER mode. State: All replicated index: 0, Majority replicated index: 0, Committed index: 2, Last appended: 1.2, Last appended by leader: 2, Current term: 0, Majority size: -1, State: 0, Mode: NON_LEADER, active raft config: opid_index: 2 OBSOLETE_local: false peers { permanent_uuid: "c06c3ccab957432dae90fa755a438648" member_type: VOTER last_known_addr { host: "127.10.208.65" port: 35303 } } peers { permanent_uuid: "2ed13d79824c45e4b4282c900fbddf66" member_type: VOTER last_known_addr { host: "127.10.208.66" port: 42581 } attrs { replace: true } } peers { permanent_uuid: "a3b86dc485ca4be8b9bd1980e7a6ca1e" member_type: VOTER last_known_addr { host: "127.10.208.67" port: 36693 } } peers { permanent_uuid: "68689d0ad709491fa1e4a770392929fc" member_type: NON_VOTER last_known_addr { host: "127.10.208.68" port: 42349 } attrs { promote: true } }
I20260710 13:21:41.467581 12915 ts_tablet_manager.cc:933] T a8666d04c95041d2b672f6a0f5099efb P 68689d0ad709491fa1e4a770392929fc: Initiating tablet copy from peer 2ed13d79824c45e4b4282c900fbddf66 (127.10.208.66:42581)
I20260710 13:21:41.474189 12911 ts_tablet_manager.cc:1434] T 289b20aa028e4ba789c416c4bb1c2159 P 68689d0ad709491fa1e4a770392929fc: Time spent starting tablet: real 0.017s	user 0.009s	sys 0.008s
I20260710 13:21:41.476161 12381 tablet_copy_service.cc:342] P a3b86dc485ca4be8b9bd1980e7a6ca1e: Request end of tablet copy session 68689d0ad709491fa1e4a770392929fc-289b20aa028e4ba789c416c4bb1c2159 received from {username='slave'} at 127.0.0.1:39866
I20260710 13:21:41.476642 12381 tablet_copy_service.cc:434] P a3b86dc485ca4be8b9bd1980e7a6ca1e: ending tablet copy session 68689d0ad709491fa1e4a770392929fc-289b20aa028e4ba789c416c4bb1c2159 on tablet 289b20aa028e4ba789c416c4bb1c2159 with peer 68689d0ad709491fa1e4a770392929fc
I20260710 13:21:41.480711 12915 tablet_copy_client.cc:323] T a8666d04c95041d2b672f6a0f5099efb P 68689d0ad709491fa1e4a770392929fc: tablet copy: Beginning tablet copy session from remote peer at address 127.10.208.66:42581
I20260710 13:21:41.490072 12911 ts_tablet_manager.cc:933] T ca7bc134d50447b289ccc7bd53ebfdd1 P 68689d0ad709491fa1e4a770392929fc: Initiating tablet copy from peer a3b86dc485ca4be8b9bd1980e7a6ca1e (127.10.208.67:36693)
I20260710 13:21:41.492208 12911 tablet_copy_client.cc:323] T ca7bc134d50447b289ccc7bd53ebfdd1 P 68689d0ad709491fa1e4a770392929fc: tablet copy: Beginning tablet copy session from remote peer at address 127.10.208.67:36693
I20260710 13:21:41.522910 12308 tablet_copy_service.cc:140] P 2ed13d79824c45e4b4282c900fbddf66: Received BeginTabletCopySession request for tablet a8666d04c95041d2b672f6a0f5099efb from peer 68689d0ad709491fa1e4a770392929fc ({username='slave'} at 127.0.0.1:53338)
I20260710 13:21:41.529294 12381 tablet_copy_service.cc:140] P a3b86dc485ca4be8b9bd1980e7a6ca1e: Received BeginTabletCopySession request for tablet ca7bc134d50447b289ccc7bd53ebfdd1 from peer 68689d0ad709491fa1e4a770392929fc ({username='slave'} at 127.0.0.1:39866)
I20260710 13:21:41.529848 12308 tablet_copy_service.cc:161] P 2ed13d79824c45e4b4282c900fbddf66: Beginning new tablet copy session on tablet a8666d04c95041d2b672f6a0f5099efb from peer 68689d0ad709491fa1e4a770392929fc at {username='slave'} at 127.0.0.1:53338: session id = 68689d0ad709491fa1e4a770392929fc-a8666d04c95041d2b672f6a0f5099efb
I20260710 13:21:41.530424 12381 tablet_copy_service.cc:161] P a3b86dc485ca4be8b9bd1980e7a6ca1e: Beginning new tablet copy session on tablet ca7bc134d50447b289ccc7bd53ebfdd1 from peer 68689d0ad709491fa1e4a770392929fc at {username='slave'} at 127.0.0.1:39866: session id = 68689d0ad709491fa1e4a770392929fc-ca7bc134d50447b289ccc7bd53ebfdd1
I20260710 13:21:41.547101 12381 tablet_copy_source_session.cc:215] T ca7bc134d50447b289ccc7bd53ebfdd1 P a3b86dc485ca4be8b9bd1980e7a6ca1e: Tablet Copy: opened 0 blocks and 1 log segments
I20260710 13:21:41.556188 12308 tablet_copy_source_session.cc:215] T a8666d04c95041d2b672f6a0f5099efb P 2ed13d79824c45e4b4282c900fbddf66: Tablet Copy: opened 0 blocks and 1 log segments
I20260710 13:21:41.571513 12911 data_dirs.cc:400] Could only allocate 1 dirs of requested 3 for tablet ca7bc134d50447b289ccc7bd53ebfdd1. 1 dirs total, 0 dirs full, 0 dirs failed
I20260710 13:21:41.572594 12915 data_dirs.cc:400] Could only allocate 1 dirs of requested 3 for tablet a8666d04c95041d2b672f6a0f5099efb. 1 dirs total, 0 dirs full, 0 dirs failed
I20260710 13:21:41.620747 12915 tablet_copy_client.cc:806] T a8666d04c95041d2b672f6a0f5099efb P 68689d0ad709491fa1e4a770392929fc: tablet copy: Starting download of 0 data blocks...
I20260710 13:21:41.621742 12915 tablet_copy_client.cc:670] T a8666d04c95041d2b672f6a0f5099efb P 68689d0ad709491fa1e4a770392929fc: tablet copy: Starting download of 1 WAL segments...
I20260710 13:21:41.626816 12915 tablet_copy_client.cc:538] T a8666d04c95041d2b672f6a0f5099efb P 68689d0ad709491fa1e4a770392929fc: tablet copy: Tablet Copy complete. Replacing tablet superblock.
I20260710 13:21:41.636943 12915 tablet_bootstrap.cc:492] T a8666d04c95041d2b672f6a0f5099efb P 68689d0ad709491fa1e4a770392929fc: Bootstrap starting.
I20260710 13:21:41.642151 12921 ts_tablet_manager.cc:933] T cf01af9eb374407a847909bfcc4ce6a9 P 68689d0ad709491fa1e4a770392929fc: Initiating tablet copy from peer c06c3ccab957432dae90fa755a438648 (127.10.208.65:35303)
I20260710 13:21:41.648674 12911 tablet_copy_client.cc:806] T ca7bc134d50447b289ccc7bd53ebfdd1 P 68689d0ad709491fa1e4a770392929fc: tablet copy: Starting download of 0 data blocks...
I20260710 13:21:41.649363 12911 tablet_copy_client.cc:670] T ca7bc134d50447b289ccc7bd53ebfdd1 P 68689d0ad709491fa1e4a770392929fc: tablet copy: Starting download of 1 WAL segments...
I20260710 13:21:41.651688 12921 tablet_copy_client.cc:323] T cf01af9eb374407a847909bfcc4ce6a9 P 68689d0ad709491fa1e4a770392929fc: tablet copy: Beginning tablet copy session from remote peer at address 127.10.208.65:35303
I20260710 13:21:41.654595 12233 tablet_copy_service.cc:140] P c06c3ccab957432dae90fa755a438648: Received BeginTabletCopySession request for tablet cf01af9eb374407a847909bfcc4ce6a9 from peer 68689d0ad709491fa1e4a770392929fc ({username='slave'} at 127.0.0.1:50750)
I20260710 13:21:41.655285 12233 tablet_copy_service.cc:161] P c06c3ccab957432dae90fa755a438648: Beginning new tablet copy session on tablet cf01af9eb374407a847909bfcc4ce6a9 from peer 68689d0ad709491fa1e4a770392929fc at {username='slave'} at 127.0.0.1:50750: session id = 68689d0ad709491fa1e4a770392929fc-cf01af9eb374407a847909bfcc4ce6a9
I20260710 13:21:41.658915 12911 tablet_copy_client.cc:538] T ca7bc134d50447b289ccc7bd53ebfdd1 P 68689d0ad709491fa1e4a770392929fc: tablet copy: Tablet Copy complete. Replacing tablet superblock.
I20260710 13:21:41.668910 12911 tablet_bootstrap.cc:492] T ca7bc134d50447b289ccc7bd53ebfdd1 P 68689d0ad709491fa1e4a770392929fc: Bootstrap starting.
I20260710 13:21:41.677073 12915 tablet_bootstrap.cc:492] T a8666d04c95041d2b672f6a0f5099efb P 68689d0ad709491fa1e4a770392929fc: Bootstrap replayed 1/1 log segments. Stats: ops{read=2 overwritten=0 applied=2 ignored=0} inserts{seen=0 ignored=0} mutations{seen=0 ignored=0} orphaned_commits=0. Pending: 0 replicates
I20260710 13:21:41.678071 12915 tablet_bootstrap.cc:492] T a8666d04c95041d2b672f6a0f5099efb P 68689d0ad709491fa1e4a770392929fc: Bootstrap complete.
I20260710 13:21:41.678691 12233 tablet_copy_source_session.cc:215] T cf01af9eb374407a847909bfcc4ce6a9 P c06c3ccab957432dae90fa755a438648: Tablet Copy: opened 0 blocks and 1 log segments
I20260710 13:21:41.678824 12915 ts_tablet_manager.cc:1403] T a8666d04c95041d2b672f6a0f5099efb P 68689d0ad709491fa1e4a770392929fc: Time spent bootstrapping tablet: real 0.042s	user 0.003s	sys 0.021s
I20260710 13:21:41.682281 12921 data_dirs.cc:400] Could only allocate 1 dirs of requested 3 for tablet cf01af9eb374407a847909bfcc4ce6a9. 1 dirs total, 0 dirs full, 0 dirs failed
I20260710 13:21:41.684762 12915 raft_consensus.cc:359] T a8666d04c95041d2b672f6a0f5099efb P 68689d0ad709491fa1e4a770392929fc [term 1 LEARNER]: Replica starting. Triggering 0 pending ops. Active config: opid_index: 2 OBSOLETE_local: false peers { permanent_uuid: "c06c3ccab957432dae90fa755a438648" member_type: VOTER last_known_addr { host: "127.10.208.65" port: 35303 } attrs { replace: true } } peers { permanent_uuid: "2ed13d79824c45e4b4282c900fbddf66" member_type: VOTER last_known_addr { host: "127.10.208.66" port: 42581 } } peers { permanent_uuid: "a3b86dc485ca4be8b9bd1980e7a6ca1e" member_type: VOTER last_known_addr { host: "127.10.208.67" port: 36693 } } peers { permanent_uuid: "68689d0ad709491fa1e4a770392929fc" member_type: NON_VOTER last_known_addr { host: "127.10.208.68" port: 42349 } attrs { promote: true } }
I20260710 13:21:41.686156 12915 raft_consensus.cc:740] T a8666d04c95041d2b672f6a0f5099efb P 68689d0ad709491fa1e4a770392929fc [term 1 LEARNER]: Becoming Follower/Learner. State: Replica: 68689d0ad709491fa1e4a770392929fc, State: Initialized, Role: LEARNER
I20260710 13:21:41.686935 12915 consensus_queue.cc:260] T a8666d04c95041d2b672f6a0f5099efb P 68689d0ad709491fa1e4a770392929fc [NON_LEADER]: Queue going to NON_LEADER mode. State: All replicated index: 0, Majority replicated index: 0, Committed index: 2, Last appended: 1.2, Last appended by leader: 2, Current term: 0, Majority size: -1, State: 0, Mode: NON_LEADER, active raft config: opid_index: 2 OBSOLETE_local: false peers { permanent_uuid: "c06c3ccab957432dae90fa755a438648" member_type: VOTER last_known_addr { host: "127.10.208.65" port: 35303 } attrs { replace: true } } peers { permanent_uuid: "2ed13d79824c45e4b4282c900fbddf66" member_type: VOTER last_known_addr { host: "127.10.208.66" port: 42581 } } peers { permanent_uuid: "a3b86dc485ca4be8b9bd1980e7a6ca1e" member_type: VOTER last_known_addr { host: "127.10.208.67" port: 36693 } } peers { permanent_uuid: "68689d0ad709491fa1e4a770392929fc" member_type: NON_VOTER last_known_addr { host: "127.10.208.68" port: 42349 } attrs { promote: true } }
I20260710 13:21:41.693599 12915 ts_tablet_manager.cc:1434] T a8666d04c95041d2b672f6a0f5099efb P 68689d0ad709491fa1e4a770392929fc: Time spent starting tablet: real 0.012s	user 0.009s	sys 0.000s
I20260710 13:21:41.697113 12308 tablet_copy_service.cc:342] P 2ed13d79824c45e4b4282c900fbddf66: Request end of tablet copy session 68689d0ad709491fa1e4a770392929fc-a8666d04c95041d2b672f6a0f5099efb received from {username='slave'} at 127.0.0.1:53338
I20260710 13:21:41.697677 12308 tablet_copy_service.cc:434] P 2ed13d79824c45e4b4282c900fbddf66: ending tablet copy session 68689d0ad709491fa1e4a770392929fc-a8666d04c95041d2b672f6a0f5099efb on tablet a8666d04c95041d2b672f6a0f5099efb with peer 68689d0ad709491fa1e4a770392929fc
I20260710 13:21:41.725540 12921 tablet_copy_client.cc:806] T cf01af9eb374407a847909bfcc4ce6a9 P 68689d0ad709491fa1e4a770392929fc: tablet copy: Starting download of 0 data blocks...
I20260710 13:21:41.726219 12921 tablet_copy_client.cc:670] T cf01af9eb374407a847909bfcc4ce6a9 P 68689d0ad709491fa1e4a770392929fc: tablet copy: Starting download of 1 WAL segments...
I20260710 13:21:41.731851 12921 tablet_copy_client.cc:538] T cf01af9eb374407a847909bfcc4ce6a9 P 68689d0ad709491fa1e4a770392929fc: tablet copy: Tablet Copy complete. Replacing tablet superblock.
I20260710 13:21:41.742566 12921 tablet_bootstrap.cc:492] T cf01af9eb374407a847909bfcc4ce6a9 P 68689d0ad709491fa1e4a770392929fc: Bootstrap starting.
I20260710 13:21:41.752425 12911 tablet_bootstrap.cc:492] T ca7bc134d50447b289ccc7bd53ebfdd1 P 68689d0ad709491fa1e4a770392929fc: Bootstrap replayed 1/1 log segments. Stats: ops{read=2 overwritten=0 applied=2 ignored=0} inserts{seen=0 ignored=0} mutations{seen=0 ignored=0} orphaned_commits=0. Pending: 0 replicates
I20260710 13:21:41.753433 12911 tablet_bootstrap.cc:492] T ca7bc134d50447b289ccc7bd53ebfdd1 P 68689d0ad709491fa1e4a770392929fc: Bootstrap complete.
I20260710 13:21:41.754150 12911 ts_tablet_manager.cc:1403] T ca7bc134d50447b289ccc7bd53ebfdd1 P 68689d0ad709491fa1e4a770392929fc: Time spent bootstrapping tablet: real 0.085s	user 0.022s	sys 0.006s
I20260710 13:21:41.757498 12911 raft_consensus.cc:359] T ca7bc134d50447b289ccc7bd53ebfdd1 P 68689d0ad709491fa1e4a770392929fc [term 1 LEARNER]: Replica starting. Triggering 0 pending ops. Active config: opid_index: 2 OBSOLETE_local: false peers { permanent_uuid: "c06c3ccab957432dae90fa755a438648" member_type: VOTER last_known_addr { host: "127.10.208.65" port: 35303 } attrs { replace: true } } peers { permanent_uuid: "2ed13d79824c45e4b4282c900fbddf66" member_type: VOTER last_known_addr { host: "127.10.208.66" port: 42581 } } peers { permanent_uuid: "a3b86dc485ca4be8b9bd1980e7a6ca1e" member_type: VOTER last_known_addr { host: "127.10.208.67" port: 36693 } } peers { permanent_uuid: "68689d0ad709491fa1e4a770392929fc" member_type: NON_VOTER last_known_addr { host: "127.10.208.68" port: 42349 } attrs { promote: true } }
I20260710 13:21:41.758407 12911 raft_consensus.cc:740] T ca7bc134d50447b289ccc7bd53ebfdd1 P 68689d0ad709491fa1e4a770392929fc [term 1 LEARNER]: Becoming Follower/Learner. State: Replica: 68689d0ad709491fa1e4a770392929fc, State: Initialized, Role: LEARNER
I20260710 13:21:41.759128 12911 consensus_queue.cc:260] T ca7bc134d50447b289ccc7bd53ebfdd1 P 68689d0ad709491fa1e4a770392929fc [NON_LEADER]: Queue going to NON_LEADER mode. State: All replicated index: 0, Majority replicated index: 0, Committed index: 2, Last appended: 1.2, Last appended by leader: 2, Current term: 0, Majority size: -1, State: 0, Mode: NON_LEADER, active raft config: opid_index: 2 OBSOLETE_local: false peers { permanent_uuid: "c06c3ccab957432dae90fa755a438648" member_type: VOTER last_known_addr { host: "127.10.208.65" port: 35303 } attrs { replace: true } } peers { permanent_uuid: "2ed13d79824c45e4b4282c900fbddf66" member_type: VOTER last_known_addr { host: "127.10.208.66" port: 42581 } } peers { permanent_uuid: "a3b86dc485ca4be8b9bd1980e7a6ca1e" member_type: VOTER last_known_addr { host: "127.10.208.67" port: 36693 } } peers { permanent_uuid: "68689d0ad709491fa1e4a770392929fc" member_type: NON_VOTER last_known_addr { host: "127.10.208.68" port: 42349 } attrs { promote: true } }
I20260710 13:21:41.769840 12911 ts_tablet_manager.cc:1434] T ca7bc134d50447b289ccc7bd53ebfdd1 P 68689d0ad709491fa1e4a770392929fc: Time spent starting tablet: real 0.015s	user 0.007s	sys 0.001s
I20260710 13:21:41.779237 12381 tablet_copy_service.cc:342] P a3b86dc485ca4be8b9bd1980e7a6ca1e: Request end of tablet copy session 68689d0ad709491fa1e4a770392929fc-ca7bc134d50447b289ccc7bd53ebfdd1 received from {username='slave'} at 127.0.0.1:39866
I20260710 13:21:41.779762 12381 tablet_copy_service.cc:434] P a3b86dc485ca4be8b9bd1980e7a6ca1e: ending tablet copy session 68689d0ad709491fa1e4a770392929fc-ca7bc134d50447b289ccc7bd53ebfdd1 on tablet ca7bc134d50447b289ccc7bd53ebfdd1 with peer 68689d0ad709491fa1e4a770392929fc
I20260710 13:21:41.792104 12921 tablet_bootstrap.cc:492] T cf01af9eb374407a847909bfcc4ce6a9 P 68689d0ad709491fa1e4a770392929fc: Bootstrap replayed 1/1 log segments. Stats: ops{read=2 overwritten=0 applied=2 ignored=0} inserts{seen=0 ignored=0} mutations{seen=0 ignored=0} orphaned_commits=0. Pending: 0 replicates
I20260710 13:21:41.793109 12921 tablet_bootstrap.cc:492] T cf01af9eb374407a847909bfcc4ce6a9 P 68689d0ad709491fa1e4a770392929fc: Bootstrap complete.
I20260710 13:21:41.793776 12921 ts_tablet_manager.cc:1403] T cf01af9eb374407a847909bfcc4ce6a9 P 68689d0ad709491fa1e4a770392929fc: Time spent bootstrapping tablet: real 0.051s	user 0.016s	sys 0.023s
I20260710 13:21:41.796947 12921 raft_consensus.cc:359] T cf01af9eb374407a847909bfcc4ce6a9 P 68689d0ad709491fa1e4a770392929fc [term 1 LEARNER]: Replica starting. Triggering 0 pending ops. Active config: opid_index: 2 OBSOLETE_local: false peers { permanent_uuid: "c06c3ccab957432dae90fa755a438648" member_type: VOTER last_known_addr { host: "127.10.208.65" port: 35303 } } peers { permanent_uuid: "2ed13d79824c45e4b4282c900fbddf66" member_type: VOTER last_known_addr { host: "127.10.208.66" port: 42581 } } peers { permanent_uuid: "a3b86dc485ca4be8b9bd1980e7a6ca1e" member_type: VOTER last_known_addr { host: "127.10.208.67" port: 36693 } attrs { replace: true } } peers { permanent_uuid: "68689d0ad709491fa1e4a770392929fc" member_type: NON_VOTER last_known_addr { host: "127.10.208.68" port: 42349 } attrs { promote: true } }
I20260710 13:21:41.797801 12921 raft_consensus.cc:740] T cf01af9eb374407a847909bfcc4ce6a9 P 68689d0ad709491fa1e4a770392929fc [term 1 LEARNER]: Becoming Follower/Learner. State: Replica: 68689d0ad709491fa1e4a770392929fc, State: Initialized, Role: LEARNER
