I20260710 13:21:10.088696 11489 tablet_service.cc:1917] Received RequestConsensusVote() RPC: tablet_id: "4d0ce4e944b142959e842df82d87da33" candidate_uuid: "7701840095394c98888c7e1562b57537" candidate_term: 3 candidate_status { last_received { term: 2 index: 2 } } ignore_live_leader: true dest_uuid: "e8bf7af2fb7e4740a1eea384ae76862c"
I20260710 13:21:10.089191 11489 raft_consensus.cc:3060] T 4d0ce4e944b142959e842df82d87da33 P e8bf7af2fb7e4740a1eea384ae76862c [term 2 FOLLOWER]: Advancing to term 3
I20260710 13:21:10.089066 11415 tablet_service.cc:1917] Received RequestConsensusVote() RPC: tablet_id: "4d0ce4e944b142959e842df82d87da33" candidate_uuid: "7701840095394c98888c7e1562b57537" candidate_term: 3 candidate_status { last_received { term: 2 index: 2 } } ignore_live_leader: true dest_uuid: "6655851007e9429eab45e4dfa3041a2f"
I20260710 13:21:10.089630 11415 raft_consensus.cc:3055] T 4d0ce4e944b142959e842df82d87da33 P 6655851007e9429eab45e4dfa3041a2f [term 2 LEADER]: Stepping down as leader of term 2
I20260710 13:21:10.089929 11415 raft_consensus.cc:740] T 4d0ce4e944b142959e842df82d87da33 P 6655851007e9429eab45e4dfa3041a2f [term 2 LEADER]: Becoming Follower/Learner. State: Replica: 6655851007e9429eab45e4dfa3041a2f, State: Running, Role: LEADER
I20260710 13:21:10.090720 11415 consensus_queue.cc:260] T 4d0ce4e944b142959e842df82d87da33 P 6655851007e9429eab45e4dfa3041a2f [NON_LEADER]: Queue going to NON_LEADER mode. State: All replicated index: 0, Majority replicated index: 2, Committed index: 2, Last appended: 2.2, Last appended by leader: 2, Current term: 2, Majority size: -1, State: 0, Mode: NON_LEADER, active raft config: opid_index: -1 OBSOLETE_local: false peers { permanent_uuid: "7701840095394c98888c7e1562b57537" member_type: VOTER last_known_addr { host: "127.10.241.129" port: 37379 } } peers { permanent_uuid: "e8bf7af2fb7e4740a1eea384ae76862c" member_type: VOTER last_known_addr { host: "127.10.241.131" port: 46285 } } peers { permanent_uuid: "6655851007e9429eab45e4dfa3041a2f" member_type: VOTER last_known_addr { host: "127.10.241.130" port: 41109 } }
I20260710 13:21:10.091653 11415 raft_consensus.cc:3060] T 4d0ce4e944b142959e842df82d87da33 P 6655851007e9429eab45e4dfa3041a2f [term 2 FOLLOWER]: Advancing to term 3
I20260710 13:21:10.096177 11415 raft_consensus.cc:2468] T 4d0ce4e944b142959e842df82d87da33 P 6655851007e9429eab45e4dfa3041a2f [term 3 FOLLOWER]: Leader election vote request: Granting yes vote for candidate 7701840095394c98888c7e1562b57537 in term 3.
I20260710 13:21:10.096207 11489 raft_consensus.cc:2468] T 4d0ce4e944b142959e842df82d87da33 P e8bf7af2fb7e4740a1eea384ae76862c [term 3 FOLLOWER]: Leader election vote request: Granting yes vote for candidate 7701840095394c98888c7e1562b57537 in term 3.
I20260710 13:21:10.097270 11306 leader_election.cc:304] T 4d0ce4e944b142959e842df82d87da33 P 7701840095394c98888c7e1562b57537 [CANDIDATE]: Term 3 election: Election decided. Result: candidate won. Election summary: received 2 responses out of 3 voters: 2 yes votes; 0 no votes. yes voters: 6655851007e9429eab45e4dfa3041a2f, 7701840095394c98888c7e1562b57537; no voters: 
I20260710 13:21:10.097929 11685 raft_consensus.cc:2804] T 4d0ce4e944b142959e842df82d87da33 P 7701840095394c98888c7e1562b57537 [term 3 FOLLOWER]: Leader election won for term 3
I20260710 13:21:10.098390 11685 raft_consensus.cc:697] T 4d0ce4e944b142959e842df82d87da33 P 7701840095394c98888c7e1562b57537 [term 3 LEADER]: Becoming Leader. State: Replica: 7701840095394c98888c7e1562b57537, State: Running, Role: LEADER
I20260710 13:21:10.099133 11685 consensus_queue.cc:237] T 4d0ce4e944b142959e842df82d87da33 P 7701840095394c98888c7e1562b57537 [LEADER]: Queue going to LEADER mode. State: All replicated index: 0, Majority replicated index: 2, Committed index: 2, Last appended: 2.2, Last appended by leader: 2, Current term: 3, Majority size: 2, State: 0, Mode: LEADER, active raft config: opid_index: -1 OBSOLETE_local: false peers { permanent_uuid: "7701840095394c98888c7e1562b57537" member_type: VOTER last_known_addr { host: "127.10.241.129" port: 37379 } } peers { permanent_uuid: "e8bf7af2fb7e4740a1eea384ae76862c" member_type: VOTER last_known_addr { host: "127.10.241.131" port: 46285 } } peers { permanent_uuid: "6655851007e9429eab45e4dfa3041a2f" member_type: VOTER last_known_addr { host: "127.10.241.130" port: 41109 } }
I20260710 13:21:10.105970 11237 catalog_manager.cc:5697] T 4d0ce4e944b142959e842df82d87da33 P 7701840095394c98888c7e1562b57537 reported cstate change: term changed from 2 to 3, leader changed from 6655851007e9429eab45e4dfa3041a2f (127.10.241.130) to 7701840095394c98888c7e1562b57537 (127.10.241.129). New cstate: current_term: 3 leader_uuid: "7701840095394c98888c7e1562b57537" committed_config { opid_index: -1 OBSOLETE_local: false peers { permanent_uuid: "7701840095394c98888c7e1562b57537" member_type: VOTER last_known_addr { host: "127.10.241.129" port: 37379 } health_report { overall_health: HEALTHY } } peers { permanent_uuid: "e8bf7af2fb7e4740a1eea384ae76862c" member_type: VOTER last_known_addr { host: "127.10.241.131" port: 46285 } health_report { overall_health: UNKNOWN } } peers { permanent_uuid: "6655851007e9429eab45e4dfa3041a2f" member_type: VOTER last_known_addr { host: "127.10.241.130" port: 41109 } health_report { overall_health: UNKNOWN } } }
I20260710 13:21:10.162781 11680 raft_consensus.cc:993] T b9ea51019f534f7eb3d01b4ac67e8f99 P 6655851007e9429eab45e4dfa3041a2f: : Instructing follower 7701840095394c98888c7e1562b57537 to start an election
I20260710 13:21:10.163190 11654 raft_consensus.cc:1081] T b9ea51019f534f7eb3d01b4ac67e8f99 P 6655851007e9429eab45e4dfa3041a2f [term 2 LEADER]: Signalling peer 7701840095394c98888c7e1562b57537 to start an election
I20260710 13:21:10.164325 11340 tablet_service.cc:2044] Received Run Leader Election RPC: tablet_id: "b9ea51019f534f7eb3d01b4ac67e8f99"
dest_uuid: "7701840095394c98888c7e1562b57537"
 from {username='slave'} at 127.0.0.1:55160
I20260710 13:21:10.164764 11340 raft_consensus.cc:493] T b9ea51019f534f7eb3d01b4ac67e8f99 P 7701840095394c98888c7e1562b57537 [term 2 FOLLOWER]: Starting forced leader election (received explicit request)
I20260710 13:21:10.165006 11340 raft_consensus.cc:3060] T b9ea51019f534f7eb3d01b4ac67e8f99 P 7701840095394c98888c7e1562b57537 [term 2 FOLLOWER]: Advancing to term 3
I20260710 13:21:10.169160 11340 raft_consensus.cc:515] T b9ea51019f534f7eb3d01b4ac67e8f99 P 7701840095394c98888c7e1562b57537 [term 3 FOLLOWER]: Starting forced leader election with config: opid_index: -1 OBSOLETE_local: false peers { permanent_uuid: "7701840095394c98888c7e1562b57537" member_type: VOTER last_known_addr { host: "127.10.241.129" port: 37379 } } peers { permanent_uuid: "6655851007e9429eab45e4dfa3041a2f" member_type: VOTER last_known_addr { host: "127.10.241.130" port: 41109 } } peers { permanent_uuid: "e8bf7af2fb7e4740a1eea384ae76862c" member_type: VOTER last_known_addr { host: "127.10.241.131" port: 46285 } }
I20260710 13:21:10.170553 11340 leader_election.cc:290] T b9ea51019f534f7eb3d01b4ac67e8f99 P 7701840095394c98888c7e1562b57537 [CANDIDATE]: Term 3 election: Requested vote from peers 6655851007e9429eab45e4dfa3041a2f (127.10.241.130:41109), e8bf7af2fb7e4740a1eea384ae76862c (127.10.241.131:46285)
I20260710 13:21:10.171329 11415 tablet_service.cc:1917] Received RequestConsensusVote() RPC: tablet_id: "b9ea51019f534f7eb3d01b4ac67e8f99" candidate_uuid: "7701840095394c98888c7e1562b57537" candidate_term: 3 candidate_status { last_received { term: 2 index: 2 } } ignore_live_leader: true dest_uuid: "6655851007e9429eab45e4dfa3041a2f"
I20260710 13:21:10.171446 11489 tablet_service.cc:1917] Received RequestConsensusVote() RPC: tablet_id: "b9ea51019f534f7eb3d01b4ac67e8f99" candidate_uuid: "7701840095394c98888c7e1562b57537" candidate_term: 3 candidate_status { last_received { term: 2 index: 2 } } ignore_live_leader: true dest_uuid: "e8bf7af2fb7e4740a1eea384ae76862c"
I20260710 13:21:10.171861 11415 raft_consensus.cc:3055] T b9ea51019f534f7eb3d01b4ac67e8f99 P 6655851007e9429eab45e4dfa3041a2f [term 2 LEADER]: Stepping down as leader of term 2
I20260710 13:21:10.171908 11489 raft_consensus.cc:3060] T b9ea51019f534f7eb3d01b4ac67e8f99 P e8bf7af2fb7e4740a1eea384ae76862c [term 2 FOLLOWER]: Advancing to term 3
I20260710 13:21:10.172214 11415 raft_consensus.cc:740] T b9ea51019f534f7eb3d01b4ac67e8f99 P 6655851007e9429eab45e4dfa3041a2f [term 2 LEADER]: Becoming Follower/Learner. State: Replica: 6655851007e9429eab45e4dfa3041a2f, State: Running, Role: LEADER
I20260710 13:21:10.172886 11415 consensus_queue.cc:260] T b9ea51019f534f7eb3d01b4ac67e8f99 P 6655851007e9429eab45e4dfa3041a2f [NON_LEADER]: Queue going to NON_LEADER mode. State: All replicated index: 0, Majority replicated index: 2, Committed index: 2, Last appended: 2.2, Last appended by leader: 2, Current term: 2, Majority size: -1, State: 0, Mode: NON_LEADER, active raft config: opid_index: -1 OBSOLETE_local: false peers { permanent_uuid: "7701840095394c98888c7e1562b57537" member_type: VOTER last_known_addr { host: "127.10.241.129" port: 37379 } } peers { permanent_uuid: "6655851007e9429eab45e4dfa3041a2f" member_type: VOTER last_known_addr { host: "127.10.241.130" port: 41109 } } peers { permanent_uuid: "e8bf7af2fb7e4740a1eea384ae76862c" member_type: VOTER last_known_addr { host: "127.10.241.131" port: 46285 } }
I20260710 13:21:10.173707 11415 raft_consensus.cc:3060] T b9ea51019f534f7eb3d01b4ac67e8f99 P 6655851007e9429eab45e4dfa3041a2f [term 2 FOLLOWER]: Advancing to term 3
I20260710 13:21:10.176491 11489 raft_consensus.cc:2468] T b9ea51019f534f7eb3d01b4ac67e8f99 P e8bf7af2fb7e4740a1eea384ae76862c [term 3 FOLLOWER]: Leader election vote request: Granting yes vote for candidate 7701840095394c98888c7e1562b57537 in term 3.
I20260710 13:21:10.177328 11304 leader_election.cc:304] T b9ea51019f534f7eb3d01b4ac67e8f99 P 7701840095394c98888c7e1562b57537 [CANDIDATE]: Term 3 election: Election decided. Result: candidate won. Election summary: received 2 responses out of 3 voters: 2 yes votes; 0 no votes. yes voters: 7701840095394c98888c7e1562b57537, e8bf7af2fb7e4740a1eea384ae76862c; no voters: 
I20260710 13:21:10.178020 11685 raft_consensus.cc:2804] T b9ea51019f534f7eb3d01b4ac67e8f99 P 7701840095394c98888c7e1562b57537 [term 3 FOLLOWER]: Leader election won for term 3
I20260710 13:21:10.178433 11685 raft_consensus.cc:697] T b9ea51019f534f7eb3d01b4ac67e8f99 P 7701840095394c98888c7e1562b57537 [term 3 LEADER]: Becoming Leader. State: Replica: 7701840095394c98888c7e1562b57537, State: Running, Role: LEADER
I20260710 13:21:10.178949 11415 raft_consensus.cc:2468] T b9ea51019f534f7eb3d01b4ac67e8f99 P 6655851007e9429eab45e4dfa3041a2f [term 3 FOLLOWER]: Leader election vote request: Granting yes vote for candidate 7701840095394c98888c7e1562b57537 in term 3.
I20260710 13:21:10.179145 11685 consensus_queue.cc:237] T b9ea51019f534f7eb3d01b4ac67e8f99 P 7701840095394c98888c7e1562b57537 [LEADER]: Queue going to LEADER mode. State: All replicated index: 0, Majority replicated index: 2, Committed index: 2, Last appended: 2.2, Last appended by leader: 2, Current term: 3, Majority size: 2, State: 0, Mode: LEADER, active raft config: opid_index: -1 OBSOLETE_local: false peers { permanent_uuid: "7701840095394c98888c7e1562b57537" member_type: VOTER last_known_addr { host: "127.10.241.129" port: 37379 } } peers { permanent_uuid: "6655851007e9429eab45e4dfa3041a2f" member_type: VOTER last_known_addr { host: "127.10.241.130" port: 41109 } } peers { permanent_uuid: "e8bf7af2fb7e4740a1eea384ae76862c" member_type: VOTER last_known_addr { host: "127.10.241.131" port: 46285 } }
I20260710 13:21:10.185525 11237 catalog_manager.cc:5697] T b9ea51019f534f7eb3d01b4ac67e8f99 P 7701840095394c98888c7e1562b57537 reported cstate change: term changed from 2 to 3, leader changed from 6655851007e9429eab45e4dfa3041a2f (127.10.241.130) to 7701840095394c98888c7e1562b57537 (127.10.241.129). New cstate: current_term: 3 leader_uuid: "7701840095394c98888c7e1562b57537" committed_config { opid_index: -1 OBSOLETE_local: false peers { permanent_uuid: "7701840095394c98888c7e1562b57537" member_type: VOTER last_known_addr { host: "127.10.241.129" port: 37379 } health_report { overall_health: HEALTHY } } peers { permanent_uuid: "6655851007e9429eab45e4dfa3041a2f" member_type: VOTER last_known_addr { host: "127.10.241.130" port: 41109 } health_report { overall_health: UNKNOWN } } peers { permanent_uuid: "e8bf7af2fb7e4740a1eea384ae76862c" member_type: VOTER last_known_addr { host: "127.10.241.131" port: 46285 } health_report { overall_health: UNKNOWN } } }
I20260710 13:21:10.313898 11340 raft_consensus.cc:1275] T f48dd07837ba4e098ef2d6447df3b833 P 7701840095394c98888c7e1562b57537 [term 3 FOLLOWER]: Refusing update from remote peer e8bf7af2fb7e4740a1eea384ae76862c: Log matching property violated. Preceding OpId in replica: term: 2 index: 2. Preceding OpId from leader: term: 3 index: 3. (index mismatch)
I20260710 13:21:10.315279 11635 consensus_queue.cc:1048] T f48dd07837ba4e098ef2d6447df3b833 P e8bf7af2fb7e4740a1eea384ae76862c [LEADER]: Connected to new peer: Peer: permanent_uuid: "7701840095394c98888c7e1562b57537" member_type: VOTER last_known_addr { host: "127.10.241.129" port: 37379 }, Status: LMP_MISMATCH, Last received: 0.0, Next index: 3, Last known committed idx: 2, Time since last communication: 0.000s
I20260710 13:21:10.316602 11489 raft_consensus.cc:1275] T 3e5e2c0b67bd4966aff4c0e27250c2d1 P e8bf7af2fb7e4740a1eea384ae76862c [term 4 FOLLOWER]: Refusing update from remote peer 7701840095394c98888c7e1562b57537: Log matching property violated. Preceding OpId in replica: term: 3 index: 3. Preceding OpId from leader: term: 4 index: 4. (index mismatch)
I20260710 13:21:10.318221 11686 consensus_queue.cc:1048] T 3e5e2c0b67bd4966aff4c0e27250c2d1 P 7701840095394c98888c7e1562b57537 [LEADER]: Connected to new peer: Peer: permanent_uuid: "e8bf7af2fb7e4740a1eea384ae76862c" member_type: VOTER last_known_addr { host: "127.10.241.131" port: 46285 }, Status: LMP_MISMATCH, Last received: 0.0, Next index: 4, Last known committed idx: 3, Time since last communication: 0.001s
I20260710 13:21:10.329064 11415 raft_consensus.cc:1275] T f48dd07837ba4e098ef2d6447df3b833 P 6655851007e9429eab45e4dfa3041a2f [term 3 FOLLOWER]: Refusing update from remote peer e8bf7af2fb7e4740a1eea384ae76862c: Log matching property violated. Preceding OpId in replica: term: 2 index: 2. Preceding OpId from leader: term: 3 index: 3. (index mismatch)
I20260710 13:21:10.330579 11416 raft_consensus.cc:1275] T 3e5e2c0b67bd4966aff4c0e27250c2d1 P 6655851007e9429eab45e4dfa3041a2f [term 4 FOLLOWER]: Refusing update from remote peer 7701840095394c98888c7e1562b57537: Log matching property violated. Preceding OpId in replica: term: 3 index: 3. Preceding OpId from leader: term: 4 index: 4. (index mismatch)
I20260710 13:21:10.331856 11341 raft_consensus.cc:1275] T 0b8cfdd87c0e4b0d90ce95318094ff45 P 7701840095394c98888c7e1562b57537 [term 5 FOLLOWER]: Refusing update from remote peer e8bf7af2fb7e4740a1eea384ae76862c: Log matching property violated. Preceding OpId in replica: term: 4 index: 4. Preceding OpId from leader: term: 5 index: 5. (index mismatch)
I20260710 13:21:10.333163 11681 consensus_queue.cc:1048] T 0b8cfdd87c0e4b0d90ce95318094ff45 P e8bf7af2fb7e4740a1eea384ae76862c [LEADER]: Connected to new peer: Peer: permanent_uuid: "7701840095394c98888c7e1562b57537" member_type: VOTER last_known_addr { host: "127.10.241.129" port: 37379 }, Status: LMP_MISMATCH, Last received: 0.0, Next index: 5, Last known committed idx: 4, Time since last communication: 0.001s
I20260710 13:21:10.333235 11635 consensus_queue.cc:1048] T f48dd07837ba4e098ef2d6447df3b833 P e8bf7af2fb7e4740a1eea384ae76862c [LEADER]: Connected to new peer: Peer: permanent_uuid: "6655851007e9429eab45e4dfa3041a2f" member_type: VOTER last_known_addr { host: "127.10.241.130" port: 41109 }, Status: LMP_MISMATCH, Last received: 0.0, Next index: 3, Last known committed idx: 2, Time since last communication: 0.000s
I20260710 13:21:10.334160 11686 consensus_queue.cc:1048] T 3e5e2c0b67bd4966aff4c0e27250c2d1 P 7701840095394c98888c7e1562b57537 [LEADER]: Connected to new peer: Peer: permanent_uuid: "6655851007e9429eab45e4dfa3041a2f" member_type: VOTER last_known_addr { host: "127.10.241.130" port: 41109 }, Status: LMP_MISMATCH, Last received: 0.0, Next index: 4, Last known committed idx: 3, Time since last communication: 0.000s
I20260710 13:21:10.354945 11413 raft_consensus.cc:1275] T 0b8cfdd87c0e4b0d90ce95318094ff45 P 6655851007e9429eab45e4dfa3041a2f [term 5 FOLLOWER]: Refusing update from remote peer e8bf7af2fb7e4740a1eea384ae76862c: Log matching property violated. Preceding OpId in replica: term: 4 index: 4. Preceding OpId from leader: term: 5 index: 5. (index mismatch)
I20260710 13:21:10.356535 11635 consensus_queue.cc:1048] T 0b8cfdd87c0e4b0d90ce95318094ff45 P e8bf7af2fb7e4740a1eea384ae76862c [LEADER]: Connected to new peer: Peer: permanent_uuid: "6655851007e9429eab45e4dfa3041a2f" member_type: VOTER last_known_addr { host: "127.10.241.130" port: 41109 }, Status: LMP_MISMATCH, Last received: 0.0, Next index: 5, Last known committed idx: 4, Time since last communication: 0.001s
I20260710 13:21:10.526211 11415 raft_consensus.cc:1275] T 4d0ce4e944b142959e842df82d87da33 P 6655851007e9429eab45e4dfa3041a2f [term 3 FOLLOWER]: Refusing update from remote peer 7701840095394c98888c7e1562b57537: Log matching property violated. Preceding OpId in replica: term: 2 index: 2. Preceding OpId from leader: term: 3 index: 3. (index mismatch)
I20260710 13:21:10.527467 11686 consensus_queue.cc:1048] T 4d0ce4e944b142959e842df82d87da33 P 7701840095394c98888c7e1562b57537 [LEADER]: Connected to new peer: Peer: permanent_uuid: "6655851007e9429eab45e4dfa3041a2f" member_type: VOTER last_known_addr { host: "127.10.241.130" port: 41109 }, Status: LMP_MISMATCH, Last received: 0.0, Next index: 3, Last known committed idx: 2, Time since last communication: 0.000s
I20260710 13:21:10.535944 11489 raft_consensus.cc:1275] T 4d0ce4e944b142959e842df82d87da33 P e8bf7af2fb7e4740a1eea384ae76862c [term 3 FOLLOWER]: Refusing update from remote peer 7701840095394c98888c7e1562b57537: Log matching property violated. Preceding OpId in replica: term: 2 index: 2. Preceding OpId from leader: term: 3 index: 3. (index mismatch)
I20260710 13:21:10.538061 11685 consensus_queue.cc:1048] T 4d0ce4e944b142959e842df82d87da33 P 7701840095394c98888c7e1562b57537 [LEADER]: Connected to new peer: Peer: permanent_uuid: "e8bf7af2fb7e4740a1eea384ae76862c" member_type: VOTER last_known_addr { host: "127.10.241.131" port: 46285 }, Status: LMP_MISMATCH, Last received: 0.0, Next index: 3, Last known committed idx: 2, Time since last communication: 0.000s
I20260710 13:21:10.594354 11415 raft_consensus.cc:1275] T b9ea51019f534f7eb3d01b4ac67e8f99 P 6655851007e9429eab45e4dfa3041a2f [term 3 FOLLOWER]: Refusing update from remote peer 7701840095394c98888c7e1562b57537: Log matching property violated. Preceding OpId in replica: term: 2 index: 2. Preceding OpId from leader: term: 3 index: 3. (index mismatch)
I20260710 13:21:10.595639 11686 consensus_queue.cc:1048] T b9ea51019f534f7eb3d01b4ac67e8f99 P 7701840095394c98888c7e1562b57537 [LEADER]: Connected to new peer: Peer: permanent_uuid: "6655851007e9429eab45e4dfa3041a2f" member_type: VOTER last_known_addr { host: "127.10.241.130" port: 41109 }, Status: LMP_MISMATCH, Last received: 0.0, Next index: 3, Last known committed idx: 2, Time since last communication: 0.000s
I20260710 13:21:10.604200 11489 raft_consensus.cc:1275] T b9ea51019f534f7eb3d01b4ac67e8f99 P e8bf7af2fb7e4740a1eea384ae76862c [term 3 FOLLOWER]: Refusing update from remote peer 7701840095394c98888c7e1562b57537: Log matching property violated. Preceding OpId in replica: term: 2 index: 2. Preceding OpId from leader: term: 3 index: 3. (index mismatch)
I20260710 13:21:10.606261 11707 consensus_queue.cc:1048] T b9ea51019f534f7eb3d01b4ac67e8f99 P 7701840095394c98888c7e1562b57537 [LEADER]: Connected to new peer: Peer: permanent_uuid: "e8bf7af2fb7e4740a1eea384ae76862c" member_type: VOTER last_known_addr { host: "127.10.241.131" port: 46285 }, Status: LMP_MISMATCH, Last received: 0.0, Next index: 3, Last known committed idx: 2, Time since last communication: 0.001s
I20260710 13:21:10.688350 11206 auto_leader_rebalancer.cc:141] leader rebalance for table test-workload
I20260710 13:21:10.694584 11206 tablet_server.cc:179] TabletServer@127.10.241.129:0 shutting down...
I20260710 13:21:10.716691 11206 ts_tablet_manager.cc:1507] Shutting down tablet manager...
I20260710 13:21:10.717379 11206 tablet_replica.cc:333] T 0b8cfdd87c0e4b0d90ce95318094ff45 P 7701840095394c98888c7e1562b57537: stopping tablet replica
I20260710 13:21:10.718087 11206 raft_consensus.cc:2243] T 0b8cfdd87c0e4b0d90ce95318094ff45 P 7701840095394c98888c7e1562b57537 [term 5 FOLLOWER]: Raft consensus shutting down.
I20260710 13:21:10.718581 11206 raft_consensus.cc:2272] T 0b8cfdd87c0e4b0d90ce95318094ff45 P 7701840095394c98888c7e1562b57537 [term 5 FOLLOWER]: Raft consensus is shut down!
I20260710 13:21:10.721007 11206 tablet_replica.cc:333] T 3e5e2c0b67bd4966aff4c0e27250c2d1 P 7701840095394c98888c7e1562b57537: stopping tablet replica
I20260710 13:21:10.721481 11206 raft_consensus.cc:2243] T 3e5e2c0b67bd4966aff4c0e27250c2d1 P 7701840095394c98888c7e1562b57537 [term 4 LEADER]: Raft consensus shutting down.
I20260710 13:21:10.722476 11206 raft_consensus.cc:2272] T 3e5e2c0b67bd4966aff4c0e27250c2d1 P 7701840095394c98888c7e1562b57537 [term 4 FOLLOWER]: Raft consensus is shut down!
I20260710 13:21:10.724964 11206 tablet_replica.cc:333] T b9ea51019f534f7eb3d01b4ac67e8f99 P 7701840095394c98888c7e1562b57537: stopping tablet replica
I20260710 13:21:10.725639 11206 raft_consensus.cc:2243] T b9ea51019f534f7eb3d01b4ac67e8f99 P 7701840095394c98888c7e1562b57537 [term 3 LEADER]: Raft consensus shutting down.
I20260710 13:21:10.726373 11206 raft_consensus.cc:2272] T b9ea51019f534f7eb3d01b4ac67e8f99 P 7701840095394c98888c7e1562b57537 [term 3 FOLLOWER]: Raft consensus is shut down!
I20260710 13:21:10.728498 11206 tablet_replica.cc:333] T 81ed8bd2b9844d0a807be91c20f3b6f9 P 7701840095394c98888c7e1562b57537: stopping tablet replica
I20260710 13:21:10.728967 11206 raft_consensus.cc:2243] T 81ed8bd2b9844d0a807be91c20f3b6f9 P 7701840095394c98888c7e1562b57537 [term 4 FOLLOWER]: Raft consensus shutting down.
I20260710 13:21:10.729301 11206 raft_consensus.cc:2272] T 81ed8bd2b9844d0a807be91c20f3b6f9 P 7701840095394c98888c7e1562b57537 [term 4 FOLLOWER]: Raft consensus is shut down!
I20260710 13:21:10.730927 11206 tablet_replica.cc:333] T 0b2d3a0e6075464cb9c2fc4e5c7f5418 P 7701840095394c98888c7e1562b57537: stopping tablet replica
I20260710 13:21:10.731349 11206 raft_consensus.cc:2243] T 0b2d3a0e6075464cb9c2fc4e5c7f5418 P 7701840095394c98888c7e1562b57537 [term 3 FOLLOWER]: Raft consensus shutting down.
I20260710 13:21:10.731669 11206 raft_consensus.cc:2272] T 0b2d3a0e6075464cb9c2fc4e5c7f5418 P 7701840095394c98888c7e1562b57537 [term 3 FOLLOWER]: Raft consensus is shut down!
I20260710 13:21:10.733000 11206 tablet_replica.cc:333] T f48dd07837ba4e098ef2d6447df3b833 P 7701840095394c98888c7e1562b57537: stopping tablet replica
I20260710 13:21:10.733381 11206 raft_consensus.cc:2243] T f48dd07837ba4e098ef2d6447df3b833 P 7701840095394c98888c7e1562b57537 [term 3 FOLLOWER]: Raft consensus shutting down.
I20260710 13:21:10.733701 11206 raft_consensus.cc:2272] T f48dd07837ba4e098ef2d6447df3b833 P 7701840095394c98888c7e1562b57537 [term 3 FOLLOWER]: Raft consensus is shut down!
I20260710 13:21:10.735535 11206 tablet_replica.cc:333] T d8bceb70ce484ce195706843d6939d2b P 7701840095394c98888c7e1562b57537: stopping tablet replica
I20260710 13:21:10.735940 11206 raft_consensus.cc:2243] T d8bceb70ce484ce195706843d6939d2b P 7701840095394c98888c7e1562b57537 [term 2 FOLLOWER]: Raft consensus shutting down.
I20260710 13:21:10.736275 11206 raft_consensus.cc:2272] T d8bceb70ce484ce195706843d6939d2b P 7701840095394c98888c7e1562b57537 [term 2 FOLLOWER]: Raft consensus is shut down!
I20260710 13:21:10.737619 11206 tablet_replica.cc:333] T 810c78e68e1b44699fadc15fcf432958 P 7701840095394c98888c7e1562b57537: stopping tablet replica
I20260710 13:21:10.738008 11206 raft_consensus.cc:2243] T 810c78e68e1b44699fadc15fcf432958 P 7701840095394c98888c7e1562b57537 [term 2 FOLLOWER]: Raft consensus shutting down.
I20260710 13:21:10.738363 11206 raft_consensus.cc:2272] T 810c78e68e1b44699fadc15fcf432958 P 7701840095394c98888c7e1562b57537 [term 2 FOLLOWER]: Raft consensus is shut down!
I20260710 13:21:10.739681 11206 tablet_replica.cc:333] T 4d0ce4e944b142959e842df82d87da33 P 7701840095394c98888c7e1562b57537: stopping tablet replica
I20260710 13:21:10.740046 11206 raft_consensus.cc:2243] T 4d0ce4e944b142959e842df82d87da33 P 7701840095394c98888c7e1562b57537 [term 3 LEADER]: Raft consensus shutting down.
I20260710 13:21:10.740628 11206 raft_consensus.cc:2272] T 4d0ce4e944b142959e842df82d87da33 P 7701840095394c98888c7e1562b57537 [term 3 FOLLOWER]: Raft consensus is shut down!
W20260710 13:21:10.905483 11453 proxy.cc:239] Call had error, refreshing address and retrying: Network error: Client connection negotiation failed: client connection to 127.10.241.129:37379: connect: Connection refused (error 111)
W20260710 13:21:10.910581 11379 consensus_peers.cc:597] T 0b2d3a0e6075464cb9c2fc4e5c7f5418 P 6655851007e9429eab45e4dfa3041a2f -> Peer 7701840095394c98888c7e1562b57537 (127.10.241.129:37379): Couldn't send request to peer 7701840095394c98888c7e1562b57537. Status: Network error: Client connection negotiation failed: client connection to 127.10.241.129:37379: connect: Connection refused (error 111). This is attempt 1: this message will repeat every 5th retry.
I20260710 13:21:10.911047 11206 tablet_server.cc:196] TabletServer@127.10.241.129:0 shutdown complete.
W20260710 13:21:10.911010 11453 consensus_peers.cc:597] T f48dd07837ba4e098ef2d6447df3b833 P e8bf7af2fb7e4740a1eea384ae76862c -> Peer 7701840095394c98888c7e1562b57537 (127.10.241.129:37379): Couldn't send request to peer 7701840095394c98888c7e1562b57537. Status: Network error: Client connection negotiation failed: client connection to 127.10.241.129:37379: connect: Connection refused (error 111). This is attempt 1: this message will repeat every 5th retry.
W20260710 13:21:10.911568 11453 consensus_peers.cc:597] T 0b8cfdd87c0e4b0d90ce95318094ff45 P e8bf7af2fb7e4740a1eea384ae76862c -> Peer 7701840095394c98888c7e1562b57537 (127.10.241.129:37379): Couldn't send request to peer 7701840095394c98888c7e1562b57537. Status: Network error: Client connection negotiation failed: client connection to 127.10.241.129:37379: connect: Connection refused (error 111). This is attempt 1: this message will repeat every 5th retry.
I20260710 13:21:10.928673 11206 tablet_server.cc:179] TabletServer@127.10.241.130:0 shutting down...
W20260710 13:21:10.937727 11453 consensus_peers.cc:597] T 810c78e68e1b44699fadc15fcf432958 P e8bf7af2fb7e4740a1eea384ae76862c -> Peer 7701840095394c98888c7e1562b57537 (127.10.241.129:37379): Couldn't send request to peer 7701840095394c98888c7e1562b57537. Status: Network error: Client connection negotiation failed: client connection to 127.10.241.129:37379: connect: Connection refused (error 111). This is attempt 1: this message will repeat every 5th retry.
I20260710 13:21:10.953473 11206 ts_tablet_manager.cc:1507] Shutting down tablet manager...
I20260710 13:21:10.954084 11206 tablet_replica.cc:333] T 810c78e68e1b44699fadc15fcf432958 P 6655851007e9429eab45e4dfa3041a2f: stopping tablet replica
I20260710 13:21:10.954696 11206 raft_consensus.cc:2243] T 810c78e68e1b44699fadc15fcf432958 P 6655851007e9429eab45e4dfa3041a2f [term 2 FOLLOWER]: Raft consensus shutting down.
I20260710 13:21:10.955108 11206 raft_consensus.cc:2272] T 810c78e68e1b44699fadc15fcf432958 P 6655851007e9429eab45e4dfa3041a2f [term 2 FOLLOWER]: Raft consensus is shut down!
I20260710 13:21:10.956769 11206 tablet_replica.cc:333] T 4d0ce4e944b142959e842df82d87da33 P 6655851007e9429eab45e4dfa3041a2f: stopping tablet replica
I20260710 13:21:10.957211 11206 raft_consensus.cc:2243] T 4d0ce4e944b142959e842df82d87da33 P 6655851007e9429eab45e4dfa3041a2f [term 3 FOLLOWER]: Raft consensus shutting down.
I20260710 13:21:10.957568 11206 raft_consensus.cc:2272] T 4d0ce4e944b142959e842df82d87da33 P 6655851007e9429eab45e4dfa3041a2f [term 3 FOLLOWER]: Raft consensus is shut down!
I20260710 13:21:10.960183 11206 tablet_replica.cc:333] T b9ea51019f534f7eb3d01b4ac67e8f99 P 6655851007e9429eab45e4dfa3041a2f: stopping tablet replica
I20260710 13:21:10.961808 11206 raft_consensus.cc:2243] T b9ea51019f534f7eb3d01b4ac67e8f99 P 6655851007e9429eab45e4dfa3041a2f [term 3 FOLLOWER]: Raft consensus shutting down.
I20260710 13:21:10.962612 11206 raft_consensus.cc:2272] T b9ea51019f534f7eb3d01b4ac67e8f99 P 6655851007e9429eab45e4dfa3041a2f [term 3 FOLLOWER]: Raft consensus is shut down!
W20260710 13:21:10.969660 11455 consensus_peers.cc:597] T 0b8cfdd87c0e4b0d90ce95318094ff45 P e8bf7af2fb7e4740a1eea384ae76862c -> Peer 6655851007e9429eab45e4dfa3041a2f (127.10.241.130:41109): Couldn't send request to peer 6655851007e9429eab45e4dfa3041a2f. Status: Remote error: Service unavailable: service kudu.consensus.ConsensusService not registered on TabletServer. This is attempt 1: this message will repeat every 5th retry.
I20260710 13:21:10.971596 11206 tablet_replica.cc:333] T 3e5e2c0b67bd4966aff4c0e27250c2d1 P 6655851007e9429eab45e4dfa3041a2f: stopping tablet replica
I20260710 13:21:10.972208 11206 raft_consensus.cc:2243] T 3e5e2c0b67bd4966aff4c0e27250c2d1 P 6655851007e9429eab45e4dfa3041a2f [term 4 FOLLOWER]: Raft consensus shutting down.
W20260710 13:21:10.972270 11455 consensus_peers.cc:597] T f48dd07837ba4e098ef2d6447df3b833 P e8bf7af2fb7e4740a1eea384ae76862c -> Peer 6655851007e9429eab45e4dfa3041a2f (127.10.241.130:41109): Couldn't send request to peer 6655851007e9429eab45e4dfa3041a2f. Status: Remote error: Service unavailable: service kudu.consensus.ConsensusService not registered on TabletServer. This is attempt 1: this message will repeat every 5th retry.
I20260710 13:21:10.972853 11206 raft_consensus.cc:2272] T 3e5e2c0b67bd4966aff4c0e27250c2d1 P 6655851007e9429eab45e4dfa3041a2f [term 4 FOLLOWER]: Raft consensus is shut down!
I20260710 13:21:10.975549 11206 tablet_replica.cc:333] T d8bceb70ce484ce195706843d6939d2b P 6655851007e9429eab45e4dfa3041a2f: stopping tablet replica
I20260710 13:21:10.976284 11206 raft_consensus.cc:2243] T d8bceb70ce484ce195706843d6939d2b P 6655851007e9429eab45e4dfa3041a2f [term 2 LEADER]: Raft consensus shutting down.
I20260710 13:21:10.977059 11206 raft_consensus.cc:2272] T d8bceb70ce484ce195706843d6939d2b P 6655851007e9429eab45e4dfa3041a2f [term 2 FOLLOWER]: Raft consensus is shut down!
I20260710 13:21:10.978674 11206 tablet_replica.cc:333] T 0b2d3a0e6075464cb9c2fc4e5c7f5418 P 6655851007e9429eab45e4dfa3041a2f: stopping tablet replica
I20260710 13:21:10.979113 11206 raft_consensus.cc:2243] T 0b2d3a0e6075464cb9c2fc4e5c7f5418 P 6655851007e9429eab45e4dfa3041a2f [term 3 LEADER]: Raft consensus shutting down.
I20260710 13:21:10.979786 11206 raft_consensus.cc:2272] T 0b2d3a0e6075464cb9c2fc4e5c7f5418 P 6655851007e9429eab45e4dfa3041a2f [term 3 FOLLOWER]: Raft consensus is shut down!
I20260710 13:21:10.981308 11206 tablet_replica.cc:333] T f48dd07837ba4e098ef2d6447df3b833 P 6655851007e9429eab45e4dfa3041a2f: stopping tablet replica
I20260710 13:21:10.981734 11206 raft_consensus.cc:2243] T f48dd07837ba4e098ef2d6447df3b833 P 6655851007e9429eab45e4dfa3041a2f [term 3 FOLLOWER]: Raft consensus shutting down.
I20260710 13:21:10.982081 11206 raft_consensus.cc:2272] T f48dd07837ba4e098ef2d6447df3b833 P 6655851007e9429eab45e4dfa3041a2f [term 3 FOLLOWER]: Raft consensus is shut down!
I20260710 13:21:10.984033 11206 tablet_replica.cc:333] T 0b8cfdd87c0e4b0d90ce95318094ff45 P 6655851007e9429eab45e4dfa3041a2f: stopping tablet replica
I20260710 13:21:10.984448 11206 raft_consensus.cc:2243] T 0b8cfdd87c0e4b0d90ce95318094ff45 P 6655851007e9429eab45e4dfa3041a2f [term 5 FOLLOWER]: Raft consensus shutting down.
I20260710 13:21:10.984786 11206 raft_consensus.cc:2272] T 0b8cfdd87c0e4b0d90ce95318094ff45 P 6655851007e9429eab45e4dfa3041a2f [term 5 FOLLOWER]: Raft consensus is shut down!
I20260710 13:21:10.986608 11206 tablet_replica.cc:333] T 81ed8bd2b9844d0a807be91c20f3b6f9 P 6655851007e9429eab45e4dfa3041a2f: stopping tablet replica
I20260710 13:21:10.987051 11206 raft_consensus.cc:2243] T 81ed8bd2b9844d0a807be91c20f3b6f9 P 6655851007e9429eab45e4dfa3041a2f [term 4 LEADER]: Raft consensus shutting down.
I20260710 13:21:10.987687 11206 raft_consensus.cc:2272] T 81ed8bd2b9844d0a807be91c20f3b6f9 P 6655851007e9429eab45e4dfa3041a2f [term 4 FOLLOWER]: Raft consensus is shut down!
I20260710 13:21:11.014889 11206 tablet_server.cc:196] TabletServer@127.10.241.130:0 shutdown complete.
I20260710 13:21:11.030148 11206 tablet_server.cc:179] TabletServer@127.10.241.131:0 shutting down...
I20260710 13:21:11.052119 11206 ts_tablet_manager.cc:1507] Shutting down tablet manager...
I20260710 13:21:11.052817 11206 tablet_replica.cc:333] T 81ed8bd2b9844d0a807be91c20f3b6f9 P e8bf7af2fb7e4740a1eea384ae76862c: stopping tablet replica
I20260710 13:21:11.053683 11206 raft_consensus.cc:2243] T 81ed8bd2b9844d0a807be91c20f3b6f9 P e8bf7af2fb7e4740a1eea384ae76862c [term 4 FOLLOWER]: Raft consensus shutting down.
I20260710 13:21:11.054365 11206 raft_consensus.cc:2272] T 81ed8bd2b9844d0a807be91c20f3b6f9 P e8bf7af2fb7e4740a1eea384ae76862c [term 4 FOLLOWER]: Raft consensus is shut down!
I20260710 13:21:11.056068 11206 tablet_replica.cc:333] T b9ea51019f534f7eb3d01b4ac67e8f99 P e8bf7af2fb7e4740a1eea384ae76862c: stopping tablet replica
I20260710 13:21:11.056488 11206 raft_consensus.cc:2243] T b9ea51019f534f7eb3d01b4ac67e8f99 P e8bf7af2fb7e4740a1eea384ae76862c [term 3 FOLLOWER]: Raft consensus shutting down.
I20260710 13:21:11.056821 11206 raft_consensus.cc:2272] T b9ea51019f534f7eb3d01b4ac67e8f99 P e8bf7af2fb7e4740a1eea384ae76862c [term 3 FOLLOWER]: Raft consensus is shut down!
I20260710 13:21:11.059367 11206 tablet_replica.cc:333] T 0b2d3a0e6075464cb9c2fc4e5c7f5418 P e8bf7af2fb7e4740a1eea384ae76862c: stopping tablet replica
I20260710 13:21:11.059798 11206 raft_consensus.cc:2243] T 0b2d3a0e6075464cb9c2fc4e5c7f5418 P e8bf7af2fb7e4740a1eea384ae76862c [term 3 FOLLOWER]: Raft consensus shutting down.
I20260710 13:21:11.060094 11206 raft_consensus.cc:2272] T 0b2d3a0e6075464cb9c2fc4e5c7f5418 P e8bf7af2fb7e4740a1eea384ae76862c [term 3 FOLLOWER]: Raft consensus is shut down!
I20260710 13:21:11.061480 11206 tablet_replica.cc:333] T f48dd07837ba4e098ef2d6447df3b833 P e8bf7af2fb7e4740a1eea384ae76862c: stopping tablet replica
I20260710 13:21:11.061887 11206 raft_consensus.cc:2243] T f48dd07837ba4e098ef2d6447df3b833 P e8bf7af2fb7e4740a1eea384ae76862c [term 3 LEADER]: Raft consensus shutting down.
I20260710 13:21:11.062551 11206 raft_consensus.cc:2272] T f48dd07837ba4e098ef2d6447df3b833 P e8bf7af2fb7e4740a1eea384ae76862c [term 3 FOLLOWER]: Raft consensus is shut down!
I20260710 13:21:11.064108 11206 tablet_replica.cc:333] T d8bceb70ce484ce195706843d6939d2b P e8bf7af2fb7e4740a1eea384ae76862c: stopping tablet replica
I20260710 13:21:11.064502 11206 raft_consensus.cc:2243] T d8bceb70ce484ce195706843d6939d2b P e8bf7af2fb7e4740a1eea384ae76862c [term 2 FOLLOWER]: Raft consensus shutting down.
I20260710 13:21:11.064803 11206 raft_consensus.cc:2272] T d8bceb70ce484ce195706843d6939d2b P e8bf7af2fb7e4740a1eea384ae76862c [term 2 FOLLOWER]: Raft consensus is shut down!
I20260710 13:21:11.066176 11206 tablet_replica.cc:333] T 4d0ce4e944b142959e842df82d87da33 P e8bf7af2fb7e4740a1eea384ae76862c: stopping tablet replica
I20260710 13:21:11.066697 11206 raft_consensus.cc:2243] T 4d0ce4e944b142959e842df82d87da33 P e8bf7af2fb7e4740a1eea384ae76862c [term 3 FOLLOWER]: Raft consensus shutting down.
I20260710 13:21:11.067041 11206 raft_consensus.cc:2272] T 4d0ce4e944b142959e842df82d87da33 P e8bf7af2fb7e4740a1eea384ae76862c [term 3 FOLLOWER]: Raft consensus is shut down!
I20260710 13:21:11.068887 11206 tablet_replica.cc:333] T 810c78e68e1b44699fadc15fcf432958 P e8bf7af2fb7e4740a1eea384ae76862c: stopping tablet replica
I20260710 13:21:11.069285 11206 raft_consensus.cc:2243] T 810c78e68e1b44699fadc15fcf432958 P e8bf7af2fb7e4740a1eea384ae76862c [term 2 LEADER]: Raft consensus shutting down.
I20260710 13:21:11.069942 11206 raft_consensus.cc:2272] T 810c78e68e1b44699fadc15fcf432958 P e8bf7af2fb7e4740a1eea384ae76862c [term 2 FOLLOWER]: Raft consensus is shut down!
I20260710 13:21:11.071437 11206 tablet_replica.cc:333] T 0b8cfdd87c0e4b0d90ce95318094ff45 P e8bf7af2fb7e4740a1eea384ae76862c: stopping tablet replica
I20260710 13:21:11.071815 11206 raft_consensus.cc:2243] T 0b8cfdd87c0e4b0d90ce95318094ff45 P e8bf7af2fb7e4740a1eea384ae76862c [term 5 LEADER]: Raft consensus shutting down.
I20260710 13:21:11.072409 11206 raft_consensus.cc:2272] T 0b8cfdd87c0e4b0d90ce95318094ff45 P e8bf7af2fb7e4740a1eea384ae76862c [term 5 FOLLOWER]: Raft consensus is shut down!
I20260710 13:21:11.074018 11206 tablet_replica.cc:333] T 3e5e2c0b67bd4966aff4c0e27250c2d1 P e8bf7af2fb7e4740a1eea384ae76862c: stopping tablet replica
I20260710 13:21:11.074481 11206 raft_consensus.cc:2243] T 3e5e2c0b67bd4966aff4c0e27250c2d1 P e8bf7af2fb7e4740a1eea384ae76862c [term 4 FOLLOWER]: Raft consensus shutting down.
I20260710 13:21:11.074820 11206 raft_consensus.cc:2272] T 3e5e2c0b67bd4966aff4c0e27250c2d1 P e8bf7af2fb7e4740a1eea384ae76862c [term 4 FOLLOWER]: Raft consensus is shut down!
I20260710 13:21:11.101374 11206 tablet_server.cc:196] TabletServer@127.10.241.131:0 shutdown complete.
I20260710 13:21:11.120455 11206 master.cc:562] Master@127.10.241.190:42801 shutting down...
I20260710 13:21:11.199342 11293 catalog_manager.cc:805] Waiting for catalog manager background task thread to start: Service unavailable: Catalog manager is not initialized. State: Closing
I20260710 13:21:11.305431 11206 raft_consensus.cc:2243] T 00000000000000000000000000000000 P 00bbb6de9d3e4622ac786a40882a7353 [term 1 LEADER]: Raft consensus shutting down.
I20260710 13:21:11.306037 11206 raft_consensus.cc:2272] T 00000000000000000000000000000000 P 00bbb6de9d3e4622ac786a40882a7353 [term 1 FOLLOWER]: Raft consensus is shut down!
I20260710 13:21:11.306432 11206 tablet_replica.cc:333] T 00000000000000000000000000000000 P 00bbb6de9d3e4622ac786a40882a7353: stopping tablet replica
I20260710 13:21:11.325783 11206 master.cc:584] Master@127.10.241.190:42801 shutdown complete.
6655851007e9429eab45e4dfa3041a2f  4
7701840095394c98888c7e1562b57537  4
e8bf7af2fb7e4740a1eea384ae76862c  1
[       OK ] LeaderRebalancerTest.FunctionalTestForDivided (12715 ms)
[ RUN      ] LeaderRebalancerTest.FunctionalTestForNotDivided
I20260710 13:21:11.365850 11206 internal_mini_cluster.cc:156] Creating distributed mini masters. Addrs: 127.10.241.190:44341
I20260710 13:21:11.367064 11206 file_cache.cc:504] Constructed file cache file cache with capacity 419430
W20260710 13:21:11.372255 11719 instance_detector.cc:116] could not retrieve AWS instance metadata: Network error: curl error: HTTP response code said error: The requested URL returned error: 404
W20260710 13:21:11.372678 11720 instance_detector.cc:116] could not retrieve Azure instance metadata: Network error: curl error: HTTP response code said error: The requested URL returned error: 404
I20260710 13:21:11.375115 11206 server_base.cc:1061] running on GCE node
W20260710 13:21:11.375195 11722 instance_detector.cc:116] could not retrieve OpenStack instance metadata: Network error: curl error: HTTP response code said error: The requested URL returned error: 404
I20260710 13:21:11.376039 11206 hybrid_clock.cc:584] initializing the hybrid clock with 'system_unsync' time source
W20260710 13:21:11.376250 11206 system_unsync_time.cc:38] NTP support is disabled. Clock error bounds will not be accurate. This configuration is not suitable for distributed clusters.
I20260710 13:21:11.376401 11206 hybrid_clock.cc:648] HybridClock initialized: now 1783689671376385 us; error 0 us; skew 500 ppm
I20260710 13:21:11.376896 11206 server_base.cc:861] Flag tcmalloc_max_total_thread_cache_bytes is not working since tcmalloc is not enabled.
I20260710 13:21:11.379242 11206 webserver.cc:533] Webserver started at http://127.10.241.190:39023/ using document root <none> and password file <none>
I20260710 13:21:11.379679 11206 fs_manager.cc:362] Metadata directory not provided
I20260710 13:21:11.379829 11206 fs_manager.cc:368] Using write-ahead log directory (fs_wal_dir) as metadata directory
I20260710 13:21:11.380028 11206 server_base.cc:909] This appears to be a new deployment of Kudu; creating new FS layout
I20260710 13:21:11.381032 11206 fs_manager.cc:1068] Generated new instance metadata in path /tmp/dist-test-taskMRFcqJ/test-tmp/auto_leader_rebalancer-test.0.LeaderRebalancerTest.FunctionalTestForNotDivided.1783689658491441-11206-0/minicluster-data/master-0-root/instance:
uuid: "69947118f0ce44898f13901b7662f5d6"
format_stamp: "Formatted at 2026-07-10 13:21:11 on dist-test-slave-fbrq"
I20260710 13:21:11.385282 11206 fs_manager.cc:696] Time spent creating directory manager: real 0.004s	user 0.006s	sys 0.000s
I20260710 13:21:11.388504 11727 log_block_manager.cc:4127] Time spent loading block containers with low live blocks: real 0.000s	user 0.000s	sys 0.000s
I20260710 13:21:11.389252 11206 fs_manager.cc:730] Time spent opening block manager: real 0.002s	user 0.000s	sys 0.002s
I20260710 13:21:11.389529 11206 fs_manager.cc:647] Opened local filesystem: /tmp/dist-test-taskMRFcqJ/test-tmp/auto_leader_rebalancer-test.0.LeaderRebalancerTest.FunctionalTestForNotDivided.1783689658491441-11206-0/minicluster-data/master-0-root
uuid: "69947118f0ce44898f13901b7662f5d6"
format_stamp: "Formatted at 2026-07-10 13:21:11 on dist-test-slave-fbrq"
I20260710 13:21:11.389802 11206 fs_report.cc:389] FS layout report
--------------------
wal directory: /tmp/dist-test-taskMRFcqJ/test-tmp/auto_leader_rebalancer-test.0.LeaderRebalancerTest.FunctionalTestForNotDivided.1783689658491441-11206-0/minicluster-data/master-0-root
metadata directory: /tmp/dist-test-taskMRFcqJ/test-tmp/auto_leader_rebalancer-test.0.LeaderRebalancerTest.FunctionalTestForNotDivided.1783689658491441-11206-0/minicluster-data/master-0-root
1 data directories: /tmp/dist-test-taskMRFcqJ/test-tmp/auto_leader_rebalancer-test.0.LeaderRebalancerTest.FunctionalTestForNotDivided.1783689658491441-11206-0/minicluster-data/master-0-root/data
Total live blocks: 0
Total live bytes: 0
Total live bytes (after alignment): 0
Total number of LBM containers: 0 (0 full)
Did not check for missing blocks
Did not check for orphaned blocks
Total full LBM containers with extra space: 0 (0 repaired)
Total full LBM container extra space in bytes: 0 (0 repaired)
Total incomplete LBM containers: 0 (0 repaired)
Total LBM partial records: 0 (0 repaired)
Total corrupted LBM metadata records in RocksDB: 0 (0 repaired)
I20260710 13:21:11.402068 11206 rpc_server.cc:225] running with OpenSSL 1.1.1  11 Sep 2018
I20260710 13:21:11.403406 11206 kserver.cc:163] Server-wide thread pool size limit: 3276
I20260710 13:21:11.440956 11206 rpc_server.cc:307] RPC server started. Bound to: 127.10.241.190:44341
I20260710 13:21:11.441026 11778 acceptor_pool.cc:272] collecting diagnostics on the listening RPC socket 127.10.241.190:44341 every 8 connection(s)
I20260710 13:21:11.444758 11779 data_dirs.cc:400] Could only allocate 1 dirs of requested 3 for tablet 00000000000000000000000000000000. 1 dirs total, 0 dirs full, 0 dirs failed
I20260710 13:21:11.453579 11779 tablet_bootstrap.cc:492] T 00000000000000000000000000000000 P 69947118f0ce44898f13901b7662f5d6: Bootstrap starting.
I20260710 13:21:11.457998 11779 tablet_bootstrap.cc:654] T 00000000000000000000000000000000 P 69947118f0ce44898f13901b7662f5d6: Neither blocks nor log segments found. Creating new log.
I20260710 13:21:11.462018 11779 tablet_bootstrap.cc:492] T 00000000000000000000000000000000 P 69947118f0ce44898f13901b7662f5d6: No bootstrap required, opened a new log
I20260710 13:21:11.464058 11779 raft_consensus.cc:359] T 00000000000000000000000000000000 P 69947118f0ce44898f13901b7662f5d6 [term 0 FOLLOWER]: Replica starting. Triggering 0 pending ops. Active config: opid_index: -1 OBSOLETE_local: true peers { permanent_uuid: "69947118f0ce44898f13901b7662f5d6" member_type: VOTER }
I20260710 13:21:11.464438 11779 raft_consensus.cc:385] T 00000000000000000000000000000000 P 69947118f0ce44898f13901b7662f5d6 [term 0 FOLLOWER]: Consensus starting up: Expiring failure detector timer to make a prompt election more likely
I20260710 13:21:11.464685 11779 raft_consensus.cc:740] T 00000000000000000000000000000000 P 69947118f0ce44898f13901b7662f5d6 [term 0 FOLLOWER]: Becoming Follower/Learner. State: Replica: 69947118f0ce44898f13901b7662f5d6, State: Initialized, Role: FOLLOWER
I20260710 13:21:11.465243 11779 consensus_queue.cc:260] T 00000000000000000000000000000000 P 69947118f0ce44898f13901b7662f5d6 [NON_LEADER]: Queue going to NON_LEADER mode. State: All replicated index: 0, Majority replicated index: 0, Committed index: 0, Last appended: 0.0, Last appended by leader: 0, Current term: 0, Majority size: -1, State: 0, Mode: NON_LEADER, active raft config: opid_index: -1 OBSOLETE_local: true peers { permanent_uuid: "69947118f0ce44898f13901b7662f5d6" member_type: VOTER }
I20260710 13:21:11.465667 11779 raft_consensus.cc:399] T 00000000000000000000000000000000 P 69947118f0ce44898f13901b7662f5d6 [term 0 FOLLOWER]: Only one voter in the Raft config. Triggering election immediately
I20260710 13:21:11.465886 11779 raft_consensus.cc:493] T 00000000000000000000000000000000 P 69947118f0ce44898f13901b7662f5d6 [term 0 FOLLOWER]: Starting leader election (initial election of a single-replica configuration)
I20260710 13:21:11.466132 11779 raft_consensus.cc:3060] T 00000000000000000000000000000000 P 69947118f0ce44898f13901b7662f5d6 [term 0 FOLLOWER]: Advancing to term 1
I20260710 13:21:11.470077 11779 raft_consensus.cc:515] T 00000000000000000000000000000000 P 69947118f0ce44898f13901b7662f5d6 [term 1 FOLLOWER]: Starting leader election with config: opid_index: -1 OBSOLETE_local: true peers { permanent_uuid: "69947118f0ce44898f13901b7662f5d6" member_type: VOTER }
I20260710 13:21:11.470569 11779 leader_election.cc:304] T 00000000000000000000000000000000 P 69947118f0ce44898f13901b7662f5d6 [CANDIDATE]: Term 1 election: Election decided. Result: candidate won. Election summary: received 1 responses out of 1 voters: 1 yes votes; 0 no votes. yes voters: 69947118f0ce44898f13901b7662f5d6; no voters: 
I20260710 13:21:11.471658 11779 leader_election.cc:290] T 00000000000000000000000000000000 P 69947118f0ce44898f13901b7662f5d6 [CANDIDATE]: Term 1 election: Requested vote from peers 
I20260710 13:21:11.471993 11782 raft_consensus.cc:2804] T 00000000000000000000000000000000 P 69947118f0ce44898f13901b7662f5d6 [term 1 FOLLOWER]: Leader election won for term 1
I20260710 13:21:11.473312 11782 raft_consensus.cc:697] T 00000000000000000000000000000000 P 69947118f0ce44898f13901b7662f5d6 [term 1 LEADER]: Becoming Leader. State: Replica: 69947118f0ce44898f13901b7662f5d6, State: Running, Role: LEADER
I20260710 13:21:11.473989 11782 consensus_queue.cc:237] T 00000000000000000000000000000000 P 69947118f0ce44898f13901b7662f5d6 [LEADER]: Queue going to LEADER mode. State: All replicated index: 0, Majority replicated index: 0, Committed index: 0, Last appended: 0.0, Last appended by leader: 0, Current term: 1, Majority size: 1, State: 0, Mode: LEADER, active raft config: opid_index: -1 OBSOLETE_local: true peers { permanent_uuid: "69947118f0ce44898f13901b7662f5d6" member_type: VOTER }
I20260710 13:21:11.474433 11779 sys_catalog.cc:565] T 00000000000000000000000000000000 P 69947118f0ce44898f13901b7662f5d6 [sys.catalog]: configured and running, proceeding with master startup.
I20260710 13:21:11.478890 11784 sys_catalog.cc:455] T 00000000000000000000000000000000 P 69947118f0ce44898f13901b7662f5d6 [sys.catalog]: SysCatalogTable state changed. Reason: New leader 69947118f0ce44898f13901b7662f5d6. Latest consensus state: current_term: 1 leader_uuid: "69947118f0ce44898f13901b7662f5d6" committed_config { opid_index: -1 OBSOLETE_local: true peers { permanent_uuid: "69947118f0ce44898f13901b7662f5d6" member_type: VOTER } }
I20260710 13:21:11.479753 11784 sys_catalog.cc:458] T 00000000000000000000000000000000 P 69947118f0ce44898f13901b7662f5d6 [sys.catalog]: This master's current role is: LEADER
I20260710 13:21:11.478976 11783 sys_catalog.cc:455] T 00000000000000000000000000000000 P 69947118f0ce44898f13901b7662f5d6 [sys.catalog]: SysCatalogTable state changed. Reason: RaftConsensus started. Latest consensus state: current_term: 1 leader_uuid: "69947118f0ce44898f13901b7662f5d6" committed_config { opid_index: -1 OBSOLETE_local: true peers { permanent_uuid: "69947118f0ce44898f13901b7662f5d6" member_type: VOTER } }
I20260710 13:21:11.480329 11783 sys_catalog.cc:458] T 00000000000000000000000000000000 P 69947118f0ce44898f13901b7662f5d6 [sys.catalog]: This master's current role is: LEADER
I20260710 13:21:11.484632 11790 catalog_manager.cc:1511] Loading table and tablet metadata into memory...
I20260710 13:21:11.489689 11790 catalog_manager.cc:1520] Initializing Kudu cluster ID...
I20260710 13:21:11.491146 11206 internal_mini_cluster.cc:184] Waiting to initialize catalog manager on master 0
I20260710 13:21:11.498076 11790 catalog_manager.cc:1383] Generated new cluster ID: 963cc0f67163442282a8ab5c25cf12a5
I20260710 13:21:11.498413 11790 catalog_manager.cc:1531] Initializing Kudu internal certificate authority...
I20260710 13:21:11.514653 11790 catalog_manager.cc:1406] Generated new certificate authority record
I20260710 13:21:11.515825 11790 catalog_manager.cc:1540] Loading token signing keys...
I20260710 13:21:11.534114 11790 catalog_manager.cc:6070] T 00000000000000000000000000000000 P 69947118f0ce44898f13901b7662f5d6: Generated new TSK 0
