I20260710 13:21:22.334028 18040 consensus_queue.cc:237] T 72d2ced6b93c4583b047514e60de0352 P b38e11f1ce3c44b99dc20239269c0e37 [LEADER]: Queue going to LEADER mode. State: All replicated index: 0, Majority replicated index: 0, Committed index: 0, Last appended: 0.0, Last appended by leader: 0, Current term: 1, Majority size: 2, State: 0, Mode: LEADER, active raft config: opid_index: -1 OBSOLETE_local: false peers { permanent_uuid: "b38e11f1ce3c44b99dc20239269c0e37" member_type: VOTER last_known_addr { host: "127.16.83.193" port: 32907 } } peers { permanent_uuid: "c370fde8dad04818af8134a2fd91f746" member_type: VOTER last_known_addr { host: "127.16.83.194" port: 44531 } } peers { permanent_uuid: "25fb1856abbb4098a3d491c235604925" member_type: VOTER last_known_addr { host: "127.16.83.195" port: 45075 } }
I20260710 13:21:22.338054 18038 tablet_bootstrap.cc:654] T 5b5f9d8dcc7f4e87a6545119975d6b9a P 25fb1856abbb4098a3d491c235604925: Neither blocks nor log segments found. Creating new log.
I20260710 13:21:22.339143 18037 tablet_bootstrap.cc:492] T a4904c3bf65e4929894e9409cf27f3df P c370fde8dad04818af8134a2fd91f746: No bootstrap required, opened a new log
I20260710 13:21:22.339731 18037 ts_tablet_manager.cc:1403] T a4904c3bf65e4929894e9409cf27f3df P c370fde8dad04818af8134a2fd91f746: Time spent bootstrapping tablet: real 0.020s	user 0.014s	sys 0.004s
I20260710 13:21:22.342545 18036 ts_tablet_manager.cc:1434] T f421dd6799e041de81b735579a98de93 P b38e11f1ce3c44b99dc20239269c0e37: Time spent starting tablet: real 0.063s	user 0.028s	sys 0.036s
I20260710 13:21:22.344080 18036 tablet_bootstrap.cc:492] T a4904c3bf65e4929894e9409cf27f3df P b38e11f1ce3c44b99dc20239269c0e37: Bootstrap starting.
I20260710 13:21:22.343662 18037 raft_consensus.cc:359] T a4904c3bf65e4929894e9409cf27f3df P c370fde8dad04818af8134a2fd91f746 [term 0 FOLLOWER]: Replica starting. Triggering 0 pending ops. Active config: opid_index: -1 OBSOLETE_local: false peers { permanent_uuid: "b38e11f1ce3c44b99dc20239269c0e37" member_type: VOTER last_known_addr { host: "127.16.83.193" port: 32907 } } peers { permanent_uuid: "c370fde8dad04818af8134a2fd91f746" member_type: VOTER last_known_addr { host: "127.16.83.194" port: 44531 } } peers { permanent_uuid: "25fb1856abbb4098a3d491c235604925" member_type: VOTER last_known_addr { host: "127.16.83.195" port: 45075 } }
I20260710 13:21:22.344740 18037 raft_consensus.cc:385] T a4904c3bf65e4929894e9409cf27f3df P c370fde8dad04818af8134a2fd91f746 [term 0 FOLLOWER]: Consensus starting up: Expiring failure detector timer to make a prompt election more likely
I20260710 13:21:22.345166 18037 raft_consensus.cc:740] T a4904c3bf65e4929894e9409cf27f3df P c370fde8dad04818af8134a2fd91f746 [term 0 FOLLOWER]: Becoming Follower/Learner. State: Replica: c370fde8dad04818af8134a2fd91f746, State: Initialized, Role: FOLLOWER
I20260710 13:21:22.346366 18037 consensus_queue.cc:260] T a4904c3bf65e4929894e9409cf27f3df P c370fde8dad04818af8134a2fd91f746 [NON_LEADER]: Queue going to NON_LEADER mode. State: All replicated index: 0, Majority replicated index: 0, Committed index: 0, Last appended: 0.0, Last appended by leader: 0, Current term: 0, Majority size: -1, State: 0, Mode: NON_LEADER, active raft config: opid_index: -1 OBSOLETE_local: false peers { permanent_uuid: "b38e11f1ce3c44b99dc20239269c0e37" member_type: VOTER last_known_addr { host: "127.16.83.193" port: 32907 } } peers { permanent_uuid: "c370fde8dad04818af8134a2fd91f746" member_type: VOTER last_known_addr { host: "127.16.83.194" port: 44531 } } peers { permanent_uuid: "25fb1856abbb4098a3d491c235604925" member_type: VOTER last_known_addr { host: "127.16.83.195" port: 45075 } }
I20260710 13:21:22.353340 18036 tablet_bootstrap.cc:654] T a4904c3bf65e4929894e9409cf27f3df P b38e11f1ce3c44b99dc20239269c0e37: Neither blocks nor log segments found. Creating new log.
I20260710 13:21:22.353513 18037 ts_tablet_manager.cc:1434] T a4904c3bf65e4929894e9409cf27f3df P c370fde8dad04818af8134a2fd91f746: Time spent starting tablet: real 0.013s	user 0.006s	sys 0.000s
I20260710 13:21:22.354614 18037 tablet_bootstrap.cc:492] T e9c6a633e0f24fe4985b978c1e3e0b72 P c370fde8dad04818af8134a2fd91f746: Bootstrap starting.
I20260710 13:21:22.356110 17744 catalog_manager.cc:5697] T 72d2ced6b93c4583b047514e60de0352 P b38e11f1ce3c44b99dc20239269c0e37 reported cstate change: term changed from 0 to 1, leader changed from <none> to b38e11f1ce3c44b99dc20239269c0e37 (127.16.83.193). New cstate: current_term: 1 leader_uuid: "b38e11f1ce3c44b99dc20239269c0e37" committed_config { opid_index: -1 OBSOLETE_local: false peers { permanent_uuid: "b38e11f1ce3c44b99dc20239269c0e37" member_type: VOTER last_known_addr { host: "127.16.83.193" port: 32907 } health_report { overall_health: HEALTHY } } peers { permanent_uuid: "c370fde8dad04818af8134a2fd91f746" member_type: VOTER last_known_addr { host: "127.16.83.194" port: 44531 } health_report { overall_health: UNKNOWN } } peers { permanent_uuid: "25fb1856abbb4098a3d491c235604925" member_type: VOTER last_known_addr { host: "127.16.83.195" port: 45075 } health_report { overall_health: UNKNOWN } } }
I20260710 13:21:22.360685 18037 tablet_bootstrap.cc:654] T e9c6a633e0f24fe4985b978c1e3e0b72 P c370fde8dad04818af8134a2fd91f746: Neither blocks nor log segments found. Creating new log.
I20260710 13:21:22.370180 18038 tablet_bootstrap.cc:492] T 5b5f9d8dcc7f4e87a6545119975d6b9a P 25fb1856abbb4098a3d491c235604925: No bootstrap required, opened a new log
I20260710 13:21:22.370682 18038 ts_tablet_manager.cc:1403] T 5b5f9d8dcc7f4e87a6545119975d6b9a P 25fb1856abbb4098a3d491c235604925: Time spent bootstrapping tablet: real 0.054s	user 0.012s	sys 0.012s
I20260710 13:21:22.371766 18037 tablet_bootstrap.cc:492] T e9c6a633e0f24fe4985b978c1e3e0b72 P c370fde8dad04818af8134a2fd91f746: No bootstrap required, opened a new log
I20260710 13:21:22.371857 18036 tablet_bootstrap.cc:492] T a4904c3bf65e4929894e9409cf27f3df P b38e11f1ce3c44b99dc20239269c0e37: No bootstrap required, opened a new log
I20260710 13:21:22.372478 18037 ts_tablet_manager.cc:1403] T e9c6a633e0f24fe4985b978c1e3e0b72 P c370fde8dad04818af8134a2fd91f746: Time spent bootstrapping tablet: real 0.018s	user 0.009s	sys 0.006s
I20260710 13:21:22.372572 18036 ts_tablet_manager.cc:1403] T a4904c3bf65e4929894e9409cf27f3df P b38e11f1ce3c44b99dc20239269c0e37: Time spent bootstrapping tablet: real 0.029s	user 0.022s	sys 0.004s
I20260710 13:21:22.373759 18038 raft_consensus.cc:359] T 5b5f9d8dcc7f4e87a6545119975d6b9a P 25fb1856abbb4098a3d491c235604925 [term 0 FOLLOWER]: Replica starting. Triggering 0 pending ops. Active config: opid_index: -1 OBSOLETE_local: false peers { permanent_uuid: "b38e11f1ce3c44b99dc20239269c0e37" member_type: VOTER last_known_addr { host: "127.16.83.193" port: 32907 } } peers { permanent_uuid: "c370fde8dad04818af8134a2fd91f746" member_type: VOTER last_known_addr { host: "127.16.83.194" port: 44531 } } peers { permanent_uuid: "25fb1856abbb4098a3d491c235604925" member_type: VOTER last_known_addr { host: "127.16.83.195" port: 45075 } }
I20260710 13:21:22.374529 18038 raft_consensus.cc:385] T 5b5f9d8dcc7f4e87a6545119975d6b9a P 25fb1856abbb4098a3d491c235604925 [term 0 FOLLOWER]: Consensus starting up: Expiring failure detector timer to make a prompt election more likely
I20260710 13:21:22.374828 18038 raft_consensus.cc:740] T 5b5f9d8dcc7f4e87a6545119975d6b9a P 25fb1856abbb4098a3d491c235604925 [term 0 FOLLOWER]: Becoming Follower/Learner. State: Replica: 25fb1856abbb4098a3d491c235604925, State: Initialized, Role: FOLLOWER
I20260710 13:21:22.375469 18037 raft_consensus.cc:359] T e9c6a633e0f24fe4985b978c1e3e0b72 P c370fde8dad04818af8134a2fd91f746 [term 0 FOLLOWER]: Replica starting. Triggering 0 pending ops. Active config: opid_index: -1 OBSOLETE_local: false peers { permanent_uuid: "b38e11f1ce3c44b99dc20239269c0e37" member_type: VOTER last_known_addr { host: "127.16.83.193" port: 32907 } } peers { permanent_uuid: "c370fde8dad04818af8134a2fd91f746" member_type: VOTER last_known_addr { host: "127.16.83.194" port: 44531 } } peers { permanent_uuid: "25fb1856abbb4098a3d491c235604925" member_type: VOTER last_known_addr { host: "127.16.83.195" port: 45075 } }
I20260710 13:21:22.375705 18038 consensus_queue.cc:260] T 5b5f9d8dcc7f4e87a6545119975d6b9a P 25fb1856abbb4098a3d491c235604925 [NON_LEADER]: Queue going to NON_LEADER mode. State: All replicated index: 0, Majority replicated index: 0, Committed index: 0, Last appended: 0.0, Last appended by leader: 0, Current term: 0, Majority size: -1, State: 0, Mode: NON_LEADER, active raft config: opid_index: -1 OBSOLETE_local: false peers { permanent_uuid: "b38e11f1ce3c44b99dc20239269c0e37" member_type: VOTER last_known_addr { host: "127.16.83.193" port: 32907 } } peers { permanent_uuid: "c370fde8dad04818af8134a2fd91f746" member_type: VOTER last_known_addr { host: "127.16.83.194" port: 44531 } } peers { permanent_uuid: "25fb1856abbb4098a3d491c235604925" member_type: VOTER last_known_addr { host: "127.16.83.195" port: 45075 } }
I20260710 13:21:22.376292 18037 raft_consensus.cc:385] T e9c6a633e0f24fe4985b978c1e3e0b72 P c370fde8dad04818af8134a2fd91f746 [term 0 FOLLOWER]: Consensus starting up: Expiring failure detector timer to make a prompt election more likely
I20260710 13:21:22.375872 18036 raft_consensus.cc:359] T a4904c3bf65e4929894e9409cf27f3df P b38e11f1ce3c44b99dc20239269c0e37 [term 0 FOLLOWER]: Replica starting. Triggering 0 pending ops. Active config: opid_index: -1 OBSOLETE_local: false peers { permanent_uuid: "b38e11f1ce3c44b99dc20239269c0e37" member_type: VOTER last_known_addr { host: "127.16.83.193" port: 32907 } } peers { permanent_uuid: "c370fde8dad04818af8134a2fd91f746" member_type: VOTER last_known_addr { host: "127.16.83.194" port: 44531 } } peers { permanent_uuid: "25fb1856abbb4098a3d491c235604925" member_type: VOTER last_known_addr { host: "127.16.83.195" port: 45075 } }
I20260710 13:21:22.376636 18037 raft_consensus.cc:740] T e9c6a633e0f24fe4985b978c1e3e0b72 P c370fde8dad04818af8134a2fd91f746 [term 0 FOLLOWER]: Becoming Follower/Learner. State: Replica: c370fde8dad04818af8134a2fd91f746, State: Initialized, Role: FOLLOWER
I20260710 13:21:22.376897 18036 raft_consensus.cc:385] T a4904c3bf65e4929894e9409cf27f3df P b38e11f1ce3c44b99dc20239269c0e37 [term 0 FOLLOWER]: Consensus starting up: Expiring failure detector timer to make a prompt election more likely
I20260710 13:21:22.377326 18036 raft_consensus.cc:740] T a4904c3bf65e4929894e9409cf27f3df P b38e11f1ce3c44b99dc20239269c0e37 [term 0 FOLLOWER]: Becoming Follower/Learner. State: Replica: b38e11f1ce3c44b99dc20239269c0e37, State: Initialized, Role: FOLLOWER
I20260710 13:21:22.377398 18037 consensus_queue.cc:260] T e9c6a633e0f24fe4985b978c1e3e0b72 P c370fde8dad04818af8134a2fd91f746 [NON_LEADER]: Queue going to NON_LEADER mode. State: All replicated index: 0, Majority replicated index: 0, Committed index: 0, Last appended: 0.0, Last appended by leader: 0, Current term: 0, Majority size: -1, State: 0, Mode: NON_LEADER, active raft config: opid_index: -1 OBSOLETE_local: false peers { permanent_uuid: "b38e11f1ce3c44b99dc20239269c0e37" member_type: VOTER last_known_addr { host: "127.16.83.193" port: 32907 } } peers { permanent_uuid: "c370fde8dad04818af8134a2fd91f746" member_type: VOTER last_known_addr { host: "127.16.83.194" port: 44531 } } peers { permanent_uuid: "25fb1856abbb4098a3d491c235604925" member_type: VOTER last_known_addr { host: "127.16.83.195" port: 45075 } }
I20260710 13:21:22.378178 18036 consensus_queue.cc:260] T a4904c3bf65e4929894e9409cf27f3df P b38e11f1ce3c44b99dc20239269c0e37 [NON_LEADER]: Queue going to NON_LEADER mode. State: All replicated index: 0, Majority replicated index: 0, Committed index: 0, Last appended: 0.0, Last appended by leader: 0, Current term: 0, Majority size: -1, State: 0, Mode: NON_LEADER, active raft config: opid_index: -1 OBSOLETE_local: false peers { permanent_uuid: "b38e11f1ce3c44b99dc20239269c0e37" member_type: VOTER last_known_addr { host: "127.16.83.193" port: 32907 } } peers { permanent_uuid: "c370fde8dad04818af8134a2fd91f746" member_type: VOTER last_known_addr { host: "127.16.83.194" port: 44531 } } peers { permanent_uuid: "25fb1856abbb4098a3d491c235604925" member_type: VOTER last_known_addr { host: "127.16.83.195" port: 45075 } }
I20260710 13:21:22.379703 18037 ts_tablet_manager.cc:1434] T e9c6a633e0f24fe4985b978c1e3e0b72 P c370fde8dad04818af8134a2fd91f746: Time spent starting tablet: real 0.007s	user 0.002s	sys 0.002s
I20260710 13:21:22.380731 18037 tablet_bootstrap.cc:492] T 014bf5cb450c45a8bfcf2dbfb16ed4a7 P c370fde8dad04818af8134a2fd91f746: Bootstrap starting.
I20260710 13:21:22.380909 18036 ts_tablet_manager.cc:1434] T a4904c3bf65e4929894e9409cf27f3df P b38e11f1ce3c44b99dc20239269c0e37: Time spent starting tablet: real 0.008s	user 0.006s	sys 0.000s
I20260710 13:21:22.381867 18036 tablet_bootstrap.cc:492] T 63a45a70898f4b2bbbe0314da2ac7f8d P b38e11f1ce3c44b99dc20239269c0e37: Bootstrap starting.
I20260710 13:21:22.384665 18038 ts_tablet_manager.cc:1434] T 5b5f9d8dcc7f4e87a6545119975d6b9a P 25fb1856abbb4098a3d491c235604925: Time spent starting tablet: real 0.014s	user 0.003s	sys 0.005s
I20260710 13:21:22.387084 18037 tablet_bootstrap.cc:654] T 014bf5cb450c45a8bfcf2dbfb16ed4a7 P c370fde8dad04818af8134a2fd91f746: Neither blocks nor log segments found. Creating new log.
I20260710 13:21:22.388581 18036 tablet_bootstrap.cc:654] T 63a45a70898f4b2bbbe0314da2ac7f8d P b38e11f1ce3c44b99dc20239269c0e37: Neither blocks nor log segments found. Creating new log.
I20260710 13:21:22.392446 18038 tablet_bootstrap.cc:492] T 63a45a70898f4b2bbbe0314da2ac7f8d P 25fb1856abbb4098a3d491c235604925: Bootstrap starting.
I20260710 13:21:22.400539 18044 raft_consensus.cc:493] T 72d2ced6b93c4583b047514e60de0352 P c370fde8dad04818af8134a2fd91f746 [term 0 FOLLOWER]: Starting pre-election (no leader contacted us within the election timeout)
I20260710 13:21:22.401067 18044 raft_consensus.cc:515] T 72d2ced6b93c4583b047514e60de0352 P c370fde8dad04818af8134a2fd91f746 [term 0 FOLLOWER]: Starting pre-election with config: opid_index: -1 OBSOLETE_local: false peers { permanent_uuid: "b38e11f1ce3c44b99dc20239269c0e37" member_type: VOTER last_known_addr { host: "127.16.83.193" port: 32907 } } peers { permanent_uuid: "c370fde8dad04818af8134a2fd91f746" member_type: VOTER last_known_addr { host: "127.16.83.194" port: 44531 } } peers { permanent_uuid: "25fb1856abbb4098a3d491c235604925" member_type: VOTER last_known_addr { host: "127.16.83.195" port: 45075 } }
I20260710 13:21:22.403194 18044 leader_election.cc:290] T 72d2ced6b93c4583b047514e60de0352 P c370fde8dad04818af8134a2fd91f746 [CANDIDATE]: Term 1 pre-election: Requested pre-vote from peers b38e11f1ce3c44b99dc20239269c0e37 (127.16.83.193:32907), 25fb1856abbb4098a3d491c235604925 (127.16.83.195:45075)
I20260710 13:21:22.404770 17996 tablet_service.cc:1917] Received RequestConsensusVote() RPC: tablet_id: "72d2ced6b93c4583b047514e60de0352" candidate_uuid: "c370fde8dad04818af8134a2fd91f746" candidate_term: 1 candidate_status { last_received { term: 0 index: 0 } } ignore_live_leader: false dest_uuid: "25fb1856abbb4098a3d491c235604925" is_pre_election: true
I20260710 13:21:22.405625 17996 raft_consensus.cc:2393] T 72d2ced6b93c4583b047514e60de0352 P 25fb1856abbb4098a3d491c235604925 [term 1 FOLLOWER]: Leader pre-election vote request: Denying vote to candidate c370fde8dad04818af8134a2fd91f746 in current term 1: Already voted for candidate b38e11f1ce3c44b99dc20239269c0e37 in this term.
I20260710 13:21:22.407631 17847 tablet_service.cc:1917] Received RequestConsensusVote() RPC: tablet_id: "72d2ced6b93c4583b047514e60de0352" candidate_uuid: "c370fde8dad04818af8134a2fd91f746" candidate_term: 1 candidate_status { last_received { term: 0 index: 0 } } ignore_live_leader: false dest_uuid: "b38e11f1ce3c44b99dc20239269c0e37" is_pre_election: true
I20260710 13:21:22.408123 18038 tablet_bootstrap.cc:654] T 63a45a70898f4b2bbbe0314da2ac7f8d P 25fb1856abbb4098a3d491c235604925: Neither blocks nor log segments found. Creating new log.
I20260710 13:21:22.410001 17888 leader_election.cc:304] T 72d2ced6b93c4583b047514e60de0352 P c370fde8dad04818af8134a2fd91f746 [CANDIDATE]: Term 1 pre-election: Election decided. Result: candidate lost. Election summary: received 3 responses out of 3 voters: 1 yes votes; 2 no votes. yes voters: c370fde8dad04818af8134a2fd91f746; no voters: 25fb1856abbb4098a3d491c235604925, b38e11f1ce3c44b99dc20239269c0e37
I20260710 13:21:22.410959 18044 raft_consensus.cc:3060] T 72d2ced6b93c4583b047514e60de0352 P c370fde8dad04818af8134a2fd91f746 [term 0 FOLLOWER]: Advancing to term 1
I20260710 13:21:22.412133 18036 tablet_bootstrap.cc:492] T 63a45a70898f4b2bbbe0314da2ac7f8d P b38e11f1ce3c44b99dc20239269c0e37: No bootstrap required, opened a new log
I20260710 13:21:22.412644 18036 ts_tablet_manager.cc:1403] T 63a45a70898f4b2bbbe0314da2ac7f8d P b38e11f1ce3c44b99dc20239269c0e37: Time spent bootstrapping tablet: real 0.031s	user 0.028s	sys 0.001s
I20260710 13:21:22.413398 18037 tablet_bootstrap.cc:492] T 014bf5cb450c45a8bfcf2dbfb16ed4a7 P c370fde8dad04818af8134a2fd91f746: No bootstrap required, opened a new log
I20260710 13:21:22.413888 18037 ts_tablet_manager.cc:1403] T 014bf5cb450c45a8bfcf2dbfb16ed4a7 P c370fde8dad04818af8134a2fd91f746: Time spent bootstrapping tablet: real 0.033s	user 0.003s	sys 0.025s
I20260710 13:21:22.415513 18036 raft_consensus.cc:359] T 63a45a70898f4b2bbbe0314da2ac7f8d P b38e11f1ce3c44b99dc20239269c0e37 [term 0 FOLLOWER]: Replica starting. Triggering 0 pending ops. Active config: opid_index: -1 OBSOLETE_local: false peers { permanent_uuid: "b38e11f1ce3c44b99dc20239269c0e37" member_type: VOTER last_known_addr { host: "127.16.83.193" port: 32907 } } peers { permanent_uuid: "c370fde8dad04818af8134a2fd91f746" member_type: VOTER last_known_addr { host: "127.16.83.194" port: 44531 } } peers { permanent_uuid: "25fb1856abbb4098a3d491c235604925" member_type: VOTER last_known_addr { host: "127.16.83.195" port: 45075 } }
I20260710 13:21:22.416247 18036 raft_consensus.cc:385] T 63a45a70898f4b2bbbe0314da2ac7f8d P b38e11f1ce3c44b99dc20239269c0e37 [term 0 FOLLOWER]: Consensus starting up: Expiring failure detector timer to make a prompt election more likely
I20260710 13:21:22.416536 18036 raft_consensus.cc:740] T 63a45a70898f4b2bbbe0314da2ac7f8d P b38e11f1ce3c44b99dc20239269c0e37 [term 0 FOLLOWER]: Becoming Follower/Learner. State: Replica: b38e11f1ce3c44b99dc20239269c0e37, State: Initialized, Role: FOLLOWER
I20260710 13:21:22.416446 18037 raft_consensus.cc:359] T 014bf5cb450c45a8bfcf2dbfb16ed4a7 P c370fde8dad04818af8134a2fd91f746 [term 0 FOLLOWER]: Replica starting. Triggering 0 pending ops. Active config: opid_index: -1 OBSOLETE_local: false peers { permanent_uuid: "b38e11f1ce3c44b99dc20239269c0e37" member_type: VOTER last_known_addr { host: "127.16.83.193" port: 32907 } } peers { permanent_uuid: "c370fde8dad04818af8134a2fd91f746" member_type: VOTER last_known_addr { host: "127.16.83.194" port: 44531 } } peers { permanent_uuid: "25fb1856abbb4098a3d491c235604925" member_type: VOTER last_known_addr { host: "127.16.83.195" port: 45075 } }
I20260710 13:21:22.417447 18037 raft_consensus.cc:385] T 014bf5cb450c45a8bfcf2dbfb16ed4a7 P c370fde8dad04818af8134a2fd91f746 [term 0 FOLLOWER]: Consensus starting up: Expiring failure detector timer to make a prompt election more likely
I20260710 13:21:22.417858 18037 raft_consensus.cc:740] T 014bf5cb450c45a8bfcf2dbfb16ed4a7 P c370fde8dad04818af8134a2fd91f746 [term 0 FOLLOWER]: Becoming Follower/Learner. State: Replica: c370fde8dad04818af8134a2fd91f746, State: Initialized, Role: FOLLOWER
I20260710 13:21:22.418469 18060 raft_consensus.cc:493] T e9c6a633e0f24fe4985b978c1e3e0b72 P 25fb1856abbb4098a3d491c235604925 [term 0 FOLLOWER]: Starting pre-election (no leader contacted us within the election timeout)
I20260710 13:21:22.418663 18037 consensus_queue.cc:260] T 014bf5cb450c45a8bfcf2dbfb16ed4a7 P c370fde8dad04818af8134a2fd91f746 [NON_LEADER]: Queue going to NON_LEADER mode. State: All replicated index: 0, Majority replicated index: 0, Committed index: 0, Last appended: 0.0, Last appended by leader: 0, Current term: 0, Majority size: -1, State: 0, Mode: NON_LEADER, active raft config: opid_index: -1 OBSOLETE_local: false peers { permanent_uuid: "b38e11f1ce3c44b99dc20239269c0e37" member_type: VOTER last_known_addr { host: "127.16.83.193" port: 32907 } } peers { permanent_uuid: "c370fde8dad04818af8134a2fd91f746" member_type: VOTER last_known_addr { host: "127.16.83.194" port: 44531 } } peers { permanent_uuid: "25fb1856abbb4098a3d491c235604925" member_type: VOTER last_known_addr { host: "127.16.83.195" port: 45075 } }
I20260710 13:21:22.418937 18060 raft_consensus.cc:515] T e9c6a633e0f24fe4985b978c1e3e0b72 P 25fb1856abbb4098a3d491c235604925 [term 0 FOLLOWER]: Starting pre-election with config: opid_index: -1 OBSOLETE_local: false peers { permanent_uuid: "b38e11f1ce3c44b99dc20239269c0e37" member_type: VOTER last_known_addr { host: "127.16.83.193" port: 32907 } } peers { permanent_uuid: "c370fde8dad04818af8134a2fd91f746" member_type: VOTER last_known_addr { host: "127.16.83.194" port: 44531 } } peers { permanent_uuid: "25fb1856abbb4098a3d491c235604925" member_type: VOTER last_known_addr { host: "127.16.83.195" port: 45075 } }
I20260710 13:21:22.420331 18044 raft_consensus.cc:2749] T 72d2ced6b93c4583b047514e60de0352 P c370fde8dad04818af8134a2fd91f746 [term 1 FOLLOWER]: Leader pre-election lost for term 1. Reason: could not achieve majority
I20260710 13:21:22.420624 18038 tablet_bootstrap.cc:492] T 63a45a70898f4b2bbbe0314da2ac7f8d P 25fb1856abbb4098a3d491c235604925: No bootstrap required, opened a new log
I20260710 13:21:22.421096 18038 ts_tablet_manager.cc:1403] T 63a45a70898f4b2bbbe0314da2ac7f8d P 25fb1856abbb4098a3d491c235604925: Time spent bootstrapping tablet: real 0.029s	user 0.010s	sys 0.008s
I20260710 13:21:22.421013 18060 leader_election.cc:290] T e9c6a633e0f24fe4985b978c1e3e0b72 P 25fb1856abbb4098a3d491c235604925 [CANDIDATE]: Term 1 pre-election: Requested pre-vote from peers b38e11f1ce3c44b99dc20239269c0e37 (127.16.83.193:32907), c370fde8dad04818af8134a2fd91f746 (127.16.83.194:44531)
I20260710 13:21:22.417400 18036 consensus_queue.cc:260] T 63a45a70898f4b2bbbe0314da2ac7f8d P b38e11f1ce3c44b99dc20239269c0e37 [NON_LEADER]: Queue going to NON_LEADER mode. State: All replicated index: 0, Majority replicated index: 0, Committed index: 0, Last appended: 0.0, Last appended by leader: 0, Current term: 0, Majority size: -1, State: 0, Mode: NON_LEADER, active raft config: opid_index: -1 OBSOLETE_local: false peers { permanent_uuid: "b38e11f1ce3c44b99dc20239269c0e37" member_type: VOTER last_known_addr { host: "127.16.83.193" port: 32907 } } peers { permanent_uuid: "c370fde8dad04818af8134a2fd91f746" member_type: VOTER last_known_addr { host: "127.16.83.194" port: 44531 } } peers { permanent_uuid: "25fb1856abbb4098a3d491c235604925" member_type: VOTER last_known_addr { host: "127.16.83.195" port: 45075 } }
I20260710 13:21:22.422780 18037 ts_tablet_manager.cc:1434] T 014bf5cb450c45a8bfcf2dbfb16ed4a7 P c370fde8dad04818af8134a2fd91f746: Time spent starting tablet: real 0.009s	user 0.005s	sys 0.001s
I20260710 13:21:22.423795 18037 tablet_bootstrap.cc:492] T 4cd11300d1834fe19667de035ade83f0 P c370fde8dad04818af8134a2fd91f746: Bootstrap starting.
I20260710 13:21:22.424090 18036 ts_tablet_manager.cc:1434] T 63a45a70898f4b2bbbe0314da2ac7f8d P b38e11f1ce3c44b99dc20239269c0e37: Time spent starting tablet: real 0.011s	user 0.008s	sys 0.000s
I20260710 13:21:22.424435 18038 raft_consensus.cc:359] T 63a45a70898f4b2bbbe0314da2ac7f8d P 25fb1856abbb4098a3d491c235604925 [term 0 FOLLOWER]: Replica starting. Triggering 0 pending ops. Active config: opid_index: -1 OBSOLETE_local: false peers { permanent_uuid: "b38e11f1ce3c44b99dc20239269c0e37" member_type: VOTER last_known_addr { host: "127.16.83.193" port: 32907 } } peers { permanent_uuid: "c370fde8dad04818af8134a2fd91f746" member_type: VOTER last_known_addr { host: "127.16.83.194" port: 44531 } } peers { permanent_uuid: "25fb1856abbb4098a3d491c235604925" member_type: VOTER last_known_addr { host: "127.16.83.195" port: 45075 } }
I20260710 13:21:22.425093 18036 tablet_bootstrap.cc:492] T db8bd788461e4fb8b5d9e9e36f3e80f9 P b38e11f1ce3c44b99dc20239269c0e37: Bootstrap starting.
I20260710 13:21:22.425172 18038 raft_consensus.cc:385] T 63a45a70898f4b2bbbe0314da2ac7f8d P 25fb1856abbb4098a3d491c235604925 [term 0 FOLLOWER]: Consensus starting up: Expiring failure detector timer to make a prompt election more likely
I20260710 13:21:22.425688 18038 raft_consensus.cc:740] T 63a45a70898f4b2bbbe0314da2ac7f8d P 25fb1856abbb4098a3d491c235604925 [term 0 FOLLOWER]: Becoming Follower/Learner. State: Replica: 25fb1856abbb4098a3d491c235604925, State: Initialized, Role: FOLLOWER
I20260710 13:21:22.426446 18038 consensus_queue.cc:260] T 63a45a70898f4b2bbbe0314da2ac7f8d P 25fb1856abbb4098a3d491c235604925 [NON_LEADER]: Queue going to NON_LEADER mode. State: All replicated index: 0, Majority replicated index: 0, Committed index: 0, Last appended: 0.0, Last appended by leader: 0, Current term: 0, Majority size: -1, State: 0, Mode: NON_LEADER, active raft config: opid_index: -1 OBSOLETE_local: false peers { permanent_uuid: "b38e11f1ce3c44b99dc20239269c0e37" member_type: VOTER last_known_addr { host: "127.16.83.193" port: 32907 } } peers { permanent_uuid: "c370fde8dad04818af8134a2fd91f746" member_type: VOTER last_known_addr { host: "127.16.83.194" port: 44531 } } peers { permanent_uuid: "25fb1856abbb4098a3d491c235604925" member_type: VOTER last_known_addr { host: "127.16.83.195" port: 45075 } }
I20260710 13:21:22.428923 18038 ts_tablet_manager.cc:1434] T 63a45a70898f4b2bbbe0314da2ac7f8d P 25fb1856abbb4098a3d491c235604925: Time spent starting tablet: real 0.007s	user 0.007s	sys 0.000s
I20260710 13:21:22.429885 18038 tablet_bootstrap.cc:492] T 8fb657abe43d49e5b5e87a69961861ec P 25fb1856abbb4098a3d491c235604925: Bootstrap starting.
I20260710 13:21:22.430691 18037 tablet_bootstrap.cc:654] T 4cd11300d1834fe19667de035ade83f0 P c370fde8dad04818af8134a2fd91f746: Neither blocks nor log segments found. Creating new log.
I20260710 13:21:22.423641 17847 tablet_service.cc:1917] Received RequestConsensusVote() RPC: tablet_id: "e9c6a633e0f24fe4985b978c1e3e0b72" candidate_uuid: "25fb1856abbb4098a3d491c235604925" candidate_term: 1 candidate_status { last_received { term: 0 index: 0 } } ignore_live_leader: false dest_uuid: "b38e11f1ce3c44b99dc20239269c0e37" is_pre_election: true
W20260710 13:21:22.432981 17962 leader_election.cc:343] T e9c6a633e0f24fe4985b978c1e3e0b72 P 25fb1856abbb4098a3d491c235604925 [CANDIDATE]: Term 1 pre-election: Tablet error from VoteRequest() call to peer b38e11f1ce3c44b99dc20239269c0e37 (127.16.83.193:32907): Illegal state: must be running to vote when last-logged opid is not known
I20260710 13:21:22.434532 18040 raft_consensus.cc:493] T 8fb657abe43d49e5b5e87a69961861ec P b38e11f1ce3c44b99dc20239269c0e37 [term 0 FOLLOWER]: Starting pre-election (no leader contacted us within the election timeout)
I20260710 13:21:22.434893 18036 tablet_bootstrap.cc:654] T db8bd788461e4fb8b5d9e9e36f3e80f9 P b38e11f1ce3c44b99dc20239269c0e37: Neither blocks nor log segments found. Creating new log.
I20260710 13:21:22.435029 18040 raft_consensus.cc:515] T 8fb657abe43d49e5b5e87a69961861ec P b38e11f1ce3c44b99dc20239269c0e37 [term 0 FOLLOWER]: Starting pre-election with config: opid_index: -1 OBSOLETE_local: false peers { permanent_uuid: "25fb1856abbb4098a3d491c235604925" member_type: VOTER last_known_addr { host: "127.16.83.195" port: 45075 } } peers { permanent_uuid: "c370fde8dad04818af8134a2fd91f746" member_type: VOTER last_known_addr { host: "127.16.83.194" port: 44531 } } peers { permanent_uuid: "b38e11f1ce3c44b99dc20239269c0e37" member_type: VOTER last_known_addr { host: "127.16.83.193" port: 32907 } }
I20260710 13:21:22.425031 17922 tablet_service.cc:1917] Received RequestConsensusVote() RPC: tablet_id: "e9c6a633e0f24fe4985b978c1e3e0b72" candidate_uuid: "25fb1856abbb4098a3d491c235604925" candidate_term: 1 candidate_status { last_received { term: 0 index: 0 } } ignore_live_leader: false dest_uuid: "c370fde8dad04818af8134a2fd91f746" is_pre_election: true
I20260710 13:21:22.436404 17922 raft_consensus.cc:2468] T e9c6a633e0f24fe4985b978c1e3e0b72 P c370fde8dad04818af8134a2fd91f746 [term 0 FOLLOWER]: Leader pre-election vote request: Granting yes vote for candidate 25fb1856abbb4098a3d491c235604925 in term 0.
I20260710 13:21:22.437729 17960 leader_election.cc:304] T e9c6a633e0f24fe4985b978c1e3e0b72 P 25fb1856abbb4098a3d491c235604925 [CANDIDATE]: Term 1 pre-election: Election decided. Result: candidate won. Election summary: received 3 responses out of 3 voters: 2 yes votes; 1 no votes. yes voters: 25fb1856abbb4098a3d491c235604925, c370fde8dad04818af8134a2fd91f746; no voters: b38e11f1ce3c44b99dc20239269c0e37
I20260710 13:21:22.439148 18060 raft_consensus.cc:2804] T e9c6a633e0f24fe4985b978c1e3e0b72 P 25fb1856abbb4098a3d491c235604925 [term 0 FOLLOWER]: Leader pre-election won for term 1
I20260710 13:21:22.439613 18060 raft_consensus.cc:493] T e9c6a633e0f24fe4985b978c1e3e0b72 P 25fb1856abbb4098a3d491c235604925 [term 0 FOLLOWER]: Starting leader election (no leader contacted us within the election timeout)
I20260710 13:21:22.440063 18060 raft_consensus.cc:3060] T e9c6a633e0f24fe4985b978c1e3e0b72 P 25fb1856abbb4098a3d491c235604925 [term 0 FOLLOWER]: Advancing to term 1
I20260710 13:21:22.442588 18040 leader_election.cc:290] T 8fb657abe43d49e5b5e87a69961861ec P b38e11f1ce3c44b99dc20239269c0e37 [CANDIDATE]: Term 1 pre-election: Requested pre-vote from peers 25fb1856abbb4098a3d491c235604925 (127.16.83.195:45075), c370fde8dad04818af8134a2fd91f746 (127.16.83.194:44531)
I20260710 13:21:22.444373 17922 tablet_service.cc:1917] Received RequestConsensusVote() RPC: tablet_id: "8fb657abe43d49e5b5e87a69961861ec" candidate_uuid: "b38e11f1ce3c44b99dc20239269c0e37" candidate_term: 1 candidate_status { last_received { term: 0 index: 0 } } ignore_live_leader: false dest_uuid: "c370fde8dad04818af8134a2fd91f746" is_pre_election: true
I20260710 13:21:22.445242 17922 raft_consensus.cc:2468] T 8fb657abe43d49e5b5e87a69961861ec P c370fde8dad04818af8134a2fd91f746 [term 0 FOLLOWER]: Leader pre-election vote request: Granting yes vote for candidate b38e11f1ce3c44b99dc20239269c0e37 in term 0.
I20260710 13:21:22.446713 17811 leader_election.cc:304] T 8fb657abe43d49e5b5e87a69961861ec P b38e11f1ce3c44b99dc20239269c0e37 [CANDIDATE]: Term 1 pre-election: Election decided. Result: candidate won. Election summary: received 2 responses out of 3 voters: 2 yes votes; 0 no votes. yes voters: b38e11f1ce3c44b99dc20239269c0e37, c370fde8dad04818af8134a2fd91f746; no voters: 
I20260710 13:21:22.449831 17996 tablet_service.cc:1917] Received RequestConsensusVote() RPC: tablet_id: "8fb657abe43d49e5b5e87a69961861ec" candidate_uuid: "b38e11f1ce3c44b99dc20239269c0e37" candidate_term: 1 candidate_status { last_received { term: 0 index: 0 } } ignore_live_leader: false dest_uuid: "25fb1856abbb4098a3d491c235604925" is_pre_election: true
W20260710 13:21:22.451864 17812 leader_election.cc:343] T 8fb657abe43d49e5b5e87a69961861ec P b38e11f1ce3c44b99dc20239269c0e37 [CANDIDATE]: Term 1 pre-election: Tablet error from VoteRequest() call to peer 25fb1856abbb4098a3d491c235604925 (127.16.83.195:45075): Illegal state: must be running to vote when last-logged opid is not known
I20260710 13:21:22.455991 18040 raft_consensus.cc:2804] T 8fb657abe43d49e5b5e87a69961861ec P b38e11f1ce3c44b99dc20239269c0e37 [term 0 FOLLOWER]: Leader pre-election won for term 1
I20260710 13:21:22.462123 18040 raft_consensus.cc:493] T 8fb657abe43d49e5b5e87a69961861ec P b38e11f1ce3c44b99dc20239269c0e37 [term 0 FOLLOWER]: Starting leader election (no leader contacted us within the election timeout)
I20260710 13:21:22.463116 18040 raft_consensus.cc:3060] T 8fb657abe43d49e5b5e87a69961861ec P b38e11f1ce3c44b99dc20239269c0e37 [term 0 FOLLOWER]: Advancing to term 1
I20260710 13:21:22.471494 18038 tablet_bootstrap.cc:654] T 8fb657abe43d49e5b5e87a69961861ec P 25fb1856abbb4098a3d491c235604925: Neither blocks nor log segments found. Creating new log.
I20260710 13:21:22.461390 18060 raft_consensus.cc:515] T e9c6a633e0f24fe4985b978c1e3e0b72 P 25fb1856abbb4098a3d491c235604925 [term 1 FOLLOWER]: Starting leader election with config: opid_index: -1 OBSOLETE_local: false peers { permanent_uuid: "b38e11f1ce3c44b99dc20239269c0e37" member_type: VOTER last_known_addr { host: "127.16.83.193" port: 32907 } } peers { permanent_uuid: "c370fde8dad04818af8134a2fd91f746" member_type: VOTER last_known_addr { host: "127.16.83.194" port: 44531 } } peers { permanent_uuid: "25fb1856abbb4098a3d491c235604925" member_type: VOTER last_known_addr { host: "127.16.83.195" port: 45075 } }
I20260710 13:21:22.474606 17847 tablet_service.cc:1917] Received RequestConsensusVote() RPC: tablet_id: "e9c6a633e0f24fe4985b978c1e3e0b72" candidate_uuid: "25fb1856abbb4098a3d491c235604925" candidate_term: 1 candidate_status { last_received { term: 0 index: 0 } } ignore_live_leader: false dest_uuid: "b38e11f1ce3c44b99dc20239269c0e37"
W20260710 13:21:22.476011 17962 leader_election.cc:343] T e9c6a633e0f24fe4985b978c1e3e0b72 P 25fb1856abbb4098a3d491c235604925 [CANDIDATE]: Term 1 election: Tablet error from VoteRequest() call to peer b38e11f1ce3c44b99dc20239269c0e37 (127.16.83.193:32907): Illegal state: must be running to vote when last-logged opid is not known
I20260710 13:21:22.478528 17922 tablet_service.cc:1917] Received RequestConsensusVote() RPC: tablet_id: "e9c6a633e0f24fe4985b978c1e3e0b72" candidate_uuid: "25fb1856abbb4098a3d491c235604925" candidate_term: 1 candidate_status { last_received { term: 0 index: 0 } } ignore_live_leader: false dest_uuid: "c370fde8dad04818af8134a2fd91f746"
I20260710 13:21:22.479288 17922 raft_consensus.cc:3060] T e9c6a633e0f24fe4985b978c1e3e0b72 P c370fde8dad04818af8134a2fd91f746 [term 0 FOLLOWER]: Advancing to term 1
I20260710 13:21:22.484515 18076 raft_consensus.cc:493] T 5b5f9d8dcc7f4e87a6545119975d6b9a P b38e11f1ce3c44b99dc20239269c0e37 [term 0 FOLLOWER]: Starting pre-election (no leader contacted us within the election timeout)
I20260710 13:21:22.485385 18076 raft_consensus.cc:515] T 5b5f9d8dcc7f4e87a6545119975d6b9a P b38e11f1ce3c44b99dc20239269c0e37 [term 0 FOLLOWER]: Starting pre-election with config: opid_index: -1 OBSOLETE_local: false peers { permanent_uuid: "b38e11f1ce3c44b99dc20239269c0e37" member_type: VOTER last_known_addr { host: "127.16.83.193" port: 32907 } } peers { permanent_uuid: "c370fde8dad04818af8134a2fd91f746" member_type: VOTER last_known_addr { host: "127.16.83.194" port: 44531 } } peers { permanent_uuid: "25fb1856abbb4098a3d491c235604925" member_type: VOTER last_known_addr { host: "127.16.83.195" port: 45075 } }
I20260710 13:21:22.488129 18075 raft_consensus.cc:493] T f421dd6799e041de81b735579a98de93 P b38e11f1ce3c44b99dc20239269c0e37 [term 0 FOLLOWER]: Starting pre-election (no leader contacted us within the election timeout)
I20260710 13:21:22.488826 18075 raft_consensus.cc:515] T f421dd6799e041de81b735579a98de93 P b38e11f1ce3c44b99dc20239269c0e37 [term 0 FOLLOWER]: Starting pre-election with config: opid_index: -1 OBSOLETE_local: false peers { permanent_uuid: "b38e11f1ce3c44b99dc20239269c0e37" member_type: VOTER last_known_addr { host: "127.16.83.193" port: 32907 } } peers { permanent_uuid: "c370fde8dad04818af8134a2fd91f746" member_type: VOTER last_known_addr { host: "127.16.83.194" port: 44531 } } peers { permanent_uuid: "25fb1856abbb4098a3d491c235604925" member_type: VOTER last_known_addr { host: "127.16.83.195" port: 45075 } }
I20260710 13:21:22.492479 17921 tablet_service.cc:1917] Received RequestConsensusVote() RPC: tablet_id: "5b5f9d8dcc7f4e87a6545119975d6b9a" candidate_uuid: "b38e11f1ce3c44b99dc20239269c0e37" candidate_term: 1 candidate_status { last_received { term: 0 index: 0 } } ignore_live_leader: false dest_uuid: "c370fde8dad04818af8134a2fd91f746" is_pre_election: true
I20260710 13:21:22.493345 18076 leader_election.cc:290] T 5b5f9d8dcc7f4e87a6545119975d6b9a P b38e11f1ce3c44b99dc20239269c0e37 [CANDIDATE]: Term 1 pre-election: Requested pre-vote from peers c370fde8dad04818af8134a2fd91f746 (127.16.83.194:44531), 25fb1856abbb4098a3d491c235604925 (127.16.83.195:45075)
I20260710 13:21:22.493547 17921 raft_consensus.cc:2468] T 5b5f9d8dcc7f4e87a6545119975d6b9a P c370fde8dad04818af8134a2fd91f746 [term 0 FOLLOWER]: Leader pre-election vote request: Granting yes vote for candidate b38e11f1ce3c44b99dc20239269c0e37 in term 0.
I20260710 13:21:22.495801 17811 leader_election.cc:304] T 5b5f9d8dcc7f4e87a6545119975d6b9a P b38e11f1ce3c44b99dc20239269c0e37 [CANDIDATE]: Term 1 pre-election: Election decided. Result: candidate won. Election summary: received 2 responses out of 3 voters: 2 yes votes; 0 no votes. yes voters: b38e11f1ce3c44b99dc20239269c0e37, c370fde8dad04818af8134a2fd91f746; no voters: 
I20260710 13:21:22.492630 17996 tablet_service.cc:1917] Received RequestConsensusVote() RPC: tablet_id: "5b5f9d8dcc7f4e87a6545119975d6b9a" candidate_uuid: "b38e11f1ce3c44b99dc20239269c0e37" candidate_term: 1 candidate_status { last_received { term: 0 index: 0 } } ignore_live_leader: false dest_uuid: "25fb1856abbb4098a3d491c235604925" is_pre_election: true
I20260710 13:21:22.498039 17996 raft_consensus.cc:2468] T 5b5f9d8dcc7f4e87a6545119975d6b9a P 25fb1856abbb4098a3d491c235604925 [term 0 FOLLOWER]: Leader pre-election vote request: Granting yes vote for candidate b38e11f1ce3c44b99dc20239269c0e37 in term 0.
I20260710 13:21:22.499699 18076 raft_consensus.cc:2804] T 5b5f9d8dcc7f4e87a6545119975d6b9a P b38e11f1ce3c44b99dc20239269c0e37 [term 0 FOLLOWER]: Leader pre-election won for term 1
I20260710 13:21:22.500147 18076 raft_consensus.cc:493] T 5b5f9d8dcc7f4e87a6545119975d6b9a P b38e11f1ce3c44b99dc20239269c0e37 [term 0 FOLLOWER]: Starting leader election (no leader contacted us within the election timeout)
I20260710 13:21:22.500485 18076 raft_consensus.cc:3060] T 5b5f9d8dcc7f4e87a6545119975d6b9a P b38e11f1ce3c44b99dc20239269c0e37 [term 0 FOLLOWER]: Advancing to term 1
I20260710 13:21:22.500550 17921 tablet_service.cc:1917] Received RequestConsensusVote() RPC: tablet_id: "f421dd6799e041de81b735579a98de93" candidate_uuid: "b38e11f1ce3c44b99dc20239269c0e37" candidate_term: 1 candidate_status { last_received { term: 0 index: 0 } } ignore_live_leader: false dest_uuid: "c370fde8dad04818af8134a2fd91f746" is_pre_election: true
I20260710 13:21:22.501438 17921 raft_consensus.cc:2393] T f421dd6799e041de81b735579a98de93 P c370fde8dad04818af8134a2fd91f746 [term 1 FOLLOWER]: Leader pre-election vote request: Denying vote to candidate b38e11f1ce3c44b99dc20239269c0e37 in current term 1: Already voted for candidate 25fb1856abbb4098a3d491c235604925 in this term.
I20260710 13:21:22.503080 18089 raft_consensus.cc:493] T 63a45a70898f4b2bbbe0314da2ac7f8d P b38e11f1ce3c44b99dc20239269c0e37 [term 0 FOLLOWER]: Starting pre-election (no leader contacted us within the election timeout)
I20260710 13:21:22.503557 18089 raft_consensus.cc:515] T 63a45a70898f4b2bbbe0314da2ac7f8d P b38e11f1ce3c44b99dc20239269c0e37 [term 0 FOLLOWER]: Starting pre-election with config: opid_index: -1 OBSOLETE_local: false peers { permanent_uuid: "b38e11f1ce3c44b99dc20239269c0e37" member_type: VOTER last_known_addr { host: "127.16.83.193" port: 32907 } } peers { permanent_uuid: "c370fde8dad04818af8134a2fd91f746" member_type: VOTER last_known_addr { host: "127.16.83.194" port: 44531 } } peers { permanent_uuid: "25fb1856abbb4098a3d491c235604925" member_type: VOTER last_known_addr { host: "127.16.83.195" port: 45075 } }
I20260710 13:21:22.504989 18075 leader_election.cc:290] T f421dd6799e041de81b735579a98de93 P b38e11f1ce3c44b99dc20239269c0e37 [CANDIDATE]: Term 1 pre-election: Requested pre-vote from peers c370fde8dad04818af8134a2fd91f746 (127.16.83.194:44531), 25fb1856abbb4098a3d491c235604925 (127.16.83.195:45075)
I20260710 13:21:22.506073 17996 tablet_service.cc:1917] Received RequestConsensusVote() RPC: tablet_id: "f421dd6799e041de81b735579a98de93" candidate_uuid: "b38e11f1ce3c44b99dc20239269c0e37" candidate_term: 1 candidate_status { last_received { term: 0 index: 0 } } ignore_live_leader: false dest_uuid: "25fb1856abbb4098a3d491c235604925" is_pre_election: true
I20260710 13:21:22.506528 17921 tablet_service.cc:1917] Received RequestConsensusVote() RPC: tablet_id: "63a45a70898f4b2bbbe0314da2ac7f8d" candidate_uuid: "b38e11f1ce3c44b99dc20239269c0e37" candidate_term: 1 candidate_status { last_received { term: 0 index: 0 } } ignore_live_leader: false dest_uuid: "c370fde8dad04818af8134a2fd91f746" is_pre_election: true
I20260710 13:21:22.507104 17921 raft_consensus.cc:2468] T 63a45a70898f4b2bbbe0314da2ac7f8d P c370fde8dad04818af8134a2fd91f746 [term 0 FOLLOWER]: Leader pre-election vote request: Granting yes vote for candidate b38e11f1ce3c44b99dc20239269c0e37 in term 0.
I20260710 13:21:22.508107 17811 leader_election.cc:304] T 63a45a70898f4b2bbbe0314da2ac7f8d P b38e11f1ce3c44b99dc20239269c0e37 [CANDIDATE]: Term 1 pre-election: Election decided. Result: candidate won. Election summary: received 2 responses out of 3 voters: 2 yes votes; 0 no votes. yes voters: b38e11f1ce3c44b99dc20239269c0e37, c370fde8dad04818af8134a2fd91f746; no voters: 
I20260710 13:21:22.510810 18062 consensus_queue.cc:1048] T 2259e16b37fa4094aba95cc6953a42db P 25fb1856abbb4098a3d491c235604925 [LEADER]: Connected to new peer: Peer: permanent_uuid: "c370fde8dad04818af8134a2fd91f746" member_type: VOTER last_known_addr { host: "127.16.83.194" port: 44531 }, Status: LMP_MISMATCH, Last received: 0.0, Next index: 1, Last known committed idx: 0, Time since last communication: 0.001s
I20260710 13:21:22.511734 18089 leader_election.cc:290] T 63a45a70898f4b2bbbe0314da2ac7f8d P b38e11f1ce3c44b99dc20239269c0e37 [CANDIDATE]: Term 1 pre-election: Requested pre-vote from peers c370fde8dad04818af8134a2fd91f746 (127.16.83.194:44531), 25fb1856abbb4098a3d491c235604925 (127.16.83.195:45075)
I20260710 13:21:22.512241 18089 raft_consensus.cc:2804] T 63a45a70898f4b2bbbe0314da2ac7f8d P b38e11f1ce3c44b99dc20239269c0e37 [term 0 FOLLOWER]: Leader pre-election won for term 1
I20260710 13:21:22.512445 17812 leader_election.cc:304] T f421dd6799e041de81b735579a98de93 P b38e11f1ce3c44b99dc20239269c0e37 [CANDIDATE]: Term 1 pre-election: Election decided. Result: candidate lost. Election summary: received 3 responses out of 3 voters: 1 yes votes; 2 no votes. yes voters: b38e11f1ce3c44b99dc20239269c0e37; no voters: 25fb1856abbb4098a3d491c235604925, c370fde8dad04818af8134a2fd91f746
I20260710 13:21:22.514801 18089 raft_consensus.cc:493] T 63a45a70898f4b2bbbe0314da2ac7f8d P b38e11f1ce3c44b99dc20239269c0e37 [term 0 FOLLOWER]: Starting leader election (no leader contacted us within the election timeout)
I20260710 13:21:22.515219 18089 raft_consensus.cc:3060] T 63a45a70898f4b2bbbe0314da2ac7f8d P b38e11f1ce3c44b99dc20239269c0e37 [term 0 FOLLOWER]: Advancing to term 1
I20260710 13:21:22.518553 17996 tablet_service.cc:1917] Received RequestConsensusVote() RPC: tablet_id: "63a45a70898f4b2bbbe0314da2ac7f8d" candidate_uuid: "b38e11f1ce3c44b99dc20239269c0e37" candidate_term: 1 candidate_status { last_received { term: 0 index: 0 } } ignore_live_leader: false dest_uuid: "25fb1856abbb4098a3d491c235604925" is_pre_election: true
I20260710 13:21:22.519196 17996 raft_consensus.cc:2468] T 63a45a70898f4b2bbbe0314da2ac7f8d P 25fb1856abbb4098a3d491c235604925 [term 0 FOLLOWER]: Leader pre-election vote request: Granting yes vote for candidate b38e11f1ce3c44b99dc20239269c0e37 in term 0.
I20260710 13:21:22.520829 18075 raft_consensus.cc:3060] T f421dd6799e041de81b735579a98de93 P b38e11f1ce3c44b99dc20239269c0e37 [term 0 FOLLOWER]: Advancing to term 1
I20260710 13:21:22.522387 18089 raft_consensus.cc:515] T 63a45a70898f4b2bbbe0314da2ac7f8d P b38e11f1ce3c44b99dc20239269c0e37 [term 1 FOLLOWER]: Starting leader election with config: opid_index: -1 OBSOLETE_local: false peers { permanent_uuid: "b38e11f1ce3c44b99dc20239269c0e37" member_type: VOTER last_known_addr { host: "127.16.83.193" port: 32907 } } peers { permanent_uuid: "c370fde8dad04818af8134a2fd91f746" member_type: VOTER last_known_addr { host: "127.16.83.194" port: 44531 } } peers { permanent_uuid: "25fb1856abbb4098a3d491c235604925" member_type: VOTER last_known_addr { host: "127.16.83.195" port: 45075 } }
I20260710 13:21:22.534157 17921 tablet_service.cc:1917] Received RequestConsensusVote() RPC: tablet_id: "63a45a70898f4b2bbbe0314da2ac7f8d" candidate_uuid: "b38e11f1ce3c44b99dc20239269c0e37" candidate_term: 1 candidate_status { last_received { term: 0 index: 0 } } ignore_live_leader: false dest_uuid: "c370fde8dad04818af8134a2fd91f746"
I20260710 13:21:22.534713 17921 raft_consensus.cc:3060] T 63a45a70898f4b2bbbe0314da2ac7f8d P c370fde8dad04818af8134a2fd91f746 [term 0 FOLLOWER]: Advancing to term 1
I20260710 13:21:22.541921 17921 raft_consensus.cc:2468] T 63a45a70898f4b2bbbe0314da2ac7f8d P c370fde8dad04818af8134a2fd91f746 [term 1 FOLLOWER]: Leader election vote request: Granting yes vote for candidate b38e11f1ce3c44b99dc20239269c0e37 in term 1.
I20260710 13:21:22.542387 17922 raft_consensus.cc:2468] T e9c6a633e0f24fe4985b978c1e3e0b72 P c370fde8dad04818af8134a2fd91f746 [term 1 FOLLOWER]: Leader election vote request: Granting yes vote for candidate 25fb1856abbb4098a3d491c235604925 in term 1.
I20260710 13:21:22.543232 17811 leader_election.cc:304] T 63a45a70898f4b2bbbe0314da2ac7f8d P b38e11f1ce3c44b99dc20239269c0e37 [CANDIDATE]: Term 1 election: Election decided. Result: candidate won. Election summary: received 2 responses out of 3 voters: 2 yes votes; 0 no votes. yes voters: b38e11f1ce3c44b99dc20239269c0e37, c370fde8dad04818af8134a2fd91f746; no voters: 
I20260710 13:21:22.543499 17960 leader_election.cc:304] T e9c6a633e0f24fe4985b978c1e3e0b72 P 25fb1856abbb4098a3d491c235604925 [CANDIDATE]: Term 1 election: Election decided. Result: candidate won. Election summary: received 3 responses out of 3 voters: 2 yes votes; 1 no votes. yes voters: 25fb1856abbb4098a3d491c235604925, c370fde8dad04818af8134a2fd91f746; no voters: b38e11f1ce3c44b99dc20239269c0e37
I20260710 13:21:22.544467 18062 raft_consensus.cc:2804] T e9c6a633e0f24fe4985b978c1e3e0b72 P 25fb1856abbb4098a3d491c235604925 [term 1 FOLLOWER]: Leader election won for term 1
I20260710 13:21:22.488801 18060 leader_election.cc:290] T e9c6a633e0f24fe4985b978c1e3e0b72 P 25fb1856abbb4098a3d491c235604925 [CANDIDATE]: Term 1 election: Requested vote from peers b38e11f1ce3c44b99dc20239269c0e37 (127.16.83.193:32907), c370fde8dad04818af8134a2fd91f746 (127.16.83.194:44531)
I20260710 13:21:22.558756 18076 raft_consensus.cc:515] T 5b5f9d8dcc7f4e87a6545119975d6b9a P b38e11f1ce3c44b99dc20239269c0e37 [term 1 FOLLOWER]: Starting leader election with config: opid_index: -1 OBSOLETE_local: false peers { permanent_uuid: "b38e11f1ce3c44b99dc20239269c0e37" member_type: VOTER last_known_addr { host: "127.16.83.193" port: 32907 } } peers { permanent_uuid: "c370fde8dad04818af8134a2fd91f746" member_type: VOTER last_known_addr { host: "127.16.83.194" port: 44531 } } peers { permanent_uuid: "25fb1856abbb4098a3d491c235604925" member_type: VOTER last_known_addr { host: "127.16.83.195" port: 45075 } }
I20260710 13:21:22.560276 18096 consensus_queue.cc:1048] T 2259e16b37fa4094aba95cc6953a42db P 25fb1856abbb4098a3d491c235604925 [LEADER]: Connected to new peer: Peer: permanent_uuid: "b38e11f1ce3c44b99dc20239269c0e37" member_type: VOTER last_known_addr { host: "127.16.83.193" port: 32907 }, Status: LMP_MISMATCH, Last received: 0.0, Next index: 1, Last known committed idx: 0, Time since last communication: 0.001s
I20260710 13:21:22.561069 18089 leader_election.cc:290] T 63a45a70898f4b2bbbe0314da2ac7f8d P b38e11f1ce3c44b99dc20239269c0e37 [CANDIDATE]: Term 1 election: Requested vote from peers c370fde8dad04818af8134a2fd91f746 (127.16.83.194:44531), 25fb1856abbb4098a3d491c235604925 (127.16.83.195:45075)
I20260710 13:21:22.561648 18089 raft_consensus.cc:2804] T 63a45a70898f4b2bbbe0314da2ac7f8d P b38e11f1ce3c44b99dc20239269c0e37 [term 1 FOLLOWER]: Leader election won for term 1
I20260710 13:21:22.562165 17996 tablet_service.cc:1917] Received RequestConsensusVote() RPC: tablet_id: "63a45a70898f4b2bbbe0314da2ac7f8d" candidate_uuid: "b38e11f1ce3c44b99dc20239269c0e37" candidate_term: 1 candidate_status { last_received { term: 0 index: 0 } } ignore_live_leader: false dest_uuid: "25fb1856abbb4098a3d491c235604925"
I20260710 13:21:22.562853 17996 raft_consensus.cc:3060] T 63a45a70898f4b2bbbe0314da2ac7f8d P 25fb1856abbb4098a3d491c235604925 [term 0 FOLLOWER]: Advancing to term 1
I20260710 13:21:22.562085 18089 raft_consensus.cc:697] T 63a45a70898f4b2bbbe0314da2ac7f8d P b38e11f1ce3c44b99dc20239269c0e37 [term 1 LEADER]: Becoming Leader. State: Replica: b38e11f1ce3c44b99dc20239269c0e37, State: Running, Role: LEADER
I20260710 13:21:22.566596 18089 consensus_queue.cc:237] T 63a45a70898f4b2bbbe0314da2ac7f8d P b38e11f1ce3c44b99dc20239269c0e37 [LEADER]: Queue going to LEADER mode. State: All replicated index: 0, Majority replicated index: 0, Committed index: 0, Last appended: 0.0, Last appended by leader: 0, Current term: 1, Majority size: 2, State: 0, Mode: LEADER, active raft config: opid_index: -1 OBSOLETE_local: false peers { permanent_uuid: "b38e11f1ce3c44b99dc20239269c0e37" member_type: VOTER last_known_addr { host: "127.16.83.193" port: 32907 } } peers { permanent_uuid: "c370fde8dad04818af8134a2fd91f746" member_type: VOTER last_known_addr { host: "127.16.83.194" port: 44531 } } peers { permanent_uuid: "25fb1856abbb4098a3d491c235604925" member_type: VOTER last_known_addr { host: "127.16.83.195" port: 45075 } }
