W20260710 13:20:58.194101 11162 leader_election.cc:343] T a04ed9db54184896aa4fefe19615d483 P 75be33ff1c594dcaa278b2b9c5d4418d [CANDIDATE]: Term 1 pre-election: Tablet error from VoteRequest() call to peer 67e5a6091f374866a48f686c5b13fe60 (127.10.186.193:36157): Illegal state: must be running to vote when last-logged opid is not known
I20260710 13:20:58.194319 11321 raft_consensus.cc:3060] T 10a618cfa9be4fccb1ce7dbfcb15a969 P 75be33ff1c594dcaa278b2b9c5d4418d [term 0 FOLLOWER]: Advancing to term 1
I20260710 13:20:58.194648 11122 tablet_service.cc:1917] Received RequestConsensusVote() RPC: tablet_id: "1078d542b40c4d0087abc731d2192c33" candidate_uuid: "75be33ff1c594dcaa278b2b9c5d4418d" candidate_term: 1 candidate_status { last_received { term: 0 index: 0 } } ignore_live_leader: false dest_uuid: "67e5a6091f374866a48f686c5b13fe60" is_pre_election: true
I20260710 13:20:58.195007 11162 leader_election.cc:304] T 9ca14096bff64c13a2b8b78b8d8109d4 P 75be33ff1c594dcaa278b2b9c5d4418d [CANDIDATE]: Term 1 pre-election: Election decided. Result: candidate won. Election summary: received 2 responses out of 3 voters: 2 yes votes; 0 no votes. yes voters: 67e5a6091f374866a48f686c5b13fe60, 75be33ff1c594dcaa278b2b9c5d4418d; no voters: 
I20260710 13:20:58.195838 11270 tablet_service.cc:1917] Received RequestConsensusVote() RPC: tablet_id: "9ca14096bff64c13a2b8b78b8d8109d4" candidate_uuid: "75be33ff1c594dcaa278b2b9c5d4418d" candidate_term: 1 candidate_status { last_received { term: 0 index: 0 } } ignore_live_leader: false dest_uuid: "f250842d9ebb45d6831f8af576bbb41a" is_pre_election: true
I20260710 13:20:58.197963 11270 raft_consensus.cc:2468] T 9ca14096bff64c13a2b8b78b8d8109d4 P f250842d9ebb45d6831f8af576bbb41a [term 0 FOLLOWER]: Leader pre-election vote request: Granting yes vote for candidate 75be33ff1c594dcaa278b2b9c5d4418d in term 0.
I20260710 13:20:58.179879 11271 raft_consensus.cc:2468] T 10a618cfa9be4fccb1ce7dbfcb15a969 P f250842d9ebb45d6831f8af576bbb41a [term 0 FOLLOWER]: Leader pre-election vote request: Granting yes vote for candidate 75be33ff1c594dcaa278b2b9c5d4418d in term 0.
I20260710 13:20:58.202318 11270 tablet_service.cc:1917] Received RequestConsensusVote() RPC: tablet_id: "1078d542b40c4d0087abc731d2192c33" candidate_uuid: "75be33ff1c594dcaa278b2b9c5d4418d" candidate_term: 1 candidate_status { last_received { term: 0 index: 0 } } ignore_live_leader: false dest_uuid: "f250842d9ebb45d6831f8af576bbb41a" is_pre_election: true
I20260710 13:20:58.202998 11270 raft_consensus.cc:2468] T 1078d542b40c4d0087abc731d2192c33 P f250842d9ebb45d6831f8af576bbb41a [term 0 FOLLOWER]: Leader pre-election vote request: Granting yes vote for candidate 75be33ff1c594dcaa278b2b9c5d4418d in term 0.
I20260710 13:20:58.205287 11163 leader_election.cc:304] T a04ed9db54184896aa4fefe19615d483 P 75be33ff1c594dcaa278b2b9c5d4418d [CANDIDATE]: Term 1 pre-election: Election decided. Result: candidate won. Election summary: received 3 responses out of 3 voters: 2 yes votes; 1 no votes. yes voters: 75be33ff1c594dcaa278b2b9c5d4418d, f250842d9ebb45d6831f8af576bbb41a; no voters: 67e5a6091f374866a48f686c5b13fe60
I20260710 13:20:58.210657 11314 tablet_bootstrap.cc:492] T dc708dd39dd3427cb2b7085f2263d449 P 75be33ff1c594dcaa278b2b9c5d4418d: No bootstrap required, opened a new log
I20260710 13:20:58.212950 11314 ts_tablet_manager.cc:1403] T dc708dd39dd3427cb2b7085f2263d449 P 75be33ff1c594dcaa278b2b9c5d4418d: Time spent bootstrapping tablet: real 0.069s	user 0.015s	sys 0.017s
I20260710 13:20:58.212061 11316 raft_consensus.cc:359] T 1078d542b40c4d0087abc731d2192c33 P 67e5a6091f374866a48f686c5b13fe60 [term 0 FOLLOWER]: Replica starting. Triggering 0 pending ops. Active config: opid_index: -1 OBSOLETE_local: false peers { permanent_uuid: "67e5a6091f374866a48f686c5b13fe60" member_type: VOTER last_known_addr { host: "127.10.186.193" port: 36157 } } peers { permanent_uuid: "75be33ff1c594dcaa278b2b9c5d4418d" member_type: VOTER last_known_addr { host: "127.10.186.194" port: 43291 } } peers { permanent_uuid: "f250842d9ebb45d6831f8af576bbb41a" member_type: VOTER last_known_addr { host: "127.10.186.195" port: 44677 } }
I20260710 13:20:58.221619 11315 tablet_bootstrap.cc:654] T d2771be0c6ad43a999b33979a7a8dd83 P f250842d9ebb45d6831f8af576bbb41a: Neither blocks nor log segments found. Creating new log.
I20260710 13:20:58.225080 11314 raft_consensus.cc:359] T dc708dd39dd3427cb2b7085f2263d449 P 75be33ff1c594dcaa278b2b9c5d4418d [term 0 FOLLOWER]: Replica starting. Triggering 0 pending ops. Active config: opid_index: -1 OBSOLETE_local: false peers { permanent_uuid: "67e5a6091f374866a48f686c5b13fe60" member_type: VOTER last_known_addr { host: "127.10.186.193" port: 36157 } } peers { permanent_uuid: "75be33ff1c594dcaa278b2b9c5d4418d" member_type: VOTER last_known_addr { host: "127.10.186.194" port: 43291 } } peers { permanent_uuid: "f250842d9ebb45d6831f8af576bbb41a" member_type: VOTER last_known_addr { host: "127.10.186.195" port: 44677 } }
I20260710 13:20:58.221095 11316 raft_consensus.cc:385] T 1078d542b40c4d0087abc731d2192c33 P 67e5a6091f374866a48f686c5b13fe60 [term 0 FOLLOWER]: Consensus starting up: Expiring failure detector timer to make a prompt election more likely
I20260710 13:20:58.227352 11316 raft_consensus.cc:740] T 1078d542b40c4d0087abc731d2192c33 P 67e5a6091f374866a48f686c5b13fe60 [term 0 FOLLOWER]: Becoming Follower/Learner. State: Replica: 67e5a6091f374866a48f686c5b13fe60, State: Initialized, Role: FOLLOWER
I20260710 13:20:58.228092 11346 raft_consensus.cc:2804] T 9ca14096bff64c13a2b8b78b8d8109d4 P 75be33ff1c594dcaa278b2b9c5d4418d [term 0 FOLLOWER]: Leader pre-election won for term 1
I20260710 13:20:58.227030 11314 raft_consensus.cc:385] T dc708dd39dd3427cb2b7085f2263d449 P 75be33ff1c594dcaa278b2b9c5d4418d [term 0 FOLLOWER]: Consensus starting up: Expiring failure detector timer to make a prompt election more likely
I20260710 13:20:58.228633 11314 raft_consensus.cc:740] T dc708dd39dd3427cb2b7085f2263d449 P 75be33ff1c594dcaa278b2b9c5d4418d [term 0 FOLLOWER]: Becoming Follower/Learner. State: Replica: 75be33ff1c594dcaa278b2b9c5d4418d, State: Initialized, Role: FOLLOWER
I20260710 13:20:58.228550 11346 raft_consensus.cc:493] T 9ca14096bff64c13a2b8b78b8d8109d4 P 75be33ff1c594dcaa278b2b9c5d4418d [term 0 FOLLOWER]: Starting leader election (no leader contacted us within the election timeout)
I20260710 13:20:58.232273 11345 raft_consensus.cc:2804] T a04ed9db54184896aa4fefe19615d483 P 75be33ff1c594dcaa278b2b9c5d4418d [term 0 FOLLOWER]: Leader pre-election won for term 1
I20260710 13:20:58.230273 11314 consensus_queue.cc:260] T dc708dd39dd3427cb2b7085f2263d449 P 75be33ff1c594dcaa278b2b9c5d4418d [NON_LEADER]: Queue going to NON_LEADER mode. State: All replicated index: 0, Majority replicated index: 0, Committed index: 0, Last appended: 0.0, Last appended by leader: 0, Current term: 0, Majority size: -1, State: 0, Mode: NON_LEADER, active raft config: opid_index: -1 OBSOLETE_local: false peers { permanent_uuid: "67e5a6091f374866a48f686c5b13fe60" member_type: VOTER last_known_addr { host: "127.10.186.193" port: 36157 } } peers { permanent_uuid: "75be33ff1c594dcaa278b2b9c5d4418d" member_type: VOTER last_known_addr { host: "127.10.186.194" port: 43291 } } peers { permanent_uuid: "f250842d9ebb45d6831f8af576bbb41a" member_type: VOTER last_known_addr { host: "127.10.186.195" port: 44677 } }
I20260710 13:20:58.233438 11345 raft_consensus.cc:493] T a04ed9db54184896aa4fefe19615d483 P 75be33ff1c594dcaa278b2b9c5d4418d [term 0 FOLLOWER]: Starting leader election (no leader contacted us within the election timeout)
I20260710 13:20:58.231820 11163 leader_election.cc:304] T 1078d542b40c4d0087abc731d2192c33 P 75be33ff1c594dcaa278b2b9c5d4418d [CANDIDATE]: Term 1 pre-election: Election decided. Result: candidate won. Election summary: received 2 responses out of 3 voters: 2 yes votes; 0 no votes. yes voters: 75be33ff1c594dcaa278b2b9c5d4418d, f250842d9ebb45d6831f8af576bbb41a; no voters: 
I20260710 13:20:58.230194 11346 raft_consensus.cc:3060] T 9ca14096bff64c13a2b8b78b8d8109d4 P 75be33ff1c594dcaa278b2b9c5d4418d [term 0 FOLLOWER]: Advancing to term 1
I20260710 13:20:58.234263 11345 raft_consensus.cc:3060] T a04ed9db54184896aa4fefe19615d483 P 75be33ff1c594dcaa278b2b9c5d4418d [term 0 FOLLOWER]: Advancing to term 1
I20260710 13:20:58.230077 11316 consensus_queue.cc:260] T 1078d542b40c4d0087abc731d2192c33 P 67e5a6091f374866a48f686c5b13fe60 [NON_LEADER]: Queue going to NON_LEADER mode. State: All replicated index: 0, Majority replicated index: 0, Committed index: 0, Last appended: 0.0, Last appended by leader: 0, Current term: 0, Majority size: -1, State: 0, Mode: NON_LEADER, active raft config: opid_index: -1 OBSOLETE_local: false peers { permanent_uuid: "67e5a6091f374866a48f686c5b13fe60" member_type: VOTER last_known_addr { host: "127.10.186.193" port: 36157 } } peers { permanent_uuid: "75be33ff1c594dcaa278b2b9c5d4418d" member_type: VOTER last_known_addr { host: "127.10.186.194" port: 43291 } } peers { permanent_uuid: "f250842d9ebb45d6831f8af576bbb41a" member_type: VOTER last_known_addr { host: "127.10.186.195" port: 44677 } }
W20260710 13:20:58.234941 11162 leader_election.cc:343] T 1078d542b40c4d0087abc731d2192c33 P 75be33ff1c594dcaa278b2b9c5d4418d [CANDIDATE]: Term 1 pre-election: Tablet error from VoteRequest() call to peer 67e5a6091f374866a48f686c5b13fe60 (127.10.186.193:36157): Illegal state: must be running to vote when last-logged opid is not known
I20260710 13:20:58.244220 11316 ts_tablet_manager.cc:1434] T 1078d542b40c4d0087abc731d2192c33 P 67e5a6091f374866a48f686c5b13fe60: Time spent starting tablet: real 0.053s	user 0.004s	sys 0.004s
I20260710 13:20:58.245200 11316 tablet_bootstrap.cc:492] T a04ed9db54184896aa4fefe19615d483 P 67e5a6091f374866a48f686c5b13fe60: Bootstrap starting.
I20260710 13:20:58.250790 11346 raft_consensus.cc:515] T 9ca14096bff64c13a2b8b78b8d8109d4 P 75be33ff1c594dcaa278b2b9c5d4418d [term 1 FOLLOWER]: Starting leader election with config: opid_index: -1 OBSOLETE_local: false peers { permanent_uuid: "67e5a6091f374866a48f686c5b13fe60" member_type: VOTER last_known_addr { host: "127.10.186.193" port: 36157 } } peers { permanent_uuid: "75be33ff1c594dcaa278b2b9c5d4418d" member_type: VOTER last_known_addr { host: "127.10.186.194" port: 43291 } } peers { permanent_uuid: "f250842d9ebb45d6831f8af576bbb41a" member_type: VOTER last_known_addr { host: "127.10.186.195" port: 44677 } }
I20260710 13:20:58.254528 11346 leader_election.cc:290] T 9ca14096bff64c13a2b8b78b8d8109d4 P 75be33ff1c594dcaa278b2b9c5d4418d [CANDIDATE]: Term 1 election: Requested vote from peers 67e5a6091f374866a48f686c5b13fe60 (127.10.186.193:36157), f250842d9ebb45d6831f8af576bbb41a (127.10.186.195:44677)
I20260710 13:20:58.258473 11122 tablet_service.cc:1917] Received RequestConsensusVote() RPC: tablet_id: "9ca14096bff64c13a2b8b78b8d8109d4" candidate_uuid: "75be33ff1c594dcaa278b2b9c5d4418d" candidate_term: 1 candidate_status { last_received { term: 0 index: 0 } } ignore_live_leader: false dest_uuid: "67e5a6091f374866a48f686c5b13fe60"
I20260710 13:20:58.258317 11321 raft_consensus.cc:515] T 10a618cfa9be4fccb1ce7dbfcb15a969 P 75be33ff1c594dcaa278b2b9c5d4418d [term 1 FOLLOWER]: Starting leader election with config: opid_index: -1 OBSOLETE_local: false peers { permanent_uuid: "75be33ff1c594dcaa278b2b9c5d4418d" member_type: VOTER last_known_addr { host: "127.10.186.194" port: 43291 } } peers { permanent_uuid: "67e5a6091f374866a48f686c5b13fe60" member_type: VOTER last_known_addr { host: "127.10.186.193" port: 36157 } } peers { permanent_uuid: "f250842d9ebb45d6831f8af576bbb41a" member_type: VOTER last_known_addr { host: "127.10.186.195" port: 44677 } }
I20260710 13:20:58.259284 11122 raft_consensus.cc:3060] T 9ca14096bff64c13a2b8b78b8d8109d4 P 67e5a6091f374866a48f686c5b13fe60 [term 0 FOLLOWER]: Advancing to term 1
I20260710 13:20:58.260993 11321 leader_election.cc:290] T 10a618cfa9be4fccb1ce7dbfcb15a969 P 75be33ff1c594dcaa278b2b9c5d4418d [CANDIDATE]: Term 1 election: Requested vote from peers 67e5a6091f374866a48f686c5b13fe60 (127.10.186.193:36157), f250842d9ebb45d6831f8af576bbb41a (127.10.186.195:44677)
I20260710 13:20:58.261174 11346 raft_consensus.cc:2804] T 1078d542b40c4d0087abc731d2192c33 P 75be33ff1c594dcaa278b2b9c5d4418d [term 0 FOLLOWER]: Leader pre-election won for term 1
I20260710 13:20:58.261646 11346 raft_consensus.cc:493] T 1078d542b40c4d0087abc731d2192c33 P 75be33ff1c594dcaa278b2b9c5d4418d [term 0 FOLLOWER]: Starting leader election (no leader contacted us within the election timeout)
I20260710 13:20:58.262022 11346 raft_consensus.cc:3060] T 1078d542b40c4d0087abc731d2192c33 P 75be33ff1c594dcaa278b2b9c5d4418d [term 0 FOLLOWER]: Advancing to term 1
I20260710 13:20:58.268262 11122 raft_consensus.cc:2468] T 9ca14096bff64c13a2b8b78b8d8109d4 P 67e5a6091f374866a48f686c5b13fe60 [term 1 FOLLOWER]: Leader election vote request: Granting yes vote for candidate 75be33ff1c594dcaa278b2b9c5d4418d in term 1.
I20260710 13:20:58.269711 11316 tablet_bootstrap.cc:654] T a04ed9db54184896aa4fefe19615d483 P 67e5a6091f374866a48f686c5b13fe60: Neither blocks nor log segments found. Creating new log.
I20260710 13:20:58.269990 11120 tablet_service.cc:1917] Received RequestConsensusVote() RPC: tablet_id: "10a618cfa9be4fccb1ce7dbfcb15a969" candidate_uuid: "75be33ff1c594dcaa278b2b9c5d4418d" candidate_term: 1 candidate_status { last_received { term: 0 index: 0 } } ignore_live_leader: false dest_uuid: "67e5a6091f374866a48f686c5b13fe60"
I20260710 13:20:58.270613 11120 raft_consensus.cc:3060] T 10a618cfa9be4fccb1ce7dbfcb15a969 P 67e5a6091f374866a48f686c5b13fe60 [term 0 FOLLOWER]: Advancing to term 1
I20260710 13:20:58.273203 11271 tablet_service.cc:1917] Received RequestConsensusVote() RPC: tablet_id: "9ca14096bff64c13a2b8b78b8d8109d4" candidate_uuid: "75be33ff1c594dcaa278b2b9c5d4418d" candidate_term: 1 candidate_status { last_received { term: 0 index: 0 } } ignore_live_leader: false dest_uuid: "f250842d9ebb45d6831f8af576bbb41a"
I20260710 13:20:58.273808 11271 raft_consensus.cc:3060] T 9ca14096bff64c13a2b8b78b8d8109d4 P f250842d9ebb45d6831f8af576bbb41a [term 0 FOLLOWER]: Advancing to term 1
I20260710 13:20:58.276237 11197 tablet_service.cc:1917] Received RequestConsensusVote() RPC: tablet_id: "a04ed9db54184896aa4fefe19615d483" candidate_uuid: "f250842d9ebb45d6831f8af576bbb41a" candidate_term: 1 candidate_status { last_received { term: 0 index: 0 } } ignore_live_leader: false dest_uuid: "75be33ff1c594dcaa278b2b9c5d4418d" is_pre_election: true
I20260710 13:20:58.277666 11270 tablet_service.cc:1917] Received RequestConsensusVote() RPC: tablet_id: "10a618cfa9be4fccb1ce7dbfcb15a969" candidate_uuid: "75be33ff1c594dcaa278b2b9c5d4418d" candidate_term: 1 candidate_status { last_received { term: 0 index: 0 } } ignore_live_leader: false dest_uuid: "f250842d9ebb45d6831f8af576bbb41a"
I20260710 13:20:58.278237 11270 raft_consensus.cc:3060] T 10a618cfa9be4fccb1ce7dbfcb15a969 P f250842d9ebb45d6831f8af576bbb41a [term 0 FOLLOWER]: Advancing to term 1
I20260710 13:20:58.278348 11120 raft_consensus.cc:2468] T 10a618cfa9be4fccb1ce7dbfcb15a969 P 67e5a6091f374866a48f686c5b13fe60 [term 1 FOLLOWER]: Leader election vote request: Granting yes vote for candidate 75be33ff1c594dcaa278b2b9c5d4418d in term 1.
I20260710 13:20:58.281052 11314 ts_tablet_manager.cc:1434] T dc708dd39dd3427cb2b7085f2263d449 P 75be33ff1c594dcaa278b2b9c5d4418d: Time spent starting tablet: real 0.060s	user 0.012s	sys 0.009s
I20260710 13:20:58.269606 11162 leader_election.cc:304] T 9ca14096bff64c13a2b8b78b8d8109d4 P 75be33ff1c594dcaa278b2b9c5d4418d [CANDIDATE]: Term 1 election: Election decided. Result: candidate won. Election summary: received 2 responses out of 3 voters: 2 yes votes; 0 no votes. yes voters: 67e5a6091f374866a48f686c5b13fe60, 75be33ff1c594dcaa278b2b9c5d4418d; no voters: 
I20260710 13:20:58.281998 11349 raft_consensus.cc:2804] T 9ca14096bff64c13a2b8b78b8d8109d4 P 75be33ff1c594dcaa278b2b9c5d4418d [term 1 FOLLOWER]: Leader election won for term 1
I20260710 13:20:58.282195 11314 tablet_bootstrap.cc:492] T 16e6c5071d9441c98a3c92c15844707b P 75be33ff1c594dcaa278b2b9c5d4418d: Bootstrap starting.
I20260710 13:20:58.284766 11162 leader_election.cc:304] T 10a618cfa9be4fccb1ce7dbfcb15a969 P 75be33ff1c594dcaa278b2b9c5d4418d [CANDIDATE]: Term 1 election: Election decided. Result: candidate won. Election summary: received 2 responses out of 3 voters: 2 yes votes; 0 no votes. yes voters: 67e5a6091f374866a48f686c5b13fe60, 75be33ff1c594dcaa278b2b9c5d4418d; no voters: 
I20260710 13:20:58.264755 11345 raft_consensus.cc:515] T a04ed9db54184896aa4fefe19615d483 P 75be33ff1c594dcaa278b2b9c5d4418d [term 1 FOLLOWER]: Starting leader election with config: opid_index: -1 OBSOLETE_local: false peers { permanent_uuid: "67e5a6091f374866a48f686c5b13fe60" member_type: VOTER last_known_addr { host: "127.10.186.193" port: 36157 } } peers { permanent_uuid: "75be33ff1c594dcaa278b2b9c5d4418d" member_type: VOTER last_known_addr { host: "127.10.186.194" port: 43291 } } peers { permanent_uuid: "f250842d9ebb45d6831f8af576bbb41a" member_type: VOTER last_known_addr { host: "127.10.186.195" port: 44677 } }
I20260710 13:20:58.284740 11271 raft_consensus.cc:2468] T 9ca14096bff64c13a2b8b78b8d8109d4 P f250842d9ebb45d6831f8af576bbb41a [term 1 FOLLOWER]: Leader election vote request: Granting yes vote for candidate 75be33ff1c594dcaa278b2b9c5d4418d in term 1.
I20260710 13:20:58.286218 11347 raft_consensus.cc:2804] T 10a618cfa9be4fccb1ce7dbfcb15a969 P 75be33ff1c594dcaa278b2b9c5d4418d [term 1 FOLLOWER]: Leader election won for term 1
I20260710 13:20:58.287020 11347 raft_consensus.cc:697] T 10a618cfa9be4fccb1ce7dbfcb15a969 P 75be33ff1c594dcaa278b2b9c5d4418d [term 1 LEADER]: Becoming Leader. State: Replica: 75be33ff1c594dcaa278b2b9c5d4418d, State: Running, Role: LEADER
I20260710 13:20:58.288010 11347 consensus_queue.cc:237] T 10a618cfa9be4fccb1ce7dbfcb15a969 P 75be33ff1c594dcaa278b2b9c5d4418d [LEADER]: Queue going to LEADER mode. State: All replicated index: 0, Majority replicated index: 0, Committed index: 0, Last appended: 0.0, Last appended by leader: 0, Current term: 1, Majority size: 2, State: 0, Mode: LEADER, active raft config: opid_index: -1 OBSOLETE_local: false peers { permanent_uuid: "75be33ff1c594dcaa278b2b9c5d4418d" member_type: VOTER last_known_addr { host: "127.10.186.194" port: 43291 } } peers { permanent_uuid: "67e5a6091f374866a48f686c5b13fe60" member_type: VOTER last_known_addr { host: "127.10.186.193" port: 36157 } } peers { permanent_uuid: "f250842d9ebb45d6831f8af576bbb41a" member_type: VOTER last_known_addr { host: "127.10.186.195" port: 44677 } }
I20260710 13:20:58.288839 11197 raft_consensus.cc:2393] T a04ed9db54184896aa4fefe19615d483 P 75be33ff1c594dcaa278b2b9c5d4418d [term 1 FOLLOWER]: Leader pre-election vote request: Denying vote to candidate f250842d9ebb45d6831f8af576bbb41a in current term 1: Already voted for candidate 75be33ff1c594dcaa278b2b9c5d4418d in this term.
I20260710 13:20:58.292374 11237 leader_election.cc:304] T a04ed9db54184896aa4fefe19615d483 P f250842d9ebb45d6831f8af576bbb41a [CANDIDATE]: Term 1 pre-election: Election decided. Result: candidate lost. Election summary: received 3 responses out of 3 voters: 1 yes votes; 2 no votes. yes voters: f250842d9ebb45d6831f8af576bbb41a; no voters: 67e5a6091f374866a48f686c5b13fe60, 75be33ff1c594dcaa278b2b9c5d4418d
I20260710 13:20:58.293992 11322 raft_consensus.cc:3060] T a04ed9db54184896aa4fefe19615d483 P f250842d9ebb45d6831f8af576bbb41a [term 0 FOLLOWER]: Advancing to term 1
I20260710 13:20:58.294863 11349 raft_consensus.cc:697] T 9ca14096bff64c13a2b8b78b8d8109d4 P 75be33ff1c594dcaa278b2b9c5d4418d [term 1 LEADER]: Becoming Leader. State: Replica: 75be33ff1c594dcaa278b2b9c5d4418d, State: Running, Role: LEADER
I20260710 13:20:58.300056 11270 raft_consensus.cc:2468] T 10a618cfa9be4fccb1ce7dbfcb15a969 P f250842d9ebb45d6831f8af576bbb41a [term 1 FOLLOWER]: Leader election vote request: Granting yes vote for candidate 75be33ff1c594dcaa278b2b9c5d4418d in term 1.
I20260710 13:20:58.297418 11349 consensus_queue.cc:237] T 9ca14096bff64c13a2b8b78b8d8109d4 P 75be33ff1c594dcaa278b2b9c5d4418d [LEADER]: Queue going to LEADER mode. State: All replicated index: 0, Majority replicated index: 0, Committed index: 0, Last appended: 0.0, Last appended by leader: 0, Current term: 1, Majority size: 2, State: 0, Mode: LEADER, active raft config: opid_index: -1 OBSOLETE_local: false peers { permanent_uuid: "67e5a6091f374866a48f686c5b13fe60" member_type: VOTER last_known_addr { host: "127.10.186.193" port: 36157 } } peers { permanent_uuid: "75be33ff1c594dcaa278b2b9c5d4418d" member_type: VOTER last_known_addr { host: "127.10.186.194" port: 43291 } } peers { permanent_uuid: "f250842d9ebb45d6831f8af576bbb41a" member_type: VOTER last_known_addr { host: "127.10.186.195" port: 44677 } }
I20260710 13:20:58.301698 11322 raft_consensus.cc:2749] T a04ed9db54184896aa4fefe19615d483 P f250842d9ebb45d6831f8af576bbb41a [term 1 FOLLOWER]: Leader pre-election lost for term 1. Reason: could not achieve majority
I20260710 13:20:58.307011 11345 leader_election.cc:290] T a04ed9db54184896aa4fefe19615d483 P 75be33ff1c594dcaa278b2b9c5d4418d [CANDIDATE]: Term 1 election: Requested vote from peers 67e5a6091f374866a48f686c5b13fe60 (127.10.186.193:36157), f250842d9ebb45d6831f8af576bbb41a (127.10.186.195:44677)
I20260710 13:20:58.307791 11122 tablet_service.cc:1917] Received RequestConsensusVote() RPC: tablet_id: "a04ed9db54184896aa4fefe19615d483" candidate_uuid: "75be33ff1c594dcaa278b2b9c5d4418d" candidate_term: 1 candidate_status { last_received { term: 0 index: 0 } } ignore_live_leader: false dest_uuid: "67e5a6091f374866a48f686c5b13fe60"
I20260710 13:20:58.308068 11270 tablet_service.cc:1917] Received RequestConsensusVote() RPC: tablet_id: "a04ed9db54184896aa4fefe19615d483" candidate_uuid: "75be33ff1c594dcaa278b2b9c5d4418d" candidate_term: 1 candidate_status { last_received { term: 0 index: 0 } } ignore_live_leader: false dest_uuid: "f250842d9ebb45d6831f8af576bbb41a"
I20260710 13:20:58.308578 11346 raft_consensus.cc:515] T 1078d542b40c4d0087abc731d2192c33 P 75be33ff1c594dcaa278b2b9c5d4418d [term 1 FOLLOWER]: Starting leader election with config: opid_index: -1 OBSOLETE_local: false peers { permanent_uuid: "67e5a6091f374866a48f686c5b13fe60" member_type: VOTER last_known_addr { host: "127.10.186.193" port: 36157 } } peers { permanent_uuid: "75be33ff1c594dcaa278b2b9c5d4418d" member_type: VOTER last_known_addr { host: "127.10.186.194" port: 43291 } } peers { permanent_uuid: "f250842d9ebb45d6831f8af576bbb41a" member_type: VOTER last_known_addr { host: "127.10.186.195" port: 44677 } }
W20260710 13:20:58.309245 11162 leader_election.cc:343] T a04ed9db54184896aa4fefe19615d483 P 75be33ff1c594dcaa278b2b9c5d4418d [CANDIDATE]: Term 1 election: Tablet error from VoteRequest() call to peer 67e5a6091f374866a48f686c5b13fe60 (127.10.186.193:36157): Illegal state: must be running to vote when last-logged opid is not known
I20260710 13:20:58.310724 11322 raft_consensus.cc:493] T 16e6c5071d9441c98a3c92c15844707b P f250842d9ebb45d6831f8af576bbb41a [term 0 FOLLOWER]: Starting pre-election (no leader contacted us within the election timeout)
I20260710 13:20:58.313163 11122 tablet_service.cc:1917] Received RequestConsensusVote() RPC: tablet_id: "1078d542b40c4d0087abc731d2192c33" candidate_uuid: "75be33ff1c594dcaa278b2b9c5d4418d" candidate_term: 1 candidate_status { last_received { term: 0 index: 0 } } ignore_live_leader: false dest_uuid: "67e5a6091f374866a48f686c5b13fe60"
I20260710 13:20:58.313030 11322 raft_consensus.cc:515] T 16e6c5071d9441c98a3c92c15844707b P f250842d9ebb45d6831f8af576bbb41a [term 0 FOLLOWER]: Starting pre-election with config: opid_index: -1 OBSOLETE_local: false peers { permanent_uuid: "67e5a6091f374866a48f686c5b13fe60" member_type: VOTER last_known_addr { host: "127.10.186.193" port: 36157 } } peers { permanent_uuid: "75be33ff1c594dcaa278b2b9c5d4418d" member_type: VOTER last_known_addr { host: "127.10.186.194" port: 43291 } } peers { permanent_uuid: "f250842d9ebb45d6831f8af576bbb41a" member_type: VOTER last_known_addr { host: "127.10.186.195" port: 44677 } }
I20260710 13:20:58.316541 11315 tablet_bootstrap.cc:492] T d2771be0c6ad43a999b33979a7a8dd83 P f250842d9ebb45d6831f8af576bbb41a: No bootstrap required, opened a new log
I20260710 13:20:58.317037 11315 ts_tablet_manager.cc:1403] T d2771be0c6ad43a999b33979a7a8dd83 P f250842d9ebb45d6831f8af576bbb41a: Time spent bootstrapping tablet: real 0.139s	user 0.020s	sys 0.019s
I20260710 13:20:58.314577 11122 raft_consensus.cc:3060] T 1078d542b40c4d0087abc731d2192c33 P 67e5a6091f374866a48f686c5b13fe60 [term 0 FOLLOWER]: Advancing to term 1
I20260710 13:20:58.318598 11320 raft_consensus.cc:493] T d2771be0c6ad43a999b33979a7a8dd83 P 67e5a6091f374866a48f686c5b13fe60 [term 0 FOLLOWER]: Starting pre-election (no leader contacted us within the election timeout)
I20260710 13:20:58.319064 11320 raft_consensus.cc:515] T d2771be0c6ad43a999b33979a7a8dd83 P 67e5a6091f374866a48f686c5b13fe60 [term 0 FOLLOWER]: Starting pre-election with config: opid_index: -1 OBSOLETE_local: false peers { permanent_uuid: "67e5a6091f374866a48f686c5b13fe60" member_type: VOTER last_known_addr { host: "127.10.186.193" port: 36157 } } peers { permanent_uuid: "75be33ff1c594dcaa278b2b9c5d4418d" member_type: VOTER last_known_addr { host: "127.10.186.194" port: 43291 } } peers { permanent_uuid: "f250842d9ebb45d6831f8af576bbb41a" member_type: VOTER last_known_addr { host: "127.10.186.195" port: 44677 } }
I20260710 13:20:58.323896 11271 tablet_service.cc:1917] Received RequestConsensusVote() RPC: tablet_id: "1078d542b40c4d0087abc731d2192c33" candidate_uuid: "75be33ff1c594dcaa278b2b9c5d4418d" candidate_term: 1 candidate_status { last_received { term: 0 index: 0 } } ignore_live_leader: false dest_uuid: "f250842d9ebb45d6831f8af576bbb41a"
I20260710 13:20:58.324908 11271 raft_consensus.cc:3060] T 1078d542b40c4d0087abc731d2192c33 P f250842d9ebb45d6831f8af576bbb41a [term 0 FOLLOWER]: Advancing to term 1
I20260710 13:20:58.324937 11320 leader_election.cc:290] T d2771be0c6ad43a999b33979a7a8dd83 P 67e5a6091f374866a48f686c5b13fe60 [CANDIDATE]: Term 1 pre-election: Requested pre-vote from peers 75be33ff1c594dcaa278b2b9c5d4418d (127.10.186.194:43291), f250842d9ebb45d6831f8af576bbb41a (127.10.186.195:44677)
I20260710 13:20:58.321008 11346 leader_election.cc:290] T 1078d542b40c4d0087abc731d2192c33 P 75be33ff1c594dcaa278b2b9c5d4418d [CANDIDATE]: Term 1 election: Requested vote from peers 67e5a6091f374866a48f686c5b13fe60 (127.10.186.193:36157), f250842d9ebb45d6831f8af576bbb41a (127.10.186.195:44677)
I20260710 13:20:58.329367 11322 leader_election.cc:290] T 16e6c5071d9441c98a3c92c15844707b P f250842d9ebb45d6831f8af576bbb41a [CANDIDATE]: Term 1 pre-election: Requested pre-vote from peers 67e5a6091f374866a48f686c5b13fe60 (127.10.186.193:36157), 75be33ff1c594dcaa278b2b9c5d4418d (127.10.186.194:43291)
I20260710 13:20:58.329769 11314 tablet_bootstrap.cc:654] T 16e6c5071d9441c98a3c92c15844707b P 75be33ff1c594dcaa278b2b9c5d4418d: Neither blocks nor log segments found. Creating new log.
I20260710 13:20:58.330526 11197 tablet_service.cc:1917] Received RequestConsensusVote() RPC: tablet_id: "16e6c5071d9441c98a3c92c15844707b" candidate_uuid: "f250842d9ebb45d6831f8af576bbb41a" candidate_term: 1 candidate_status { last_received { term: 0 index: 0 } } ignore_live_leader: false dest_uuid: "75be33ff1c594dcaa278b2b9c5d4418d" is_pre_election: true
I20260710 13:20:58.330715 11270 raft_consensus.cc:2468] T a04ed9db54184896aa4fefe19615d483 P f250842d9ebb45d6831f8af576bbb41a [term 1 FOLLOWER]: Leader election vote request: Granting yes vote for candidate 75be33ff1c594dcaa278b2b9c5d4418d in term 1.
W20260710 13:20:58.332543 11237 leader_election.cc:343] T 16e6c5071d9441c98a3c92c15844707b P f250842d9ebb45d6831f8af576bbb41a [CANDIDATE]: Term 1 pre-election: Tablet error from VoteRequest() call to peer 75be33ff1c594dcaa278b2b9c5d4418d (127.10.186.194:43291): Illegal state: must be running to vote when last-logged opid is not known
I20260710 13:20:58.332911 11120 tablet_service.cc:1917] Received RequestConsensusVote() RPC: tablet_id: "16e6c5071d9441c98a3c92c15844707b" candidate_uuid: "f250842d9ebb45d6831f8af576bbb41a" candidate_term: 1 candidate_status { last_received { term: 0 index: 0 } } ignore_live_leader: false dest_uuid: "67e5a6091f374866a48f686c5b13fe60" is_pre_election: true
I20260710 13:20:58.333668 11163 leader_election.cc:304] T a04ed9db54184896aa4fefe19615d483 P 75be33ff1c594dcaa278b2b9c5d4418d [CANDIDATE]: Term 1 election: Election decided. Result: candidate won. Election summary: received 3 responses out of 3 voters: 2 yes votes; 1 no votes. yes voters: 75be33ff1c594dcaa278b2b9c5d4418d, f250842d9ebb45d6831f8af576bbb41a; no voters: 67e5a6091f374866a48f686c5b13fe60
W20260710 13:20:58.334468 11236 leader_election.cc:343] T 16e6c5071d9441c98a3c92c15844707b P f250842d9ebb45d6831f8af576bbb41a [CANDIDATE]: Term 1 pre-election: Tablet error from VoteRequest() call to peer 67e5a6091f374866a48f686c5b13fe60 (127.10.186.193:36157): Illegal state: must be running to vote when last-logged opid is not known
I20260710 13:20:58.335062 11236 leader_election.cc:304] T 16e6c5071d9441c98a3c92c15844707b P f250842d9ebb45d6831f8af576bbb41a [CANDIDATE]: Term 1 pre-election: Election decided. Result: candidate lost. Election summary: received 3 responses out of 3 voters: 1 yes votes; 2 no votes. yes voters: f250842d9ebb45d6831f8af576bbb41a; no voters: 67e5a6091f374866a48f686c5b13fe60, 75be33ff1c594dcaa278b2b9c5d4418d
I20260710 13:20:58.330176 11316 tablet_bootstrap.cc:492] T a04ed9db54184896aa4fefe19615d483 P 67e5a6091f374866a48f686c5b13fe60: No bootstrap required, opened a new log
I20260710 13:20:58.335831 11316 ts_tablet_manager.cc:1403] T a04ed9db54184896aa4fefe19615d483 P 67e5a6091f374866a48f686c5b13fe60: Time spent bootstrapping tablet: real 0.091s	user 0.009s	sys 0.013s
I20260710 13:20:58.337469 11271 raft_consensus.cc:2468] T 1078d542b40c4d0087abc731d2192c33 P f250842d9ebb45d6831f8af576bbb41a [term 1 FOLLOWER]: Leader election vote request: Granting yes vote for candidate 75be33ff1c594dcaa278b2b9c5d4418d in term 1.
I20260710 13:20:58.338986 11163 leader_election.cc:304] T 1078d542b40c4d0087abc731d2192c33 P 75be33ff1c594dcaa278b2b9c5d4418d [CANDIDATE]: Term 1 election: Election decided. Result: candidate won. Election summary: received 2 responses out of 3 voters: 2 yes votes; 0 no votes. yes voters: 75be33ff1c594dcaa278b2b9c5d4418d, f250842d9ebb45d6831f8af576bbb41a; no voters: 
I20260710 13:20:58.339979 11347 raft_consensus.cc:2804] T a04ed9db54184896aa4fefe19615d483 P 75be33ff1c594dcaa278b2b9c5d4418d [term 1 FOLLOWER]: Leader election won for term 1
I20260710 13:20:58.339737 11316 raft_consensus.cc:359] T a04ed9db54184896aa4fefe19615d483 P 67e5a6091f374866a48f686c5b13fe60 [term 0 FOLLOWER]: Replica starting. Triggering 0 pending ops. Active config: opid_index: -1 OBSOLETE_local: false peers { permanent_uuid: "67e5a6091f374866a48f686c5b13fe60" member_type: VOTER last_known_addr { host: "127.10.186.193" port: 36157 } } peers { permanent_uuid: "75be33ff1c594dcaa278b2b9c5d4418d" member_type: VOTER last_known_addr { host: "127.10.186.194" port: 43291 } } peers { permanent_uuid: "f250842d9ebb45d6831f8af576bbb41a" member_type: VOTER last_known_addr { host: "127.10.186.195" port: 44677 } }
I20260710 13:20:58.340627 11347 raft_consensus.cc:697] T a04ed9db54184896aa4fefe19615d483 P 75be33ff1c594dcaa278b2b9c5d4418d [term 1 LEADER]: Becoming Leader. State: Replica: 75be33ff1c594dcaa278b2b9c5d4418d, State: Running, Role: LEADER
I20260710 13:20:58.340741 11345 raft_consensus.cc:2804] T 1078d542b40c4d0087abc731d2192c33 P 75be33ff1c594dcaa278b2b9c5d4418d [term 1 FOLLOWER]: Leader election won for term 1
I20260710 13:20:58.341419 11345 raft_consensus.cc:697] T 1078d542b40c4d0087abc731d2192c33 P 75be33ff1c594dcaa278b2b9c5d4418d [term 1 LEADER]: Becoming Leader. State: Replica: 75be33ff1c594dcaa278b2b9c5d4418d, State: Running, Role: LEADER
I20260710 13:20:58.341832 11347 consensus_queue.cc:237] T a04ed9db54184896aa4fefe19615d483 P 75be33ff1c594dcaa278b2b9c5d4418d [LEADER]: Queue going to LEADER mode. State: All replicated index: 0, Majority replicated index: 0, Committed index: 0, Last appended: 0.0, Last appended by leader: 0, Current term: 1, Majority size: 2, State: 0, Mode: LEADER, active raft config: opid_index: -1 OBSOLETE_local: false peers { permanent_uuid: "67e5a6091f374866a48f686c5b13fe60" member_type: VOTER last_known_addr { host: "127.10.186.193" port: 36157 } } peers { permanent_uuid: "75be33ff1c594dcaa278b2b9c5d4418d" member_type: VOTER last_known_addr { host: "127.10.186.194" port: 43291 } } peers { permanent_uuid: "f250842d9ebb45d6831f8af576bbb41a" member_type: VOTER last_known_addr { host: "127.10.186.195" port: 44677 } }
I20260710 13:20:58.342458 11345 consensus_queue.cc:237] T 1078d542b40c4d0087abc731d2192c33 P 75be33ff1c594dcaa278b2b9c5d4418d [LEADER]: Queue going to LEADER mode. State: All replicated index: 0, Majority replicated index: 0, Committed index: 0, Last appended: 0.0, Last appended by leader: 0, Current term: 1, Majority size: 2, State: 0, Mode: LEADER, active raft config: opid_index: -1 OBSOLETE_local: false peers { permanent_uuid: "67e5a6091f374866a48f686c5b13fe60" member_type: VOTER last_known_addr { host: "127.10.186.193" port: 36157 } } peers { permanent_uuid: "75be33ff1c594dcaa278b2b9c5d4418d" member_type: VOTER last_known_addr { host: "127.10.186.194" port: 43291 } } peers { permanent_uuid: "f250842d9ebb45d6831f8af576bbb41a" member_type: VOTER last_known_addr { host: "127.10.186.195" port: 44677 } }
I20260710 13:20:58.345798 11321 raft_consensus.cc:493] T dc708dd39dd3427cb2b7085f2263d449 P 75be33ff1c594dcaa278b2b9c5d4418d [term 0 FOLLOWER]: Starting pre-election (no leader contacted us within the election timeout)
I20260710 13:20:58.346448 11321 raft_consensus.cc:515] T dc708dd39dd3427cb2b7085f2263d449 P 75be33ff1c594dcaa278b2b9c5d4418d [term 0 FOLLOWER]: Starting pre-election with config: opid_index: -1 OBSOLETE_local: false peers { permanent_uuid: "67e5a6091f374866a48f686c5b13fe60" member_type: VOTER last_known_addr { host: "127.10.186.193" port: 36157 } } peers { permanent_uuid: "75be33ff1c594dcaa278b2b9c5d4418d" member_type: VOTER last_known_addr { host: "127.10.186.194" port: 43291 } } peers { permanent_uuid: "f250842d9ebb45d6831f8af576bbb41a" member_type: VOTER last_known_addr { host: "127.10.186.195" port: 44677 } }
I20260710 13:20:58.347534 11322 raft_consensus.cc:2749] T 16e6c5071d9441c98a3c92c15844707b P f250842d9ebb45d6831f8af576bbb41a [term 0 FOLLOWER]: Leader pre-election lost for term 1. Reason: could not achieve majority
I20260710 13:20:58.349248 11321 leader_election.cc:290] T dc708dd39dd3427cb2b7085f2263d449 P 75be33ff1c594dcaa278b2b9c5d4418d [CANDIDATE]: Term 1 pre-election: Requested pre-vote from peers 67e5a6091f374866a48f686c5b13fe60 (127.10.186.193:36157), f250842d9ebb45d6831f8af576bbb41a (127.10.186.195:44677)
I20260710 13:20:58.350023 11120 tablet_service.cc:1917] Received RequestConsensusVote() RPC: tablet_id: "dc708dd39dd3427cb2b7085f2263d449" candidate_uuid: "75be33ff1c594dcaa278b2b9c5d4418d" candidate_term: 1 candidate_status { last_received { term: 0 index: 0 } } ignore_live_leader: false dest_uuid: "67e5a6091f374866a48f686c5b13fe60" is_pre_election: true
I20260710 13:20:58.350271 11271 tablet_service.cc:1917] Received RequestConsensusVote() RPC: tablet_id: "dc708dd39dd3427cb2b7085f2263d449" candidate_uuid: "75be33ff1c594dcaa278b2b9c5d4418d" candidate_term: 1 candidate_status { last_received { term: 0 index: 0 } } ignore_live_leader: false dest_uuid: "f250842d9ebb45d6831f8af576bbb41a" is_pre_election: true
I20260710 13:20:58.350804 11271 raft_consensus.cc:2468] T dc708dd39dd3427cb2b7085f2263d449 P f250842d9ebb45d6831f8af576bbb41a [term 0 FOLLOWER]: Leader pre-election vote request: Granting yes vote for candidate 75be33ff1c594dcaa278b2b9c5d4418d in term 0.
W20260710 13:20:58.351564 11162 leader_election.cc:343] T dc708dd39dd3427cb2b7085f2263d449 P 75be33ff1c594dcaa278b2b9c5d4418d [CANDIDATE]: Term 1 pre-election: Tablet error from VoteRequest() call to peer 67e5a6091f374866a48f686c5b13fe60 (127.10.186.193:36157): Illegal state: must be running to vote when last-logged opid is not known
I20260710 13:20:58.352200 11163 leader_election.cc:304] T dc708dd39dd3427cb2b7085f2263d449 P 75be33ff1c594dcaa278b2b9c5d4418d [CANDIDATE]: Term 1 pre-election: Election decided. Result: candidate won. Election summary: received 3 responses out of 3 voters: 2 yes votes; 1 no votes. yes voters: 75be33ff1c594dcaa278b2b9c5d4418d, f250842d9ebb45d6831f8af576bbb41a; no voters: 67e5a6091f374866a48f686c5b13fe60
I20260710 13:20:58.340708 11316 raft_consensus.cc:385] T a04ed9db54184896aa4fefe19615d483 P 67e5a6091f374866a48f686c5b13fe60 [term 0 FOLLOWER]: Consensus starting up: Expiring failure detector timer to make a prompt election more likely
I20260710 13:20:58.353192 11316 raft_consensus.cc:740] T a04ed9db54184896aa4fefe19615d483 P 67e5a6091f374866a48f686c5b13fe60 [term 0 FOLLOWER]: Becoming Follower/Learner. State: Replica: 67e5a6091f374866a48f686c5b13fe60, State: Initialized, Role: FOLLOWER
I20260710 13:20:58.353291 11321 raft_consensus.cc:2804] T dc708dd39dd3427cb2b7085f2263d449 P 75be33ff1c594dcaa278b2b9c5d4418d [term 0 FOLLOWER]: Leader pre-election won for term 1
I20260710 13:20:58.353921 11321 raft_consensus.cc:493] T dc708dd39dd3427cb2b7085f2263d449 P 75be33ff1c594dcaa278b2b9c5d4418d [term 0 FOLLOWER]: Starting leader election (no leader contacted us within the election timeout)
I20260710 13:20:58.354460 11321 raft_consensus.cc:3060] T dc708dd39dd3427cb2b7085f2263d449 P 75be33ff1c594dcaa278b2b9c5d4418d [term 0 FOLLOWER]: Advancing to term 1
I20260710 13:20:58.354064 11316 consensus_queue.cc:260] T a04ed9db54184896aa4fefe19615d483 P 67e5a6091f374866a48f686c5b13fe60 [NON_LEADER]: Queue going to NON_LEADER mode. State: All replicated index: 0, Majority replicated index: 0, Committed index: 0, Last appended: 0.0, Last appended by leader: 0, Current term: 0, Majority size: -1, State: 0, Mode: NON_LEADER, active raft config: opid_index: -1 OBSOLETE_local: false peers { permanent_uuid: "67e5a6091f374866a48f686c5b13fe60" member_type: VOTER last_known_addr { host: "127.10.186.193" port: 36157 } } peers { permanent_uuid: "75be33ff1c594dcaa278b2b9c5d4418d" member_type: VOTER last_known_addr { host: "127.10.186.194" port: 43291 } } peers { permanent_uuid: "f250842d9ebb45d6831f8af576bbb41a" member_type: VOTER last_known_addr { host: "127.10.186.195" port: 44677 } }
I20260710 13:20:58.363359 11316 ts_tablet_manager.cc:1434] T a04ed9db54184896aa4fefe19615d483 P 67e5a6091f374866a48f686c5b13fe60: Time spent starting tablet: real 0.027s	user 0.008s	sys 0.000s
I20260710 13:20:58.364516 11316 tablet_bootstrap.cc:492] T dc708dd39dd3427cb2b7085f2263d449 P 67e5a6091f374866a48f686c5b13fe60: Bootstrap starting.
I20260710 13:20:58.366526 11315 raft_consensus.cc:359] T d2771be0c6ad43a999b33979a7a8dd83 P f250842d9ebb45d6831f8af576bbb41a [term 0 FOLLOWER]: Replica starting. Triggering 0 pending ops. Active config: opid_index: -1 OBSOLETE_local: false peers { permanent_uuid: "67e5a6091f374866a48f686c5b13fe60" member_type: VOTER last_known_addr { host: "127.10.186.193" port: 36157 } } peers { permanent_uuid: "75be33ff1c594dcaa278b2b9c5d4418d" member_type: VOTER last_known_addr { host: "127.10.186.194" port: 43291 } } peers { permanent_uuid: "f250842d9ebb45d6831f8af576bbb41a" member_type: VOTER last_known_addr { host: "127.10.186.195" port: 44677 } }
I20260710 13:20:58.378959 11315 raft_consensus.cc:385] T d2771be0c6ad43a999b33979a7a8dd83 P f250842d9ebb45d6831f8af576bbb41a [term 0 FOLLOWER]: Consensus starting up: Expiring failure detector timer to make a prompt election more likely
I20260710 13:20:58.379345 11315 raft_consensus.cc:740] T d2771be0c6ad43a999b33979a7a8dd83 P f250842d9ebb45d6831f8af576bbb41a [term 0 FOLLOWER]: Becoming Follower/Learner. State: Replica: f250842d9ebb45d6831f8af576bbb41a, State: Initialized, Role: FOLLOWER
I20260710 13:20:58.363485 11122 raft_consensus.cc:2468] T 1078d542b40c4d0087abc731d2192c33 P 67e5a6091f374866a48f686c5b13fe60 [term 1 FOLLOWER]: Leader election vote request: Granting yes vote for candidate 75be33ff1c594dcaa278b2b9c5d4418d in term 1.
I20260710 13:20:58.380429 11315 consensus_queue.cc:260] T d2771be0c6ad43a999b33979a7a8dd83 P f250842d9ebb45d6831f8af576bbb41a [NON_LEADER]: Queue going to NON_LEADER mode. State: All replicated index: 0, Majority replicated index: 0, Committed index: 0, Last appended: 0.0, Last appended by leader: 0, Current term: 0, Majority size: -1, State: 0, Mode: NON_LEADER, active raft config: opid_index: -1 OBSOLETE_local: false peers { permanent_uuid: "67e5a6091f374866a48f686c5b13fe60" member_type: VOTER last_known_addr { host: "127.10.186.193" port: 36157 } } peers { permanent_uuid: "75be33ff1c594dcaa278b2b9c5d4418d" member_type: VOTER last_known_addr { host: "127.10.186.194" port: 43291 } } peers { permanent_uuid: "f250842d9ebb45d6831f8af576bbb41a" member_type: VOTER last_known_addr { host: "127.10.186.195" port: 44677 } }
I20260710 13:20:58.382457 11018 catalog_manager.cc:5697] T 10a618cfa9be4fccb1ce7dbfcb15a969 P 75be33ff1c594dcaa278b2b9c5d4418d reported cstate change: term changed from 0 to 1, leader changed from <none> to 75be33ff1c594dcaa278b2b9c5d4418d (127.10.186.194). New cstate: current_term: 1 leader_uuid: "75be33ff1c594dcaa278b2b9c5d4418d" committed_config { opid_index: -1 OBSOLETE_local: false peers { permanent_uuid: "75be33ff1c594dcaa278b2b9c5d4418d" member_type: VOTER last_known_addr { host: "127.10.186.194" port: 43291 } health_report { overall_health: HEALTHY } } peers { permanent_uuid: "67e5a6091f374866a48f686c5b13fe60" member_type: VOTER last_known_addr { host: "127.10.186.193" port: 36157 } health_report { overall_health: UNKNOWN } } peers { permanent_uuid: "f250842d9ebb45d6831f8af576bbb41a" member_type: VOTER last_known_addr { host: "127.10.186.195" port: 44677 } health_report { overall_health: UNKNOWN } } }
I20260710 13:20:58.384801 11321 raft_consensus.cc:515] T dc708dd39dd3427cb2b7085f2263d449 P 75be33ff1c594dcaa278b2b9c5d4418d [term 1 FOLLOWER]: Starting leader election with config: opid_index: -1 OBSOLETE_local: false peers { permanent_uuid: "67e5a6091f374866a48f686c5b13fe60" member_type: VOTER last_known_addr { host: "127.10.186.193" port: 36157 } } peers { permanent_uuid: "75be33ff1c594dcaa278b2b9c5d4418d" member_type: VOTER last_known_addr { host: "127.10.186.194" port: 43291 } } peers { permanent_uuid: "f250842d9ebb45d6831f8af576bbb41a" member_type: VOTER last_known_addr { host: "127.10.186.195" port: 44677 } }
I20260710 13:20:58.385141 11018 catalog_manager.cc:5697] T 9ca14096bff64c13a2b8b78b8d8109d4 P 75be33ff1c594dcaa278b2b9c5d4418d reported cstate change: term changed from 0 to 1, leader changed from <none> to 75be33ff1c594dcaa278b2b9c5d4418d (127.10.186.194). New cstate: current_term: 1 leader_uuid: "75be33ff1c594dcaa278b2b9c5d4418d" committed_config { opid_index: -1 OBSOLETE_local: false peers { permanent_uuid: "67e5a6091f374866a48f686c5b13fe60" member_type: VOTER last_known_addr { host: "127.10.186.193" port: 36157 } health_report { overall_health: UNKNOWN } } peers { permanent_uuid: "75be33ff1c594dcaa278b2b9c5d4418d" member_type: VOTER last_known_addr { host: "127.10.186.194" port: 43291 } health_report { overall_health: HEALTHY } } peers { permanent_uuid: "f250842d9ebb45d6831f8af576bbb41a" member_type: VOTER last_known_addr { host: "127.10.186.195" port: 44677 } health_report { overall_health: UNKNOWN } } }
I20260710 13:20:58.387593 11122 tablet_service.cc:1917] Received RequestConsensusVote() RPC: tablet_id: "dc708dd39dd3427cb2b7085f2263d449" candidate_uuid: "75be33ff1c594dcaa278b2b9c5d4418d" candidate_term: 1 candidate_status { last_received { term: 0 index: 0 } } ignore_live_leader: false dest_uuid: "67e5a6091f374866a48f686c5b13fe60"
W20260710 13:20:58.388877 11162 leader_election.cc:343] T dc708dd39dd3427cb2b7085f2263d449 P 75be33ff1c594dcaa278b2b9c5d4418d [CANDIDATE]: Term 1 election: Tablet error from VoteRequest() call to peer 67e5a6091f374866a48f686c5b13fe60 (127.10.186.193:36157): Illegal state: must be running to vote when last-logged opid is not known
I20260710 13:20:58.391256 11315 ts_tablet_manager.cc:1434] T d2771be0c6ad43a999b33979a7a8dd83 P f250842d9ebb45d6831f8af576bbb41a: Time spent starting tablet: real 0.074s	user 0.007s	sys 0.000s
I20260710 13:20:58.392299 11315 tablet_bootstrap.cc:492] T 5340b05c1b2243e48bb786fae5bc5083 P f250842d9ebb45d6831f8af576bbb41a: Bootstrap starting.
I20260710 13:20:58.392789 11314 tablet_bootstrap.cc:492] T 16e6c5071d9441c98a3c92c15844707b P 75be33ff1c594dcaa278b2b9c5d4418d: No bootstrap required, opened a new log
I20260710 13:20:58.393280 11314 ts_tablet_manager.cc:1403] T 16e6c5071d9441c98a3c92c15844707b P 75be33ff1c594dcaa278b2b9c5d4418d: Time spent bootstrapping tablet: real 0.111s	user 0.022s	sys 0.008s
I20260710 13:20:58.394822 11197 tablet_service.cc:1917] Received RequestConsensusVote() RPC: tablet_id: "d2771be0c6ad43a999b33979a7a8dd83" candidate_uuid: "67e5a6091f374866a48f686c5b13fe60" candidate_term: 1 candidate_status { last_received { term: 0 index: 0 } } ignore_live_leader: false dest_uuid: "75be33ff1c594dcaa278b2b9c5d4418d" is_pre_election: true
I20260710 13:20:58.395440 11197 raft_consensus.cc:2468] T d2771be0c6ad43a999b33979a7a8dd83 P 75be33ff1c594dcaa278b2b9c5d4418d [term 0 FOLLOWER]: Leader pre-election vote request: Granting yes vote for candidate 67e5a6091f374866a48f686c5b13fe60 in term 0.
I20260710 13:20:58.397439 11088 leader_election.cc:304] T d2771be0c6ad43a999b33979a7a8dd83 P 67e5a6091f374866a48f686c5b13fe60 [CANDIDATE]: Term 1 pre-election: Election decided. Result: candidate won. Election summary: received 2 responses out of 3 voters: 2 yes votes; 0 no votes. yes voters: 67e5a6091f374866a48f686c5b13fe60, 75be33ff1c594dcaa278b2b9c5d4418d; no voters: 
I20260710 13:20:58.397819 11314 raft_consensus.cc:359] T 16e6c5071d9441c98a3c92c15844707b P 75be33ff1c594dcaa278b2b9c5d4418d [term 0 FOLLOWER]: Replica starting. Triggering 0 pending ops. Active config: opid_index: -1 OBSOLETE_local: false peers { permanent_uuid: "67e5a6091f374866a48f686c5b13fe60" member_type: VOTER last_known_addr { host: "127.10.186.193" port: 36157 } } peers { permanent_uuid: "75be33ff1c594dcaa278b2b9c5d4418d" member_type: VOTER last_known_addr { host: "127.10.186.194" port: 43291 } } peers { permanent_uuid: "f250842d9ebb45d6831f8af576bbb41a" member_type: VOTER last_known_addr { host: "127.10.186.195" port: 44677 } }
I20260710 13:20:58.398280 11320 raft_consensus.cc:2804] T d2771be0c6ad43a999b33979a7a8dd83 P 67e5a6091f374866a48f686c5b13fe60 [term 0 FOLLOWER]: Leader pre-election won for term 1
I20260710 13:20:58.398494 11314 raft_consensus.cc:385] T 16e6c5071d9441c98a3c92c15844707b P 75be33ff1c594dcaa278b2b9c5d4418d [term 0 FOLLOWER]: Consensus starting up: Expiring failure detector timer to make a prompt election more likely
I20260710 13:20:58.398675 11320 raft_consensus.cc:493] T d2771be0c6ad43a999b33979a7a8dd83 P 67e5a6091f374866a48f686c5b13fe60 [term 0 FOLLOWER]: Starting leader election (no leader contacted us within the election timeout)
I20260710 13:20:58.398849 11314 raft_consensus.cc:740] T 16e6c5071d9441c98a3c92c15844707b P 75be33ff1c594dcaa278b2b9c5d4418d [term 0 FOLLOWER]: Becoming Follower/Learner. State: Replica: 75be33ff1c594dcaa278b2b9c5d4418d, State: Initialized, Role: FOLLOWER
I20260710 13:20:58.398922 11321 leader_election.cc:290] T dc708dd39dd3427cb2b7085f2263d449 P 75be33ff1c594dcaa278b2b9c5d4418d [CANDIDATE]: Term 1 election: Requested vote from peers 67e5a6091f374866a48f686c5b13fe60 (127.10.186.193:36157), f250842d9ebb45d6831f8af576bbb41a (127.10.186.195:44677)
I20260710 13:20:58.399078 11320 raft_consensus.cc:3060] T d2771be0c6ad43a999b33979a7a8dd83 P 67e5a6091f374866a48f686c5b13fe60 [term 0 FOLLOWER]: Advancing to term 1
I20260710 13:20:58.399632 11314 consensus_queue.cc:260] T 16e6c5071d9441c98a3c92c15844707b P 75be33ff1c594dcaa278b2b9c5d4418d [NON_LEADER]: Queue going to NON_LEADER mode. State: All replicated index: 0, Majority replicated index: 0, Committed index: 0, Last appended: 0.0, Last appended by leader: 0, Current term: 0, Majority size: -1, State: 0, Mode: NON_LEADER, active raft config: opid_index: -1 OBSOLETE_local: false peers { permanent_uuid: "67e5a6091f374866a48f686c5b13fe60" member_type: VOTER last_known_addr { host: "127.10.186.193" port: 36157 } } peers { permanent_uuid: "75be33ff1c594dcaa278b2b9c5d4418d" member_type: VOTER last_known_addr { host: "127.10.186.194" port: 43291 } } peers { permanent_uuid: "f250842d9ebb45d6831f8af576bbb41a" member_type: VOTER last_known_addr { host: "127.10.186.195" port: 44677 } }
I20260710 13:20:58.400152 11271 tablet_service.cc:1917] Received RequestConsensusVote() RPC: tablet_id: "dc708dd39dd3427cb2b7085f2263d449" candidate_uuid: "75be33ff1c594dcaa278b2b9c5d4418d" candidate_term: 1 candidate_status { last_received { term: 0 index: 0 } } ignore_live_leader: false dest_uuid: "f250842d9ebb45d6831f8af576bbb41a"
I20260710 13:20:58.400753 11271 raft_consensus.cc:3060] T dc708dd39dd3427cb2b7085f2263d449 P f250842d9ebb45d6831f8af576bbb41a [term 0 FOLLOWER]: Advancing to term 1
I20260710 13:20:58.401810 11314 ts_tablet_manager.cc:1434] T 16e6c5071d9441c98a3c92c15844707b P 75be33ff1c594dcaa278b2b9c5d4418d: Time spent starting tablet: real 0.007s	user 0.006s	sys 0.000s
I20260710 13:20:58.402802 11314 tablet_bootstrap.cc:492] T 5340b05c1b2243e48bb786fae5bc5083 P 75be33ff1c594dcaa278b2b9c5d4418d: Bootstrap starting.
I20260710 13:20:58.405622 11315 tablet_bootstrap.cc:654] T 5340b05c1b2243e48bb786fae5bc5083 P f250842d9ebb45d6831f8af576bbb41a: Neither blocks nor log segments found. Creating new log.
