I20260710 13:21:24.414677 17546 catalog_manager.cc:5697] T 1c9850e65895462f9dbff97f7ba5f1cf P e0a97de1ad5a47c3a6292c66197db08d reported cstate change: config changed from index 2 to 3, ae7aa833fe8b4de4b89ae1d8b2821841 (127.16.42.4) changed from NON_VOTER to VOTER. New cstate: current_term: 1 leader_uuid: "e0a97de1ad5a47c3a6292c66197db08d" committed_config { opid_index: 3 OBSOLETE_local: false peers { permanent_uuid: "14eeec6e7dd74d5eb0a0222c3b8624ec" member_type: VOTER last_known_addr { host: "127.16.42.1" port: 38765 } health_report { overall_health: HEALTHY } } peers { permanent_uuid: "2e3593f35c8c47ca902c3bbe478e4cc0" member_type: VOTER last_known_addr { host: "127.16.42.2" port: 44135 } attrs { replace: true } health_report { overall_health: HEALTHY } } peers { permanent_uuid: "e0a97de1ad5a47c3a6292c66197db08d" member_type: VOTER last_known_addr { host: "127.16.42.3" port: 45819 } health_report { overall_health: HEALTHY } } peers { permanent_uuid: "ae7aa833fe8b4de4b89ae1d8b2821841" member_type: VOTER last_known_addr { host: "127.16.42.4" port: 37405 } attrs { promote: false } health_report { overall_health: HEALTHY } } }
I20260710 13:21:24.429404 18075 raft_consensus.cc:2955] T fbf32930a2444def923b6200138721a5 P ae7aa833fe8b4de4b89ae1d8b2821841 [term 1 FOLLOWER]: Committing config change with OpId 1.4: config changed from index 3 to 4, VOTER e0a97de1ad5a47c3a6292c66197db08d (127.16.42.3) evicted. New config: { opid_index: 4 OBSOLETE_local: false peers { permanent_uuid: "14eeec6e7dd74d5eb0a0222c3b8624ec" member_type: VOTER last_known_addr { host: "127.16.42.1" port: 38765 } } peers { permanent_uuid: "2e3593f35c8c47ca902c3bbe478e4cc0" member_type: VOTER last_known_addr { host: "127.16.42.2" port: 44135 } } peers { permanent_uuid: "ae7aa833fe8b4de4b89ae1d8b2821841" member_type: VOTER last_known_addr { host: "127.16.42.4" port: 37405 } attrs { promote: false } } }
I20260710 13:21:24.433593 18245 consensus_queue.cc:1048] T 1e8541e9b436437097424798ad9dde1c P 14eeec6e7dd74d5eb0a0222c3b8624ec [LEADER]: Connected to new peer: Peer: permanent_uuid: "2e3593f35c8c47ca902c3bbe478e4cc0" member_type: VOTER last_known_addr { host: "127.16.42.2" port: 44135 } attrs { replace: true }, Status: LMP_MISMATCH, Last received: 0.0, Next index: 3, Last known committed idx: 2, Time since last communication: 0.001s
I20260710 13:21:24.437896 17543 catalog_manager.cc:5697] T fbf32930a2444def923b6200138721a5 P 2e3593f35c8c47ca902c3bbe478e4cc0 reported cstate change: config changed from index 3 to 4, VOTER e0a97de1ad5a47c3a6292c66197db08d (127.16.42.3) evicted. New cstate: current_term: 1 leader_uuid: "14eeec6e7dd74d5eb0a0222c3b8624ec" committed_config { opid_index: 4 OBSOLETE_local: false peers { permanent_uuid: "14eeec6e7dd74d5eb0a0222c3b8624ec" member_type: VOTER last_known_addr { host: "127.16.42.1" port: 38765 } } peers { permanent_uuid: "2e3593f35c8c47ca902c3bbe478e4cc0" member_type: VOTER last_known_addr { host: "127.16.42.2" port: 44135 } } peers { permanent_uuid: "ae7aa833fe8b4de4b89ae1d8b2821841" member_type: VOTER last_known_addr { host: "127.16.42.4" port: 37405 } attrs { promote: false } } }
I20260710 13:21:24.440569 17795 consensus_queue.cc:237] T 1c9850e65895462f9dbff97f7ba5f1cf P e0a97de1ad5a47c3a6292c66197db08d [LEADER]: Queue going to LEADER mode. State: All replicated index: 0, Majority replicated index: 3, Committed index: 3, Last appended: 1.3, Last appended by leader: 0, Current term: 1, Majority size: 2, State: 0, Mode: LEADER, active raft config: opid_index: 4 OBSOLETE_local: false peers { permanent_uuid: "14eeec6e7dd74d5eb0a0222c3b8624ec" member_type: VOTER last_known_addr { host: "127.16.42.1" port: 38765 } } peers { permanent_uuid: "e0a97de1ad5a47c3a6292c66197db08d" member_type: VOTER last_known_addr { host: "127.16.42.3" port: 45819 } } peers { permanent_uuid: "ae7aa833fe8b4de4b89ae1d8b2821841" member_type: VOTER last_known_addr { host: "127.16.42.4" port: 37405 } attrs { promote: false } }
I20260710 13:21:24.449864 17782 tablet_service.cc:1558] Processing DeleteTablet for tablet fbf32930a2444def923b6200138721a5 with delete_type TABLET_DATA_TOMBSTONED (TS e0a97de1ad5a47c3a6292c66197db08d not found in new config with opid_index 4) from {username='slave'} at 127.0.0.1:45564
I20260710 13:21:24.450889 18240 tablet_replica.cc:333] T fbf32930a2444def923b6200138721a5 P e0a97de1ad5a47c3a6292c66197db08d: stopping tablet replica
I20260710 13:21:24.451967 18240 raft_consensus.cc:2243] T fbf32930a2444def923b6200138721a5 P e0a97de1ad5a47c3a6292c66197db08d [term 1 FOLLOWER]: Raft consensus shutting down.
I20260710 13:21:24.452740 18240 raft_consensus.cc:2272] T fbf32930a2444def923b6200138721a5 P e0a97de1ad5a47c3a6292c66197db08d [term 1 FOLLOWER]: Raft consensus is shut down!
I20260710 13:21:24.475827 17647 raft_consensus.cc:1275] T 1c9850e65895462f9dbff97f7ba5f1cf P 14eeec6e7dd74d5eb0a0222c3b8624ec [term 1 FOLLOWER]: Refusing update from remote peer e0a97de1ad5a47c3a6292c66197db08d: Log matching property violated. Preceding OpId in replica: term: 1 index: 3. Preceding OpId from leader: term: 1 index: 4. (index mismatch)
I20260710 13:21:24.477427 18243 consensus_queue.cc:1048] T 1c9850e65895462f9dbff97f7ba5f1cf P e0a97de1ad5a47c3a6292c66197db08d [LEADER]: Connected to new peer: Peer: permanent_uuid: "14eeec6e7dd74d5eb0a0222c3b8624ec" member_type: VOTER last_known_addr { host: "127.16.42.1" port: 38765 }, Status: LMP_MISMATCH, Last received: 0.0, Next index: 4, Last known committed idx: 3, Time since last communication: 0.001s
I20260710 13:21:24.479732 18240 ts_tablet_manager.cc:1916] T fbf32930a2444def923b6200138721a5 P e0a97de1ad5a47c3a6292c66197db08d: Deleting tablet data with delete state TABLET_DATA_TOMBSTONED
I20260710 13:21:24.483585 18075 raft_consensus.cc:1275] T 1c9850e65895462f9dbff97f7ba5f1cf P ae7aa833fe8b4de4b89ae1d8b2821841 [term 1 FOLLOWER]: Refusing update from remote peer e0a97de1ad5a47c3a6292c66197db08d: Log matching property violated. Preceding OpId in replica: term: 1 index: 3. Preceding OpId from leader: term: 1 index: 4. (index mismatch)
I20260710 13:21:24.485688 18187 raft_consensus.cc:2955] T 1c9850e65895462f9dbff97f7ba5f1cf P e0a97de1ad5a47c3a6292c66197db08d [term 1 LEADER]: Committing config change with OpId 1.4: config changed from index 3 to 4, VOTER 2e3593f35c8c47ca902c3bbe478e4cc0 (127.16.42.2) evicted. New config: { opid_index: 4 OBSOLETE_local: false peers { permanent_uuid: "14eeec6e7dd74d5eb0a0222c3b8624ec" member_type: VOTER last_known_addr { host: "127.16.42.1" port: 38765 } } peers { permanent_uuid: "e0a97de1ad5a47c3a6292c66197db08d" member_type: VOTER last_known_addr { host: "127.16.42.3" port: 45819 } } peers { permanent_uuid: "ae7aa833fe8b4de4b89ae1d8b2821841" member_type: VOTER last_known_addr { host: "127.16.42.4" port: 37405 } attrs { promote: false } } }
I20260710 13:21:24.487167 17647 raft_consensus.cc:2955] T 1c9850e65895462f9dbff97f7ba5f1cf P 14eeec6e7dd74d5eb0a0222c3b8624ec [term 1 FOLLOWER]: Committing config change with OpId 1.4: config changed from index 3 to 4, VOTER 2e3593f35c8c47ca902c3bbe478e4cc0 (127.16.42.2) evicted. New config: { opid_index: 4 OBSOLETE_local: false peers { permanent_uuid: "14eeec6e7dd74d5eb0a0222c3b8624ec" member_type: VOTER last_known_addr { host: "127.16.42.1" port: 38765 } } peers { permanent_uuid: "e0a97de1ad5a47c3a6292c66197db08d" member_type: VOTER last_known_addr { host: "127.16.42.3" port: 45819 } } peers { permanent_uuid: "ae7aa833fe8b4de4b89ae1d8b2821841" member_type: VOTER last_known_addr { host: "127.16.42.4" port: 37405 } attrs { promote: false } } }
I20260710 13:21:24.492309 18221 consensus_queue.cc:1048] T 1c9850e65895462f9dbff97f7ba5f1cf P e0a97de1ad5a47c3a6292c66197db08d [LEADER]: Connected to new peer: Peer: permanent_uuid: "ae7aa833fe8b4de4b89ae1d8b2821841" member_type: VOTER last_known_addr { host: "127.16.42.4" port: 37405 } attrs { promote: false }, Status: LMP_MISMATCH, Last received: 0.0, Next index: 4, Last known committed idx: 3, Time since last communication: 0.000s
I20260710 13:21:24.498389 18075 raft_consensus.cc:2955] T 1c9850e65895462f9dbff97f7ba5f1cf P ae7aa833fe8b4de4b89ae1d8b2821841 [term 1 FOLLOWER]: Committing config change with OpId 1.4: config changed from index 3 to 4, VOTER 2e3593f35c8c47ca902c3bbe478e4cc0 (127.16.42.2) evicted. New config: { opid_index: 4 OBSOLETE_local: false peers { permanent_uuid: "14eeec6e7dd74d5eb0a0222c3b8624ec" member_type: VOTER last_known_addr { host: "127.16.42.1" port: 38765 } } peers { permanent_uuid: "e0a97de1ad5a47c3a6292c66197db08d" member_type: VOTER last_known_addr { host: "127.16.42.3" port: 45819 } } peers { permanent_uuid: "ae7aa833fe8b4de4b89ae1d8b2821841" member_type: VOTER last_known_addr { host: "127.16.42.4" port: 37405 } attrs { promote: false } } }
I20260710 13:21:24.502472 17532 catalog_manager.cc:5210] ChangeConfig:REMOVE_PEER RPC for tablet 1c9850e65895462f9dbff97f7ba5f1cf with cas_config_opid_index 3: ChangeConfig:REMOVE_PEER succeeded (attempt 1)
I20260710 13:21:24.514271 18219 raft_consensus.cc:2955] T 1e8541e9b436437097424798ad9dde1c P 14eeec6e7dd74d5eb0a0222c3b8624ec [term 1 LEADER]: Committing config change with OpId 1.3: config changed from index 2 to 3, ae7aa833fe8b4de4b89ae1d8b2821841 (127.16.42.4) changed from NON_VOTER to VOTER. New config: { opid_index: 3 OBSOLETE_local: false peers { permanent_uuid: "14eeec6e7dd74d5eb0a0222c3b8624ec" member_type: VOTER last_known_addr { host: "127.16.42.1" port: 38765 } } peers { permanent_uuid: "2e3593f35c8c47ca902c3bbe478e4cc0" member_type: VOTER last_known_addr { host: "127.16.42.2" port: 44135 } attrs { replace: true } } peers { permanent_uuid: "e0a97de1ad5a47c3a6292c66197db08d" member_type: VOTER last_known_addr { host: "127.16.42.3" port: 45819 } } peers { permanent_uuid: "ae7aa833fe8b4de4b89ae1d8b2821841" member_type: VOTER last_known_addr { host: "127.16.42.4" port: 37405 } attrs { promote: false } } }
I20260710 13:21:24.516319 17543 catalog_manager.cc:5697] T 1c9850e65895462f9dbff97f7ba5f1cf P e0a97de1ad5a47c3a6292c66197db08d reported cstate change: config changed from index 3 to 4, VOTER 2e3593f35c8c47ca902c3bbe478e4cc0 (127.16.42.2) evicted. New cstate: current_term: 1 leader_uuid: "e0a97de1ad5a47c3a6292c66197db08d" committed_config { opid_index: 4 OBSOLETE_local: false peers { permanent_uuid: "14eeec6e7dd74d5eb0a0222c3b8624ec" member_type: VOTER last_known_addr { host: "127.16.42.1" port: 38765 } health_report { overall_health: HEALTHY } } peers { permanent_uuid: "e0a97de1ad5a47c3a6292c66197db08d" member_type: VOTER last_known_addr { host: "127.16.42.3" port: 45819 } health_report { overall_health: HEALTHY } } peers { permanent_uuid: "ae7aa833fe8b4de4b89ae1d8b2821841" member_type: VOTER last_known_addr { host: "127.16.42.4" port: 37405 } attrs { promote: false } health_report { overall_health: UNKNOWN } } }
I20260710 13:21:24.525606 18077 raft_consensus.cc:2955] T 1e8541e9b436437097424798ad9dde1c P ae7aa833fe8b4de4b89ae1d8b2821841 [term 1 FOLLOWER]: Committing config change with OpId 1.3: config changed from index 2 to 3, ae7aa833fe8b4de4b89ae1d8b2821841 (127.16.42.4) changed from NON_VOTER to VOTER. New config: { opid_index: 3 OBSOLETE_local: false peers { permanent_uuid: "14eeec6e7dd74d5eb0a0222c3b8624ec" member_type: VOTER last_known_addr { host: "127.16.42.1" port: 38765 } } peers { permanent_uuid: "2e3593f35c8c47ca902c3bbe478e4cc0" member_type: VOTER last_known_addr { host: "127.16.42.2" port: 44135 } attrs { replace: true } } peers { permanent_uuid: "e0a97de1ad5a47c3a6292c66197db08d" member_type: VOTER last_known_addr { host: "127.16.42.3" port: 45819 } } peers { permanent_uuid: "ae7aa833fe8b4de4b89ae1d8b2821841" member_type: VOTER last_known_addr { host: "127.16.42.4" port: 37405 } attrs { promote: false } } }
I20260710 13:21:24.516681 17798 raft_consensus.cc:2955] T 1e8541e9b436437097424798ad9dde1c P e0a97de1ad5a47c3a6292c66197db08d [term 1 FOLLOWER]: Committing config change with OpId 1.3: config changed from index 2 to 3, ae7aa833fe8b4de4b89ae1d8b2821841 (127.16.42.4) changed from NON_VOTER to VOTER. New config: { opid_index: 3 OBSOLETE_local: false peers { permanent_uuid: "14eeec6e7dd74d5eb0a0222c3b8624ec" member_type: VOTER last_known_addr { host: "127.16.42.1" port: 38765 } } peers { permanent_uuid: "2e3593f35c8c47ca902c3bbe478e4cc0" member_type: VOTER last_known_addr { host: "127.16.42.2" port: 44135 } attrs { replace: true } } peers { permanent_uuid: "e0a97de1ad5a47c3a6292c66197db08d" member_type: VOTER last_known_addr { host: "127.16.42.3" port: 45819 } } peers { permanent_uuid: "ae7aa833fe8b4de4b89ae1d8b2821841" member_type: VOTER last_known_addr { host: "127.16.42.4" port: 37405 } attrs { promote: false } } }
I20260710 13:21:24.538995 17546 catalog_manager.cc:5697] T 1e8541e9b436437097424798ad9dde1c P ae7aa833fe8b4de4b89ae1d8b2821841 reported cstate change: config changed from index 2 to 3, ae7aa833fe8b4de4b89ae1d8b2821841 (127.16.42.4) changed from NON_VOTER to VOTER. New cstate: current_term: 1 leader_uuid: "14eeec6e7dd74d5eb0a0222c3b8624ec" committed_config { opid_index: 3 OBSOLETE_local: false peers { permanent_uuid: "14eeec6e7dd74d5eb0a0222c3b8624ec" member_type: VOTER last_known_addr { host: "127.16.42.1" port: 38765 } } peers { permanent_uuid: "2e3593f35c8c47ca902c3bbe478e4cc0" member_type: VOTER last_known_addr { host: "127.16.42.2" port: 44135 } attrs { replace: true } } peers { permanent_uuid: "e0a97de1ad5a47c3a6292c66197db08d" member_type: VOTER last_known_addr { host: "127.16.42.3" port: 45819 } } peers { permanent_uuid: "ae7aa833fe8b4de4b89ae1d8b2821841" member_type: VOTER last_known_addr { host: "127.16.42.4" port: 37405 } attrs { promote: false } } }
I20260710 13:21:24.540169 17705 tablet_service.cc:1558] Processing DeleteTablet for tablet 1c9850e65895462f9dbff97f7ba5f1cf with delete_type TABLET_DATA_TOMBSTONED (TS 2e3593f35c8c47ca902c3bbe478e4cc0 not found in new config with opid_index 4) from {username='slave'} at 127.0.0.1:50180
I20260710 13:21:24.540730 18240 ts_tablet_manager.cc:1929] T fbf32930a2444def923b6200138721a5 P e0a97de1ad5a47c3a6292c66197db08d: tablet deleted with delete type TABLET_DATA_TOMBSTONED: last-logged OpId 1.3
I20260710 13:21:24.541110 18240 log.cc:1199] T fbf32930a2444def923b6200138721a5 P e0a97de1ad5a47c3a6292c66197db08d: Deleting WAL directory at /tmp/dist-test-taskNik2Bd/test-tmp/auto_leader_rebalancer-test.0.LeaderRebalancerTest.AddTserver.1783689652031908-16552-0/minicluster-data/ts-2-root/wals/fbf32930a2444def923b6200138721a5
I20260710 13:21:24.543361 17532 catalog_manager.cc:5028] TS e0a97de1ad5a47c3a6292c66197db08d (127.16.42.3:45819): tablet fbf32930a2444def923b6200138721a5 (table test-workload [id=cedf1b01842246e18f763509f98df19e]) successfully deleted
I20260710 13:21:24.543183 17724 raft_consensus.cc:2955] T 1e8541e9b436437097424798ad9dde1c P 2e3593f35c8c47ca902c3bbe478e4cc0 [term 1 FOLLOWER]: Committing config change with OpId 1.3: config changed from index 2 to 3, ae7aa833fe8b4de4b89ae1d8b2821841 (127.16.42.4) changed from NON_VOTER to VOTER. New config: { opid_index: 3 OBSOLETE_local: false peers { permanent_uuid: "14eeec6e7dd74d5eb0a0222c3b8624ec" member_type: VOTER last_known_addr { host: "127.16.42.1" port: 38765 } } peers { permanent_uuid: "2e3593f35c8c47ca902c3bbe478e4cc0" member_type: VOTER last_known_addr { host: "127.16.42.2" port: 44135 } attrs { replace: true } } peers { permanent_uuid: "e0a97de1ad5a47c3a6292c66197db08d" member_type: VOTER last_known_addr { host: "127.16.42.3" port: 45819 } } peers { permanent_uuid: "ae7aa833fe8b4de4b89ae1d8b2821841" member_type: VOTER last_known_addr { host: "127.16.42.4" port: 37405 } attrs { promote: false } } }
I20260710 13:21:24.557786 17647 consensus_queue.cc:237] T 1e8541e9b436437097424798ad9dde1c P 14eeec6e7dd74d5eb0a0222c3b8624ec [LEADER]: Queue going to LEADER mode. State: All replicated index: 0, Majority replicated index: 3, Committed index: 3, Last appended: 1.3, Last appended by leader: 0, Current term: 1, Majority size: 2, State: 0, Mode: LEADER, active raft config: opid_index: 4 OBSOLETE_local: false peers { permanent_uuid: "14eeec6e7dd74d5eb0a0222c3b8624ec" member_type: VOTER last_known_addr { host: "127.16.42.1" port: 38765 } } peers { permanent_uuid: "e0a97de1ad5a47c3a6292c66197db08d" member_type: VOTER last_known_addr { host: "127.16.42.3" port: 45819 } } peers { permanent_uuid: "ae7aa833fe8b4de4b89ae1d8b2821841" member_type: VOTER last_known_addr { host: "127.16.42.4" port: 37405 } attrs { promote: false } }
I20260710 13:21:24.565092 18077 raft_consensus.cc:1275] T 1e8541e9b436437097424798ad9dde1c P ae7aa833fe8b4de4b89ae1d8b2821841 [term 1 FOLLOWER]: Refusing update from remote peer 14eeec6e7dd74d5eb0a0222c3b8624ec: Log matching property violated. Preceding OpId in replica: term: 1 index: 3. Preceding OpId from leader: term: 1 index: 4. (index mismatch)
I20260710 13:21:24.567451 17798 raft_consensus.cc:1275] T 1e8541e9b436437097424798ad9dde1c P e0a97de1ad5a47c3a6292c66197db08d [term 1 FOLLOWER]: Refusing update from remote peer 14eeec6e7dd74d5eb0a0222c3b8624ec: Log matching property violated. Preceding OpId in replica: term: 1 index: 3. Preceding OpId from leader: term: 1 index: 4. (index mismatch)
I20260710 13:21:24.569371 18219 consensus_queue.cc:1048] T 1e8541e9b436437097424798ad9dde1c P 14eeec6e7dd74d5eb0a0222c3b8624ec [LEADER]: Connected to new peer: Peer: permanent_uuid: "ae7aa833fe8b4de4b89ae1d8b2821841" member_type: VOTER last_known_addr { host: "127.16.42.4" port: 37405 } attrs { promote: false }, Status: LMP_MISMATCH, Last received: 0.0, Next index: 4, Last known committed idx: 3, Time since last communication: 0.000s
I20260710 13:21:24.563789 18249 tablet_replica.cc:333] T 1c9850e65895462f9dbff97f7ba5f1cf P 2e3593f35c8c47ca902c3bbe478e4cc0: stopping tablet replica
I20260710 13:21:24.570487 18245 consensus_queue.cc:1048] T 1e8541e9b436437097424798ad9dde1c P 14eeec6e7dd74d5eb0a0222c3b8624ec [LEADER]: Connected to new peer: Peer: permanent_uuid: "e0a97de1ad5a47c3a6292c66197db08d" member_type: VOTER last_known_addr { host: "127.16.42.3" port: 45819 }, Status: LMP_MISMATCH, Last received: 0.0, Next index: 4, Last known committed idx: 3, Time since last communication: 0.000s
I20260710 13:21:24.570789 18249 raft_consensus.cc:2243] T 1c9850e65895462f9dbff97f7ba5f1cf P 2e3593f35c8c47ca902c3bbe478e4cc0 [term 1 FOLLOWER]: Raft consensus shutting down.
I20260710 13:21:24.572455 18249 raft_consensus.cc:2272] T 1c9850e65895462f9dbff97f7ba5f1cf P 2e3593f35c8c47ca902c3bbe478e4cc0 [term 1 FOLLOWER]: Raft consensus is shut down!
I20260710 13:21:24.576476 18244 raft_consensus.cc:2955] T 1e8541e9b436437097424798ad9dde1c P 14eeec6e7dd74d5eb0a0222c3b8624ec [term 1 LEADER]: Committing config change with OpId 1.4: config changed from index 3 to 4, VOTER 2e3593f35c8c47ca902c3bbe478e4cc0 (127.16.42.2) evicted. New config: { opid_index: 4 OBSOLETE_local: false peers { permanent_uuid: "14eeec6e7dd74d5eb0a0222c3b8624ec" member_type: VOTER last_known_addr { host: "127.16.42.1" port: 38765 } } peers { permanent_uuid: "e0a97de1ad5a47c3a6292c66197db08d" member_type: VOTER last_known_addr { host: "127.16.42.3" port: 45819 } } peers { permanent_uuid: "ae7aa833fe8b4de4b89ae1d8b2821841" member_type: VOTER last_known_addr { host: "127.16.42.4" port: 37405 } attrs { promote: false } } }
I20260710 13:21:24.577945 18077 raft_consensus.cc:2955] T 1e8541e9b436437097424798ad9dde1c P ae7aa833fe8b4de4b89ae1d8b2821841 [term 1 FOLLOWER]: Committing config change with OpId 1.4: config changed from index 3 to 4, VOTER 2e3593f35c8c47ca902c3bbe478e4cc0 (127.16.42.2) evicted. New config: { opid_index: 4 OBSOLETE_local: false peers { permanent_uuid: "14eeec6e7dd74d5eb0a0222c3b8624ec" member_type: VOTER last_known_addr { host: "127.16.42.1" port: 38765 } } peers { permanent_uuid: "e0a97de1ad5a47c3a6292c66197db08d" member_type: VOTER last_known_addr { host: "127.16.42.3" port: 45819 } } peers { permanent_uuid: "ae7aa833fe8b4de4b89ae1d8b2821841" member_type: VOTER last_known_addr { host: "127.16.42.4" port: 37405 } attrs { promote: false } } }
I20260710 13:21:24.582275 18249 ts_tablet_manager.cc:1916] T 1c9850e65895462f9dbff97f7ba5f1cf P 2e3593f35c8c47ca902c3bbe478e4cc0: Deleting tablet data with delete state TABLET_DATA_TOMBSTONED
I20260710 13:21:24.582428 17798 raft_consensus.cc:2955] T 1e8541e9b436437097424798ad9dde1c P e0a97de1ad5a47c3a6292c66197db08d [term 1 FOLLOWER]: Committing config change with OpId 1.4: config changed from index 3 to 4, VOTER 2e3593f35c8c47ca902c3bbe478e4cc0 (127.16.42.2) evicted. New config: { opid_index: 4 OBSOLETE_local: false peers { permanent_uuid: "14eeec6e7dd74d5eb0a0222c3b8624ec" member_type: VOTER last_known_addr { host: "127.16.42.1" port: 38765 } } peers { permanent_uuid: "e0a97de1ad5a47c3a6292c66197db08d" member_type: VOTER last_known_addr { host: "127.16.42.3" port: 45819 } } peers { permanent_uuid: "ae7aa833fe8b4de4b89ae1d8b2821841" member_type: VOTER last_known_addr { host: "127.16.42.4" port: 37405 } attrs { promote: false } } }
I20260710 13:21:24.591392 17531 catalog_manager.cc:5210] ChangeConfig:REMOVE_PEER RPC for tablet 1e8541e9b436437097424798ad9dde1c with cas_config_opid_index 3: ChangeConfig:REMOVE_PEER succeeded (attempt 1)
I20260710 13:21:24.595295 17543 catalog_manager.cc:5697] T 1e8541e9b436437097424798ad9dde1c P ae7aa833fe8b4de4b89ae1d8b2821841 reported cstate change: config changed from index 3 to 4, VOTER 2e3593f35c8c47ca902c3bbe478e4cc0 (127.16.42.2) evicted. New cstate: current_term: 1 leader_uuid: "14eeec6e7dd74d5eb0a0222c3b8624ec" committed_config { opid_index: 4 OBSOLETE_local: false peers { permanent_uuid: "14eeec6e7dd74d5eb0a0222c3b8624ec" member_type: VOTER last_known_addr { host: "127.16.42.1" port: 38765 } } peers { permanent_uuid: "e0a97de1ad5a47c3a6292c66197db08d" member_type: VOTER last_known_addr { host: "127.16.42.3" port: 45819 } } peers { permanent_uuid: "ae7aa833fe8b4de4b89ae1d8b2821841" member_type: VOTER last_known_addr { host: "127.16.42.4" port: 37405 } attrs { promote: false } } }
I20260710 13:21:24.596202 18249 ts_tablet_manager.cc:1929] T 1c9850e65895462f9dbff97f7ba5f1cf P 2e3593f35c8c47ca902c3bbe478e4cc0: tablet deleted with delete type TABLET_DATA_TOMBSTONED: last-logged OpId 1.3
I20260710 13:21:24.596701 18249 log.cc:1199] T 1c9850e65895462f9dbff97f7ba5f1cf P 2e3593f35c8c47ca902c3bbe478e4cc0: Deleting WAL directory at /tmp/dist-test-taskNik2Bd/test-tmp/auto_leader_rebalancer-test.0.LeaderRebalancerTest.AddTserver.1783689652031908-16552-0/minicluster-data/ts-1-root/wals/1c9850e65895462f9dbff97f7ba5f1cf
I20260710 13:21:24.598650 17533 catalog_manager.cc:5028] TS 2e3593f35c8c47ca902c3bbe478e4cc0 (127.16.42.2:44135): tablet 1c9850e65895462f9dbff97f7ba5f1cf (table test-workload [id=cedf1b01842246e18f763509f98df19e]) successfully deleted
I20260710 13:21:24.605338 17705 tablet_service.cc:1558] Processing DeleteTablet for tablet 1e8541e9b436437097424798ad9dde1c with delete_type TABLET_DATA_TOMBSTONED (TS 2e3593f35c8c47ca902c3bbe478e4cc0 not found in new config with opid_index 4) from {username='slave'} at 127.0.0.1:50180
I20260710 13:21:24.606204 18249 tablet_replica.cc:333] T 1e8541e9b436437097424798ad9dde1c P 2e3593f35c8c47ca902c3bbe478e4cc0: stopping tablet replica
I20260710 13:21:24.607088 18249 raft_consensus.cc:2243] T 1e8541e9b436437097424798ad9dde1c P 2e3593f35c8c47ca902c3bbe478e4cc0 [term 1 FOLLOWER]: Raft consensus shutting down.
I20260710 13:21:24.607736 18249 raft_consensus.cc:2272] T 1e8541e9b436437097424798ad9dde1c P 2e3593f35c8c47ca902c3bbe478e4cc0 [term 1 FOLLOWER]: Raft consensus is shut down!
I20260710 13:21:24.610306 18249 ts_tablet_manager.cc:1916] T 1e8541e9b436437097424798ad9dde1c P 2e3593f35c8c47ca902c3bbe478e4cc0: Deleting tablet data with delete state TABLET_DATA_TOMBSTONED
I20260710 13:21:24.620913 18249 ts_tablet_manager.cc:1929] T 1e8541e9b436437097424798ad9dde1c P 2e3593f35c8c47ca902c3bbe478e4cc0: tablet deleted with delete type TABLET_DATA_TOMBSTONED: last-logged OpId 1.3
I20260710 13:21:24.621268 18249 log.cc:1199] T 1e8541e9b436437097424798ad9dde1c P 2e3593f35c8c47ca902c3bbe478e4cc0: Deleting WAL directory at /tmp/dist-test-taskNik2Bd/test-tmp/auto_leader_rebalancer-test.0.LeaderRebalancerTest.AddTserver.1783689652031908-16552-0/minicluster-data/ts-1-root/wals/1e8541e9b436437097424798ad9dde1c
I20260710 13:21:24.622361 17533 catalog_manager.cc:5028] TS 2e3593f35c8c47ca902c3bbe478e4cc0 (127.16.42.2:44135): tablet 1e8541e9b436437097424798ad9dde1c (table test-workload [id=cedf1b01842246e18f763509f98df19e]) successfully deleted
I20260710 13:21:25.632959 17798 consensus_queue.cc:237] T e7221acd792f4ae28bfe7d8e36348912 P e0a97de1ad5a47c3a6292c66197db08d [LEADER]: Queue going to LEADER mode. State: All replicated index: 0, Majority replicated index: 1, Committed index: 1, Last appended: 1.1, Last appended by leader: 0, Current term: 1, Majority size: 2, State: 0, Mode: LEADER, active raft config: opid_index: 2 OBSOLETE_local: false peers { permanent_uuid: "14eeec6e7dd74d5eb0a0222c3b8624ec" member_type: VOTER last_known_addr { host: "127.16.42.1" port: 38765 } attrs { replace: true } } peers { permanent_uuid: "2e3593f35c8c47ca902c3bbe478e4cc0" member_type: VOTER last_known_addr { host: "127.16.42.2" port: 44135 } } peers { permanent_uuid: "e0a97de1ad5a47c3a6292c66197db08d" member_type: VOTER last_known_addr { host: "127.16.42.3" port: 45819 } } peers { permanent_uuid: "ae7aa833fe8b4de4b89ae1d8b2821841" member_type: NON_VOTER last_known_addr { host: "127.16.42.4" port: 37405 } attrs { promote: true } }
W20260710 13:21:25.638368 17764 consensus_peers.cc:597] T e7221acd792f4ae28bfe7d8e36348912 P e0a97de1ad5a47c3a6292c66197db08d -> Peer ae7aa833fe8b4de4b89ae1d8b2821841 (127.16.42.4:37405): Couldn't send request to peer ae7aa833fe8b4de4b89ae1d8b2821841. Error code: TABLET_NOT_FOUND (6). Status: Not found: Tablet not found: e7221acd792f4ae28bfe7d8e36348912. This is attempt 1: this message will repeat every 5th retry.
I20260710 13:21:25.638545 17647 raft_consensus.cc:1275] T e7221acd792f4ae28bfe7d8e36348912 P 14eeec6e7dd74d5eb0a0222c3b8624ec [term 1 FOLLOWER]: Refusing update from remote peer e0a97de1ad5a47c3a6292c66197db08d: Log matching property violated. Preceding OpId in replica: term: 1 index: 1. Preceding OpId from leader: term: 1 index: 2. (index mismatch)
I20260710 13:21:25.638545 17724 raft_consensus.cc:1275] T e7221acd792f4ae28bfe7d8e36348912 P 2e3593f35c8c47ca902c3bbe478e4cc0 [term 1 FOLLOWER]: Refusing update from remote peer e0a97de1ad5a47c3a6292c66197db08d: Log matching property violated. Preceding OpId in replica: term: 1 index: 1. Preceding OpId from leader: term: 1 index: 2. (index mismatch)
I20260710 13:21:25.639864 18253 consensus_queue.cc:1048] T e7221acd792f4ae28bfe7d8e36348912 P e0a97de1ad5a47c3a6292c66197db08d [LEADER]: Connected to new peer: Peer: permanent_uuid: "14eeec6e7dd74d5eb0a0222c3b8624ec" member_type: VOTER last_known_addr { host: "127.16.42.1" port: 38765 } attrs { replace: true }, Status: LMP_MISMATCH, Last received: 0.0, Next index: 2, Last known committed idx: 1, Time since last communication: 0.000s
I20260710 13:21:25.640676 18187 consensus_queue.cc:1048] T e7221acd792f4ae28bfe7d8e36348912 P e0a97de1ad5a47c3a6292c66197db08d [LEADER]: Connected to new peer: Peer: permanent_uuid: "2e3593f35c8c47ca902c3bbe478e4cc0" member_type: VOTER last_known_addr { host: "127.16.42.2" port: 44135 }, Status: LMP_MISMATCH, Last received: 0.0, Next index: 2, Last known committed idx: 1, Time since last communication: 0.000s
I20260710 13:21:25.647330 18253 raft_consensus.cc:2955] T e7221acd792f4ae28bfe7d8e36348912 P e0a97de1ad5a47c3a6292c66197db08d [term 1 LEADER]: Committing config change with OpId 1.2: config changed from index -1 to 2, NON_VOTER ae7aa833fe8b4de4b89ae1d8b2821841 (127.16.42.4) added. New config: { opid_index: 2 OBSOLETE_local: false peers { permanent_uuid: "14eeec6e7dd74d5eb0a0222c3b8624ec" member_type: VOTER last_known_addr { host: "127.16.42.1" port: 38765 } attrs { replace: true } } peers { permanent_uuid: "2e3593f35c8c47ca902c3bbe478e4cc0" member_type: VOTER last_known_addr { host: "127.16.42.2" port: 44135 } } peers { permanent_uuid: "e0a97de1ad5a47c3a6292c66197db08d" member_type: VOTER last_known_addr { host: "127.16.42.3" port: 45819 } } peers { permanent_uuid: "ae7aa833fe8b4de4b89ae1d8b2821841" member_type: NON_VOTER last_known_addr { host: "127.16.42.4" port: 37405 } attrs { promote: true } } }
I20260710 13:21:25.648622 17647 raft_consensus.cc:2955] T e7221acd792f4ae28bfe7d8e36348912 P 14eeec6e7dd74d5eb0a0222c3b8624ec [term 1 FOLLOWER]: Committing config change with OpId 1.2: config changed from index -1 to 2, NON_VOTER ae7aa833fe8b4de4b89ae1d8b2821841 (127.16.42.4) added. New config: { opid_index: 2 OBSOLETE_local: false peers { permanent_uuid: "14eeec6e7dd74d5eb0a0222c3b8624ec" member_type: VOTER last_known_addr { host: "127.16.42.1" port: 38765 } attrs { replace: true } } peers { permanent_uuid: "2e3593f35c8c47ca902c3bbe478e4cc0" member_type: VOTER last_known_addr { host: "127.16.42.2" port: 44135 } } peers { permanent_uuid: "e0a97de1ad5a47c3a6292c66197db08d" member_type: VOTER last_known_addr { host: "127.16.42.3" port: 45819 } } peers { permanent_uuid: "ae7aa833fe8b4de4b89ae1d8b2821841" member_type: NON_VOTER last_known_addr { host: "127.16.42.4" port: 37405 } attrs { promote: true } } }
I20260710 13:21:25.649375 17724 raft_consensus.cc:2955] T e7221acd792f4ae28bfe7d8e36348912 P 2e3593f35c8c47ca902c3bbe478e4cc0 [term 1 FOLLOWER]: Committing config change with OpId 1.2: config changed from index -1 to 2, NON_VOTER ae7aa833fe8b4de4b89ae1d8b2821841 (127.16.42.4) added. New config: { opid_index: 2 OBSOLETE_local: false peers { permanent_uuid: "14eeec6e7dd74d5eb0a0222c3b8624ec" member_type: VOTER last_known_addr { host: "127.16.42.1" port: 38765 } attrs { replace: true } } peers { permanent_uuid: "2e3593f35c8c47ca902c3bbe478e4cc0" member_type: VOTER last_known_addr { host: "127.16.42.2" port: 44135 } } peers { permanent_uuid: "e0a97de1ad5a47c3a6292c66197db08d" member_type: VOTER last_known_addr { host: "127.16.42.3" port: 45819 } } peers { permanent_uuid: "ae7aa833fe8b4de4b89ae1d8b2821841" member_type: NON_VOTER last_known_addr { host: "127.16.42.4" port: 37405 } attrs { promote: true } } }
I20260710 13:21:25.661162 17798 consensus_queue.cc:237] T fdd37a4e2c014717b615bf8a58b117b2 P e0a97de1ad5a47c3a6292c66197db08d [LEADER]: Queue going to LEADER mode. State: All replicated index: 0, Majority replicated index: 1, Committed index: 1, Last appended: 1.1, Last appended by leader: 0, Current term: 1, Majority size: 2, State: 0, Mode: LEADER, active raft config: opid_index: 2 OBSOLETE_local: false peers { permanent_uuid: "14eeec6e7dd74d5eb0a0222c3b8624ec" member_type: VOTER last_known_addr { host: "127.16.42.1" port: 38765 } attrs { replace: true } } peers { permanent_uuid: "2e3593f35c8c47ca902c3bbe478e4cc0" member_type: VOTER last_known_addr { host: "127.16.42.2" port: 44135 } } peers { permanent_uuid: "e0a97de1ad5a47c3a6292c66197db08d" member_type: VOTER last_known_addr { host: "127.16.42.3" port: 45819 } } peers { permanent_uuid: "ae7aa833fe8b4de4b89ae1d8b2821841" member_type: NON_VOTER last_known_addr { host: "127.16.42.4" port: 37405 } attrs { promote: true } }
I20260710 13:21:25.663540 17543 catalog_manager.cc:5697] T e7221acd792f4ae28bfe7d8e36348912 P 2e3593f35c8c47ca902c3bbe478e4cc0 reported cstate change: config changed from index -1 to 2, NON_VOTER ae7aa833fe8b4de4b89ae1d8b2821841 (127.16.42.4) added. New cstate: current_term: 1 leader_uuid: "e0a97de1ad5a47c3a6292c66197db08d" committed_config { opid_index: 2 OBSOLETE_local: false peers { permanent_uuid: "14eeec6e7dd74d5eb0a0222c3b8624ec" member_type: VOTER last_known_addr { host: "127.16.42.1" port: 38765 } attrs { replace: true } } peers { permanent_uuid: "2e3593f35c8c47ca902c3bbe478e4cc0" member_type: VOTER last_known_addr { host: "127.16.42.2" port: 44135 } } peers { permanent_uuid: "e0a97de1ad5a47c3a6292c66197db08d" member_type: VOTER last_known_addr { host: "127.16.42.3" port: 45819 } } peers { permanent_uuid: "ae7aa833fe8b4de4b89ae1d8b2821841" member_type: NON_VOTER last_known_addr { host: "127.16.42.4" port: 37405 } attrs { promote: true } } }
I20260710 13:21:25.668706 17647 raft_consensus.cc:1275] T fdd37a4e2c014717b615bf8a58b117b2 P 14eeec6e7dd74d5eb0a0222c3b8624ec [term 1 FOLLOWER]: Refusing update from remote peer e0a97de1ad5a47c3a6292c66197db08d: Log matching property violated. Preceding OpId in replica: term: 1 index: 1. Preceding OpId from leader: term: 1 index: 2. (index mismatch)
I20260710 13:21:25.669111 17724 raft_consensus.cc:1275] T fdd37a4e2c014717b615bf8a58b117b2 P 2e3593f35c8c47ca902c3bbe478e4cc0 [term 1 FOLLOWER]: Refusing update from remote peer e0a97de1ad5a47c3a6292c66197db08d: Log matching property violated. Preceding OpId in replica: term: 1 index: 1. Preceding OpId from leader: term: 1 index: 2. (index mismatch)
W20260710 13:21:25.669169 17764 consensus_peers.cc:597] T fdd37a4e2c014717b615bf8a58b117b2 P e0a97de1ad5a47c3a6292c66197db08d -> Peer ae7aa833fe8b4de4b89ae1d8b2821841 (127.16.42.4:37405): Couldn't send request to peer ae7aa833fe8b4de4b89ae1d8b2821841. Error code: TABLET_NOT_FOUND (6). Status: Not found: Tablet not found: fdd37a4e2c014717b615bf8a58b117b2. This is attempt 1: this message will repeat every 5th retry.
I20260710 13:21:25.670526 18253 consensus_queue.cc:1048] T fdd37a4e2c014717b615bf8a58b117b2 P e0a97de1ad5a47c3a6292c66197db08d [LEADER]: Connected to new peer: Peer: permanent_uuid: "14eeec6e7dd74d5eb0a0222c3b8624ec" member_type: VOTER last_known_addr { host: "127.16.42.1" port: 38765 } attrs { replace: true }, Status: LMP_MISMATCH, Last received: 0.0, Next index: 2, Last known committed idx: 1, Time since last communication: 0.000s
I20260710 13:21:25.671497 18251 consensus_queue.cc:1048] T fdd37a4e2c014717b615bf8a58b117b2 P e0a97de1ad5a47c3a6292c66197db08d [LEADER]: Connected to new peer: Peer: permanent_uuid: "2e3593f35c8c47ca902c3bbe478e4cc0" member_type: VOTER last_known_addr { host: "127.16.42.2" port: 44135 }, Status: LMP_MISMATCH, Last received: 0.0, Next index: 2, Last known committed idx: 1, Time since last communication: 0.001s
I20260710 13:21:25.680994 18251 raft_consensus.cc:2955] T fdd37a4e2c014717b615bf8a58b117b2 P e0a97de1ad5a47c3a6292c66197db08d [term 1 LEADER]: Committing config change with OpId 1.2: config changed from index -1 to 2, NON_VOTER ae7aa833fe8b4de4b89ae1d8b2821841 (127.16.42.4) added. New config: { opid_index: 2 OBSOLETE_local: false peers { permanent_uuid: "14eeec6e7dd74d5eb0a0222c3b8624ec" member_type: VOTER last_known_addr { host: "127.16.42.1" port: 38765 } attrs { replace: true } } peers { permanent_uuid: "2e3593f35c8c47ca902c3bbe478e4cc0" member_type: VOTER last_known_addr { host: "127.16.42.2" port: 44135 } } peers { permanent_uuid: "e0a97de1ad5a47c3a6292c66197db08d" member_type: VOTER last_known_addr { host: "127.16.42.3" port: 45819 } } peers { permanent_uuid: "ae7aa833fe8b4de4b89ae1d8b2821841" member_type: NON_VOTER last_known_addr { host: "127.16.42.4" port: 37405 } attrs { promote: true } } }
I20260710 13:21:25.682541 17724 raft_consensus.cc:2955] T fdd37a4e2c014717b615bf8a58b117b2 P 2e3593f35c8c47ca902c3bbe478e4cc0 [term 1 FOLLOWER]: Committing config change with OpId 1.2: config changed from index -1 to 2, NON_VOTER ae7aa833fe8b4de4b89ae1d8b2821841 (127.16.42.4) added. New config: { opid_index: 2 OBSOLETE_local: false peers { permanent_uuid: "14eeec6e7dd74d5eb0a0222c3b8624ec" member_type: VOTER last_known_addr { host: "127.16.42.1" port: 38765 } attrs { replace: true } } peers { permanent_uuid: "2e3593f35c8c47ca902c3bbe478e4cc0" member_type: VOTER last_known_addr { host: "127.16.42.2" port: 44135 } } peers { permanent_uuid: "e0a97de1ad5a47c3a6292c66197db08d" member_type: VOTER last_known_addr { host: "127.16.42.3" port: 45819 } } peers { permanent_uuid: "ae7aa833fe8b4de4b89ae1d8b2821841" member_type: NON_VOTER last_known_addr { host: "127.16.42.4" port: 37405 } attrs { promote: true } } }
I20260710 13:21:25.685168 17647 raft_consensus.cc:2955] T fdd37a4e2c014717b615bf8a58b117b2 P 14eeec6e7dd74d5eb0a0222c3b8624ec [term 1 FOLLOWER]: Committing config change with OpId 1.2: config changed from index -1 to 2, NON_VOTER ae7aa833fe8b4de4b89ae1d8b2821841 (127.16.42.4) added. New config: { opid_index: 2 OBSOLETE_local: false peers { permanent_uuid: "14eeec6e7dd74d5eb0a0222c3b8624ec" member_type: VOTER last_known_addr { host: "127.16.42.1" port: 38765 } attrs { replace: true } } peers { permanent_uuid: "2e3593f35c8c47ca902c3bbe478e4cc0" member_type: VOTER last_known_addr { host: "127.16.42.2" port: 44135 } } peers { permanent_uuid: "e0a97de1ad5a47c3a6292c66197db08d" member_type: VOTER last_known_addr { host: "127.16.42.3" port: 45819 } } peers { permanent_uuid: "ae7aa833fe8b4de4b89ae1d8b2821841" member_type: NON_VOTER last_known_addr { host: "127.16.42.4" port: 37405 } attrs { promote: true } } }
I20260710 13:21:25.698885 17543 catalog_manager.cc:5697] T fdd37a4e2c014717b615bf8a58b117b2 P 2e3593f35c8c47ca902c3bbe478e4cc0 reported cstate change: config changed from index -1 to 2, NON_VOTER ae7aa833fe8b4de4b89ae1d8b2821841 (127.16.42.4) added. New cstate: current_term: 1 leader_uuid: "e0a97de1ad5a47c3a6292c66197db08d" committed_config { opid_index: 2 OBSOLETE_local: false peers { permanent_uuid: "14eeec6e7dd74d5eb0a0222c3b8624ec" member_type: VOTER last_known_addr { host: "127.16.42.1" port: 38765 } attrs { replace: true } } peers { permanent_uuid: "2e3593f35c8c47ca902c3bbe478e4cc0" member_type: VOTER last_known_addr { host: "127.16.42.2" port: 44135 } } peers { permanent_uuid: "e0a97de1ad5a47c3a6292c66197db08d" member_type: VOTER last_known_addr { host: "127.16.42.3" port: 45819 } } peers { permanent_uuid: "ae7aa833fe8b4de4b89ae1d8b2821841" member_type: NON_VOTER last_known_addr { host: "127.16.42.4" port: 37405 } attrs { promote: true } } }
I20260710 13:21:25.699802 17647 consensus_queue.cc:237] T 89304d6a15cb4a30b8b55b83476df26d P 14eeec6e7dd74d5eb0a0222c3b8624ec [LEADER]: Queue going to LEADER mode. State: All replicated index: 0, Majority replicated index: 1, Committed index: 1, Last appended: 2.1, Last appended by leader: 0, Current term: 2, Majority size: 2, State: 0, Mode: LEADER, active raft config: opid_index: 2 OBSOLETE_local: false peers { permanent_uuid: "14eeec6e7dd74d5eb0a0222c3b8624ec" member_type: VOTER last_known_addr { host: "127.16.42.1" port: 38765 } } peers { permanent_uuid: "2e3593f35c8c47ca902c3bbe478e4cc0" member_type: VOTER last_known_addr { host: "127.16.42.2" port: 44135 } } peers { permanent_uuid: "e0a97de1ad5a47c3a6292c66197db08d" member_type: VOTER last_known_addr { host: "127.16.42.3" port: 45819 } attrs { replace: true } } peers { permanent_uuid: "ae7aa833fe8b4de4b89ae1d8b2821841" member_type: NON_VOTER last_known_addr { host: "127.16.42.4" port: 37405 } attrs { promote: true } }
I20260710 13:21:25.706910 17798 raft_consensus.cc:1275] T 89304d6a15cb4a30b8b55b83476df26d P e0a97de1ad5a47c3a6292c66197db08d [term 2 FOLLOWER]: Refusing update from remote peer 14eeec6e7dd74d5eb0a0222c3b8624ec: Log matching property violated. Preceding OpId in replica: term: 2 index: 1. Preceding OpId from leader: term: 2 index: 2. (index mismatch)
W20260710 13:21:25.707072 17615 consensus_peers.cc:597] T 89304d6a15cb4a30b8b55b83476df26d P 14eeec6e7dd74d5eb0a0222c3b8624ec -> Peer ae7aa833fe8b4de4b89ae1d8b2821841 (127.16.42.4:37405): Couldn't send request to peer ae7aa833fe8b4de4b89ae1d8b2821841. Error code: TABLET_NOT_FOUND (6). Status: Not found: Tablet not found: 89304d6a15cb4a30b8b55b83476df26d. This is attempt 1: this message will repeat every 5th retry.
I20260710 13:21:25.708356 18244 consensus_queue.cc:1048] T 89304d6a15cb4a30b8b55b83476df26d P 14eeec6e7dd74d5eb0a0222c3b8624ec [LEADER]: Connected to new peer: Peer: permanent_uuid: "e0a97de1ad5a47c3a6292c66197db08d" member_type: VOTER last_known_addr { host: "127.16.42.3" port: 45819 } attrs { replace: true }, Status: LMP_MISMATCH, Last received: 0.0, Next index: 2, Last known committed idx: 1, Time since last communication: 0.000s
I20260710 13:21:25.708381 17724 raft_consensus.cc:1275] T 89304d6a15cb4a30b8b55b83476df26d P 2e3593f35c8c47ca902c3bbe478e4cc0 [term 2 FOLLOWER]: Refusing update from remote peer 14eeec6e7dd74d5eb0a0222c3b8624ec: Log matching property violated. Preceding OpId in replica: term: 2 index: 1. Preceding OpId from leader: term: 2 index: 2. (index mismatch)
I20260710 13:21:25.712011 18244 consensus_queue.cc:1048] T 89304d6a15cb4a30b8b55b83476df26d P 14eeec6e7dd74d5eb0a0222c3b8624ec [LEADER]: Connected to new peer: Peer: permanent_uuid: "2e3593f35c8c47ca902c3bbe478e4cc0" member_type: VOTER last_known_addr { host: "127.16.42.2" port: 44135 }, Status: LMP_MISMATCH, Last received: 0.0, Next index: 2, Last known committed idx: 1, Time since last communication: 0.000s
I20260710 13:21:25.717527 18266 raft_consensus.cc:2955] T 89304d6a15cb4a30b8b55b83476df26d P 14eeec6e7dd74d5eb0a0222c3b8624ec [term 2 LEADER]: Committing config change with OpId 2.2: config changed from index -1 to 2, NON_VOTER ae7aa833fe8b4de4b89ae1d8b2821841 (127.16.42.4) added. New config: { opid_index: 2 OBSOLETE_local: false peers { permanent_uuid: "14eeec6e7dd74d5eb0a0222c3b8624ec" member_type: VOTER last_known_addr { host: "127.16.42.1" port: 38765 } } peers { permanent_uuid: "2e3593f35c8c47ca902c3bbe478e4cc0" member_type: VOTER last_known_addr { host: "127.16.42.2" port: 44135 } } peers { permanent_uuid: "e0a97de1ad5a47c3a6292c66197db08d" member_type: VOTER last_known_addr { host: "127.16.42.3" port: 45819 } attrs { replace: true } } peers { permanent_uuid: "ae7aa833fe8b4de4b89ae1d8b2821841" member_type: NON_VOTER last_known_addr { host: "127.16.42.4" port: 37405 } attrs { promote: true } } }
I20260710 13:21:25.718976 17795 raft_consensus.cc:2955] T 89304d6a15cb4a30b8b55b83476df26d P e0a97de1ad5a47c3a6292c66197db08d [term 2 FOLLOWER]: Committing config change with OpId 2.2: config changed from index -1 to 2, NON_VOTER ae7aa833fe8b4de4b89ae1d8b2821841 (127.16.42.4) added. New config: { opid_index: 2 OBSOLETE_local: false peers { permanent_uuid: "14eeec6e7dd74d5eb0a0222c3b8624ec" member_type: VOTER last_known_addr { host: "127.16.42.1" port: 38765 } } peers { permanent_uuid: "2e3593f35c8c47ca902c3bbe478e4cc0" member_type: VOTER last_known_addr { host: "127.16.42.2" port: 44135 } } peers { permanent_uuid: "e0a97de1ad5a47c3a6292c66197db08d" member_type: VOTER last_known_addr { host: "127.16.42.3" port: 45819 } attrs { replace: true } } peers { permanent_uuid: "ae7aa833fe8b4de4b89ae1d8b2821841" member_type: NON_VOTER last_known_addr { host: "127.16.42.4" port: 37405 } attrs { promote: true } } }
I20260710 13:21:25.722343 17724 raft_consensus.cc:2955] T 89304d6a15cb4a30b8b55b83476df26d P 2e3593f35c8c47ca902c3bbe478e4cc0 [term 2 FOLLOWER]: Committing config change with OpId 2.2: config changed from index -1 to 2, NON_VOTER ae7aa833fe8b4de4b89ae1d8b2821841 (127.16.42.4) added. New config: { opid_index: 2 OBSOLETE_local: false peers { permanent_uuid: "14eeec6e7dd74d5eb0a0222c3b8624ec" member_type: VOTER last_known_addr { host: "127.16.42.1" port: 38765 } } peers { permanent_uuid: "2e3593f35c8c47ca902c3bbe478e4cc0" member_type: VOTER last_known_addr { host: "127.16.42.2" port: 44135 } } peers { permanent_uuid: "e0a97de1ad5a47c3a6292c66197db08d" member_type: VOTER last_known_addr { host: "127.16.42.3" port: 45819 } attrs { replace: true } } peers { permanent_uuid: "ae7aa833fe8b4de4b89ae1d8b2821841" member_type: NON_VOTER last_known_addr { host: "127.16.42.4" port: 37405 } attrs { promote: true } } }
I20260710 13:21:25.729624 17543 catalog_manager.cc:5697] T 89304d6a15cb4a30b8b55b83476df26d P 14eeec6e7dd74d5eb0a0222c3b8624ec reported cstate change: config changed from index -1 to 2, NON_VOTER ae7aa833fe8b4de4b89ae1d8b2821841 (127.16.42.4) added. New cstate: current_term: 2 leader_uuid: "14eeec6e7dd74d5eb0a0222c3b8624ec" committed_config { opid_index: 2 OBSOLETE_local: false peers { permanent_uuid: "14eeec6e7dd74d5eb0a0222c3b8624ec" member_type: VOTER last_known_addr { host: "127.16.42.1" port: 38765 } health_report { overall_health: HEALTHY } } peers { permanent_uuid: "2e3593f35c8c47ca902c3bbe478e4cc0" member_type: VOTER last_known_addr { host: "127.16.42.2" port: 44135 } health_report { overall_health: HEALTHY } } peers { permanent_uuid: "e0a97de1ad5a47c3a6292c66197db08d" member_type: VOTER last_known_addr { host: "127.16.42.3" port: 45819 } attrs { replace: true } health_report { overall_health: HEALTHY } } peers { permanent_uuid: "ae7aa833fe8b4de4b89ae1d8b2821841" member_type: NON_VOTER last_known_addr { host: "127.16.42.4" port: 37405 } attrs { promote: true } health_report { overall_health: UNKNOWN } } }
I20260710 13:21:25.735227 17647 consensus_queue.cc:237] T 18d3975e848848fda822c953e9c79d07 P 14eeec6e7dd74d5eb0a0222c3b8624ec [LEADER]: Queue going to LEADER mode. State: All replicated index: 0, Majority replicated index: 1, Committed index: 1, Last appended: 1.1, Last appended by leader: 0, Current term: 1, Majority size: 2, State: 0, Mode: LEADER, active raft config: opid_index: 2 OBSOLETE_local: false peers { permanent_uuid: "14eeec6e7dd74d5eb0a0222c3b8624ec" member_type: VOTER last_known_addr { host: "127.16.42.1" port: 38765 } } peers { permanent_uuid: "2e3593f35c8c47ca902c3bbe478e4cc0" member_type: VOTER last_known_addr { host: "127.16.42.2" port: 44135 } attrs { replace: true } } peers { permanent_uuid: "e0a97de1ad5a47c3a6292c66197db08d" member_type: VOTER last_known_addr { host: "127.16.42.3" port: 45819 } } peers { permanent_uuid: "ae7aa833fe8b4de4b89ae1d8b2821841" member_type: NON_VOTER last_known_addr { host: "127.16.42.4" port: 37405 } attrs { promote: true } }
I20260710 13:21:25.744805 17795 raft_consensus.cc:1275] T 18d3975e848848fda822c953e9c79d07 P e0a97de1ad5a47c3a6292c66197db08d [term 1 FOLLOWER]: Refusing update from remote peer 14eeec6e7dd74d5eb0a0222c3b8624ec: Log matching property violated. Preceding OpId in replica: term: 1 index: 1. Preceding OpId from leader: term: 1 index: 2. (index mismatch)
W20260710 13:21:25.745208 17615 consensus_peers.cc:597] T 18d3975e848848fda822c953e9c79d07 P 14eeec6e7dd74d5eb0a0222c3b8624ec -> Peer ae7aa833fe8b4de4b89ae1d8b2821841 (127.16.42.4:37405): Couldn't send request to peer ae7aa833fe8b4de4b89ae1d8b2821841. Error code: TABLET_NOT_FOUND (6). Status: Not found: Tablet not found: 18d3975e848848fda822c953e9c79d07. This is attempt 1: this message will repeat every 5th retry.
I20260710 13:21:25.745901 18219 consensus_queue.cc:1048] T 18d3975e848848fda822c953e9c79d07 P 14eeec6e7dd74d5eb0a0222c3b8624ec [LEADER]: Connected to new peer: Peer: permanent_uuid: "e0a97de1ad5a47c3a6292c66197db08d" member_type: VOTER last_known_addr { host: "127.16.42.3" port: 45819 }, Status: LMP_MISMATCH, Last received: 0.0, Next index: 2, Last known committed idx: 1, Time since last communication: 0.000s
I20260710 13:21:25.751843 17724 raft_consensus.cc:1275] T 18d3975e848848fda822c953e9c79d07 P 2e3593f35c8c47ca902c3bbe478e4cc0 [term 1 FOLLOWER]: Refusing update from remote peer 14eeec6e7dd74d5eb0a0222c3b8624ec: Log matching property violated. Preceding OpId in replica: term: 1 index: 1. Preceding OpId from leader: term: 1 index: 2. (index mismatch)
I20260710 13:21:25.753437 18244 consensus_queue.cc:1048] T 18d3975e848848fda822c953e9c79d07 P 14eeec6e7dd74d5eb0a0222c3b8624ec [LEADER]: Connected to new peer: Peer: permanent_uuid: "2e3593f35c8c47ca902c3bbe478e4cc0" member_type: VOTER last_known_addr { host: "127.16.42.2" port: 44135 } attrs { replace: true }, Status: LMP_MISMATCH, Last received: 0.0, Next index: 2, Last known committed idx: 1, Time since last communication: 0.000s
I20260710 13:21:25.758306 18266 raft_consensus.cc:2955] T 18d3975e848848fda822c953e9c79d07 P 14eeec6e7dd74d5eb0a0222c3b8624ec [term 1 LEADER]: Committing config change with OpId 1.2: config changed from index -1 to 2, NON_VOTER ae7aa833fe8b4de4b89ae1d8b2821841 (127.16.42.4) added. New config: { opid_index: 2 OBSOLETE_local: false peers { permanent_uuid: "14eeec6e7dd74d5eb0a0222c3b8624ec" member_type: VOTER last_known_addr { host: "127.16.42.1" port: 38765 } } peers { permanent_uuid: "2e3593f35c8c47ca902c3bbe478e4cc0" member_type: VOTER last_known_addr { host: "127.16.42.2" port: 44135 } attrs { replace: true } } peers { permanent_uuid: "e0a97de1ad5a47c3a6292c66197db08d" member_type: VOTER last_known_addr { host: "127.16.42.3" port: 45819 } } peers { permanent_uuid: "ae7aa833fe8b4de4b89ae1d8b2821841" member_type: NON_VOTER last_known_addr { host: "127.16.42.4" port: 37405 } attrs { promote: true } } }
I20260710 13:21:25.759928 17795 raft_consensus.cc:2955] T 18d3975e848848fda822c953e9c79d07 P e0a97de1ad5a47c3a6292c66197db08d [term 1 FOLLOWER]: Committing config change with OpId 1.2: config changed from index -1 to 2, NON_VOTER ae7aa833fe8b4de4b89ae1d8b2821841 (127.16.42.4) added. New config: { opid_index: 2 OBSOLETE_local: false peers { permanent_uuid: "14eeec6e7dd74d5eb0a0222c3b8624ec" member_type: VOTER last_known_addr { host: "127.16.42.1" port: 38765 } } peers { permanent_uuid: "2e3593f35c8c47ca902c3bbe478e4cc0" member_type: VOTER last_known_addr { host: "127.16.42.2" port: 44135 } attrs { replace: true } } peers { permanent_uuid: "e0a97de1ad5a47c3a6292c66197db08d" member_type: VOTER last_known_addr { host: "127.16.42.3" port: 45819 } } peers { permanent_uuid: "ae7aa833fe8b4de4b89ae1d8b2821841" member_type: NON_VOTER last_known_addr { host: "127.16.42.4" port: 37405 } attrs { promote: true } } }
