I20260710 13:21:17.706825 12538 raft_consensus.cc:3060] T 7ec6584c2e894a979a8960901ce93045 P cef0ba4f2e2945dc87f18f279e4d5de1 [term 0 FOLLOWER]: Advancing to term 1
I20260710 13:21:17.709177 12464 tablet_service.cc:1917] Received RequestConsensusVote() RPC: tablet_id: "87ee4065ae474a0c85df94ccabe63bdb" candidate_uuid: "1089ed23526d4f1e8603b137e2e44c5d" candidate_term: 1 candidate_status { last_received { term: 0 index: 0 } } ignore_live_leader: false dest_uuid: "862843b83f984c37840b00cd43a369e9"
I20260710 13:21:17.710031 12464 raft_consensus.cc:3060] T 87ee4065ae474a0c85df94ccabe63bdb P 862843b83f984c37840b00cd43a369e9 [term 0 FOLLOWER]: Advancing to term 1
I20260710 13:21:17.696527 12586 leader_election.cc:290] T 7ec6584c2e894a979a8960901ce93045 P 1089ed23526d4f1e8603b137e2e44c5d [CANDIDATE]: Term 1 election: Requested vote from peers 862843b83f984c37840b00cd43a369e9 (127.10.254.66:36199), cef0ba4f2e2945dc87f18f279e4d5de1 (127.10.254.67:45333)
I20260710 13:21:17.712540 12585 raft_consensus.cc:697] T ab2198c9da1741229139c7ab500f8c52 P cef0ba4f2e2945dc87f18f279e4d5de1 [term 1 LEADER]: Becoming Leader. State: Replica: cef0ba4f2e2945dc87f18f279e4d5de1, State: Running, Role: LEADER
I20260710 13:21:17.714699 12538 raft_consensus.cc:2468] T 7ec6584c2e894a979a8960901ce93045 P cef0ba4f2e2945dc87f18f279e4d5de1 [term 1 FOLLOWER]: Leader election vote request: Granting yes vote for candidate 1089ed23526d4f1e8603b137e2e44c5d in term 1.
I20260710 13:21:17.715890 12580 tablet_bootstrap.cc:492] T aa642faf8e114c5e8614bf9c0d218361 P cef0ba4f2e2945dc87f18f279e4d5de1: No bootstrap required, opened a new log
I20260710 13:21:17.716396 12581 tablet_bootstrap.cc:492] T 37b5330eb7574162a1a414ed2a04c360 P 1089ed23526d4f1e8603b137e2e44c5d: Bootstrap starting.
I20260710 13:21:17.718995 12464 raft_consensus.cc:2468] T 87ee4065ae474a0c85df94ccabe63bdb P 862843b83f984c37840b00cd43a369e9 [term 1 FOLLOWER]: Leader election vote request: Granting yes vote for candidate 1089ed23526d4f1e8603b137e2e44c5d in term 1.
I20260710 13:21:17.716403 12580 ts_tablet_manager.cc:1403] T aa642faf8e114c5e8614bf9c0d218361 P cef0ba4f2e2945dc87f18f279e4d5de1: Time spent bootstrapping tablet: real 0.105s	user 0.025s	sys 0.022s
I20260710 13:21:17.720289 12353 leader_election.cc:304] T 87ee4065ae474a0c85df94ccabe63bdb P 1089ed23526d4f1e8603b137e2e44c5d [CANDIDATE]: Term 1 election: Election decided. Result: candidate won. Election summary: received 2 responses out of 3 voters: 2 yes votes; 0 no votes. yes voters: 1089ed23526d4f1e8603b137e2e44c5d, 862843b83f984c37840b00cd43a369e9; no voters: 
I20260710 13:21:17.721302 12586 raft_consensus.cc:2804] T 87ee4065ae474a0c85df94ccabe63bdb P 1089ed23526d4f1e8603b137e2e44c5d [term 1 FOLLOWER]: Leader election won for term 1
I20260710 13:21:17.722076 12586 raft_consensus.cc:697] T 87ee4065ae474a0c85df94ccabe63bdb P 1089ed23526d4f1e8603b137e2e44c5d [term 1 LEADER]: Becoming Leader. State: Replica: 1089ed23526d4f1e8603b137e2e44c5d, State: Running, Role: LEADER
I20260710 13:21:17.722932 12580 raft_consensus.cc:359] T aa642faf8e114c5e8614bf9c0d218361 P cef0ba4f2e2945dc87f18f279e4d5de1 [term 0 FOLLOWER]: Replica starting. Triggering 0 pending ops. Active config: opid_index: -1 OBSOLETE_local: false peers { permanent_uuid: "1089ed23526d4f1e8603b137e2e44c5d" member_type: VOTER last_known_addr { host: "127.10.254.65" port: 42185 } } peers { permanent_uuid: "862843b83f984c37840b00cd43a369e9" member_type: VOTER last_known_addr { host: "127.10.254.66" port: 36199 } } peers { permanent_uuid: "cef0ba4f2e2945dc87f18f279e4d5de1" member_type: VOTER last_known_addr { host: "127.10.254.67" port: 45333 } }
I20260710 13:21:17.723676 12580 raft_consensus.cc:385] T aa642faf8e114c5e8614bf9c0d218361 P cef0ba4f2e2945dc87f18f279e4d5de1 [term 0 FOLLOWER]: Consensus starting up: Expiring failure detector timer to make a prompt election more likely
I20260710 13:21:17.723227 12586 consensus_queue.cc:237] T 87ee4065ae474a0c85df94ccabe63bdb P 1089ed23526d4f1e8603b137e2e44c5d [LEADER]: Queue going to LEADER mode. State: All replicated index: 0, Majority replicated index: 0, Committed index: 0, Last appended: 0.0, Last appended by leader: 0, Current term: 1, Majority size: 2, State: 0, Mode: LEADER, active raft config: opid_index: -1 OBSOLETE_local: false peers { permanent_uuid: "1089ed23526d4f1e8603b137e2e44c5d" member_type: VOTER last_known_addr { host: "127.10.254.65" port: 42185 } } peers { permanent_uuid: "862843b83f984c37840b00cd43a369e9" member_type: VOTER last_known_addr { host: "127.10.254.66" port: 36199 } } peers { permanent_uuid: "cef0ba4f2e2945dc87f18f279e4d5de1" member_type: VOTER last_known_addr { host: "127.10.254.67" port: 45333 } }
I20260710 13:21:17.724031 12580 raft_consensus.cc:740] T aa642faf8e114c5e8614bf9c0d218361 P cef0ba4f2e2945dc87f18f279e4d5de1 [term 0 FOLLOWER]: Becoming Follower/Learner. State: Replica: cef0ba4f2e2945dc87f18f279e4d5de1, State: Initialized, Role: FOLLOWER
I20260710 13:21:17.714212 12585 consensus_queue.cc:237] T ab2198c9da1741229139c7ab500f8c52 P cef0ba4f2e2945dc87f18f279e4d5de1 [LEADER]: Queue going to LEADER mode. State: All replicated index: 0, Majority replicated index: 0, Committed index: 0, Last appended: 0.0, Last appended by leader: 0, Current term: 1, Majority size: 2, State: 0, Mode: LEADER, active raft config: opid_index: -1 OBSOLETE_local: false peers { permanent_uuid: "862843b83f984c37840b00cd43a369e9" member_type: VOTER last_known_addr { host: "127.10.254.66" port: 36199 } } peers { permanent_uuid: "1089ed23526d4f1e8603b137e2e44c5d" member_type: VOTER last_known_addr { host: "127.10.254.65" port: 42185 } } peers { permanent_uuid: "cef0ba4f2e2945dc87f18f279e4d5de1" member_type: VOTER last_known_addr { host: "127.10.254.67" port: 45333 } }
I20260710 13:21:17.724843 12580 consensus_queue.cc:260] T aa642faf8e114c5e8614bf9c0d218361 P cef0ba4f2e2945dc87f18f279e4d5de1 [NON_LEADER]: Queue going to NON_LEADER mode. State: All replicated index: 0, Majority replicated index: 0, Committed index: 0, Last appended: 0.0, Last appended by leader: 0, Current term: 0, Majority size: -1, State: 0, Mode: NON_LEADER, active raft config: opid_index: -1 OBSOLETE_local: false peers { permanent_uuid: "1089ed23526d4f1e8603b137e2e44c5d" member_type: VOTER last_known_addr { host: "127.10.254.65" port: 42185 } } peers { permanent_uuid: "862843b83f984c37840b00cd43a369e9" member_type: VOTER last_known_addr { host: "127.10.254.66" port: 36199 } } peers { permanent_uuid: "cef0ba4f2e2945dc87f18f279e4d5de1" member_type: VOTER last_known_addr { host: "127.10.254.67" port: 45333 } }
I20260710 13:21:17.727059 12625 leader_election.cc:290] T 87ee4065ae474a0c85df94ccabe63bdb P 1089ed23526d4f1e8603b137e2e44c5d [CANDIDATE]: Term 1 election: Requested vote from peers 862843b83f984c37840b00cd43a369e9 (127.10.254.66:36199), cef0ba4f2e2945dc87f18f279e4d5de1 (127.10.254.67:45333)
I20260710 13:21:17.728072 12581 tablet_bootstrap.cc:654] T 37b5330eb7574162a1a414ed2a04c360 P 1089ed23526d4f1e8603b137e2e44c5d: Neither blocks nor log segments found. Creating new log.
I20260710 13:21:17.728286 12579 tablet_bootstrap.cc:492] T fa1fd91e1e1f46b3b62f33a15d9ca61a P 862843b83f984c37840b00cd43a369e9: No bootstrap required, opened a new log
I20260710 13:21:17.728770 12580 ts_tablet_manager.cc:1434] T aa642faf8e114c5e8614bf9c0d218361 P cef0ba4f2e2945dc87f18f279e4d5de1: Time spent starting tablet: real 0.009s	user 0.007s	sys 0.000s
I20260710 13:21:17.729379 12538 tablet_service.cc:1917] Received RequestConsensusVote() RPC: tablet_id: "87ee4065ae474a0c85df94ccabe63bdb" candidate_uuid: "1089ed23526d4f1e8603b137e2e44c5d" candidate_term: 1 candidate_status { last_received { term: 0 index: 0 } } ignore_live_leader: false dest_uuid: "cef0ba4f2e2945dc87f18f279e4d5de1"
W20260710 13:21:17.732385 12354 leader_election.cc:343] T 87ee4065ae474a0c85df94ccabe63bdb P 1089ed23526d4f1e8603b137e2e44c5d [CANDIDATE]: Term 1 election: Tablet error from VoteRequest() call to peer cef0ba4f2e2945dc87f18f279e4d5de1 (127.10.254.67:45333): Illegal state: must be running to vote when last-logged opid is not known
I20260710 13:21:17.729840 12580 tablet_bootstrap.cc:492] T f79fff01330a44729e683dda6b7641b3 P cef0ba4f2e2945dc87f18f279e4d5de1: Bootstrap starting.
I20260710 13:21:17.728787 12579 ts_tablet_manager.cc:1403] T fa1fd91e1e1f46b3b62f33a15d9ca61a P 862843b83f984c37840b00cd43a369e9: Time spent bootstrapping tablet: real 0.080s	user 0.020s	sys 0.053s
I20260710 13:21:17.736841 12579 raft_consensus.cc:359] T fa1fd91e1e1f46b3b62f33a15d9ca61a P 862843b83f984c37840b00cd43a369e9 [term 0 FOLLOWER]: Replica starting. Triggering 0 pending ops. Active config: opid_index: -1 OBSOLETE_local: false peers { permanent_uuid: "1089ed23526d4f1e8603b137e2e44c5d" member_type: VOTER last_known_addr { host: "127.10.254.65" port: 42185 } } peers { permanent_uuid: "862843b83f984c37840b00cd43a369e9" member_type: VOTER last_known_addr { host: "127.10.254.66" port: 36199 } } peers { permanent_uuid: "cef0ba4f2e2945dc87f18f279e4d5de1" member_type: VOTER last_known_addr { host: "127.10.254.67" port: 45333 } }
I20260710 13:21:17.737270 12579 raft_consensus.cc:385] T fa1fd91e1e1f46b3b62f33a15d9ca61a P 862843b83f984c37840b00cd43a369e9 [term 0 FOLLOWER]: Consensus starting up: Expiring failure detector timer to make a prompt election more likely
I20260710 13:21:17.737455 12579 raft_consensus.cc:740] T fa1fd91e1e1f46b3b62f33a15d9ca61a P 862843b83f984c37840b00cd43a369e9 [term 0 FOLLOWER]: Becoming Follower/Learner. State: Replica: 862843b83f984c37840b00cd43a369e9, State: Initialized, Role: FOLLOWER
I20260710 13:21:17.738152 12579 consensus_queue.cc:260] T fa1fd91e1e1f46b3b62f33a15d9ca61a P 862843b83f984c37840b00cd43a369e9 [NON_LEADER]: Queue going to NON_LEADER mode. State: All replicated index: 0, Majority replicated index: 0, Committed index: 0, Last appended: 0.0, Last appended by leader: 0, Current term: 0, Majority size: -1, State: 0, Mode: NON_LEADER, active raft config: opid_index: -1 OBSOLETE_local: false peers { permanent_uuid: "1089ed23526d4f1e8603b137e2e44c5d" member_type: VOTER last_known_addr { host: "127.10.254.65" port: 42185 } } peers { permanent_uuid: "862843b83f984c37840b00cd43a369e9" member_type: VOTER last_known_addr { host: "127.10.254.66" port: 36199 } } peers { permanent_uuid: "cef0ba4f2e2945dc87f18f279e4d5de1" member_type: VOTER last_known_addr { host: "127.10.254.67" port: 45333 } }
I20260710 13:21:17.740456 12285 catalog_manager.cc:5697] T ab2198c9da1741229139c7ab500f8c52 P cef0ba4f2e2945dc87f18f279e4d5de1 reported cstate change: term changed from 0 to 1, leader changed from <none> to cef0ba4f2e2945dc87f18f279e4d5de1 (127.10.254.67). New cstate: current_term: 1 leader_uuid: "cef0ba4f2e2945dc87f18f279e4d5de1" committed_config { opid_index: -1 OBSOLETE_local: false peers { permanent_uuid: "862843b83f984c37840b00cd43a369e9" member_type: VOTER last_known_addr { host: "127.10.254.66" port: 36199 } health_report { overall_health: UNKNOWN } } peers { permanent_uuid: "1089ed23526d4f1e8603b137e2e44c5d" member_type: VOTER last_known_addr { host: "127.10.254.65" port: 42185 } health_report { overall_health: UNKNOWN } } peers { permanent_uuid: "cef0ba4f2e2945dc87f18f279e4d5de1" member_type: VOTER last_known_addr { host: "127.10.254.67" port: 45333 } health_report { overall_health: HEALTHY } } }
I20260710 13:21:17.742163 12580 tablet_bootstrap.cc:654] T f79fff01330a44729e683dda6b7641b3 P cef0ba4f2e2945dc87f18f279e4d5de1: Neither blocks nor log segments found. Creating new log.
I20260710 13:21:17.742734 12579 ts_tablet_manager.cc:1434] T fa1fd91e1e1f46b3b62f33a15d9ca61a P 862843b83f984c37840b00cd43a369e9: Time spent starting tablet: real 0.008s	user 0.004s	sys 0.000s
I20260710 13:21:17.743616 12579 tablet_bootstrap.cc:492] T cbbfcd4f6b1c48b68b0c92cb928670c1 P 862843b83f984c37840b00cd43a369e9: Bootstrap starting.
I20260710 13:21:17.743672 12284 catalog_manager.cc:5697] T 7ec6584c2e894a979a8960901ce93045 P 1089ed23526d4f1e8603b137e2e44c5d reported cstate change: term changed from 0 to 1, leader changed from <none> to 1089ed23526d4f1e8603b137e2e44c5d (127.10.254.65). New cstate: current_term: 1 leader_uuid: "1089ed23526d4f1e8603b137e2e44c5d" committed_config { opid_index: -1 OBSOLETE_local: false peers { permanent_uuid: "1089ed23526d4f1e8603b137e2e44c5d" member_type: VOTER last_known_addr { host: "127.10.254.65" port: 42185 } health_report { overall_health: HEALTHY } } peers { permanent_uuid: "862843b83f984c37840b00cd43a369e9" member_type: VOTER last_known_addr { host: "127.10.254.66" port: 36199 } health_report { overall_health: UNKNOWN } } peers { permanent_uuid: "cef0ba4f2e2945dc87f18f279e4d5de1" member_type: VOTER last_known_addr { host: "127.10.254.67" port: 45333 } health_report { overall_health: UNKNOWN } } }
I20260710 13:21:17.749869 12579 tablet_bootstrap.cc:654] T cbbfcd4f6b1c48b68b0c92cb928670c1 P 862843b83f984c37840b00cd43a369e9: Neither blocks nor log segments found. Creating new log.
I20260710 13:21:17.751109 12581 tablet_bootstrap.cc:492] T 37b5330eb7574162a1a414ed2a04c360 P 1089ed23526d4f1e8603b137e2e44c5d: No bootstrap required, opened a new log
I20260710 13:21:17.751540 12581 ts_tablet_manager.cc:1403] T 37b5330eb7574162a1a414ed2a04c360 P 1089ed23526d4f1e8603b137e2e44c5d: Time spent bootstrapping tablet: real 0.036s	user 0.013s	sys 0.002s
I20260710 13:21:17.756404 12585 raft_consensus.cc:493] T 01b9ba7d64e44fba8334e3b42cc70a28 P cef0ba4f2e2945dc87f18f279e4d5de1 [term 0 FOLLOWER]: Starting pre-election (no leader contacted us within the election timeout)
I20260710 13:21:17.757153 12585 raft_consensus.cc:515] T 01b9ba7d64e44fba8334e3b42cc70a28 P cef0ba4f2e2945dc87f18f279e4d5de1 [term 0 FOLLOWER]: Starting pre-election with config: opid_index: -1 OBSOLETE_local: false peers { permanent_uuid: "1089ed23526d4f1e8603b137e2e44c5d" member_type: VOTER last_known_addr { host: "127.10.254.65" port: 42185 } } peers { permanent_uuid: "862843b83f984c37840b00cd43a369e9" member_type: VOTER last_known_addr { host: "127.10.254.66" port: 36199 } } peers { permanent_uuid: "cef0ba4f2e2945dc87f18f279e4d5de1" member_type: VOTER last_known_addr { host: "127.10.254.67" port: 45333 } }
I20260710 13:21:17.760337 12390 tablet_service.cc:1917] Received RequestConsensusVote() RPC: tablet_id: "01b9ba7d64e44fba8334e3b42cc70a28" candidate_uuid: "cef0ba4f2e2945dc87f18f279e4d5de1" candidate_term: 1 candidate_status { last_received { term: 0 index: 0 } } ignore_live_leader: false dest_uuid: "1089ed23526d4f1e8603b137e2e44c5d" is_pre_election: true
W20260710 13:21:17.761809 12505 leader_election.cc:343] T 01b9ba7d64e44fba8334e3b42cc70a28 P cef0ba4f2e2945dc87f18f279e4d5de1 [CANDIDATE]: Term 1 pre-election: Tablet error from VoteRequest() call to peer 1089ed23526d4f1e8603b137e2e44c5d (127.10.254.65:42185): Illegal state: must be running to vote when last-logged opid is not known
I20260710 13:21:17.768635 12581 raft_consensus.cc:359] T 37b5330eb7574162a1a414ed2a04c360 P 1089ed23526d4f1e8603b137e2e44c5d [term 0 FOLLOWER]: Replica starting. Triggering 0 pending ops. Active config: opid_index: -1 OBSOLETE_local: false peers { permanent_uuid: "1089ed23526d4f1e8603b137e2e44c5d" member_type: VOTER last_known_addr { host: "127.10.254.65" port: 42185 } } peers { permanent_uuid: "862843b83f984c37840b00cd43a369e9" member_type: VOTER last_known_addr { host: "127.10.254.66" port: 36199 } } peers { permanent_uuid: "cef0ba4f2e2945dc87f18f279e4d5de1" member_type: VOTER last_known_addr { host: "127.10.254.67" port: 45333 } }
I20260710 13:21:17.769572 12581 raft_consensus.cc:385] T 37b5330eb7574162a1a414ed2a04c360 P 1089ed23526d4f1e8603b137e2e44c5d [term 0 FOLLOWER]: Consensus starting up: Expiring failure detector timer to make a prompt election more likely
I20260710 13:21:17.769915 12581 raft_consensus.cc:740] T 37b5330eb7574162a1a414ed2a04c360 P 1089ed23526d4f1e8603b137e2e44c5d [term 0 FOLLOWER]: Becoming Follower/Learner. State: Replica: 1089ed23526d4f1e8603b137e2e44c5d, State: Initialized, Role: FOLLOWER
I20260710 13:21:17.770828 12581 consensus_queue.cc:260] T 37b5330eb7574162a1a414ed2a04c360 P 1089ed23526d4f1e8603b137e2e44c5d [NON_LEADER]: Queue going to NON_LEADER mode. State: All replicated index: 0, Majority replicated index: 0, Committed index: 0, Last appended: 0.0, Last appended by leader: 0, Current term: 0, Majority size: -1, State: 0, Mode: NON_LEADER, active raft config: opid_index: -1 OBSOLETE_local: false peers { permanent_uuid: "1089ed23526d4f1e8603b137e2e44c5d" member_type: VOTER last_known_addr { host: "127.10.254.65" port: 42185 } } peers { permanent_uuid: "862843b83f984c37840b00cd43a369e9" member_type: VOTER last_known_addr { host: "127.10.254.66" port: 36199 } } peers { permanent_uuid: "cef0ba4f2e2945dc87f18f279e4d5de1" member_type: VOTER last_known_addr { host: "127.10.254.67" port: 45333 } }
I20260710 13:21:17.774221 12464 tablet_service.cc:1917] Received RequestConsensusVote() RPC: tablet_id: "01b9ba7d64e44fba8334e3b42cc70a28" candidate_uuid: "cef0ba4f2e2945dc87f18f279e4d5de1" candidate_term: 1 candidate_status { last_received { term: 0 index: 0 } } ignore_live_leader: false dest_uuid: "862843b83f984c37840b00cd43a369e9" is_pre_election: true
W20260710 13:21:17.776072 12502 leader_election.cc:343] T 01b9ba7d64e44fba8334e3b42cc70a28 P cef0ba4f2e2945dc87f18f279e4d5de1 [CANDIDATE]: Term 1 pre-election: Tablet error from VoteRequest() call to peer 862843b83f984c37840b00cd43a369e9 (127.10.254.66:36199): Illegal state: must be running to vote when last-logged opid is not known
I20260710 13:21:17.776638 12502 leader_election.cc:304] T 01b9ba7d64e44fba8334e3b42cc70a28 P cef0ba4f2e2945dc87f18f279e4d5de1 [CANDIDATE]: Term 1 pre-election: Election decided. Result: candidate lost. Election summary: received 3 responses out of 3 voters: 1 yes votes; 2 no votes. yes voters: cef0ba4f2e2945dc87f18f279e4d5de1; no voters: 1089ed23526d4f1e8603b137e2e44c5d, 862843b83f984c37840b00cd43a369e9
I20260710 13:21:17.777719 12585 leader_election.cc:290] T 01b9ba7d64e44fba8334e3b42cc70a28 P cef0ba4f2e2945dc87f18f279e4d5de1 [CANDIDATE]: Term 1 pre-election: Requested pre-vote from peers 1089ed23526d4f1e8603b137e2e44c5d (127.10.254.65:42185), 862843b83f984c37840b00cd43a369e9 (127.10.254.66:36199)
I20260710 13:21:17.777784 12627 raft_consensus.cc:2749] T 01b9ba7d64e44fba8334e3b42cc70a28 P cef0ba4f2e2945dc87f18f279e4d5de1 [term 0 FOLLOWER]: Leader pre-election lost for term 1. Reason: could not achieve majority
I20260710 13:21:17.780275 12581 ts_tablet_manager.cc:1434] T 37b5330eb7574162a1a414ed2a04c360 P 1089ed23526d4f1e8603b137e2e44c5d: Time spent starting tablet: real 0.028s	user 0.005s	sys 0.004s
I20260710 13:21:17.781469 12581 tablet_bootstrap.cc:492] T a7a743fd1b5546dd9851cf1f7880248c P 1089ed23526d4f1e8603b137e2e44c5d: Bootstrap starting.
I20260710 13:21:17.766983 12288 catalog_manager.cc:5697] T 87ee4065ae474a0c85df94ccabe63bdb P 1089ed23526d4f1e8603b137e2e44c5d reported cstate change: term changed from 0 to 1, leader changed from <none> to 1089ed23526d4f1e8603b137e2e44c5d (127.10.254.65). New cstate: current_term: 1 leader_uuid: "1089ed23526d4f1e8603b137e2e44c5d" committed_config { opid_index: -1 OBSOLETE_local: false peers { permanent_uuid: "1089ed23526d4f1e8603b137e2e44c5d" member_type: VOTER last_known_addr { host: "127.10.254.65" port: 42185 } health_report { overall_health: HEALTHY } } peers { permanent_uuid: "862843b83f984c37840b00cd43a369e9" member_type: VOTER last_known_addr { host: "127.10.254.66" port: 36199 } health_report { overall_health: UNKNOWN } } peers { permanent_uuid: "cef0ba4f2e2945dc87f18f279e4d5de1" member_type: VOTER last_known_addr { host: "127.10.254.67" port: 45333 } health_report { overall_health: UNKNOWN } } }
I20260710 13:21:17.787904 12579 tablet_bootstrap.cc:492] T cbbfcd4f6b1c48b68b0c92cb928670c1 P 862843b83f984c37840b00cd43a369e9: No bootstrap required, opened a new log
I20260710 13:21:17.788412 12579 ts_tablet_manager.cc:1403] T cbbfcd4f6b1c48b68b0c92cb928670c1 P 862843b83f984c37840b00cd43a369e9: Time spent bootstrapping tablet: real 0.045s	user 0.008s	sys 0.032s
I20260710 13:21:17.788802 12580 tablet_bootstrap.cc:492] T f79fff01330a44729e683dda6b7641b3 P cef0ba4f2e2945dc87f18f279e4d5de1: No bootstrap required, opened a new log
I20260710 13:21:17.789251 12580 ts_tablet_manager.cc:1403] T f79fff01330a44729e683dda6b7641b3 P cef0ba4f2e2945dc87f18f279e4d5de1: Time spent bootstrapping tablet: real 0.060s	user 0.018s	sys 0.025s
I20260710 13:21:17.790385 12581 tablet_bootstrap.cc:654] T a7a743fd1b5546dd9851cf1f7880248c P 1089ed23526d4f1e8603b137e2e44c5d: Neither blocks nor log segments found. Creating new log.
I20260710 13:21:17.790937 12579 raft_consensus.cc:359] T cbbfcd4f6b1c48b68b0c92cb928670c1 P 862843b83f984c37840b00cd43a369e9 [term 0 FOLLOWER]: Replica starting. Triggering 0 pending ops. Active config: opid_index: -1 OBSOLETE_local: false peers { permanent_uuid: "1089ed23526d4f1e8603b137e2e44c5d" member_type: VOTER last_known_addr { host: "127.10.254.65" port: 42185 } } peers { permanent_uuid: "862843b83f984c37840b00cd43a369e9" member_type: VOTER last_known_addr { host: "127.10.254.66" port: 36199 } } peers { permanent_uuid: "cef0ba4f2e2945dc87f18f279e4d5de1" member_type: VOTER last_known_addr { host: "127.10.254.67" port: 45333 } }
I20260710 13:21:17.791636 12579 raft_consensus.cc:385] T cbbfcd4f6b1c48b68b0c92cb928670c1 P 862843b83f984c37840b00cd43a369e9 [term 0 FOLLOWER]: Consensus starting up: Expiring failure detector timer to make a prompt election more likely
I20260710 13:21:17.791946 12579 raft_consensus.cc:740] T cbbfcd4f6b1c48b68b0c92cb928670c1 P 862843b83f984c37840b00cd43a369e9 [term 0 FOLLOWER]: Becoming Follower/Learner. State: Replica: 862843b83f984c37840b00cd43a369e9, State: Initialized, Role: FOLLOWER
I20260710 13:21:17.791726 12580 raft_consensus.cc:359] T f79fff01330a44729e683dda6b7641b3 P cef0ba4f2e2945dc87f18f279e4d5de1 [term 0 FOLLOWER]: Replica starting. Triggering 0 pending ops. Active config: opid_index: -1 OBSOLETE_local: false peers { permanent_uuid: "1089ed23526d4f1e8603b137e2e44c5d" member_type: VOTER last_known_addr { host: "127.10.254.65" port: 42185 } } peers { permanent_uuid: "862843b83f984c37840b00cd43a369e9" member_type: VOTER last_known_addr { host: "127.10.254.66" port: 36199 } } peers { permanent_uuid: "cef0ba4f2e2945dc87f18f279e4d5de1" member_type: VOTER last_known_addr { host: "127.10.254.67" port: 45333 } }
I20260710 13:21:17.792454 12580 raft_consensus.cc:385] T f79fff01330a44729e683dda6b7641b3 P cef0ba4f2e2945dc87f18f279e4d5de1 [term 0 FOLLOWER]: Consensus starting up: Expiring failure detector timer to make a prompt election more likely
I20260710 13:21:17.792727 12580 raft_consensus.cc:740] T f79fff01330a44729e683dda6b7641b3 P cef0ba4f2e2945dc87f18f279e4d5de1 [term 0 FOLLOWER]: Becoming Follower/Learner. State: Replica: cef0ba4f2e2945dc87f18f279e4d5de1, State: Initialized, Role: FOLLOWER
I20260710 13:21:17.792783 12579 consensus_queue.cc:260] T cbbfcd4f6b1c48b68b0c92cb928670c1 P 862843b83f984c37840b00cd43a369e9 [NON_LEADER]: Queue going to NON_LEADER mode. State: All replicated index: 0, Majority replicated index: 0, Committed index: 0, Last appended: 0.0, Last appended by leader: 0, Current term: 0, Majority size: -1, State: 0, Mode: NON_LEADER, active raft config: opid_index: -1 OBSOLETE_local: false peers { permanent_uuid: "1089ed23526d4f1e8603b137e2e44c5d" member_type: VOTER last_known_addr { host: "127.10.254.65" port: 42185 } } peers { permanent_uuid: "862843b83f984c37840b00cd43a369e9" member_type: VOTER last_known_addr { host: "127.10.254.66" port: 36199 } } peers { permanent_uuid: "cef0ba4f2e2945dc87f18f279e4d5de1" member_type: VOTER last_known_addr { host: "127.10.254.67" port: 45333 } }
I20260710 13:21:17.793473 12580 consensus_queue.cc:260] T f79fff01330a44729e683dda6b7641b3 P cef0ba4f2e2945dc87f18f279e4d5de1 [NON_LEADER]: Queue going to NON_LEADER mode. State: All replicated index: 0, Majority replicated index: 0, Committed index: 0, Last appended: 0.0, Last appended by leader: 0, Current term: 0, Majority size: -1, State: 0, Mode: NON_LEADER, active raft config: opid_index: -1 OBSOLETE_local: false peers { permanent_uuid: "1089ed23526d4f1e8603b137e2e44c5d" member_type: VOTER last_known_addr { host: "127.10.254.65" port: 42185 } } peers { permanent_uuid: "862843b83f984c37840b00cd43a369e9" member_type: VOTER last_known_addr { host: "127.10.254.66" port: 36199 } } peers { permanent_uuid: "cef0ba4f2e2945dc87f18f279e4d5de1" member_type: VOTER last_known_addr { host: "127.10.254.67" port: 45333 } }
I20260710 13:21:17.795461 12580 ts_tablet_manager.cc:1434] T f79fff01330a44729e683dda6b7641b3 P cef0ba4f2e2945dc87f18f279e4d5de1: Time spent starting tablet: real 0.006s	user 0.004s	sys 0.000s
I20260710 13:21:17.796597 12580 tablet_bootstrap.cc:492] T 87ee4065ae474a0c85df94ccabe63bdb P cef0ba4f2e2945dc87f18f279e4d5de1: Bootstrap starting.
I20260710 13:21:17.797916 12585 raft_consensus.cc:493] T cbbfcd4f6b1c48b68b0c92cb928670c1 P cef0ba4f2e2945dc87f18f279e4d5de1 [term 0 FOLLOWER]: Starting pre-election (no leader contacted us within the election timeout)
I20260710 13:21:17.798379 12585 raft_consensus.cc:515] T cbbfcd4f6b1c48b68b0c92cb928670c1 P cef0ba4f2e2945dc87f18f279e4d5de1 [term 0 FOLLOWER]: Starting pre-election with config: opid_index: -1 OBSOLETE_local: false peers { permanent_uuid: "1089ed23526d4f1e8603b137e2e44c5d" member_type: VOTER last_known_addr { host: "127.10.254.65" port: 42185 } } peers { permanent_uuid: "862843b83f984c37840b00cd43a369e9" member_type: VOTER last_known_addr { host: "127.10.254.66" port: 36199 } } peers { permanent_uuid: "cef0ba4f2e2945dc87f18f279e4d5de1" member_type: VOTER last_known_addr { host: "127.10.254.67" port: 45333 } }
I20260710 13:21:17.800595 12579 ts_tablet_manager.cc:1434] T cbbfcd4f6b1c48b68b0c92cb928670c1 P 862843b83f984c37840b00cd43a369e9: Time spent starting tablet: real 0.012s	user 0.007s	sys 0.000s
I20260710 13:21:17.801947 12579 tablet_bootstrap.cc:492] T d3b0b7d8f5754a37b1f809c9107aa5bb P 862843b83f984c37840b00cd43a369e9: Bootstrap starting.
I20260710 13:21:17.802229 12464 tablet_service.cc:1917] Received RequestConsensusVote() RPC: tablet_id: "cbbfcd4f6b1c48b68b0c92cb928670c1" candidate_uuid: "cef0ba4f2e2945dc87f18f279e4d5de1" candidate_term: 1 candidate_status { last_received { term: 0 index: 0 } } ignore_live_leader: false dest_uuid: "862843b83f984c37840b00cd43a369e9" is_pre_election: true
I20260710 13:21:17.802508 12580 tablet_bootstrap.cc:654] T 87ee4065ae474a0c85df94ccabe63bdb P cef0ba4f2e2945dc87f18f279e4d5de1: Neither blocks nor log segments found. Creating new log.
I20260710 13:21:17.802911 12464 raft_consensus.cc:2468] T cbbfcd4f6b1c48b68b0c92cb928670c1 P 862843b83f984c37840b00cd43a369e9 [term 0 FOLLOWER]: Leader pre-election vote request: Granting yes vote for candidate cef0ba4f2e2945dc87f18f279e4d5de1 in term 0.
I20260710 13:21:17.804255 12502 leader_election.cc:304] T cbbfcd4f6b1c48b68b0c92cb928670c1 P cef0ba4f2e2945dc87f18f279e4d5de1 [CANDIDATE]: Term 1 pre-election: Election decided. Result: candidate won. Election summary: received 2 responses out of 3 voters: 2 yes votes; 0 no votes. yes voters: 862843b83f984c37840b00cd43a369e9, cef0ba4f2e2945dc87f18f279e4d5de1; no voters: 
I20260710 13:21:17.805030 12627 raft_consensus.cc:2804] T cbbfcd4f6b1c48b68b0c92cb928670c1 P cef0ba4f2e2945dc87f18f279e4d5de1 [term 0 FOLLOWER]: Leader pre-election won for term 1
I20260710 13:21:17.805399 12627 raft_consensus.cc:493] T cbbfcd4f6b1c48b68b0c92cb928670c1 P cef0ba4f2e2945dc87f18f279e4d5de1 [term 0 FOLLOWER]: Starting leader election (no leader contacted us within the election timeout)
I20260710 13:21:17.805751 12627 raft_consensus.cc:3060] T cbbfcd4f6b1c48b68b0c92cb928670c1 P cef0ba4f2e2945dc87f18f279e4d5de1 [term 0 FOLLOWER]: Advancing to term 1
I20260710 13:21:17.806553 12390 tablet_service.cc:1917] Received RequestConsensusVote() RPC: tablet_id: "cbbfcd4f6b1c48b68b0c92cb928670c1" candidate_uuid: "cef0ba4f2e2945dc87f18f279e4d5de1" candidate_term: 1 candidate_status { last_received { term: 0 index: 0 } } ignore_live_leader: false dest_uuid: "1089ed23526d4f1e8603b137e2e44c5d" is_pre_election: true
I20260710 13:21:17.807188 12390 raft_consensus.cc:2468] T cbbfcd4f6b1c48b68b0c92cb928670c1 P 1089ed23526d4f1e8603b137e2e44c5d [term 0 FOLLOWER]: Leader pre-election vote request: Granting yes vote for candidate cef0ba4f2e2945dc87f18f279e4d5de1 in term 0.
I20260710 13:21:17.800566 12585 leader_election.cc:290] T cbbfcd4f6b1c48b68b0c92cb928670c1 P cef0ba4f2e2945dc87f18f279e4d5de1 [CANDIDATE]: Term 1 pre-election: Requested pre-vote from peers 1089ed23526d4f1e8603b137e2e44c5d (127.10.254.65:42185), 862843b83f984c37840b00cd43a369e9 (127.10.254.66:36199)
I20260710 13:21:17.809377 12579 tablet_bootstrap.cc:654] T d3b0b7d8f5754a37b1f809c9107aa5bb P 862843b83f984c37840b00cd43a369e9: Neither blocks nor log segments found. Creating new log.
I20260710 13:21:17.813103 12581 tablet_bootstrap.cc:492] T a7a743fd1b5546dd9851cf1f7880248c P 1089ed23526d4f1e8603b137e2e44c5d: No bootstrap required, opened a new log
I20260710 13:21:17.813670 12627 raft_consensus.cc:515] T cbbfcd4f6b1c48b68b0c92cb928670c1 P cef0ba4f2e2945dc87f18f279e4d5de1 [term 1 FOLLOWER]: Starting leader election with config: opid_index: -1 OBSOLETE_local: false peers { permanent_uuid: "1089ed23526d4f1e8603b137e2e44c5d" member_type: VOTER last_known_addr { host: "127.10.254.65" port: 42185 } } peers { permanent_uuid: "862843b83f984c37840b00cd43a369e9" member_type: VOTER last_known_addr { host: "127.10.254.66" port: 36199 } } peers { permanent_uuid: "cef0ba4f2e2945dc87f18f279e4d5de1" member_type: VOTER last_known_addr { host: "127.10.254.67" port: 45333 } }
I20260710 13:21:17.816838 12390 tablet_service.cc:1917] Received RequestConsensusVote() RPC: tablet_id: "cbbfcd4f6b1c48b68b0c92cb928670c1" candidate_uuid: "cef0ba4f2e2945dc87f18f279e4d5de1" candidate_term: 1 candidate_status { last_received { term: 0 index: 0 } } ignore_live_leader: false dest_uuid: "1089ed23526d4f1e8603b137e2e44c5d"
I20260710 13:21:17.817457 12390 raft_consensus.cc:3060] T cbbfcd4f6b1c48b68b0c92cb928670c1 P 1089ed23526d4f1e8603b137e2e44c5d [term 0 FOLLOWER]: Advancing to term 1
I20260710 13:21:17.813673 12581 ts_tablet_manager.cc:1403] T a7a743fd1b5546dd9851cf1f7880248c P 1089ed23526d4f1e8603b137e2e44c5d: Time spent bootstrapping tablet: real 0.032s	user 0.012s	sys 0.014s
I20260710 13:21:17.825654 12581 raft_consensus.cc:359] T a7a743fd1b5546dd9851cf1f7880248c P 1089ed23526d4f1e8603b137e2e44c5d [term 0 FOLLOWER]: Replica starting. Triggering 0 pending ops. Active config: opid_index: -1 OBSOLETE_local: false peers { permanent_uuid: "1089ed23526d4f1e8603b137e2e44c5d" member_type: VOTER last_known_addr { host: "127.10.254.65" port: 42185 } } peers { permanent_uuid: "862843b83f984c37840b00cd43a369e9" member_type: VOTER last_known_addr { host: "127.10.254.66" port: 36199 } } peers { permanent_uuid: "cef0ba4f2e2945dc87f18f279e4d5de1" member_type: VOTER last_known_addr { host: "127.10.254.67" port: 45333 } }
I20260710 13:21:17.826573 12581 raft_consensus.cc:385] T a7a743fd1b5546dd9851cf1f7880248c P 1089ed23526d4f1e8603b137e2e44c5d [term 0 FOLLOWER]: Consensus starting up: Expiring failure detector timer to make a prompt election more likely
I20260710 13:21:17.826903 12581 raft_consensus.cc:740] T a7a743fd1b5546dd9851cf1f7880248c P 1089ed23526d4f1e8603b137e2e44c5d [term 0 FOLLOWER]: Becoming Follower/Learner. State: Replica: 1089ed23526d4f1e8603b137e2e44c5d, State: Initialized, Role: FOLLOWER
I20260710 13:21:17.827464 12586 raft_consensus.cc:493] T aa642faf8e114c5e8614bf9c0d218361 P 1089ed23526d4f1e8603b137e2e44c5d [term 0 FOLLOWER]: Starting pre-election (no leader contacted us within the election timeout)
I20260710 13:21:17.828029 12586 raft_consensus.cc:515] T aa642faf8e114c5e8614bf9c0d218361 P 1089ed23526d4f1e8603b137e2e44c5d [term 0 FOLLOWER]: Starting pre-election with config: opid_index: -1 OBSOLETE_local: false peers { permanent_uuid: "1089ed23526d4f1e8603b137e2e44c5d" member_type: VOTER last_known_addr { host: "127.10.254.65" port: 42185 } } peers { permanent_uuid: "862843b83f984c37840b00cd43a369e9" member_type: VOTER last_known_addr { host: "127.10.254.66" port: 36199 } } peers { permanent_uuid: "cef0ba4f2e2945dc87f18f279e4d5de1" member_type: VOTER last_known_addr { host: "127.10.254.67" port: 45333 } }
I20260710 13:21:17.828423 12581 consensus_queue.cc:260] T a7a743fd1b5546dd9851cf1f7880248c P 1089ed23526d4f1e8603b137e2e44c5d [NON_LEADER]: Queue going to NON_LEADER mode. State: All replicated index: 0, Majority replicated index: 0, Committed index: 0, Last appended: 0.0, Last appended by leader: 0, Current term: 0, Majority size: -1, State: 0, Mode: NON_LEADER, active raft config: opid_index: -1 OBSOLETE_local: false peers { permanent_uuid: "1089ed23526d4f1e8603b137e2e44c5d" member_type: VOTER last_known_addr { host: "127.10.254.65" port: 42185 } } peers { permanent_uuid: "862843b83f984c37840b00cd43a369e9" member_type: VOTER last_known_addr { host: "127.10.254.66" port: 36199 } } peers { permanent_uuid: "cef0ba4f2e2945dc87f18f279e4d5de1" member_type: VOTER last_known_addr { host: "127.10.254.67" port: 45333 } }
I20260710 13:21:17.830180 12586 leader_election.cc:290] T aa642faf8e114c5e8614bf9c0d218361 P 1089ed23526d4f1e8603b137e2e44c5d [CANDIDATE]: Term 1 pre-election: Requested pre-vote from peers 862843b83f984c37840b00cd43a369e9 (127.10.254.66:36199), cef0ba4f2e2945dc87f18f279e4d5de1 (127.10.254.67:45333)
I20260710 13:21:17.831542 12581 ts_tablet_manager.cc:1434] T a7a743fd1b5546dd9851cf1f7880248c P 1089ed23526d4f1e8603b137e2e44c5d: Time spent starting tablet: real 0.009s	user 0.007s	sys 0.000s
I20260710 13:21:17.832311 12464 tablet_service.cc:1917] Received RequestConsensusVote() RPC: tablet_id: "aa642faf8e114c5e8614bf9c0d218361" candidate_uuid: "1089ed23526d4f1e8603b137e2e44c5d" candidate_term: 1 candidate_status { last_received { term: 0 index: 0 } } ignore_live_leader: false dest_uuid: "862843b83f984c37840b00cd43a369e9" is_pre_election: true
I20260710 13:21:17.832769 12581 tablet_bootstrap.cc:492] T 7ac9726f909b4906b7464200fa2d103d P 1089ed23526d4f1e8603b137e2e44c5d: Bootstrap starting.
I20260710 13:21:17.832945 12464 raft_consensus.cc:2468] T aa642faf8e114c5e8614bf9c0d218361 P 862843b83f984c37840b00cd43a369e9 [term 0 FOLLOWER]: Leader pre-election vote request: Granting yes vote for candidate 1089ed23526d4f1e8603b137e2e44c5d in term 0.
I20260710 13:21:17.833990 12585 raft_consensus.cc:493] T 04bf73c4b17845aaa1aaba03f978daac P cef0ba4f2e2945dc87f18f279e4d5de1 [term 0 FOLLOWER]: Starting pre-election (no leader contacted us within the election timeout)
I20260710 13:21:17.834264 12353 leader_election.cc:304] T aa642faf8e114c5e8614bf9c0d218361 P 1089ed23526d4f1e8603b137e2e44c5d [CANDIDATE]: Term 1 pre-election: Election decided. Result: candidate won. Election summary: received 2 responses out of 3 voters: 2 yes votes; 0 no votes. yes voters: 1089ed23526d4f1e8603b137e2e44c5d, 862843b83f984c37840b00cd43a369e9; no voters: 
I20260710 13:21:17.834477 12585 raft_consensus.cc:515] T 04bf73c4b17845aaa1aaba03f978daac P cef0ba4f2e2945dc87f18f279e4d5de1 [term 0 FOLLOWER]: Starting pre-election with config: opid_index: -1 OBSOLETE_local: false peers { permanent_uuid: "1089ed23526d4f1e8603b137e2e44c5d" member_type: VOTER last_known_addr { host: "127.10.254.65" port: 42185 } } peers { permanent_uuid: "862843b83f984c37840b00cd43a369e9" member_type: VOTER last_known_addr { host: "127.10.254.66" port: 36199 } } peers { permanent_uuid: "cef0ba4f2e2945dc87f18f279e4d5de1" member_type: VOTER last_known_addr { host: "127.10.254.67" port: 45333 } }
I20260710 13:21:17.838088 12603 consensus_queue.cc:1048] T 04bf73c4b17845aaa1aaba03f978daac P 862843b83f984c37840b00cd43a369e9 [LEADER]: Connected to new peer: Peer: permanent_uuid: "1089ed23526d4f1e8603b137e2e44c5d" member_type: VOTER last_known_addr { host: "127.10.254.65" port: 42185 }, Status: LMP_MISMATCH, Last received: 0.0, Next index: 1, Last known committed idx: 0, Time since last communication: 0.000s
I20260710 13:21:17.838284 12538 tablet_service.cc:1917] Received RequestConsensusVote() RPC: tablet_id: "aa642faf8e114c5e8614bf9c0d218361" candidate_uuid: "1089ed23526d4f1e8603b137e2e44c5d" candidate_term: 1 candidate_status { last_received { term: 0 index: 0 } } ignore_live_leader: false dest_uuid: "cef0ba4f2e2945dc87f18f279e4d5de1" is_pre_election: true
I20260710 13:21:17.838862 12538 raft_consensus.cc:2468] T aa642faf8e114c5e8614bf9c0d218361 P cef0ba4f2e2945dc87f18f279e4d5de1 [term 0 FOLLOWER]: Leader pre-election vote request: Granting yes vote for candidate 1089ed23526d4f1e8603b137e2e44c5d in term 0.
I20260710 13:21:17.839938 12585 leader_election.cc:290] T 04bf73c4b17845aaa1aaba03f978daac P cef0ba4f2e2945dc87f18f279e4d5de1 [CANDIDATE]: Term 1 pre-election: Requested pre-vote from peers 1089ed23526d4f1e8603b137e2e44c5d (127.10.254.65:42185), 862843b83f984c37840b00cd43a369e9 (127.10.254.66:36199)
I20260710 13:21:17.840487 12389 tablet_service.cc:1917] Received RequestConsensusVote() RPC: tablet_id: "04bf73c4b17845aaa1aaba03f978daac" candidate_uuid: "cef0ba4f2e2945dc87f18f279e4d5de1" candidate_term: 1 candidate_status { last_received { term: 0 index: 0 } } ignore_live_leader: false dest_uuid: "1089ed23526d4f1e8603b137e2e44c5d" is_pre_election: true
I20260710 13:21:17.840996 12581 tablet_bootstrap.cc:654] T 7ac9726f909b4906b7464200fa2d103d P 1089ed23526d4f1e8603b137e2e44c5d: Neither blocks nor log segments found. Creating new log.
I20260710 13:21:17.841305 12389 raft_consensus.cc:2393] T 04bf73c4b17845aaa1aaba03f978daac P 1089ed23526d4f1e8603b137e2e44c5d [term 1 FOLLOWER]: Leader pre-election vote request: Denying vote to candidate cef0ba4f2e2945dc87f18f279e4d5de1 in current term 1: Already voted for candidate 862843b83f984c37840b00cd43a369e9 in this term.
I20260710 13:21:17.844210 12464 tablet_service.cc:1917] Received RequestConsensusVote() RPC: tablet_id: "04bf73c4b17845aaa1aaba03f978daac" candidate_uuid: "cef0ba4f2e2945dc87f18f279e4d5de1" candidate_term: 1 candidate_status { last_received { term: 0 index: 0 } } ignore_live_leader: false dest_uuid: "862843b83f984c37840b00cd43a369e9" is_pre_election: true
I20260710 13:21:17.845577 12627 leader_election.cc:290] T cbbfcd4f6b1c48b68b0c92cb928670c1 P cef0ba4f2e2945dc87f18f279e4d5de1 [CANDIDATE]: Term 1 election: Requested vote from peers 1089ed23526d4f1e8603b137e2e44c5d (127.10.254.65:42185), 862843b83f984c37840b00cd43a369e9 (127.10.254.66:36199)
I20260710 13:21:17.845690 12502 leader_election.cc:304] T 04bf73c4b17845aaa1aaba03f978daac P cef0ba4f2e2945dc87f18f279e4d5de1 [CANDIDATE]: Term 1 pre-election: Election decided. Result: candidate lost. Election summary: received 3 responses out of 3 voters: 1 yes votes; 2 no votes. yes voters: cef0ba4f2e2945dc87f18f279e4d5de1; no voters: 1089ed23526d4f1e8603b137e2e44c5d, 862843b83f984c37840b00cd43a369e9
I20260710 13:21:17.846505 12627 raft_consensus.cc:3060] T 04bf73c4b17845aaa1aaba03f978daac P cef0ba4f2e2945dc87f18f279e4d5de1 [term 0 FOLLOWER]: Advancing to term 1
I20260710 13:21:17.847869 12465 tablet_service.cc:1917] Received RequestConsensusVote() RPC: tablet_id: "cbbfcd4f6b1c48b68b0c92cb928670c1" candidate_uuid: "cef0ba4f2e2945dc87f18f279e4d5de1" candidate_term: 1 candidate_status { last_received { term: 0 index: 0 } } ignore_live_leader: false dest_uuid: "862843b83f984c37840b00cd43a369e9"
I20260710 13:21:17.848546 12465 raft_consensus.cc:3060] T cbbfcd4f6b1c48b68b0c92cb928670c1 P 862843b83f984c37840b00cd43a369e9 [term 0 FOLLOWER]: Advancing to term 1
I20260710 13:21:17.852896 12626 raft_consensus.cc:2804] T aa642faf8e114c5e8614bf9c0d218361 P 1089ed23526d4f1e8603b137e2e44c5d [term 0 FOLLOWER]: Leader pre-election won for term 1
I20260710 13:21:17.853318 12626 raft_consensus.cc:493] T aa642faf8e114c5e8614bf9c0d218361 P 1089ed23526d4f1e8603b137e2e44c5d [term 0 FOLLOWER]: Starting leader election (no leader contacted us within the election timeout)
I20260710 13:21:17.853672 12626 raft_consensus.cc:3060] T aa642faf8e114c5e8614bf9c0d218361 P 1089ed23526d4f1e8603b137e2e44c5d [term 0 FOLLOWER]: Advancing to term 1
I20260710 13:21:17.856873 12627 raft_consensus.cc:2749] T 04bf73c4b17845aaa1aaba03f978daac P cef0ba4f2e2945dc87f18f279e4d5de1 [term 1 FOLLOWER]: Leader pre-election lost for term 1. Reason: could not achieve majority
I20260710 13:21:17.859711 12579 tablet_bootstrap.cc:492] T d3b0b7d8f5754a37b1f809c9107aa5bb P 862843b83f984c37840b00cd43a369e9: No bootstrap required, opened a new log
I20260710 13:21:17.863031 12579 ts_tablet_manager.cc:1403] T d3b0b7d8f5754a37b1f809c9107aa5bb P 862843b83f984c37840b00cd43a369e9: Time spent bootstrapping tablet: real 0.061s	user 0.030s	sys 0.027s
I20260710 13:21:17.865968 12579 raft_consensus.cc:359] T d3b0b7d8f5754a37b1f809c9107aa5bb P 862843b83f984c37840b00cd43a369e9 [term 0 FOLLOWER]: Replica starting. Triggering 0 pending ops. Active config: opid_index: -1 OBSOLETE_local: false peers { permanent_uuid: "1089ed23526d4f1e8603b137e2e44c5d" member_type: VOTER last_known_addr { host: "127.10.254.65" port: 42185 } } peers { permanent_uuid: "862843b83f984c37840b00cd43a369e9" member_type: VOTER last_known_addr { host: "127.10.254.66" port: 36199 } } peers { permanent_uuid: "cef0ba4f2e2945dc87f18f279e4d5de1" member_type: VOTER last_known_addr { host: "127.10.254.67" port: 45333 } }
I20260710 13:21:17.867470 12579 raft_consensus.cc:385] T d3b0b7d8f5754a37b1f809c9107aa5bb P 862843b83f984c37840b00cd43a369e9 [term 0 FOLLOWER]: Consensus starting up: Expiring failure detector timer to make a prompt election more likely
I20260710 13:21:17.862732 12626 raft_consensus.cc:515] T aa642faf8e114c5e8614bf9c0d218361 P 1089ed23526d4f1e8603b137e2e44c5d [term 1 FOLLOWER]: Starting leader election with config: opid_index: -1 OBSOLETE_local: false peers { permanent_uuid: "1089ed23526d4f1e8603b137e2e44c5d" member_type: VOTER last_known_addr { host: "127.10.254.65" port: 42185 } } peers { permanent_uuid: "862843b83f984c37840b00cd43a369e9" member_type: VOTER last_known_addr { host: "127.10.254.66" port: 36199 } } peers { permanent_uuid: "cef0ba4f2e2945dc87f18f279e4d5de1" member_type: VOTER last_known_addr { host: "127.10.254.67" port: 45333 } }
I20260710 13:21:17.867743 12579 raft_consensus.cc:740] T d3b0b7d8f5754a37b1f809c9107aa5bb P 862843b83f984c37840b00cd43a369e9 [term 0 FOLLOWER]: Becoming Follower/Learner. State: Replica: 862843b83f984c37840b00cd43a369e9, State: Initialized, Role: FOLLOWER
I20260710 13:21:17.868877 12579 consensus_queue.cc:260] T d3b0b7d8f5754a37b1f809c9107aa5bb P 862843b83f984c37840b00cd43a369e9 [NON_LEADER]: Queue going to NON_LEADER mode. State: All replicated index: 0, Majority replicated index: 0, Committed index: 0, Last appended: 0.0, Last appended by leader: 0, Current term: 0, Majority size: -1, State: 0, Mode: NON_LEADER, active raft config: opid_index: -1 OBSOLETE_local: false peers { permanent_uuid: "1089ed23526d4f1e8603b137e2e44c5d" member_type: VOTER last_known_addr { host: "127.10.254.65" port: 42185 } } peers { permanent_uuid: "862843b83f984c37840b00cd43a369e9" member_type: VOTER last_known_addr { host: "127.10.254.66" port: 36199 } } peers { permanent_uuid: "cef0ba4f2e2945dc87f18f279e4d5de1" member_type: VOTER last_known_addr { host: "127.10.254.67" port: 45333 } }
I20260710 13:21:17.869693 12581 tablet_bootstrap.cc:492] T 7ac9726f909b4906b7464200fa2d103d P 1089ed23526d4f1e8603b137e2e44c5d: No bootstrap required, opened a new log
I20260710 13:21:17.870707 12581 ts_tablet_manager.cc:1403] T 7ac9726f909b4906b7464200fa2d103d P 1089ed23526d4f1e8603b137e2e44c5d: Time spent bootstrapping tablet: real 0.038s	user 0.017s	sys 0.005s
I20260710 13:21:17.870003 12390 raft_consensus.cc:2468] T cbbfcd4f6b1c48b68b0c92cb928670c1 P 1089ed23526d4f1e8603b137e2e44c5d [term 1 FOLLOWER]: Leader election vote request: Granting yes vote for candidate cef0ba4f2e2945dc87f18f279e4d5de1 in term 1.
I20260710 13:21:17.871997 12579 ts_tablet_manager.cc:1434] T d3b0b7d8f5754a37b1f809c9107aa5bb P 862843b83f984c37840b00cd43a369e9: Time spent starting tablet: real 0.009s	user 0.005s	sys 0.000s
I20260710 13:21:17.867681 12465 raft_consensus.cc:2468] T cbbfcd4f6b1c48b68b0c92cb928670c1 P 862843b83f984c37840b00cd43a369e9 [term 1 FOLLOWER]: Leader election vote request: Granting yes vote for candidate cef0ba4f2e2945dc87f18f279e4d5de1 in term 1.
I20260710 13:21:17.872962 12579 tablet_bootstrap.cc:492] T ccb4591002f8406990d447277116e037 P 862843b83f984c37840b00cd43a369e9: Bootstrap starting.
I20260710 13:21:17.874848 12581 raft_consensus.cc:359] T 7ac9726f909b4906b7464200fa2d103d P 1089ed23526d4f1e8603b137e2e44c5d [term 0 FOLLOWER]: Replica starting. Triggering 0 pending ops. Active config: opid_index: -1 OBSOLETE_local: false peers { permanent_uuid: "1089ed23526d4f1e8603b137e2e44c5d" member_type: VOTER last_known_addr { host: "127.10.254.65" port: 42185 } } peers { permanent_uuid: "862843b83f984c37840b00cd43a369e9" member_type: VOTER last_known_addr { host: "127.10.254.66" port: 36199 } } peers { permanent_uuid: "cef0ba4f2e2945dc87f18f279e4d5de1" member_type: VOTER last_known_addr { host: "127.10.254.67" port: 45333 } }
I20260710 13:21:17.875533 12581 raft_consensus.cc:385] T 7ac9726f909b4906b7464200fa2d103d P 1089ed23526d4f1e8603b137e2e44c5d [term 0 FOLLOWER]: Consensus starting up: Expiring failure detector timer to make a prompt election more likely
I20260710 13:21:17.875803 12581 raft_consensus.cc:740] T 7ac9726f909b4906b7464200fa2d103d P 1089ed23526d4f1e8603b137e2e44c5d [term 0 FOLLOWER]: Becoming Follower/Learner. State: Replica: 1089ed23526d4f1e8603b137e2e44c5d, State: Initialized, Role: FOLLOWER
I20260710 13:21:17.876274 12502 leader_election.cc:304] T cbbfcd4f6b1c48b68b0c92cb928670c1 P cef0ba4f2e2945dc87f18f279e4d5de1 [CANDIDATE]: Term 1 election: Election decided. Result: candidate won. Election summary: received 2 responses out of 3 voters: 2 yes votes; 0 no votes. yes voters: 862843b83f984c37840b00cd43a369e9, cef0ba4f2e2945dc87f18f279e4d5de1; no voters: 
I20260710 13:21:17.877457 12601 raft_consensus.cc:493] T d3b0b7d8f5754a37b1f809c9107aa5bb P 862843b83f984c37840b00cd43a369e9 [term 0 FOLLOWER]: Starting pre-election (no leader contacted us within the election timeout)
I20260710 13:21:17.878085 12627 raft_consensus.cc:2804] T cbbfcd4f6b1c48b68b0c92cb928670c1 P cef0ba4f2e2945dc87f18f279e4d5de1 [term 1 FOLLOWER]: Leader election won for term 1
I20260710 13:21:17.876974 12581 consensus_queue.cc:260] T 7ac9726f909b4906b7464200fa2d103d P 1089ed23526d4f1e8603b137e2e44c5d [NON_LEADER]: Queue going to NON_LEADER mode. State: All replicated index: 0, Majority replicated index: 0, Committed index: 0, Last appended: 0.0, Last appended by leader: 0, Current term: 0, Majority size: -1, State: 0, Mode: NON_LEADER, active raft config: opid_index: -1 OBSOLETE_local: false peers { permanent_uuid: "1089ed23526d4f1e8603b137e2e44c5d" member_type: VOTER last_known_addr { host: "127.10.254.65" port: 42185 } } peers { permanent_uuid: "862843b83f984c37840b00cd43a369e9" member_type: VOTER last_known_addr { host: "127.10.254.66" port: 36199 } } peers { permanent_uuid: "cef0ba4f2e2945dc87f18f279e4d5de1" member_type: VOTER last_known_addr { host: "127.10.254.67" port: 45333 } }
I20260710 13:21:17.878762 12601 raft_consensus.cc:515] T d3b0b7d8f5754a37b1f809c9107aa5bb P 862843b83f984c37840b00cd43a369e9 [term 0 FOLLOWER]: Starting pre-election with config: opid_index: -1 OBSOLETE_local: false peers { permanent_uuid: "1089ed23526d4f1e8603b137e2e44c5d" member_type: VOTER last_known_addr { host: "127.10.254.65" port: 42185 } } peers { permanent_uuid: "862843b83f984c37840b00cd43a369e9" member_type: VOTER last_known_addr { host: "127.10.254.66" port: 36199 } } peers { permanent_uuid: "cef0ba4f2e2945dc87f18f279e4d5de1" member_type: VOTER last_known_addr { host: "127.10.254.67" port: 45333 } }
I20260710 13:21:17.881026 12581 ts_tablet_manager.cc:1434] T 7ac9726f909b4906b7464200fa2d103d P 1089ed23526d4f1e8603b137e2e44c5d: Time spent starting tablet: real 0.010s	user 0.005s	sys 0.001s
I20260710 13:21:17.881596 12601 leader_election.cc:290] T d3b0b7d8f5754a37b1f809c9107aa5bb P 862843b83f984c37840b00cd43a369e9 [CANDIDATE]: Term 1 pre-election: Requested pre-vote from peers 1089ed23526d4f1e8603b137e2e44c5d (127.10.254.65:42185), cef0ba4f2e2945dc87f18f279e4d5de1 (127.10.254.67:45333)
I20260710 13:21:17.881897 12581 tablet_bootstrap.cc:492] T a58b0fc1bd17445d8314a97f3e42a184 P 1089ed23526d4f1e8603b137e2e44c5d: Bootstrap starting.
I20260710 13:21:17.882455 12627 raft_consensus.cc:697] T cbbfcd4f6b1c48b68b0c92cb928670c1 P cef0ba4f2e2945dc87f18f279e4d5de1 [term 1 LEADER]: Becoming Leader. State: Replica: cef0ba4f2e2945dc87f18f279e4d5de1, State: Running, Role: LEADER
I20260710 13:21:17.883603 12627 consensus_queue.cc:237] T cbbfcd4f6b1c48b68b0c92cb928670c1 P cef0ba4f2e2945dc87f18f279e4d5de1 [LEADER]: Queue going to LEADER mode. State: All replicated index: 0, Majority replicated index: 0, Committed index: 0, Last appended: 0.0, Last appended by leader: 0, Current term: 1, Majority size: 2, State: 0, Mode: LEADER, active raft config: opid_index: -1 OBSOLETE_local: false peers { permanent_uuid: "1089ed23526d4f1e8603b137e2e44c5d" member_type: VOTER last_known_addr { host: "127.10.254.65" port: 42185 } } peers { permanent_uuid: "862843b83f984c37840b00cd43a369e9" member_type: VOTER last_known_addr { host: "127.10.254.66" port: 36199 } } peers { permanent_uuid: "cef0ba4f2e2945dc87f18f279e4d5de1" member_type: VOTER last_known_addr { host: "127.10.254.67" port: 45333 } }
I20260710 13:21:17.886297 12586 raft_consensus.cc:493] T fa1fd91e1e1f46b3b62f33a15d9ca61a P 1089ed23526d4f1e8603b137e2e44c5d [term 0 FOLLOWER]: Starting pre-election (no leader contacted us within the election timeout)
