I20260710 13:21:03.286753 12344 data_dirs.cc:400] Could only allocate 1 dirs of requested 3 for tablet 5e6e0a79cfa94bce9ebcb21275b7ac7e. 1 dirs total, 0 dirs full, 0 dirs failed
I20260710 13:21:03.287035 12270 data_dirs.cc:400] Could only allocate 1 dirs of requested 3 for tablet 5e6e0a79cfa94bce9ebcb21275b7ac7e. 1 dirs total, 0 dirs full, 0 dirs failed
I20260710 13:21:03.288219 12341 tablet_service.cc:1511] Processing CreateTablet for tablet b2ee942bec82417f9580047159a2a87c (DEFAULT_TABLE table=test-workload [id=c85c5ea2f9c64bf2b335349371f56295]), partition=RANGE (key) PARTITION 644245092 <= VALUES < 858993456
I20260710 13:21:03.289767 12341 data_dirs.cc:400] Could only allocate 1 dirs of requested 3 for tablet b2ee942bec82417f9580047159a2a87c. 1 dirs total, 0 dirs full, 0 dirs failed
I20260710 13:21:03.291893 12394 tablet_bootstrap.cc:654] T 5e6e0a79cfa94bce9ebcb21275b7ac7e P ebe03c60f0894829939abceeb1186b80: Neither blocks nor log segments found. Creating new log.
I20260710 13:21:03.292434 12342 data_dirs.cc:400] Could only allocate 1 dirs of requested 3 for tablet 534371aae17b4f61b51eb8ae3358afd1. 1 dirs total, 0 dirs full, 0 dirs failed
I20260710 13:21:03.292598 12343 tablet_service.cc:1511] Processing CreateTablet for tablet d7dca000139a4c9c8edcf91f9b6a919c (DEFAULT_TABLE table=test-workload [id=c85c5ea2f9c64bf2b335349371f56295]), partition=RANGE (key) PARTITION 214748364 <= VALUES < 429496728
I20260710 13:21:03.294117 12343 data_dirs.cc:400] Could only allocate 1 dirs of requested 3 for tablet d7dca000139a4c9c8edcf91f9b6a919c. 1 dirs total, 0 dirs full, 0 dirs failed
I20260710 13:21:03.304097 12268 tablet_service.cc:1511] Processing CreateTablet for tablet 534371aae17b4f61b51eb8ae3358afd1 (DEFAULT_TABLE table=test-workload [id=c85c5ea2f9c64bf2b335349371f56295]), partition=RANGE (key) PARTITION 429496728 <= VALUES < 644245092
I20260710 13:21:03.305085 12269 tablet_service.cc:1511] Processing CreateTablet for tablet d7dca000139a4c9c8edcf91f9b6a919c (DEFAULT_TABLE table=test-workload [id=c85c5ea2f9c64bf2b335349371f56295]), partition=RANGE (key) PARTITION 214748364 <= VALUES < 429496728
I20260710 13:21:03.306605 12269 data_dirs.cc:400] Could only allocate 1 dirs of requested 3 for tablet d7dca000139a4c9c8edcf91f9b6a919c. 1 dirs total, 0 dirs full, 0 dirs failed
I20260710 13:21:03.309715 12268 data_dirs.cc:400] Could only allocate 1 dirs of requested 3 for tablet 534371aae17b4f61b51eb8ae3358afd1. 1 dirs total, 0 dirs full, 0 dirs failed
I20260710 13:21:03.325608 12340 tablet_service.cc:1511] Processing CreateTablet for tablet c3cc8ed50ee3403e98c2051718bf1f07 (DEFAULT_TABLE table=test-workload [id=c85c5ea2f9c64bf2b335349371f56295]), partition=RANGE (key) PARTITION 858993456 <= VALUES < 1073741820
I20260710 13:21:03.327739 12340 data_dirs.cc:400] Could only allocate 1 dirs of requested 3 for tablet c3cc8ed50ee3403e98c2051718bf1f07. 1 dirs total, 0 dirs full, 0 dirs failed
I20260710 13:21:03.328994 12194 tablet_service.cc:1511] Processing CreateTablet for tablet c3cc8ed50ee3403e98c2051718bf1f07 (DEFAULT_TABLE table=test-workload [id=c85c5ea2f9c64bf2b335349371f56295]), partition=RANGE (key) PARTITION 858993456 <= VALUES < 1073741820
I20260710 13:21:03.330482 12194 data_dirs.cc:400] Could only allocate 1 dirs of requested 3 for tablet c3cc8ed50ee3403e98c2051718bf1f07. 1 dirs total, 0 dirs full, 0 dirs failed
I20260710 13:21:03.339054 12267 tablet_service.cc:1511] Processing CreateTablet for tablet b2ee942bec82417f9580047159a2a87c (DEFAULT_TABLE table=test-workload [id=c85c5ea2f9c64bf2b335349371f56295]), partition=RANGE (key) PARTITION 644245092 <= VALUES < 858993456
I20260710 13:21:03.341274 12267 data_dirs.cc:400] Could only allocate 1 dirs of requested 3 for tablet b2ee942bec82417f9580047159a2a87c. 1 dirs total, 0 dirs full, 0 dirs failed
I20260710 13:21:03.342113 12266 tablet_service.cc:1511] Processing CreateTablet for tablet c3cc8ed50ee3403e98c2051718bf1f07 (DEFAULT_TABLE table=test-workload [id=c85c5ea2f9c64bf2b335349371f56295]), partition=RANGE (key) PARTITION 858993456 <= VALUES < 1073741820
I20260710 13:21:03.344143 12266 data_dirs.cc:400] Could only allocate 1 dirs of requested 3 for tablet c3cc8ed50ee3403e98c2051718bf1f07. 1 dirs total, 0 dirs full, 0 dirs failed
I20260710 13:21:03.356195 12195 tablet_service.cc:1511] Processing CreateTablet for tablet 2ee2597677b1478fb33ac176cac3ad3a (DEFAULT_TABLE table=test-workload [id=c85c5ea2f9c64bf2b335349371f56295]), partition=RANGE (key) PARTITION 1073741820 <= VALUES < 1288490184
I20260710 13:21:03.357631 12195 data_dirs.cc:400] Could only allocate 1 dirs of requested 3 for tablet 2ee2597677b1478fb33ac176cac3ad3a. 1 dirs total, 0 dirs full, 0 dirs failed
I20260710 13:21:03.358937 12394 tablet_bootstrap.cc:492] T 5e6e0a79cfa94bce9ebcb21275b7ac7e P ebe03c60f0894829939abceeb1186b80: No bootstrap required, opened a new log
I20260710 13:21:03.359607 12394 ts_tablet_manager.cc:1403] T 5e6e0a79cfa94bce9ebcb21275b7ac7e P ebe03c60f0894829939abceeb1186b80: Time spent bootstrapping tablet: real 0.077s	user 0.038s	sys 0.030s
I20260710 13:21:03.366670 12394 raft_consensus.cc:359] T 5e6e0a79cfa94bce9ebcb21275b7ac7e P ebe03c60f0894829939abceeb1186b80 [term 0 FOLLOWER]: Replica starting. Triggering 0 pending ops. Active config: opid_index: -1 OBSOLETE_local: false peers { permanent_uuid: "ebe03c60f0894829939abceeb1186b80" member_type: VOTER last_known_addr { host: "127.11.70.193" port: 34467 } } peers { permanent_uuid: "460a209f9e4e4d05897e4082924c56eb" member_type: VOTER last_known_addr { host: "127.11.70.194" port: 37135 } } peers { permanent_uuid: "8b0e06cf05824df1aafbc6c4c92fea28" member_type: VOTER last_known_addr { host: "127.11.70.195" port: 39191 } }
I20260710 13:21:03.368758 12394 raft_consensus.cc:385] T 5e6e0a79cfa94bce9ebcb21275b7ac7e P ebe03c60f0894829939abceeb1186b80 [term 0 FOLLOWER]: Consensus starting up: Expiring failure detector timer to make a prompt election more likely
I20260710 13:21:03.369297 12394 raft_consensus.cc:740] T 5e6e0a79cfa94bce9ebcb21275b7ac7e P ebe03c60f0894829939abceeb1186b80 [term 0 FOLLOWER]: Becoming Follower/Learner. State: Replica: ebe03c60f0894829939abceeb1186b80, State: Initialized, Role: FOLLOWER
I20260710 13:21:03.370875 12394 consensus_queue.cc:260] T 5e6e0a79cfa94bce9ebcb21275b7ac7e P ebe03c60f0894829939abceeb1186b80 [NON_LEADER]: Queue going to NON_LEADER mode. State: All replicated index: 0, Majority replicated index: 0, Committed index: 0, Last appended: 0.0, Last appended by leader: 0, Current term: 0, Majority size: -1, State: 0, Mode: NON_LEADER, active raft config: opid_index: -1 OBSOLETE_local: false peers { permanent_uuid: "ebe03c60f0894829939abceeb1186b80" member_type: VOTER last_known_addr { host: "127.11.70.193" port: 34467 } } peers { permanent_uuid: "460a209f9e4e4d05897e4082924c56eb" member_type: VOTER last_known_addr { host: "127.11.70.194" port: 37135 } } peers { permanent_uuid: "8b0e06cf05824df1aafbc6c4c92fea28" member_type: VOTER last_known_addr { host: "127.11.70.195" port: 39191 } }
I20260710 13:21:03.371565 12193 tablet_service.cc:1511] Processing CreateTablet for tablet cf3df3e209484cda85bb78bfb3e0c485 (DEFAULT_TABLE table=test-workload [id=c85c5ea2f9c64bf2b335349371f56295]), partition=RANGE (key) PARTITION 1288490184 <= VALUES < 1503238548
I20260710 13:21:03.373744 12193 data_dirs.cc:400] Could only allocate 1 dirs of requested 3 for tablet cf3df3e209484cda85bb78bfb3e0c485. 1 dirs total, 0 dirs full, 0 dirs failed
I20260710 13:21:03.373998 12339 tablet_service.cc:1511] Processing CreateTablet for tablet 2ee2597677b1478fb33ac176cac3ad3a (DEFAULT_TABLE table=test-workload [id=c85c5ea2f9c64bf2b335349371f56295]), partition=RANGE (key) PARTITION 1073741820 <= VALUES < 1288490184
I20260710 13:21:03.375509 12339 data_dirs.cc:400] Could only allocate 1 dirs of requested 3 for tablet 2ee2597677b1478fb33ac176cac3ad3a. 1 dirs total, 0 dirs full, 0 dirs failed
I20260710 13:21:03.378015 12269 tablet_service.cc:1511] Processing CreateTablet for tablet cf3df3e209484cda85bb78bfb3e0c485 (DEFAULT_TABLE table=test-workload [id=c85c5ea2f9c64bf2b335349371f56295]), partition=RANGE (key) PARTITION 1288490184 <= VALUES < 1503238548
I20260710 13:21:03.379917 12269 data_dirs.cc:400] Could only allocate 1 dirs of requested 3 for tablet cf3df3e209484cda85bb78bfb3e0c485. 1 dirs total, 0 dirs full, 0 dirs failed
I20260710 13:21:03.382017 12270 tablet_service.cc:1511] Processing CreateTablet for tablet 2ee2597677b1478fb33ac176cac3ad3a (DEFAULT_TABLE table=test-workload [id=c85c5ea2f9c64bf2b335349371f56295]), partition=RANGE (key) PARTITION 1073741820 <= VALUES < 1288490184
I20260710 13:21:03.383442 12270 data_dirs.cc:400] Could only allocate 1 dirs of requested 3 for tablet 2ee2597677b1478fb33ac176cac3ad3a. 1 dirs total, 0 dirs full, 0 dirs failed
I20260710 13:21:03.390157 12342 tablet_service.cc:1511] Processing CreateTablet for tablet cf3df3e209484cda85bb78bfb3e0c485 (DEFAULT_TABLE table=test-workload [id=c85c5ea2f9c64bf2b335349371f56295]), partition=RANGE (key) PARTITION 1288490184 <= VALUES < 1503238548
I20260710 13:21:03.391637 12342 data_dirs.cc:400] Could only allocate 1 dirs of requested 3 for tablet cf3df3e209484cda85bb78bfb3e0c485. 1 dirs total, 0 dirs full, 0 dirs failed
I20260710 13:21:03.392436 12192 tablet_service.cc:1511] Processing CreateTablet for tablet 70e9854acd254f7f9a9d841017c1059f (DEFAULT_TABLE table=test-workload [id=c85c5ea2f9c64bf2b335349371f56295]), partition=RANGE (key) PARTITION 1503238548 <= VALUES < 1717986912
I20260710 13:21:03.394270 12192 data_dirs.cc:400] Could only allocate 1 dirs of requested 3 for tablet 70e9854acd254f7f9a9d841017c1059f. 1 dirs total, 0 dirs full, 0 dirs failed
I20260710 13:21:03.421131 12396 tablet_bootstrap.cc:492] T 534371aae17b4f61b51eb8ae3358afd1 P 460a209f9e4e4d05897e4082924c56eb: Bootstrap starting.
I20260710 13:21:03.432492 12396 tablet_bootstrap.cc:654] T 534371aae17b4f61b51eb8ae3358afd1 P 460a209f9e4e4d05897e4082924c56eb: Neither blocks nor log segments found. Creating new log.
I20260710 13:21:03.420009 12397 tablet_bootstrap.cc:492] T d7dca000139a4c9c8edcf91f9b6a919c P 8b0e06cf05824df1aafbc6c4c92fea28: Bootstrap starting.
I20260710 13:21:03.458377 12267 tablet_service.cc:1511] Processing CreateTablet for tablet 70e9854acd254f7f9a9d841017c1059f (DEFAULT_TABLE table=test-workload [id=c85c5ea2f9c64bf2b335349371f56295]), partition=RANGE (key) PARTITION 1503238548 <= VALUES < 1717986912
I20260710 13:21:03.460486 12267 data_dirs.cc:400] Could only allocate 1 dirs of requested 3 for tablet 70e9854acd254f7f9a9d841017c1059f. 1 dirs total, 0 dirs full, 0 dirs failed
I20260710 13:21:03.466112 12194 tablet_service.cc:1511] Processing CreateTablet for tablet 5c6bc2a0a0324a9b9c971f53d85539ed (DEFAULT_TABLE table=test-workload [id=c85c5ea2f9c64bf2b335349371f56295]), partition=RANGE (key) PARTITION 1717986912 <= VALUES < 1932735276
I20260710 13:21:03.468137 12194 data_dirs.cc:400] Could only allocate 1 dirs of requested 3 for tablet 5c6bc2a0a0324a9b9c971f53d85539ed. 1 dirs total, 0 dirs full, 0 dirs failed
I20260710 13:21:03.479832 12339 tablet_service.cc:1511] Processing CreateTablet for tablet 70e9854acd254f7f9a9d841017c1059f (DEFAULT_TABLE table=test-workload [id=c85c5ea2f9c64bf2b335349371f56295]), partition=RANGE (key) PARTITION 1503238548 <= VALUES < 1717986912
I20260710 13:21:03.481315 12339 data_dirs.cc:400] Could only allocate 1 dirs of requested 3 for tablet 70e9854acd254f7f9a9d841017c1059f. 1 dirs total, 0 dirs full, 0 dirs failed
I20260710 13:21:03.497563 12230 heartbeater.cc:499] Master 127.11.70.254:33885 was elected leader, sending a full tablet report...
I20260710 13:21:03.498054 12394 ts_tablet_manager.cc:1434] T 5e6e0a79cfa94bce9ebcb21275b7ac7e P ebe03c60f0894829939abceeb1186b80: Time spent starting tablet: real 0.134s	user 0.039s	sys 0.026s
I20260710 13:21:03.499176 12394 tablet_bootstrap.cc:492] T 534371aae17b4f61b51eb8ae3358afd1 P ebe03c60f0894829939abceeb1186b80: Bootstrap starting.
I20260710 13:21:03.503607 12397 tablet_bootstrap.cc:654] T d7dca000139a4c9c8edcf91f9b6a919c P 8b0e06cf05824df1aafbc6c4c92fea28: Neither blocks nor log segments found. Creating new log.
I20260710 13:21:03.509989 12339 tablet_service.cc:1511] Processing CreateTablet for tablet 5c6bc2a0a0324a9b9c971f53d85539ed (DEFAULT_TABLE table=test-workload [id=c85c5ea2f9c64bf2b335349371f56295]), partition=RANGE (key) PARTITION 1717986912 <= VALUES < 1932735276
I20260710 13:21:03.510632 12396 tablet_bootstrap.cc:492] T 534371aae17b4f61b51eb8ae3358afd1 P 460a209f9e4e4d05897e4082924c56eb: No bootstrap required, opened a new log
I20260710 13:21:03.511250 12396 ts_tablet_manager.cc:1403] T 534371aae17b4f61b51eb8ae3358afd1 P 460a209f9e4e4d05897e4082924c56eb: Time spent bootstrapping tablet: real 0.091s	user 0.029s	sys 0.031s
I20260710 13:21:03.511448 12339 data_dirs.cc:400] Could only allocate 1 dirs of requested 3 for tablet 5c6bc2a0a0324a9b9c971f53d85539ed. 1 dirs total, 0 dirs full, 0 dirs failed
I20260710 13:21:03.517081 12266 tablet_service.cc:1511] Processing CreateTablet for tablet 5c6bc2a0a0324a9b9c971f53d85539ed (DEFAULT_TABLE table=test-workload [id=c85c5ea2f9c64bf2b335349371f56295]), partition=RANGE (key) PARTITION 1717986912 <= VALUES < 1932735276
I20260710 13:21:03.520392 12266 data_dirs.cc:400] Could only allocate 1 dirs of requested 3 for tablet 5c6bc2a0a0324a9b9c971f53d85539ed. 1 dirs total, 0 dirs full, 0 dirs failed
I20260710 13:21:03.520921 12394 tablet_bootstrap.cc:654] T 534371aae17b4f61b51eb8ae3358afd1 P ebe03c60f0894829939abceeb1186b80: Neither blocks nor log segments found. Creating new log.
I20260710 13:21:03.527333 12396 raft_consensus.cc:359] T 534371aae17b4f61b51eb8ae3358afd1 P 460a209f9e4e4d05897e4082924c56eb [term 0 FOLLOWER]: Replica starting. Triggering 0 pending ops. Active config: opid_index: -1 OBSOLETE_local: false peers { permanent_uuid: "ebe03c60f0894829939abceeb1186b80" member_type: VOTER last_known_addr { host: "127.11.70.193" port: 34467 } } peers { permanent_uuid: "460a209f9e4e4d05897e4082924c56eb" member_type: VOTER last_known_addr { host: "127.11.70.194" port: 37135 } } peers { permanent_uuid: "8b0e06cf05824df1aafbc6c4c92fea28" member_type: VOTER last_known_addr { host: "127.11.70.195" port: 39191 } }
I20260710 13:21:03.527856 12270 tablet_service.cc:1511] Processing CreateTablet for tablet eabd48739c2540e2924f31c14d83cdac (DEFAULT_TABLE table=test-workload [id=c85c5ea2f9c64bf2b335349371f56295]), partition=RANGE (key) PARTITION 1932735276 <= VALUES
I20260710 13:21:03.529667 12270 data_dirs.cc:400] Could only allocate 1 dirs of requested 3 for tablet eabd48739c2540e2924f31c14d83cdac. 1 dirs total, 0 dirs full, 0 dirs failed
I20260710 13:21:03.531952 12341 tablet_service.cc:1511] Processing CreateTablet for tablet eabd48739c2540e2924f31c14d83cdac (DEFAULT_TABLE table=test-workload [id=c85c5ea2f9c64bf2b335349371f56295]), partition=RANGE (key) PARTITION 1932735276 <= VALUES
I20260710 13:21:03.533406 12341 data_dirs.cc:400] Could only allocate 1 dirs of requested 3 for tablet eabd48739c2540e2924f31c14d83cdac. 1 dirs total, 0 dirs full, 0 dirs failed
I20260710 13:21:03.534721 12192 tablet_service.cc:1511] Processing CreateTablet for tablet eabd48739c2540e2924f31c14d83cdac (DEFAULT_TABLE table=test-workload [id=c85c5ea2f9c64bf2b335349371f56295]), partition=RANGE (key) PARTITION 1932735276 <= VALUES
I20260710 13:21:03.528728 12396 raft_consensus.cc:385] T 534371aae17b4f61b51eb8ae3358afd1 P 460a209f9e4e4d05897e4082924c56eb [term 0 FOLLOWER]: Consensus starting up: Expiring failure detector timer to make a prompt election more likely
I20260710 13:21:03.538998 12396 raft_consensus.cc:740] T 534371aae17b4f61b51eb8ae3358afd1 P 460a209f9e4e4d05897e4082924c56eb [term 0 FOLLOWER]: Becoming Follower/Learner. State: Replica: 460a209f9e4e4d05897e4082924c56eb, State: Initialized, Role: FOLLOWER
I20260710 13:21:03.539997 12396 consensus_queue.cc:260] T 534371aae17b4f61b51eb8ae3358afd1 P 460a209f9e4e4d05897e4082924c56eb [NON_LEADER]: Queue going to NON_LEADER mode. State: All replicated index: 0, Majority replicated index: 0, Committed index: 0, Last appended: 0.0, Last appended by leader: 0, Current term: 0, Majority size: -1, State: 0, Mode: NON_LEADER, active raft config: opid_index: -1 OBSOLETE_local: false peers { permanent_uuid: "ebe03c60f0894829939abceeb1186b80" member_type: VOTER last_known_addr { host: "127.11.70.193" port: 34467 } } peers { permanent_uuid: "460a209f9e4e4d05897e4082924c56eb" member_type: VOTER last_known_addr { host: "127.11.70.194" port: 37135 } } peers { permanent_uuid: "8b0e06cf05824df1aafbc6c4c92fea28" member_type: VOTER last_known_addr { host: "127.11.70.195" port: 39191 } }
I20260710 13:21:03.550483 12192 data_dirs.cc:400] Could only allocate 1 dirs of requested 3 for tablet eabd48739c2540e2924f31c14d83cdac. 1 dirs total, 0 dirs full, 0 dirs failed
I20260710 13:21:03.553566 12397 tablet_bootstrap.cc:492] T d7dca000139a4c9c8edcf91f9b6a919c P 8b0e06cf05824df1aafbc6c4c92fea28: No bootstrap required, opened a new log
I20260710 13:21:03.554191 12397 ts_tablet_manager.cc:1403] T d7dca000139a4c9c8edcf91f9b6a919c P 8b0e06cf05824df1aafbc6c4c92fea28: Time spent bootstrapping tablet: real 0.142s	user 0.022s	sys 0.007s
I20260710 13:21:03.554629 12305 heartbeater.cc:499] Master 127.11.70.254:33885 was elected leader, sending a full tablet report...
I20260710 13:21:03.557694 12397 raft_consensus.cc:359] T d7dca000139a4c9c8edcf91f9b6a919c P 8b0e06cf05824df1aafbc6c4c92fea28 [term 0 FOLLOWER]: Replica starting. Triggering 0 pending ops. Active config: opid_index: -1 OBSOLETE_local: false peers { permanent_uuid: "ebe03c60f0894829939abceeb1186b80" member_type: VOTER last_known_addr { host: "127.11.70.193" port: 34467 } } peers { permanent_uuid: "460a209f9e4e4d05897e4082924c56eb" member_type: VOTER last_known_addr { host: "127.11.70.194" port: 37135 } } peers { permanent_uuid: "8b0e06cf05824df1aafbc6c4c92fea28" member_type: VOTER last_known_addr { host: "127.11.70.195" port: 39191 } }
I20260710 13:21:03.558535 12397 raft_consensus.cc:385] T d7dca000139a4c9c8edcf91f9b6a919c P 8b0e06cf05824df1aafbc6c4c92fea28 [term 0 FOLLOWER]: Consensus starting up: Expiring failure detector timer to make a prompt election more likely
I20260710 13:21:03.558838 12397 raft_consensus.cc:740] T d7dca000139a4c9c8edcf91f9b6a919c P 8b0e06cf05824df1aafbc6c4c92fea28 [term 0 FOLLOWER]: Becoming Follower/Learner. State: Replica: 8b0e06cf05824df1aafbc6c4c92fea28, State: Initialized, Role: FOLLOWER
I20260710 13:21:03.565591 12396 ts_tablet_manager.cc:1434] T 534371aae17b4f61b51eb8ae3358afd1 P 460a209f9e4e4d05897e4082924c56eb: Time spent starting tablet: real 0.054s	user 0.011s	sys 0.003s
I20260710 13:21:03.566772 12396 tablet_bootstrap.cc:492] T 5e6e0a79cfa94bce9ebcb21275b7ac7e P 460a209f9e4e4d05897e4082924c56eb: Bootstrap starting.
I20260710 13:21:03.569240 12397 consensus_queue.cc:260] T d7dca000139a4c9c8edcf91f9b6a919c P 8b0e06cf05824df1aafbc6c4c92fea28 [NON_LEADER]: Queue going to NON_LEADER mode. State: All replicated index: 0, Majority replicated index: 0, Committed index: 0, Last appended: 0.0, Last appended by leader: 0, Current term: 0, Majority size: -1, State: 0, Mode: NON_LEADER, active raft config: opid_index: -1 OBSOLETE_local: false peers { permanent_uuid: "ebe03c60f0894829939abceeb1186b80" member_type: VOTER last_known_addr { host: "127.11.70.193" port: 34467 } } peers { permanent_uuid: "460a209f9e4e4d05897e4082924c56eb" member_type: VOTER last_known_addr { host: "127.11.70.194" port: 37135 } } peers { permanent_uuid: "8b0e06cf05824df1aafbc6c4c92fea28" member_type: VOTER last_known_addr { host: "127.11.70.195" port: 39191 } }
I20260710 13:21:03.574328 12396 tablet_bootstrap.cc:654] T 5e6e0a79cfa94bce9ebcb21275b7ac7e P 460a209f9e4e4d05897e4082924c56eb: Neither blocks nor log segments found. Creating new log.
I20260710 13:21:03.580260 12397 ts_tablet_manager.cc:1434] T d7dca000139a4c9c8edcf91f9b6a919c P 8b0e06cf05824df1aafbc6c4c92fea28: Time spent starting tablet: real 0.026s	user 0.006s	sys 0.005s
I20260710 13:21:03.581162 12379 heartbeater.cc:499] Master 127.11.70.254:33885 was elected leader, sending a full tablet report...
I20260710 13:21:03.581415 12394 tablet_bootstrap.cc:492] T 534371aae17b4f61b51eb8ae3358afd1 P ebe03c60f0894829939abceeb1186b80: No bootstrap required, opened a new log
I20260710 13:21:03.582178 12394 ts_tablet_manager.cc:1403] T 534371aae17b4f61b51eb8ae3358afd1 P ebe03c60f0894829939abceeb1186b80: Time spent bootstrapping tablet: real 0.083s	user 0.013s	sys 0.000s
I20260710 13:21:03.585129 12397 tablet_bootstrap.cc:492] T 534371aae17b4f61b51eb8ae3358afd1 P 8b0e06cf05824df1aafbc6c4c92fea28: Bootstrap starting.
I20260710 13:21:03.591527 12397 tablet_bootstrap.cc:654] T 534371aae17b4f61b51eb8ae3358afd1 P 8b0e06cf05824df1aafbc6c4c92fea28: Neither blocks nor log segments found. Creating new log.
I20260710 13:21:03.592638 12402 raft_consensus.cc:493] T 534371aae17b4f61b51eb8ae3358afd1 P 460a209f9e4e4d05897e4082924c56eb [term 0 FOLLOWER]: Starting pre-election (no leader contacted us within the election timeout)
I20260710 13:21:03.593465 12402 raft_consensus.cc:515] T 534371aae17b4f61b51eb8ae3358afd1 P 460a209f9e4e4d05897e4082924c56eb [term 0 FOLLOWER]: Starting pre-election with config: opid_index: -1 OBSOLETE_local: false peers { permanent_uuid: "ebe03c60f0894829939abceeb1186b80" member_type: VOTER last_known_addr { host: "127.11.70.193" port: 34467 } } peers { permanent_uuid: "460a209f9e4e4d05897e4082924c56eb" member_type: VOTER last_known_addr { host: "127.11.70.194" port: 37135 } } peers { permanent_uuid: "8b0e06cf05824df1aafbc6c4c92fea28" member_type: VOTER last_known_addr { host: "127.11.70.195" port: 39191 } }
I20260710 13:21:03.596933 12396 tablet_bootstrap.cc:492] T 5e6e0a79cfa94bce9ebcb21275b7ac7e P 460a209f9e4e4d05897e4082924c56eb: No bootstrap required, opened a new log
I20260710 13:21:03.597602 12396 ts_tablet_manager.cc:1403] T 5e6e0a79cfa94bce9ebcb21275b7ac7e P 460a209f9e4e4d05897e4082924c56eb: Time spent bootstrapping tablet: real 0.031s	user 0.011s	sys 0.018s
I20260710 13:21:03.599211 12397 tablet_bootstrap.cc:492] T 534371aae17b4f61b51eb8ae3358afd1 P 8b0e06cf05824df1aafbc6c4c92fea28: No bootstrap required, opened a new log
I20260710 13:21:03.599803 12397 ts_tablet_manager.cc:1403] T 534371aae17b4f61b51eb8ae3358afd1 P 8b0e06cf05824df1aafbc6c4c92fea28: Time spent bootstrapping tablet: real 0.015s	user 0.007s	sys 0.004s
I20260710 13:21:03.600317 12402 leader_election.cc:290] T 534371aae17b4f61b51eb8ae3358afd1 P 460a209f9e4e4d05897e4082924c56eb [CANDIDATE]: Term 1 pre-election: Requested pre-vote from peers ebe03c60f0894829939abceeb1186b80 (127.11.70.193:34467), 8b0e06cf05824df1aafbc6c4c92fea28 (127.11.70.195:39191)
I20260710 13:21:03.606714 12394 raft_consensus.cc:359] T 534371aae17b4f61b51eb8ae3358afd1 P ebe03c60f0894829939abceeb1186b80 [term 0 FOLLOWER]: Replica starting. Triggering 0 pending ops. Active config: opid_index: -1 OBSOLETE_local: false peers { permanent_uuid: "ebe03c60f0894829939abceeb1186b80" member_type: VOTER last_known_addr { host: "127.11.70.193" port: 34467 } } peers { permanent_uuid: "460a209f9e4e4d05897e4082924c56eb" member_type: VOTER last_known_addr { host: "127.11.70.194" port: 37135 } } peers { permanent_uuid: "8b0e06cf05824df1aafbc6c4c92fea28" member_type: VOTER last_known_addr { host: "127.11.70.195" port: 39191 } }
I20260710 13:21:03.608618 12394 raft_consensus.cc:385] T 534371aae17b4f61b51eb8ae3358afd1 P ebe03c60f0894829939abceeb1186b80 [term 0 FOLLOWER]: Consensus starting up: Expiring failure detector timer to make a prompt election more likely
I20260710 13:21:03.609035 12394 raft_consensus.cc:740] T 534371aae17b4f61b51eb8ae3358afd1 P ebe03c60f0894829939abceeb1186b80 [term 0 FOLLOWER]: Becoming Follower/Learner. State: Replica: ebe03c60f0894829939abceeb1186b80, State: Initialized, Role: FOLLOWER
I20260710 13:21:03.608909 12397 raft_consensus.cc:359] T 534371aae17b4f61b51eb8ae3358afd1 P 8b0e06cf05824df1aafbc6c4c92fea28 [term 0 FOLLOWER]: Replica starting. Triggering 0 pending ops. Active config: opid_index: -1 OBSOLETE_local: false peers { permanent_uuid: "ebe03c60f0894829939abceeb1186b80" member_type: VOTER last_known_addr { host: "127.11.70.193" port: 34467 } } peers { permanent_uuid: "460a209f9e4e4d05897e4082924c56eb" member_type: VOTER last_known_addr { host: "127.11.70.194" port: 37135 } } peers { permanent_uuid: "8b0e06cf05824df1aafbc6c4c92fea28" member_type: VOTER last_known_addr { host: "127.11.70.195" port: 39191 } }
I20260710 13:21:03.610160 12397 raft_consensus.cc:385] T 534371aae17b4f61b51eb8ae3358afd1 P 8b0e06cf05824df1aafbc6c4c92fea28 [term 0 FOLLOWER]: Consensus starting up: Expiring failure detector timer to make a prompt election more likely
I20260710 13:21:03.609985 12394 consensus_queue.cc:260] T 534371aae17b4f61b51eb8ae3358afd1 P ebe03c60f0894829939abceeb1186b80 [NON_LEADER]: Queue going to NON_LEADER mode. State: All replicated index: 0, Majority replicated index: 0, Committed index: 0, Last appended: 0.0, Last appended by leader: 0, Current term: 0, Majority size: -1, State: 0, Mode: NON_LEADER, active raft config: opid_index: -1 OBSOLETE_local: false peers { permanent_uuid: "ebe03c60f0894829939abceeb1186b80" member_type: VOTER last_known_addr { host: "127.11.70.193" port: 34467 } } peers { permanent_uuid: "460a209f9e4e4d05897e4082924c56eb" member_type: VOTER last_known_addr { host: "127.11.70.194" port: 37135 } } peers { permanent_uuid: "8b0e06cf05824df1aafbc6c4c92fea28" member_type: VOTER last_known_addr { host: "127.11.70.195" port: 39191 } }
I20260710 13:21:03.610525 12397 raft_consensus.cc:740] T 534371aae17b4f61b51eb8ae3358afd1 P 8b0e06cf05824df1aafbc6c4c92fea28 [term 0 FOLLOWER]: Becoming Follower/Learner. State: Replica: 8b0e06cf05824df1aafbc6c4c92fea28, State: Initialized, Role: FOLLOWER
I20260710 13:21:03.611469 12397 consensus_queue.cc:260] T 534371aae17b4f61b51eb8ae3358afd1 P 8b0e06cf05824df1aafbc6c4c92fea28 [NON_LEADER]: Queue going to NON_LEADER mode. State: All replicated index: 0, Majority replicated index: 0, Committed index: 0, Last appended: 0.0, Last appended by leader: 0, Current term: 0, Majority size: -1, State: 0, Mode: NON_LEADER, active raft config: opid_index: -1 OBSOLETE_local: false peers { permanent_uuid: "ebe03c60f0894829939abceeb1186b80" member_type: VOTER last_known_addr { host: "127.11.70.193" port: 34467 } } peers { permanent_uuid: "460a209f9e4e4d05897e4082924c56eb" member_type: VOTER last_known_addr { host: "127.11.70.194" port: 37135 } } peers { permanent_uuid: "8b0e06cf05824df1aafbc6c4c92fea28" member_type: VOTER last_known_addr { host: "127.11.70.195" port: 39191 } }
I20260710 13:21:03.612751 12394 ts_tablet_manager.cc:1434] T 534371aae17b4f61b51eb8ae3358afd1 P ebe03c60f0894829939abceeb1186b80: Time spent starting tablet: real 0.030s	user 0.008s	sys 0.000s
I20260710 13:21:03.613828 12394 tablet_bootstrap.cc:492] T d7dca000139a4c9c8edcf91f9b6a919c P ebe03c60f0894829939abceeb1186b80: Bootstrap starting.
I20260710 13:21:03.614862 12397 ts_tablet_manager.cc:1434] T 534371aae17b4f61b51eb8ae3358afd1 P 8b0e06cf05824df1aafbc6c4c92fea28: Time spent starting tablet: real 0.015s	user 0.005s	sys 0.003s
I20260710 13:21:03.616608 12397 tablet_bootstrap.cc:492] T c3cc8ed50ee3403e98c2051718bf1f07 P 8b0e06cf05824df1aafbc6c4c92fea28: Bootstrap starting.
I20260710 13:21:03.613933 12396 raft_consensus.cc:359] T 5e6e0a79cfa94bce9ebcb21275b7ac7e P 460a209f9e4e4d05897e4082924c56eb [term 0 FOLLOWER]: Replica starting. Triggering 0 pending ops. Active config: opid_index: -1 OBSOLETE_local: false peers { permanent_uuid: "ebe03c60f0894829939abceeb1186b80" member_type: VOTER last_known_addr { host: "127.11.70.193" port: 34467 } } peers { permanent_uuid: "460a209f9e4e4d05897e4082924c56eb" member_type: VOTER last_known_addr { host: "127.11.70.194" port: 37135 } } peers { permanent_uuid: "8b0e06cf05824df1aafbc6c4c92fea28" member_type: VOTER last_known_addr { host: "127.11.70.195" port: 39191 } }
I20260710 13:21:03.621449 12396 raft_consensus.cc:385] T 5e6e0a79cfa94bce9ebcb21275b7ac7e P 460a209f9e4e4d05897e4082924c56eb [term 0 FOLLOWER]: Consensus starting up: Expiring failure detector timer to make a prompt election more likely
I20260710 13:21:03.623235 12396 raft_consensus.cc:740] T 5e6e0a79cfa94bce9ebcb21275b7ac7e P 460a209f9e4e4d05897e4082924c56eb [term 0 FOLLOWER]: Becoming Follower/Learner. State: Replica: 460a209f9e4e4d05897e4082924c56eb, State: Initialized, Role: FOLLOWER
I20260710 13:21:03.621603 12394 tablet_bootstrap.cc:654] T d7dca000139a4c9c8edcf91f9b6a919c P ebe03c60f0894829939abceeb1186b80: Neither blocks nor log segments found. Creating new log.
I20260710 13:21:03.624590 12397 tablet_bootstrap.cc:654] T c3cc8ed50ee3403e98c2051718bf1f07 P 8b0e06cf05824df1aafbc6c4c92fea28: Neither blocks nor log segments found. Creating new log.
I20260710 13:21:03.625665 12354 tablet_service.cc:1917] Received RequestConsensusVote() RPC: tablet_id: "534371aae17b4f61b51eb8ae3358afd1" candidate_uuid: "460a209f9e4e4d05897e4082924c56eb" candidate_term: 1 candidate_status { last_received { term: 0 index: 0 } } ignore_live_leader: false dest_uuid: "8b0e06cf05824df1aafbc6c4c92fea28" is_pre_election: true
I20260710 13:21:03.626489 12354 raft_consensus.cc:2468] T 534371aae17b4f61b51eb8ae3358afd1 P 8b0e06cf05824df1aafbc6c4c92fea28 [term 0 FOLLOWER]: Leader pre-election vote request: Granting yes vote for candidate 460a209f9e4e4d05897e4082924c56eb in term 0.
I20260710 13:21:03.628216 12243 leader_election.cc:304] T 534371aae17b4f61b51eb8ae3358afd1 P 460a209f9e4e4d05897e4082924c56eb [CANDIDATE]: Term 1 pre-election: Election decided. Result: candidate won. Election summary: received 2 responses out of 3 voters: 2 yes votes; 0 no votes. yes voters: 460a209f9e4e4d05897e4082924c56eb, 8b0e06cf05824df1aafbc6c4c92fea28; no voters: 
I20260710 13:21:03.629560 12402 raft_consensus.cc:2804] T 534371aae17b4f61b51eb8ae3358afd1 P 460a209f9e4e4d05897e4082924c56eb [term 0 FOLLOWER]: Leader pre-election won for term 1
I20260710 13:21:03.630071 12402 raft_consensus.cc:493] T 534371aae17b4f61b51eb8ae3358afd1 P 460a209f9e4e4d05897e4082924c56eb [term 0 FOLLOWER]: Starting leader election (no leader contacted us within the election timeout)
I20260710 13:21:03.630499 12402 raft_consensus.cc:3060] T 534371aae17b4f61b51eb8ae3358afd1 P 460a209f9e4e4d05897e4082924c56eb [term 0 FOLLOWER]: Advancing to term 1
I20260710 13:21:03.636018 12205 tablet_service.cc:1917] Received RequestConsensusVote() RPC: tablet_id: "534371aae17b4f61b51eb8ae3358afd1" candidate_uuid: "460a209f9e4e4d05897e4082924c56eb" candidate_term: 1 candidate_status { last_received { term: 0 index: 0 } } ignore_live_leader: false dest_uuid: "ebe03c60f0894829939abceeb1186b80" is_pre_election: true
I20260710 13:21:03.638001 12205 raft_consensus.cc:2468] T 534371aae17b4f61b51eb8ae3358afd1 P ebe03c60f0894829939abceeb1186b80 [term 0 FOLLOWER]: Leader pre-election vote request: Granting yes vote for candidate 460a209f9e4e4d05897e4082924c56eb in term 0.
I20260710 13:21:03.625414 12396 consensus_queue.cc:260] T 5e6e0a79cfa94bce9ebcb21275b7ac7e P 460a209f9e4e4d05897e4082924c56eb [NON_LEADER]: Queue going to NON_LEADER mode. State: All replicated index: 0, Majority replicated index: 0, Committed index: 0, Last appended: 0.0, Last appended by leader: 0, Current term: 0, Majority size: -1, State: 0, Mode: NON_LEADER, active raft config: opid_index: -1 OBSOLETE_local: false peers { permanent_uuid: "ebe03c60f0894829939abceeb1186b80" member_type: VOTER last_known_addr { host: "127.11.70.193" port: 34467 } } peers { permanent_uuid: "460a209f9e4e4d05897e4082924c56eb" member_type: VOTER last_known_addr { host: "127.11.70.194" port: 37135 } } peers { permanent_uuid: "8b0e06cf05824df1aafbc6c4c92fea28" member_type: VOTER last_known_addr { host: "127.11.70.195" port: 39191 } }
I20260710 13:21:03.643146 12402 raft_consensus.cc:515] T 534371aae17b4f61b51eb8ae3358afd1 P 460a209f9e4e4d05897e4082924c56eb [term 1 FOLLOWER]: Starting leader election with config: opid_index: -1 OBSOLETE_local: false peers { permanent_uuid: "ebe03c60f0894829939abceeb1186b80" member_type: VOTER last_known_addr { host: "127.11.70.193" port: 34467 } } peers { permanent_uuid: "460a209f9e4e4d05897e4082924c56eb" member_type: VOTER last_known_addr { host: "127.11.70.194" port: 37135 } } peers { permanent_uuid: "8b0e06cf05824df1aafbc6c4c92fea28" member_type: VOTER last_known_addr { host: "127.11.70.195" port: 39191 } }
I20260710 13:21:03.647454 12205 tablet_service.cc:1917] Received RequestConsensusVote() RPC: tablet_id: "534371aae17b4f61b51eb8ae3358afd1" candidate_uuid: "460a209f9e4e4d05897e4082924c56eb" candidate_term: 1 candidate_status { last_received { term: 0 index: 0 } } ignore_live_leader: false dest_uuid: "ebe03c60f0894829939abceeb1186b80"
I20260710 13:21:03.648043 12397 tablet_bootstrap.cc:492] T c3cc8ed50ee3403e98c2051718bf1f07 P 8b0e06cf05824df1aafbc6c4c92fea28: No bootstrap required, opened a new log
I20260710 13:21:03.648372 12205 raft_consensus.cc:3060] T 534371aae17b4f61b51eb8ae3358afd1 P ebe03c60f0894829939abceeb1186b80 [term 0 FOLLOWER]: Advancing to term 1
I20260710 13:21:03.648677 12397 ts_tablet_manager.cc:1403] T c3cc8ed50ee3403e98c2051718bf1f07 P 8b0e06cf05824df1aafbc6c4c92fea28: Time spent bootstrapping tablet: real 0.032s	user 0.016s	sys 0.012s
I20260710 13:21:03.650281 12396 ts_tablet_manager.cc:1434] T 5e6e0a79cfa94bce9ebcb21275b7ac7e P 460a209f9e4e4d05897e4082924c56eb: Time spent starting tablet: real 0.052s	user 0.008s	sys 0.004s
I20260710 13:21:03.651352 12402 leader_election.cc:290] T 534371aae17b4f61b51eb8ae3358afd1 P 460a209f9e4e4d05897e4082924c56eb [CANDIDATE]: Term 1 election: Requested vote from peers ebe03c60f0894829939abceeb1186b80 (127.11.70.193:34467), 8b0e06cf05824df1aafbc6c4c92fea28 (127.11.70.195:39191)
I20260710 13:21:03.652814 12354 tablet_service.cc:1917] Received RequestConsensusVote() RPC: tablet_id: "534371aae17b4f61b51eb8ae3358afd1" candidate_uuid: "460a209f9e4e4d05897e4082924c56eb" candidate_term: 1 candidate_status { last_received { term: 0 index: 0 } } ignore_live_leader: false dest_uuid: "8b0e06cf05824df1aafbc6c4c92fea28"
I20260710 13:21:03.654663 12396 tablet_bootstrap.cc:492] T d7dca000139a4c9c8edcf91f9b6a919c P 460a209f9e4e4d05897e4082924c56eb: Bootstrap starting.
I20260710 13:21:03.654812 12354 raft_consensus.cc:3060] T 534371aae17b4f61b51eb8ae3358afd1 P 8b0e06cf05824df1aafbc6c4c92fea28 [term 0 FOLLOWER]: Advancing to term 1
I20260710 13:21:03.659180 12205 raft_consensus.cc:2468] T 534371aae17b4f61b51eb8ae3358afd1 P ebe03c60f0894829939abceeb1186b80 [term 1 FOLLOWER]: Leader election vote request: Granting yes vote for candidate 460a209f9e4e4d05897e4082924c56eb in term 1.
I20260710 13:21:03.660804 12244 leader_election.cc:304] T 534371aae17b4f61b51eb8ae3358afd1 P 460a209f9e4e4d05897e4082924c56eb [CANDIDATE]: Term 1 election: Election decided. Result: candidate won. Election summary: received 2 responses out of 3 voters: 2 yes votes; 0 no votes. yes voters: 460a209f9e4e4d05897e4082924c56eb, ebe03c60f0894829939abceeb1186b80; no voters: 
I20260710 13:21:03.661777 12396 tablet_bootstrap.cc:654] T d7dca000139a4c9c8edcf91f9b6a919c P 460a209f9e4e4d05897e4082924c56eb: Neither blocks nor log segments found. Creating new log.
I20260710 13:21:03.661969 12410 raft_consensus.cc:2804] T 534371aae17b4f61b51eb8ae3358afd1 P 460a209f9e4e4d05897e4082924c56eb [term 1 FOLLOWER]: Leader election won for term 1
I20260710 13:21:03.662447 12410 raft_consensus.cc:697] T 534371aae17b4f61b51eb8ae3358afd1 P 460a209f9e4e4d05897e4082924c56eb [term 1 LEADER]: Becoming Leader. State: Replica: 460a209f9e4e4d05897e4082924c56eb, State: Running, Role: LEADER
I20260710 13:21:03.662544 12354 raft_consensus.cc:2468] T 534371aae17b4f61b51eb8ae3358afd1 P 8b0e06cf05824df1aafbc6c4c92fea28 [term 1 FOLLOWER]: Leader election vote request: Granting yes vote for candidate 460a209f9e4e4d05897e4082924c56eb in term 1.
I20260710 13:21:03.663488 12410 consensus_queue.cc:237] T 534371aae17b4f61b51eb8ae3358afd1 P 460a209f9e4e4d05897e4082924c56eb [LEADER]: Queue going to LEADER mode. State: All replicated index: 0, Majority replicated index: 0, Committed index: 0, Last appended: 0.0, Last appended by leader: 0, Current term: 1, Majority size: 2, State: 0, Mode: LEADER, active raft config: opid_index: -1 OBSOLETE_local: false peers { permanent_uuid: "ebe03c60f0894829939abceeb1186b80" member_type: VOTER last_known_addr { host: "127.11.70.193" port: 34467 } } peers { permanent_uuid: "460a209f9e4e4d05897e4082924c56eb" member_type: VOTER last_known_addr { host: "127.11.70.194" port: 37135 } } peers { permanent_uuid: "8b0e06cf05824df1aafbc6c4c92fea28" member_type: VOTER last_known_addr { host: "127.11.70.195" port: 39191 } }
I20260710 13:21:03.666002 12394 tablet_bootstrap.cc:492] T d7dca000139a4c9c8edcf91f9b6a919c P ebe03c60f0894829939abceeb1186b80: No bootstrap required, opened a new log
I20260710 13:21:03.666460 12394 ts_tablet_manager.cc:1403] T d7dca000139a4c9c8edcf91f9b6a919c P ebe03c60f0894829939abceeb1186b80: Time spent bootstrapping tablet: real 0.053s	user 0.015s	sys 0.005s
I20260710 13:21:03.667371 12402 raft_consensus.cc:493] T 5e6e0a79cfa94bce9ebcb21275b7ac7e P 460a209f9e4e4d05897e4082924c56eb [term 0 FOLLOWER]: Starting pre-election (no leader contacted us within the election timeout)
I20260710 13:21:03.652015 12397 raft_consensus.cc:359] T c3cc8ed50ee3403e98c2051718bf1f07 P 8b0e06cf05824df1aafbc6c4c92fea28 [term 0 FOLLOWER]: Replica starting. Triggering 0 pending ops. Active config: opid_index: -1 OBSOLETE_local: false peers { permanent_uuid: "ebe03c60f0894829939abceeb1186b80" member_type: VOTER last_known_addr { host: "127.11.70.193" port: 34467 } } peers { permanent_uuid: "460a209f9e4e4d05897e4082924c56eb" member_type: VOTER last_known_addr { host: "127.11.70.194" port: 37135 } } peers { permanent_uuid: "8b0e06cf05824df1aafbc6c4c92fea28" member_type: VOTER last_known_addr { host: "127.11.70.195" port: 39191 } }
I20260710 13:21:03.667836 12402 raft_consensus.cc:515] T 5e6e0a79cfa94bce9ebcb21275b7ac7e P 460a209f9e4e4d05897e4082924c56eb [term 0 FOLLOWER]: Starting pre-election with config: opid_index: -1 OBSOLETE_local: false peers { permanent_uuid: "ebe03c60f0894829939abceeb1186b80" member_type: VOTER last_known_addr { host: "127.11.70.193" port: 34467 } } peers { permanent_uuid: "460a209f9e4e4d05897e4082924c56eb" member_type: VOTER last_known_addr { host: "127.11.70.194" port: 37135 } } peers { permanent_uuid: "8b0e06cf05824df1aafbc6c4c92fea28" member_type: VOTER last_known_addr { host: "127.11.70.195" port: 39191 } }
I20260710 13:21:03.668659 12397 raft_consensus.cc:385] T c3cc8ed50ee3403e98c2051718bf1f07 P 8b0e06cf05824df1aafbc6c4c92fea28 [term 0 FOLLOWER]: Consensus starting up: Expiring failure detector timer to make a prompt election more likely
I20260710 13:21:03.669188 12397 raft_consensus.cc:740] T c3cc8ed50ee3403e98c2051718bf1f07 P 8b0e06cf05824df1aafbc6c4c92fea28 [term 0 FOLLOWER]: Becoming Follower/Learner. State: Replica: 8b0e06cf05824df1aafbc6c4c92fea28, State: Initialized, Role: FOLLOWER
I20260710 13:21:03.669356 12394 raft_consensus.cc:359] T d7dca000139a4c9c8edcf91f9b6a919c P ebe03c60f0894829939abceeb1186b80 [term 0 FOLLOWER]: Replica starting. Triggering 0 pending ops. Active config: opid_index: -1 OBSOLETE_local: false peers { permanent_uuid: "ebe03c60f0894829939abceeb1186b80" member_type: VOTER last_known_addr { host: "127.11.70.193" port: 34467 } } peers { permanent_uuid: "460a209f9e4e4d05897e4082924c56eb" member_type: VOTER last_known_addr { host: "127.11.70.194" port: 37135 } } peers { permanent_uuid: "8b0e06cf05824df1aafbc6c4c92fea28" member_type: VOTER last_known_addr { host: "127.11.70.195" port: 39191 } }
I20260710 13:21:03.670392 12402 leader_election.cc:290] T 5e6e0a79cfa94bce9ebcb21275b7ac7e P 460a209f9e4e4d05897e4082924c56eb [CANDIDATE]: Term 1 pre-election: Requested pre-vote from peers ebe03c60f0894829939abceeb1186b80 (127.11.70.193:34467), 8b0e06cf05824df1aafbc6c4c92fea28 (127.11.70.195:39191)
I20260710 13:21:03.670222 12397 consensus_queue.cc:260] T c3cc8ed50ee3403e98c2051718bf1f07 P 8b0e06cf05824df1aafbc6c4c92fea28 [NON_LEADER]: Queue going to NON_LEADER mode. State: All replicated index: 0, Majority replicated index: 0, Committed index: 0, Last appended: 0.0, Last appended by leader: 0, Current term: 0, Majority size: -1, State: 0, Mode: NON_LEADER, active raft config: opid_index: -1 OBSOLETE_local: false peers { permanent_uuid: "ebe03c60f0894829939abceeb1186b80" member_type: VOTER last_known_addr { host: "127.11.70.193" port: 34467 } } peers { permanent_uuid: "460a209f9e4e4d05897e4082924c56eb" member_type: VOTER last_known_addr { host: "127.11.70.194" port: 37135 } } peers { permanent_uuid: "8b0e06cf05824df1aafbc6c4c92fea28" member_type: VOTER last_known_addr { host: "127.11.70.195" port: 39191 } }
I20260710 13:21:03.671626 12354 tablet_service.cc:1917] Received RequestConsensusVote() RPC: tablet_id: "5e6e0a79cfa94bce9ebcb21275b7ac7e" candidate_uuid: "460a209f9e4e4d05897e4082924c56eb" candidate_term: 1 candidate_status { last_received { term: 0 index: 0 } } ignore_live_leader: false dest_uuid: "8b0e06cf05824df1aafbc6c4c92fea28" is_pre_election: true
I20260710 13:21:03.672255 12205 tablet_service.cc:1917] Received RequestConsensusVote() RPC: tablet_id: "5e6e0a79cfa94bce9ebcb21275b7ac7e" candidate_uuid: "460a209f9e4e4d05897e4082924c56eb" candidate_term: 1 candidate_status { last_received { term: 0 index: 0 } } ignore_live_leader: false dest_uuid: "ebe03c60f0894829939abceeb1186b80" is_pre_election: true
I20260710 13:21:03.673032 12205 raft_consensus.cc:2468] T 5e6e0a79cfa94bce9ebcb21275b7ac7e P ebe03c60f0894829939abceeb1186b80 [term 0 FOLLOWER]: Leader pre-election vote request: Granting yes vote for candidate 460a209f9e4e4d05897e4082924c56eb in term 0.
W20260710 13:21:03.674439 12243 leader_election.cc:343] T 5e6e0a79cfa94bce9ebcb21275b7ac7e P 460a209f9e4e4d05897e4082924c56eb [CANDIDATE]: Term 1 pre-election: Tablet error from VoteRequest() call to peer 8b0e06cf05824df1aafbc6c4c92fea28 (127.11.70.195:39191): Illegal state: must be running to vote when last-logged opid is not known
I20260710 13:21:03.670277 12394 raft_consensus.cc:385] T d7dca000139a4c9c8edcf91f9b6a919c P ebe03c60f0894829939abceeb1186b80 [term 0 FOLLOWER]: Consensus starting up: Expiring failure detector timer to make a prompt election more likely
I20260710 13:21:03.675055 12244 leader_election.cc:304] T 5e6e0a79cfa94bce9ebcb21275b7ac7e P 460a209f9e4e4d05897e4082924c56eb [CANDIDATE]: Term 1 pre-election: Election decided. Result: candidate won. Election summary: received 3 responses out of 3 voters: 2 yes votes; 1 no votes. yes voters: 460a209f9e4e4d05897e4082924c56eb, ebe03c60f0894829939abceeb1186b80; no voters: 8b0e06cf05824df1aafbc6c4c92fea28
I20260710 13:21:03.675640 12394 raft_consensus.cc:740] T d7dca000139a4c9c8edcf91f9b6a919c P ebe03c60f0894829939abceeb1186b80 [term 0 FOLLOWER]: Becoming Follower/Learner. State: Replica: ebe03c60f0894829939abceeb1186b80, State: Initialized, Role: FOLLOWER
I20260710 13:21:03.676230 12402 raft_consensus.cc:2804] T 5e6e0a79cfa94bce9ebcb21275b7ac7e P 460a209f9e4e4d05897e4082924c56eb [term 0 FOLLOWER]: Leader pre-election won for term 1
I20260710 13:21:03.676632 12402 raft_consensus.cc:493] T 5e6e0a79cfa94bce9ebcb21275b7ac7e P 460a209f9e4e4d05897e4082924c56eb [term 0 FOLLOWER]: Starting leader election (no leader contacted us within the election timeout)
I20260710 13:21:03.677114 12402 raft_consensus.cc:3060] T 5e6e0a79cfa94bce9ebcb21275b7ac7e P 460a209f9e4e4d05897e4082924c56eb [term 0 FOLLOWER]: Advancing to term 1
I20260710 13:21:03.676752 12394 consensus_queue.cc:260] T d7dca000139a4c9c8edcf91f9b6a919c P ebe03c60f0894829939abceeb1186b80 [NON_LEADER]: Queue going to NON_LEADER mode. State: All replicated index: 0, Majority replicated index: 0, Committed index: 0, Last appended: 0.0, Last appended by leader: 0, Current term: 0, Majority size: -1, State: 0, Mode: NON_LEADER, active raft config: opid_index: -1 OBSOLETE_local: false peers { permanent_uuid: "ebe03c60f0894829939abceeb1186b80" member_type: VOTER last_known_addr { host: "127.11.70.193" port: 34467 } } peers { permanent_uuid: "460a209f9e4e4d05897e4082924c56eb" member_type: VOTER last_known_addr { host: "127.11.70.194" port: 37135 } } peers { permanent_uuid: "8b0e06cf05824df1aafbc6c4c92fea28" member_type: VOTER last_known_addr { host: "127.11.70.195" port: 39191 } }
W20260710 13:21:03.684259 12151 auto_rebalancer.cc:288] Could not retrieve cluster info: Service unavailable: Tablet not running
I20260710 13:21:03.684537 12402 raft_consensus.cc:515] T 5e6e0a79cfa94bce9ebcb21275b7ac7e P 460a209f9e4e4d05897e4082924c56eb [term 1 FOLLOWER]: Starting leader election with config: opid_index: -1 OBSOLETE_local: false peers { permanent_uuid: "ebe03c60f0894829939abceeb1186b80" member_type: VOTER last_known_addr { host: "127.11.70.193" port: 34467 } } peers { permanent_uuid: "460a209f9e4e4d05897e4082924c56eb" member_type: VOTER last_known_addr { host: "127.11.70.194" port: 37135 } } peers { permanent_uuid: "8b0e06cf05824df1aafbc6c4c92fea28" member_type: VOTER last_known_addr { host: "127.11.70.195" port: 39191 } }
I20260710 13:21:03.687963 12402 leader_election.cc:290] T 5e6e0a79cfa94bce9ebcb21275b7ac7e P 460a209f9e4e4d05897e4082924c56eb [CANDIDATE]: Term 1 election: Requested vote from peers ebe03c60f0894829939abceeb1186b80 (127.11.70.193:34467), 8b0e06cf05824df1aafbc6c4c92fea28 (127.11.70.195:39191)
I20260710 13:21:03.688179 12354 tablet_service.cc:1917] Received RequestConsensusVote() RPC: tablet_id: "5e6e0a79cfa94bce9ebcb21275b7ac7e" candidate_uuid: "460a209f9e4e4d05897e4082924c56eb" candidate_term: 1 candidate_status { last_received { term: 0 index: 0 } } ignore_live_leader: false dest_uuid: "8b0e06cf05824df1aafbc6c4c92fea28"
I20260710 13:21:03.684188 12101 catalog_manager.cc:5697] T 534371aae17b4f61b51eb8ae3358afd1 P 460a209f9e4e4d05897e4082924c56eb reported cstate change: term changed from 0 to 1, leader changed from <none> to 460a209f9e4e4d05897e4082924c56eb (127.11.70.194). New cstate: current_term: 1 leader_uuid: "460a209f9e4e4d05897e4082924c56eb" committed_config { opid_index: -1 OBSOLETE_local: false peers { permanent_uuid: "ebe03c60f0894829939abceeb1186b80" member_type: VOTER last_known_addr { host: "127.11.70.193" port: 34467 } health_report { overall_health: UNKNOWN } } peers { permanent_uuid: "460a209f9e4e4d05897e4082924c56eb" member_type: VOTER last_known_addr { host: "127.11.70.194" port: 37135 } health_report { overall_health: HEALTHY } } peers { permanent_uuid: "8b0e06cf05824df1aafbc6c4c92fea28" member_type: VOTER last_known_addr { host: "127.11.70.195" port: 39191 } health_report { overall_health: UNKNOWN } } }
I20260710 13:21:03.688700 12205 tablet_service.cc:1917] Received RequestConsensusVote() RPC: tablet_id: "5e6e0a79cfa94bce9ebcb21275b7ac7e" candidate_uuid: "460a209f9e4e4d05897e4082924c56eb" candidate_term: 1 candidate_status { last_received { term: 0 index: 0 } } ignore_live_leader: false dest_uuid: "ebe03c60f0894829939abceeb1186b80"
W20260710 13:21:03.689474 12243 leader_election.cc:343] T 5e6e0a79cfa94bce9ebcb21275b7ac7e P 460a209f9e4e4d05897e4082924c56eb [CANDIDATE]: Term 1 election: Tablet error from VoteRequest() call to peer 8b0e06cf05824df1aafbc6c4c92fea28 (127.11.70.195:39191): Illegal state: must be running to vote when last-logged opid is not known
I20260710 13:21:03.689611 12205 raft_consensus.cc:3060] T 5e6e0a79cfa94bce9ebcb21275b7ac7e P ebe03c60f0894829939abceeb1186b80 [term 0 FOLLOWER]: Advancing to term 1
I20260710 13:21:03.690526 12394 ts_tablet_manager.cc:1434] T d7dca000139a4c9c8edcf91f9b6a919c P ebe03c60f0894829939abceeb1186b80: Time spent starting tablet: real 0.024s	user 0.005s	sys 0.002s
I20260710 13:21:03.691474 12394 tablet_bootstrap.cc:492] T b2ee942bec82417f9580047159a2a87c P ebe03c60f0894829939abceeb1186b80: Bootstrap starting.
I20260710 13:21:03.696564 12397 ts_tablet_manager.cc:1434] T c3cc8ed50ee3403e98c2051718bf1f07 P 8b0e06cf05824df1aafbc6c4c92fea28: Time spent starting tablet: real 0.047s	user 0.004s	sys 0.003s
I20260710 13:21:03.697669 12397 tablet_bootstrap.cc:492] T 2ee2597677b1478fb33ac176cac3ad3a P 8b0e06cf05824df1aafbc6c4c92fea28: Bootstrap starting.
I20260710 13:21:03.699656 12205 raft_consensus.cc:2468] T 5e6e0a79cfa94bce9ebcb21275b7ac7e P ebe03c60f0894829939abceeb1186b80 [term 1 FOLLOWER]: Leader election vote request: Granting yes vote for candidate 460a209f9e4e4d05897e4082924c56eb in term 1.
I20260710 13:21:03.701107 12244 leader_election.cc:304] T 5e6e0a79cfa94bce9ebcb21275b7ac7e P 460a209f9e4e4d05897e4082924c56eb [CANDIDATE]: Term 1 election: Election decided. Result: candidate won. Election summary: received 3 responses out of 3 voters: 2 yes votes; 1 no votes. yes voters: 460a209f9e4e4d05897e4082924c56eb, ebe03c60f0894829939abceeb1186b80; no voters: 8b0e06cf05824df1aafbc6c4c92fea28
I20260710 13:21:03.702392 12402 raft_consensus.cc:2804] T 5e6e0a79cfa94bce9ebcb21275b7ac7e P 460a209f9e4e4d05897e4082924c56eb [term 1 FOLLOWER]: Leader election won for term 1
I20260710 13:21:03.702854 12402 raft_consensus.cc:697] T 5e6e0a79cfa94bce9ebcb21275b7ac7e P 460a209f9e4e4d05897e4082924c56eb [term 1 LEADER]: Becoming Leader. State: Replica: 460a209f9e4e4d05897e4082924c56eb, State: Running, Role: LEADER
I20260710 13:21:03.704083 12397 tablet_bootstrap.cc:654] T 2ee2597677b1478fb33ac176cac3ad3a P 8b0e06cf05824df1aafbc6c4c92fea28: Neither blocks nor log segments found. Creating new log.
