I20260710 13:21:01.837571 17168 raft_consensus.cc:1275] T 4e642bd93c94431e967b93c582e474de P 3d0e101a9ec14ad7b6106515ef506d88 [term 2 FOLLOWER]: Refusing update from remote peer 569c9093285445d392823f52353c7917: Log matching property violated. Preceding OpId in replica: term: 1 index: 1. Preceding OpId from leader: term: 2 index: 2. (index mismatch)
I20260710 13:21:01.838810 17378 consensus_queue.cc:1048] T 4e642bd93c94431e967b93c582e474de P 569c9093285445d392823f52353c7917 [LEADER]: Connected to new peer: Peer: permanent_uuid: "3d0e101a9ec14ad7b6106515ef506d88" member_type: VOTER last_known_addr { host: "127.16.18.66" port: 35573 }, Status: LMP_MISMATCH, Last received: 0.0, Next index: 2, Last known committed idx: 1, Time since last communication: 0.000s
I20260710 13:21:01.846128 17243 raft_consensus.cc:1275] T 4e642bd93c94431e967b93c582e474de P a7d0fc6ba0b24d82830b3e38e53f6590 [term 2 FOLLOWER]: Refusing update from remote peer 569c9093285445d392823f52353c7917: Log matching property violated. Preceding OpId in replica: term: 1 index: 1. Preceding OpId from leader: term: 2 index: 2. (index mismatch)
I20260710 13:21:01.847868 17321 consensus_queue.cc:1048] T 4e642bd93c94431e967b93c582e474de P 569c9093285445d392823f52353c7917 [LEADER]: Connected to new peer: Peer: permanent_uuid: "a7d0fc6ba0b24d82830b3e38e53f6590" member_type: VOTER last_known_addr { host: "127.16.18.67" port: 45015 }, Status: LMP_MISMATCH, Last received: 0.0, Next index: 2, Last known committed idx: 1, Time since last communication: 0.000s
I20260710 13:21:01.955864 17243 raft_consensus.cc:1275] T aab1c7e727814454aaa9af2ac18be1f6 P a7d0fc6ba0b24d82830b3e38e53f6590 [term 2 FOLLOWER]: Refusing update from remote peer 3d0e101a9ec14ad7b6106515ef506d88: Log matching property violated. Preceding OpId in replica: term: 1 index: 1. Preceding OpId from leader: term: 2 index: 2. (index mismatch)
I20260710 13:21:01.957094 17377 consensus_queue.cc:1048] T aab1c7e727814454aaa9af2ac18be1f6 P 3d0e101a9ec14ad7b6106515ef506d88 [LEADER]: Connected to new peer: Peer: permanent_uuid: "a7d0fc6ba0b24d82830b3e38e53f6590" member_type: VOTER last_known_addr { host: "127.16.18.67" port: 45015 }, Status: LMP_MISMATCH, Last received: 0.0, Next index: 2, Last known committed idx: 1, Time since last communication: 0.000s
I20260710 13:21:01.964463 17092 raft_consensus.cc:1275] T aab1c7e727814454aaa9af2ac18be1f6 P 569c9093285445d392823f52353c7917 [term 2 FOLLOWER]: Refusing update from remote peer 3d0e101a9ec14ad7b6106515ef506d88: Log matching property violated. Preceding OpId in replica: term: 1 index: 1. Preceding OpId from leader: term: 2 index: 2. (index mismatch)
I20260710 13:21:01.966626 17377 consensus_queue.cc:1048] T aab1c7e727814454aaa9af2ac18be1f6 P 3d0e101a9ec14ad7b6106515ef506d88 [LEADER]: Connected to new peer: Peer: permanent_uuid: "569c9093285445d392823f52353c7917" member_type: VOTER last_known_addr { host: "127.16.18.65" port: 38833 }, Status: LMP_MISMATCH, Last received: 0.0, Next index: 2, Last known committed idx: 1, Time since last communication: 0.000s
I20260710 13:21:04.037322 16457 auto_leader_rebalancer-test.cc:348] The leader distribution is 
I20260710 13:21:04.038043 16457 auto_leader_rebalancer.cc:141] leader rebalance for table test-workload
I20260710 13:21:04.053272 17092 tablet_service.cc:2072] Received LeaderStepDown RPC: tablet_id: "14fe2011518d4d6dada9b142a12dbfde"
dest_uuid: "569c9093285445d392823f52353c7917"
mode: GRACEFUL
new_leader_uuid: "a7d0fc6ba0b24d82830b3e38e53f6590"
 from {username='slave'} at 127.0.0.1:36470
I20260710 13:21:04.053785 17092 raft_consensus.cc:606] T 14fe2011518d4d6dada9b142a12dbfde P 569c9093285445d392823f52353c7917 [term 1 LEADER]: Received request to transfer leadership to TS a7d0fc6ba0b24d82830b3e38e53f6590
I20260710 13:21:04.056169 17092 tablet_service.cc:2072] Received LeaderStepDown RPC: tablet_id: "ba31fd68e25f4df186d839083f080b5a"
dest_uuid: "569c9093285445d392823f52353c7917"
mode: GRACEFUL
new_leader_uuid: "a7d0fc6ba0b24d82830b3e38e53f6590"
 from {username='slave'} at 127.0.0.1:36470
I20260710 13:21:04.056612 17092 raft_consensus.cc:606] T ba31fd68e25f4df186d839083f080b5a P 569c9093285445d392823f52353c7917 [term 1 LEADER]: Received request to transfer leadership to TS a7d0fc6ba0b24d82830b3e38e53f6590
I20260710 13:21:04.057564 16457 auto_leader_rebalancer.cc:479] table: test-workload, leader rebalance finish, leader transfer count: 2
I20260710 13:21:04.057973 16457 auto_leader_rebalancer.cc:554] All tables' leader rebalancing finished this round
I20260710 13:21:04.325304 17382 raft_consensus.cc:993] T ba31fd68e25f4df186d839083f080b5a P 569c9093285445d392823f52353c7917: : Instructing follower a7d0fc6ba0b24d82830b3e38e53f6590 to start an election
I20260710 13:21:04.325757 17386 raft_consensus.cc:1081] T ba31fd68e25f4df186d839083f080b5a P 569c9093285445d392823f52353c7917 [term 1 LEADER]: Signalling peer a7d0fc6ba0b24d82830b3e38e53f6590 to start an election
I20260710 13:21:04.327255 17239 tablet_service.cc:2044] Received Run Leader Election RPC: tablet_id: "ba31fd68e25f4df186d839083f080b5a"
dest_uuid: "a7d0fc6ba0b24d82830b3e38e53f6590"
 from {username='slave'} at 127.0.0.1:43220
I20260710 13:21:04.327855 17239 raft_consensus.cc:493] T ba31fd68e25f4df186d839083f080b5a P a7d0fc6ba0b24d82830b3e38e53f6590 [term 1 FOLLOWER]: Starting forced leader election (received explicit request)
I20260710 13:21:04.328224 17239 raft_consensus.cc:3060] T ba31fd68e25f4df186d839083f080b5a P a7d0fc6ba0b24d82830b3e38e53f6590 [term 1 FOLLOWER]: Advancing to term 2
I20260710 13:21:04.332973 17239 raft_consensus.cc:515] T ba31fd68e25f4df186d839083f080b5a P a7d0fc6ba0b24d82830b3e38e53f6590 [term 2 FOLLOWER]: Starting forced leader election with config: opid_index: -1 OBSOLETE_local: false peers { permanent_uuid: "569c9093285445d392823f52353c7917" member_type: VOTER last_known_addr { host: "127.16.18.65" port: 38833 } } peers { permanent_uuid: "a7d0fc6ba0b24d82830b3e38e53f6590" member_type: VOTER last_known_addr { host: "127.16.18.67" port: 45015 } } peers { permanent_uuid: "3d0e101a9ec14ad7b6106515ef506d88" member_type: VOTER last_known_addr { host: "127.16.18.66" port: 35573 } }
I20260710 13:21:04.334640 17239 leader_election.cc:290] T ba31fd68e25f4df186d839083f080b5a P a7d0fc6ba0b24d82830b3e38e53f6590 [CANDIDATE]: Term 2 election: Requested vote from peers 569c9093285445d392823f52353c7917 (127.16.18.65:38833), 3d0e101a9ec14ad7b6106515ef506d88 (127.16.18.66:35573)
I20260710 13:21:04.335621 17092 tablet_service.cc:1917] Received RequestConsensusVote() RPC: tablet_id: "ba31fd68e25f4df186d839083f080b5a" candidate_uuid: "a7d0fc6ba0b24d82830b3e38e53f6590" candidate_term: 2 candidate_status { last_received { term: 1 index: 1 } } ignore_live_leader: true dest_uuid: "569c9093285445d392823f52353c7917"
I20260710 13:21:04.335757 17168 tablet_service.cc:1917] Received RequestConsensusVote() RPC: tablet_id: "ba31fd68e25f4df186d839083f080b5a" candidate_uuid: "a7d0fc6ba0b24d82830b3e38e53f6590" candidate_term: 2 candidate_status { last_received { term: 1 index: 1 } } ignore_live_leader: true dest_uuid: "3d0e101a9ec14ad7b6106515ef506d88"
I20260710 13:21:04.336299 17092 raft_consensus.cc:3055] T ba31fd68e25f4df186d839083f080b5a P 569c9093285445d392823f52353c7917 [term 1 LEADER]: Stepping down as leader of term 1
I20260710 13:21:04.336354 17168 raft_consensus.cc:3060] T ba31fd68e25f4df186d839083f080b5a P 3d0e101a9ec14ad7b6106515ef506d88 [term 1 FOLLOWER]: Advancing to term 2
I20260710 13:21:04.336771 17092 raft_consensus.cc:740] T ba31fd68e25f4df186d839083f080b5a P 569c9093285445d392823f52353c7917 [term 1 LEADER]: Becoming Follower/Learner. State: Replica: 569c9093285445d392823f52353c7917, State: Running, Role: LEADER
I20260710 13:21:04.337576 17092 consensus_queue.cc:260] T ba31fd68e25f4df186d839083f080b5a P 569c9093285445d392823f52353c7917 [NON_LEADER]: Queue going to NON_LEADER mode. State: All replicated index: 0, Majority replicated index: 1, Committed index: 1, Last appended: 1.1, Last appended by leader: 1, Current term: 1, Majority size: -1, State: 0, Mode: NON_LEADER, active raft config: opid_index: -1 OBSOLETE_local: false peers { permanent_uuid: "569c9093285445d392823f52353c7917" member_type: VOTER last_known_addr { host: "127.16.18.65" port: 38833 } } peers { permanent_uuid: "a7d0fc6ba0b24d82830b3e38e53f6590" member_type: VOTER last_known_addr { host: "127.16.18.67" port: 45015 } } peers { permanent_uuid: "3d0e101a9ec14ad7b6106515ef506d88" member_type: VOTER last_known_addr { host: "127.16.18.66" port: 35573 } }
I20260710 13:21:04.338750 17092 raft_consensus.cc:3060] T ba31fd68e25f4df186d839083f080b5a P 569c9093285445d392823f52353c7917 [term 1 FOLLOWER]: Advancing to term 2
I20260710 13:21:04.343349 17168 raft_consensus.cc:2468] T ba31fd68e25f4df186d839083f080b5a P 3d0e101a9ec14ad7b6106515ef506d88 [term 2 FOLLOWER]: Leader election vote request: Granting yes vote for candidate a7d0fc6ba0b24d82830b3e38e53f6590 in term 2.
I20260710 13:21:04.344655 17209 leader_election.cc:304] T ba31fd68e25f4df186d839083f080b5a P a7d0fc6ba0b24d82830b3e38e53f6590 [CANDIDATE]: Term 2 election: Election decided. Result: candidate won. Election summary: received 2 responses out of 3 voters: 2 yes votes; 0 no votes. yes voters: 3d0e101a9ec14ad7b6106515ef506d88, a7d0fc6ba0b24d82830b3e38e53f6590; no voters: 
I20260710 13:21:04.345465 17092 raft_consensus.cc:2468] T ba31fd68e25f4df186d839083f080b5a P 569c9093285445d392823f52353c7917 [term 2 FOLLOWER]: Leader election vote request: Granting yes vote for candidate a7d0fc6ba0b24d82830b3e38e53f6590 in term 2.
I20260710 13:21:04.345458 17379 raft_consensus.cc:2804] T ba31fd68e25f4df186d839083f080b5a P a7d0fc6ba0b24d82830b3e38e53f6590 [term 2 FOLLOWER]: Leader election won for term 2
I20260710 13:21:04.347149 17379 raft_consensus.cc:697] T ba31fd68e25f4df186d839083f080b5a P a7d0fc6ba0b24d82830b3e38e53f6590 [term 2 LEADER]: Becoming Leader. State: Replica: a7d0fc6ba0b24d82830b3e38e53f6590, State: Running, Role: LEADER
I20260710 13:21:04.348124 17379 consensus_queue.cc:237] T ba31fd68e25f4df186d839083f080b5a P a7d0fc6ba0b24d82830b3e38e53f6590 [LEADER]: Queue going to LEADER mode. State: All replicated index: 0, Majority replicated index: 1, Committed index: 1, Last appended: 1.1, Last appended by leader: 1, Current term: 2, Majority size: 2, State: 0, Mode: LEADER, active raft config: opid_index: -1 OBSOLETE_local: false peers { permanent_uuid: "569c9093285445d392823f52353c7917" member_type: VOTER last_known_addr { host: "127.16.18.65" port: 38833 } } peers { permanent_uuid: "a7d0fc6ba0b24d82830b3e38e53f6590" member_type: VOTER last_known_addr { host: "127.16.18.67" port: 45015 } } peers { permanent_uuid: "3d0e101a9ec14ad7b6106515ef506d88" member_type: VOTER last_known_addr { host: "127.16.18.66" port: 35573 } }
I20260710 13:21:04.355871 16989 catalog_manager.cc:5697] T ba31fd68e25f4df186d839083f080b5a P a7d0fc6ba0b24d82830b3e38e53f6590 reported cstate change: term changed from 1 to 2, leader changed from 569c9093285445d392823f52353c7917 (127.16.18.65) to a7d0fc6ba0b24d82830b3e38e53f6590 (127.16.18.67). New cstate: current_term: 2 leader_uuid: "a7d0fc6ba0b24d82830b3e38e53f6590" committed_config { opid_index: -1 OBSOLETE_local: false peers { permanent_uuid: "569c9093285445d392823f52353c7917" member_type: VOTER last_known_addr { host: "127.16.18.65" port: 38833 } health_report { overall_health: UNKNOWN } } peers { permanent_uuid: "a7d0fc6ba0b24d82830b3e38e53f6590" member_type: VOTER last_known_addr { host: "127.16.18.67" port: 45015 } health_report { overall_health: HEALTHY } } peers { permanent_uuid: "3d0e101a9ec14ad7b6106515ef506d88" member_type: VOTER last_known_addr { host: "127.16.18.66" port: 35573 } health_report { overall_health: UNKNOWN } } }
I20260710 13:21:04.365677 17382 raft_consensus.cc:993] T 14fe2011518d4d6dada9b142a12dbfde P 569c9093285445d392823f52353c7917: : Instructing follower a7d0fc6ba0b24d82830b3e38e53f6590 to start an election
I20260710 13:21:04.366178 17386 raft_consensus.cc:1081] T 14fe2011518d4d6dada9b142a12dbfde P 569c9093285445d392823f52353c7917 [term 1 LEADER]: Signalling peer a7d0fc6ba0b24d82830b3e38e53f6590 to start an election
I20260710 13:21:04.367586 17239 tablet_service.cc:2044] Received Run Leader Election RPC: tablet_id: "14fe2011518d4d6dada9b142a12dbfde"
dest_uuid: "a7d0fc6ba0b24d82830b3e38e53f6590"
 from {username='slave'} at 127.0.0.1:43220
I20260710 13:21:04.368108 17239 raft_consensus.cc:493] T 14fe2011518d4d6dada9b142a12dbfde P a7d0fc6ba0b24d82830b3e38e53f6590 [term 1 FOLLOWER]: Starting forced leader election (received explicit request)
I20260710 13:21:04.368448 17239 raft_consensus.cc:3060] T 14fe2011518d4d6dada9b142a12dbfde P a7d0fc6ba0b24d82830b3e38e53f6590 [term 1 FOLLOWER]: Advancing to term 2
I20260710 13:21:04.374590 17239 raft_consensus.cc:515] T 14fe2011518d4d6dada9b142a12dbfde P a7d0fc6ba0b24d82830b3e38e53f6590 [term 2 FOLLOWER]: Starting forced leader election with config: opid_index: -1 OBSOLETE_local: false peers { permanent_uuid: "569c9093285445d392823f52353c7917" member_type: VOTER last_known_addr { host: "127.16.18.65" port: 38833 } } peers { permanent_uuid: "3d0e101a9ec14ad7b6106515ef506d88" member_type: VOTER last_known_addr { host: "127.16.18.66" port: 35573 } } peers { permanent_uuid: "a7d0fc6ba0b24d82830b3e38e53f6590" member_type: VOTER last_known_addr { host: "127.16.18.67" port: 45015 } }
I20260710 13:21:04.376437 17239 leader_election.cc:290] T 14fe2011518d4d6dada9b142a12dbfde P a7d0fc6ba0b24d82830b3e38e53f6590 [CANDIDATE]: Term 2 election: Requested vote from peers 569c9093285445d392823f52353c7917 (127.16.18.65:38833), 3d0e101a9ec14ad7b6106515ef506d88 (127.16.18.66:35573)
I20260710 13:21:04.377158 17092 tablet_service.cc:1917] Received RequestConsensusVote() RPC: tablet_id: "14fe2011518d4d6dada9b142a12dbfde" candidate_uuid: "a7d0fc6ba0b24d82830b3e38e53f6590" candidate_term: 2 candidate_status { last_received { term: 1 index: 1 } } ignore_live_leader: true dest_uuid: "569c9093285445d392823f52353c7917"
I20260710 13:21:04.377578 17168 tablet_service.cc:1917] Received RequestConsensusVote() RPC: tablet_id: "14fe2011518d4d6dada9b142a12dbfde" candidate_uuid: "a7d0fc6ba0b24d82830b3e38e53f6590" candidate_term: 2 candidate_status { last_received { term: 1 index: 1 } } ignore_live_leader: true dest_uuid: "3d0e101a9ec14ad7b6106515ef506d88"
I20260710 13:21:04.377735 17092 raft_consensus.cc:3055] T 14fe2011518d4d6dada9b142a12dbfde P 569c9093285445d392823f52353c7917 [term 1 LEADER]: Stepping down as leader of term 1
I20260710 13:21:04.378072 17092 raft_consensus.cc:740] T 14fe2011518d4d6dada9b142a12dbfde P 569c9093285445d392823f52353c7917 [term 1 LEADER]: Becoming Follower/Learner. State: Replica: 569c9093285445d392823f52353c7917, State: Running, Role: LEADER
I20260710 13:21:04.378115 17168 raft_consensus.cc:3060] T 14fe2011518d4d6dada9b142a12dbfde P 3d0e101a9ec14ad7b6106515ef506d88 [term 1 FOLLOWER]: Advancing to term 2
I20260710 13:21:04.379019 17092 consensus_queue.cc:260] T 14fe2011518d4d6dada9b142a12dbfde P 569c9093285445d392823f52353c7917 [NON_LEADER]: Queue going to NON_LEADER mode. State: All replicated index: 0, Majority replicated index: 1, Committed index: 1, Last appended: 1.1, Last appended by leader: 1, Current term: 1, Majority size: -1, State: 0, Mode: NON_LEADER, active raft config: opid_index: -1 OBSOLETE_local: false peers { permanent_uuid: "569c9093285445d392823f52353c7917" member_type: VOTER last_known_addr { host: "127.16.18.65" port: 38833 } } peers { permanent_uuid: "3d0e101a9ec14ad7b6106515ef506d88" member_type: VOTER last_known_addr { host: "127.16.18.66" port: 35573 } } peers { permanent_uuid: "a7d0fc6ba0b24d82830b3e38e53f6590" member_type: VOTER last_known_addr { host: "127.16.18.67" port: 45015 } }
I20260710 13:21:04.380210 17092 raft_consensus.cc:3060] T 14fe2011518d4d6dada9b142a12dbfde P 569c9093285445d392823f52353c7917 [term 1 FOLLOWER]: Advancing to term 2
I20260710 13:21:04.384927 17168 raft_consensus.cc:2468] T 14fe2011518d4d6dada9b142a12dbfde P 3d0e101a9ec14ad7b6106515ef506d88 [term 2 FOLLOWER]: Leader election vote request: Granting yes vote for candidate a7d0fc6ba0b24d82830b3e38e53f6590 in term 2.
I20260710 13:21:04.386142 17209 leader_election.cc:304] T 14fe2011518d4d6dada9b142a12dbfde P a7d0fc6ba0b24d82830b3e38e53f6590 [CANDIDATE]: Term 2 election: Election decided. Result: candidate won. Election summary: received 2 responses out of 3 voters: 2 yes votes; 0 no votes. yes voters: 3d0e101a9ec14ad7b6106515ef506d88, a7d0fc6ba0b24d82830b3e38e53f6590; no voters: 
I20260710 13:21:04.386777 17092 raft_consensus.cc:2468] T 14fe2011518d4d6dada9b142a12dbfde P 569c9093285445d392823f52353c7917 [term 2 FOLLOWER]: Leader election vote request: Granting yes vote for candidate a7d0fc6ba0b24d82830b3e38e53f6590 in term 2.
I20260710 13:21:04.386965 17379 raft_consensus.cc:2804] T 14fe2011518d4d6dada9b142a12dbfde P a7d0fc6ba0b24d82830b3e38e53f6590 [term 2 FOLLOWER]: Leader election won for term 2
I20260710 13:21:04.387521 17379 raft_consensus.cc:697] T 14fe2011518d4d6dada9b142a12dbfde P a7d0fc6ba0b24d82830b3e38e53f6590 [term 2 LEADER]: Becoming Leader. State: Replica: a7d0fc6ba0b24d82830b3e38e53f6590, State: Running, Role: LEADER
I20260710 13:21:04.388357 17379 consensus_queue.cc:237] T 14fe2011518d4d6dada9b142a12dbfde P a7d0fc6ba0b24d82830b3e38e53f6590 [LEADER]: Queue going to LEADER mode. State: All replicated index: 0, Majority replicated index: 1, Committed index: 1, Last appended: 1.1, Last appended by leader: 1, Current term: 2, Majority size: 2, State: 0, Mode: LEADER, active raft config: opid_index: -1 OBSOLETE_local: false peers { permanent_uuid: "569c9093285445d392823f52353c7917" member_type: VOTER last_known_addr { host: "127.16.18.65" port: 38833 } } peers { permanent_uuid: "3d0e101a9ec14ad7b6106515ef506d88" member_type: VOTER last_known_addr { host: "127.16.18.66" port: 35573 } } peers { permanent_uuid: "a7d0fc6ba0b24d82830b3e38e53f6590" member_type: VOTER last_known_addr { host: "127.16.18.67" port: 45015 } }
I20260710 13:21:04.394984 16989 catalog_manager.cc:5697] T 14fe2011518d4d6dada9b142a12dbfde P a7d0fc6ba0b24d82830b3e38e53f6590 reported cstate change: term changed from 1 to 2, leader changed from 569c9093285445d392823f52353c7917 (127.16.18.65) to a7d0fc6ba0b24d82830b3e38e53f6590 (127.16.18.67). New cstate: current_term: 2 leader_uuid: "a7d0fc6ba0b24d82830b3e38e53f6590" committed_config { opid_index: -1 OBSOLETE_local: false peers { permanent_uuid: "569c9093285445d392823f52353c7917" member_type: VOTER last_known_addr { host: "127.16.18.65" port: 38833 } health_report { overall_health: UNKNOWN } } peers { permanent_uuid: "3d0e101a9ec14ad7b6106515ef506d88" member_type: VOTER last_known_addr { host: "127.16.18.66" port: 35573 } health_report { overall_health: UNKNOWN } } peers { permanent_uuid: "a7d0fc6ba0b24d82830b3e38e53f6590" member_type: VOTER last_known_addr { host: "127.16.18.67" port: 45015 } health_report { overall_health: HEALTHY } } }
I20260710 13:21:04.828522 17168 raft_consensus.cc:1275] T ba31fd68e25f4df186d839083f080b5a P 3d0e101a9ec14ad7b6106515ef506d88 [term 2 FOLLOWER]: Refusing update from remote peer a7d0fc6ba0b24d82830b3e38e53f6590: Log matching property violated. Preceding OpId in replica: term: 1 index: 1. Preceding OpId from leader: term: 2 index: 2. (index mismatch)
I20260710 13:21:04.829838 17379 consensus_queue.cc:1048] T ba31fd68e25f4df186d839083f080b5a P a7d0fc6ba0b24d82830b3e38e53f6590 [LEADER]: Connected to new peer: Peer: permanent_uuid: "3d0e101a9ec14ad7b6106515ef506d88" member_type: VOTER last_known_addr { host: "127.16.18.66" port: 35573 }, Status: LMP_MISMATCH, Last received: 0.0, Next index: 2, Last known committed idx: 1, Time since last communication: 0.000s
I20260710 13:21:04.838624 17092 raft_consensus.cc:1275] T ba31fd68e25f4df186d839083f080b5a P 569c9093285445d392823f52353c7917 [term 2 FOLLOWER]: Refusing update from remote peer a7d0fc6ba0b24d82830b3e38e53f6590: Log matching property violated. Preceding OpId in replica: term: 1 index: 1. Preceding OpId from leader: term: 2 index: 2. (index mismatch)
I20260710 13:21:04.840132 17379 consensus_queue.cc:1048] T ba31fd68e25f4df186d839083f080b5a P a7d0fc6ba0b24d82830b3e38e53f6590 [LEADER]: Connected to new peer: Peer: permanent_uuid: "569c9093285445d392823f52353c7917" member_type: VOTER last_known_addr { host: "127.16.18.65" port: 38833 }, Status: LMP_MISMATCH, Last received: 0.0, Next index: 2, Last known committed idx: 1, Time since last communication: 0.000s
I20260710 13:21:04.852836 17092 raft_consensus.cc:1275] T 14fe2011518d4d6dada9b142a12dbfde P 569c9093285445d392823f52353c7917 [term 2 FOLLOWER]: Refusing update from remote peer a7d0fc6ba0b24d82830b3e38e53f6590: Log matching property violated. Preceding OpId in replica: term: 1 index: 1. Preceding OpId from leader: term: 2 index: 2. (index mismatch)
I20260710 13:21:04.855016 17379 consensus_queue.cc:1048] T 14fe2011518d4d6dada9b142a12dbfde P a7d0fc6ba0b24d82830b3e38e53f6590 [LEADER]: Connected to new peer: Peer: permanent_uuid: "569c9093285445d392823f52353c7917" member_type: VOTER last_known_addr { host: "127.16.18.65" port: 38833 }, Status: LMP_MISMATCH, Last received: 0.0, Next index: 2, Last known committed idx: 1, Time since last communication: 0.000s
I20260710 13:21:04.865494 17168 raft_consensus.cc:1275] T 14fe2011518d4d6dada9b142a12dbfde P 3d0e101a9ec14ad7b6106515ef506d88 [term 2 FOLLOWER]: Refusing update from remote peer a7d0fc6ba0b24d82830b3e38e53f6590: Log matching property violated. Preceding OpId in replica: term: 1 index: 1. Preceding OpId from leader: term: 2 index: 2. (index mismatch)
I20260710 13:21:04.867528 17387 consensus_queue.cc:1048] T 14fe2011518d4d6dada9b142a12dbfde P a7d0fc6ba0b24d82830b3e38e53f6590 [LEADER]: Connected to new peer: Peer: permanent_uuid: "3d0e101a9ec14ad7b6106515ef506d88" member_type: VOTER last_known_addr { host: "127.16.18.66" port: 35573 }, Status: LMP_MISMATCH, Last received: 0.0, Next index: 2, Last known committed idx: 1, Time since last communication: 0.000s
I20260710 13:21:05.058781 16457 auto_leader_rebalancer.cc:141] leader rebalance for table test-workload
I20260710 13:21:05.069286 17239 tablet_service.cc:2072] Received LeaderStepDown RPC: tablet_id: "ba31fd68e25f4df186d839083f080b5a"
dest_uuid: "a7d0fc6ba0b24d82830b3e38e53f6590"
mode: GRACEFUL
new_leader_uuid: "569c9093285445d392823f52353c7917"
 from {username='slave'} at 127.0.0.1:43226
I20260710 13:21:05.069895 17239 raft_consensus.cc:606] T ba31fd68e25f4df186d839083f080b5a P a7d0fc6ba0b24d82830b3e38e53f6590 [term 2 LEADER]: Received request to transfer leadership to TS 569c9093285445d392823f52353c7917
I20260710 13:21:05.079716 17239 tablet_service.cc:2072] Received LeaderStepDown RPC: tablet_id: "14fe2011518d4d6dada9b142a12dbfde"
dest_uuid: "a7d0fc6ba0b24d82830b3e38e53f6590"
mode: GRACEFUL
new_leader_uuid: "569c9093285445d392823f52353c7917"
 from {username='slave'} at 127.0.0.1:43226
I20260710 13:21:05.080268 17239 raft_consensus.cc:606] T 14fe2011518d4d6dada9b142a12dbfde P a7d0fc6ba0b24d82830b3e38e53f6590 [term 2 LEADER]: Received request to transfer leadership to TS 569c9093285445d392823f52353c7917
I20260710 13:21:05.087134 17168 tablet_service.cc:2072] Received LeaderStepDown RPC: tablet_id: "aab1c7e727814454aaa9af2ac18be1f6"
dest_uuid: "3d0e101a9ec14ad7b6106515ef506d88"
mode: GRACEFUL
new_leader_uuid: "569c9093285445d392823f52353c7917"
 from {username='slave'} at 127.0.0.1:48424
I20260710 13:21:05.087688 17168 raft_consensus.cc:606] T aab1c7e727814454aaa9af2ac18be1f6 P 3d0e101a9ec14ad7b6106515ef506d88 [term 2 LEADER]: Received request to transfer leadership to TS 569c9093285445d392823f52353c7917
I20260710 13:21:05.092428 17167 tablet_service.cc:2072] Received LeaderStepDown RPC: tablet_id: "ebc952c707d343aba120897b9b174ffa"
dest_uuid: "3d0e101a9ec14ad7b6106515ef506d88"
mode: GRACEFUL
new_leader_uuid: "569c9093285445d392823f52353c7917"
 from {username='slave'} at 127.0.0.1:48424
I20260710 13:21:05.092988 17167 raft_consensus.cc:606] T ebc952c707d343aba120897b9b174ffa P 3d0e101a9ec14ad7b6106515ef506d88 [term 2 LEADER]: Received request to transfer leadership to TS 569c9093285445d392823f52353c7917
I20260710 13:21:05.098342 17167 tablet_service.cc:2072] Received LeaderStepDown RPC: tablet_id: "9a775c4063b84ce1a1a6034fe3d78230"
dest_uuid: "3d0e101a9ec14ad7b6106515ef506d88"
mode: GRACEFUL
new_leader_uuid: "569c9093285445d392823f52353c7917"
 from {username='slave'} at 127.0.0.1:48424
I20260710 13:21:05.098882 17167 raft_consensus.cc:606] T 9a775c4063b84ce1a1a6034fe3d78230 P 3d0e101a9ec14ad7b6106515ef506d88 [term 2 LEADER]: Received request to transfer leadership to TS 569c9093285445d392823f52353c7917
I20260710 13:21:05.109262 17403 raft_consensus.cc:993] T aab1c7e727814454aaa9af2ac18be1f6 P 3d0e101a9ec14ad7b6106515ef506d88: : Instructing follower 569c9093285445d392823f52353c7917 to start an election
I20260710 13:21:05.109755 17383 raft_consensus.cc:1081] T aab1c7e727814454aaa9af2ac18be1f6 P 3d0e101a9ec14ad7b6106515ef506d88 [term 2 LEADER]: Signalling peer 569c9093285445d392823f52353c7917 to start an election
I20260710 13:21:05.111227 17092 tablet_service.cc:2044] Received Run Leader Election RPC: tablet_id: "aab1c7e727814454aaa9af2ac18be1f6"
dest_uuid: "569c9093285445d392823f52353c7917"
 from {username='slave'} at 127.0.0.1:36450
I20260710 13:21:05.111670 17092 raft_consensus.cc:493] T aab1c7e727814454aaa9af2ac18be1f6 P 569c9093285445d392823f52353c7917 [term 2 FOLLOWER]: Starting forced leader election (received explicit request)
I20260710 13:21:05.111995 17092 raft_consensus.cc:3060] T aab1c7e727814454aaa9af2ac18be1f6 P 569c9093285445d392823f52353c7917 [term 2 FOLLOWER]: Advancing to term 3
I20260710 13:21:05.116732 17092 raft_consensus.cc:515] T aab1c7e727814454aaa9af2ac18be1f6 P 569c9093285445d392823f52353c7917 [term 3 FOLLOWER]: Starting forced leader election with config: opid_index: -1 OBSOLETE_local: false peers { permanent_uuid: "569c9093285445d392823f52353c7917" member_type: VOTER last_known_addr { host: "127.16.18.65" port: 38833 } } peers { permanent_uuid: "3d0e101a9ec14ad7b6106515ef506d88" member_type: VOTER last_known_addr { host: "127.16.18.66" port: 35573 } } peers { permanent_uuid: "a7d0fc6ba0b24d82830b3e38e53f6590" member_type: VOTER last_known_addr { host: "127.16.18.67" port: 45015 } }
I20260710 13:21:05.118461 17092 leader_election.cc:290] T aab1c7e727814454aaa9af2ac18be1f6 P 569c9093285445d392823f52353c7917 [CANDIDATE]: Term 3 election: Requested vote from peers 3d0e101a9ec14ad7b6106515ef506d88 (127.16.18.66:35573), a7d0fc6ba0b24d82830b3e38e53f6590 (127.16.18.67:45015)
I20260710 13:21:05.119313 17167 tablet_service.cc:1917] Received RequestConsensusVote() RPC: tablet_id: "aab1c7e727814454aaa9af2ac18be1f6" candidate_uuid: "569c9093285445d392823f52353c7917" candidate_term: 3 candidate_status { last_received { term: 2 index: 2 } } ignore_live_leader: true dest_uuid: "3d0e101a9ec14ad7b6106515ef506d88"
I20260710 13:21:05.119621 17239 tablet_service.cc:1917] Received RequestConsensusVote() RPC: tablet_id: "aab1c7e727814454aaa9af2ac18be1f6" candidate_uuid: "569c9093285445d392823f52353c7917" candidate_term: 3 candidate_status { last_received { term: 2 index: 2 } } ignore_live_leader: true dest_uuid: "a7d0fc6ba0b24d82830b3e38e53f6590"
I20260710 13:21:05.120045 17167 raft_consensus.cc:3055] T aab1c7e727814454aaa9af2ac18be1f6 P 3d0e101a9ec14ad7b6106515ef506d88 [term 2 LEADER]: Stepping down as leader of term 2
I20260710 13:21:05.120222 17239 raft_consensus.cc:3060] T aab1c7e727814454aaa9af2ac18be1f6 P a7d0fc6ba0b24d82830b3e38e53f6590 [term 2 FOLLOWER]: Advancing to term 3
I20260710 13:21:05.120435 17167 raft_consensus.cc:740] T aab1c7e727814454aaa9af2ac18be1f6 P 3d0e101a9ec14ad7b6106515ef506d88 [term 2 LEADER]: Becoming Follower/Learner. State: Replica: 3d0e101a9ec14ad7b6106515ef506d88, State: Running, Role: LEADER
I20260710 13:21:05.121316 17167 consensus_queue.cc:260] T aab1c7e727814454aaa9af2ac18be1f6 P 3d0e101a9ec14ad7b6106515ef506d88 [NON_LEADER]: Queue going to NON_LEADER mode. State: All replicated index: 0, Majority replicated index: 2, Committed index: 2, Last appended: 2.2, Last appended by leader: 2, Current term: 2, Majority size: -1, State: 0, Mode: NON_LEADER, active raft config: opid_index: -1 OBSOLETE_local: false peers { permanent_uuid: "569c9093285445d392823f52353c7917" member_type: VOTER last_known_addr { host: "127.16.18.65" port: 38833 } } peers { permanent_uuid: "3d0e101a9ec14ad7b6106515ef506d88" member_type: VOTER last_known_addr { host: "127.16.18.66" port: 35573 } } peers { permanent_uuid: "a7d0fc6ba0b24d82830b3e38e53f6590" member_type: VOTER last_known_addr { host: "127.16.18.67" port: 45015 } }
I20260710 13:21:05.122314 17167 raft_consensus.cc:3060] T aab1c7e727814454aaa9af2ac18be1f6 P 3d0e101a9ec14ad7b6106515ef506d88 [term 2 FOLLOWER]: Advancing to term 3
I20260710 13:21:05.125186 17239 raft_consensus.cc:2468] T aab1c7e727814454aaa9af2ac18be1f6 P a7d0fc6ba0b24d82830b3e38e53f6590 [term 3 FOLLOWER]: Leader election vote request: Granting yes vote for candidate 569c9093285445d392823f52353c7917 in term 3.
I20260710 13:21:05.126332 17060 leader_election.cc:304] T aab1c7e727814454aaa9af2ac18be1f6 P 569c9093285445d392823f52353c7917 [CANDIDATE]: Term 3 election: Election decided. Result: candidate won. Election summary: received 2 responses out of 3 voters: 2 yes votes; 0 no votes. yes voters: 569c9093285445d392823f52353c7917, a7d0fc6ba0b24d82830b3e38e53f6590; no voters: 
I20260710 13:21:05.127169 17386 raft_consensus.cc:2804] T aab1c7e727814454aaa9af2ac18be1f6 P 569c9093285445d392823f52353c7917 [term 3 FOLLOWER]: Leader election won for term 3
I20260710 13:21:05.127732 17167 raft_consensus.cc:2468] T aab1c7e727814454aaa9af2ac18be1f6 P 3d0e101a9ec14ad7b6106515ef506d88 [term 3 FOLLOWER]: Leader election vote request: Granting yes vote for candidate 569c9093285445d392823f52353c7917 in term 3.
I20260710 13:21:05.128258 17386 raft_consensus.cc:697] T aab1c7e727814454aaa9af2ac18be1f6 P 569c9093285445d392823f52353c7917 [term 3 LEADER]: Becoming Leader. State: Replica: 569c9093285445d392823f52353c7917, State: Running, Role: LEADER
I20260710 13:21:05.129148 17386 consensus_queue.cc:237] T aab1c7e727814454aaa9af2ac18be1f6 P 569c9093285445d392823f52353c7917 [LEADER]: Queue going to LEADER mode. State: All replicated index: 0, Majority replicated index: 2, Committed index: 2, Last appended: 2.2, Last appended by leader: 2, Current term: 3, Majority size: 2, State: 0, Mode: LEADER, active raft config: opid_index: -1 OBSOLETE_local: false peers { permanent_uuid: "569c9093285445d392823f52353c7917" member_type: VOTER last_known_addr { host: "127.16.18.65" port: 38833 } } peers { permanent_uuid: "3d0e101a9ec14ad7b6106515ef506d88" member_type: VOTER last_known_addr { host: "127.16.18.66" port: 35573 } } peers { permanent_uuid: "a7d0fc6ba0b24d82830b3e38e53f6590" member_type: VOTER last_known_addr { host: "127.16.18.67" port: 45015 } }
I20260710 13:21:05.136086 16991 catalog_manager.cc:5697] T aab1c7e727814454aaa9af2ac18be1f6 P 569c9093285445d392823f52353c7917 reported cstate change: term changed from 2 to 3, leader changed from 3d0e101a9ec14ad7b6106515ef506d88 (127.16.18.66) to 569c9093285445d392823f52353c7917 (127.16.18.65). New cstate: current_term: 3 leader_uuid: "569c9093285445d392823f52353c7917" committed_config { opid_index: -1 OBSOLETE_local: false peers { permanent_uuid: "569c9093285445d392823f52353c7917" member_type: VOTER last_known_addr { host: "127.16.18.65" port: 38833 } health_report { overall_health: HEALTHY } } peers { permanent_uuid: "3d0e101a9ec14ad7b6106515ef506d88" member_type: VOTER last_known_addr { host: "127.16.18.66" port: 35573 } health_report { overall_health: UNKNOWN } } peers { permanent_uuid: "a7d0fc6ba0b24d82830b3e38e53f6590" member_type: VOTER last_known_addr { host: "127.16.18.67" port: 45015 } health_report { overall_health: UNKNOWN } } }
I20260710 13:21:05.366287 17400 raft_consensus.cc:993] T ba31fd68e25f4df186d839083f080b5a P a7d0fc6ba0b24d82830b3e38e53f6590: : Instructing follower 569c9093285445d392823f52353c7917 to start an election
I20260710 13:21:05.366735 17400 raft_consensus.cc:1081] T ba31fd68e25f4df186d839083f080b5a P a7d0fc6ba0b24d82830b3e38e53f6590 [term 2 LEADER]: Signalling peer 569c9093285445d392823f52353c7917 to start an election
I20260710 13:21:05.368638 17092 tablet_service.cc:2044] Received Run Leader Election RPC: tablet_id: "ba31fd68e25f4df186d839083f080b5a"
dest_uuid: "569c9093285445d392823f52353c7917"
 from {username='slave'} at 127.0.0.1:36460
I20260710 13:21:05.369534 17092 raft_consensus.cc:493] T ba31fd68e25f4df186d839083f080b5a P 569c9093285445d392823f52353c7917 [term 2 FOLLOWER]: Starting forced leader election (received explicit request)
I20260710 13:21:05.370170 17092 raft_consensus.cc:3060] T ba31fd68e25f4df186d839083f080b5a P 569c9093285445d392823f52353c7917 [term 2 FOLLOWER]: Advancing to term 3
I20260710 13:21:05.375205 17092 raft_consensus.cc:515] T ba31fd68e25f4df186d839083f080b5a P 569c9093285445d392823f52353c7917 [term 3 FOLLOWER]: Starting forced leader election with config: opid_index: -1 OBSOLETE_local: false peers { permanent_uuid: "569c9093285445d392823f52353c7917" member_type: VOTER last_known_addr { host: "127.16.18.65" port: 38833 } } peers { permanent_uuid: "a7d0fc6ba0b24d82830b3e38e53f6590" member_type: VOTER last_known_addr { host: "127.16.18.67" port: 45015 } } peers { permanent_uuid: "3d0e101a9ec14ad7b6106515ef506d88" member_type: VOTER last_known_addr { host: "127.16.18.66" port: 35573 } }
I20260710 13:21:05.377113 17092 leader_election.cc:290] T ba31fd68e25f4df186d839083f080b5a P 569c9093285445d392823f52353c7917 [CANDIDATE]: Term 3 election: Requested vote from peers a7d0fc6ba0b24d82830b3e38e53f6590 (127.16.18.67:45015), 3d0e101a9ec14ad7b6106515ef506d88 (127.16.18.66:35573)
I20260710 13:21:05.378304 17239 tablet_service.cc:1917] Received RequestConsensusVote() RPC: tablet_id: "ba31fd68e25f4df186d839083f080b5a" candidate_uuid: "569c9093285445d392823f52353c7917" candidate_term: 3 candidate_status { last_received { term: 2 index: 2 } } ignore_live_leader: true dest_uuid: "a7d0fc6ba0b24d82830b3e38e53f6590"
I20260710 13:21:05.378934 17239 raft_consensus.cc:3055] T ba31fd68e25f4df186d839083f080b5a P a7d0fc6ba0b24d82830b3e38e53f6590 [term 2 LEADER]: Stepping down as leader of term 2
I20260710 13:21:05.378304 17167 tablet_service.cc:1917] Received RequestConsensusVote() RPC: tablet_id: "ba31fd68e25f4df186d839083f080b5a" candidate_uuid: "569c9093285445d392823f52353c7917" candidate_term: 3 candidate_status { last_received { term: 2 index: 2 } } ignore_live_leader: true dest_uuid: "3d0e101a9ec14ad7b6106515ef506d88"
I20260710 13:21:05.379388 17239 raft_consensus.cc:740] T ba31fd68e25f4df186d839083f080b5a P a7d0fc6ba0b24d82830b3e38e53f6590 [term 2 LEADER]: Becoming Follower/Learner. State: Replica: a7d0fc6ba0b24d82830b3e38e53f6590, State: Running, Role: LEADER
I20260710 13:21:05.379549 17167 raft_consensus.cc:3060] T ba31fd68e25f4df186d839083f080b5a P 3d0e101a9ec14ad7b6106515ef506d88 [term 2 FOLLOWER]: Advancing to term 3
I20260710 13:21:05.380286 17239 consensus_queue.cc:260] T ba31fd68e25f4df186d839083f080b5a P a7d0fc6ba0b24d82830b3e38e53f6590 [NON_LEADER]: Queue going to NON_LEADER mode. State: All replicated index: 0, Majority replicated index: 2, Committed index: 2, Last appended: 2.2, Last appended by leader: 2, Current term: 2, Majority size: -1, State: 0, Mode: NON_LEADER, active raft config: opid_index: -1 OBSOLETE_local: false peers { permanent_uuid: "569c9093285445d392823f52353c7917" member_type: VOTER last_known_addr { host: "127.16.18.65" port: 38833 } } peers { permanent_uuid: "a7d0fc6ba0b24d82830b3e38e53f6590" member_type: VOTER last_known_addr { host: "127.16.18.67" port: 45015 } } peers { permanent_uuid: "3d0e101a9ec14ad7b6106515ef506d88" member_type: VOTER last_known_addr { host: "127.16.18.66" port: 35573 } }
I20260710 13:21:05.381518 17239 raft_consensus.cc:3060] T ba31fd68e25f4df186d839083f080b5a P a7d0fc6ba0b24d82830b3e38e53f6590 [term 2 FOLLOWER]: Advancing to term 3
I20260710 13:21:05.381954 17403 raft_consensus.cc:993] T ebc952c707d343aba120897b9b174ffa P 3d0e101a9ec14ad7b6106515ef506d88: : Instructing follower 569c9093285445d392823f52353c7917 to start an election
I20260710 13:21:05.382391 17383 raft_consensus.cc:1081] T ebc952c707d343aba120897b9b174ffa P 3d0e101a9ec14ad7b6106515ef506d88 [term 2 LEADER]: Signalling peer 569c9093285445d392823f52353c7917 to start an election
I20260710 13:21:05.384035 17092 tablet_service.cc:2044] Received Run Leader Election RPC: tablet_id: "ebc952c707d343aba120897b9b174ffa"
dest_uuid: "569c9093285445d392823f52353c7917"
 from {username='slave'} at 127.0.0.1:36450
I20260710 13:21:05.384630 17092 raft_consensus.cc:493] T ebc952c707d343aba120897b9b174ffa P 569c9093285445d392823f52353c7917 [term 2 FOLLOWER]: Starting forced leader election (received explicit request)
I20260710 13:21:05.384984 17092 raft_consensus.cc:3060] T ebc952c707d343aba120897b9b174ffa P 569c9093285445d392823f52353c7917 [term 2 FOLLOWER]: Advancing to term 3
I20260710 13:21:05.386438 17167 raft_consensus.cc:2468] T ba31fd68e25f4df186d839083f080b5a P 3d0e101a9ec14ad7b6106515ef506d88 [term 3 FOLLOWER]: Leader election vote request: Granting yes vote for candidate 569c9093285445d392823f52353c7917 in term 3.
I20260710 13:21:05.387091 17239 raft_consensus.cc:2468] T ba31fd68e25f4df186d839083f080b5a P a7d0fc6ba0b24d82830b3e38e53f6590 [term 3 FOLLOWER]: Leader election vote request: Granting yes vote for candidate 569c9093285445d392823f52353c7917 in term 3.
I20260710 13:21:05.387779 17060 leader_election.cc:304] T ba31fd68e25f4df186d839083f080b5a P 569c9093285445d392823f52353c7917 [CANDIDATE]: Term 3 election: Election decided. Result: candidate won. Election summary: received 2 responses out of 3 voters: 2 yes votes; 0 no votes. yes voters: 3d0e101a9ec14ad7b6106515ef506d88, 569c9093285445d392823f52353c7917; no voters: 
I20260710 13:21:05.388593 17386 raft_consensus.cc:2804] T ba31fd68e25f4df186d839083f080b5a P 569c9093285445d392823f52353c7917 [term 3 FOLLOWER]: Leader election won for term 3
I20260710 13:21:05.389163 17386 raft_consensus.cc:697] T ba31fd68e25f4df186d839083f080b5a P 569c9093285445d392823f52353c7917 [term 3 LEADER]: Becoming Leader. State: Replica: 569c9093285445d392823f52353c7917, State: Running, Role: LEADER
I20260710 13:21:05.389856 17386 consensus_queue.cc:237] T ba31fd68e25f4df186d839083f080b5a P 569c9093285445d392823f52353c7917 [LEADER]: Queue going to LEADER mode. State: All replicated index: 0, Majority replicated index: 2, Committed index: 2, Last appended: 2.2, Last appended by leader: 2, Current term: 3, Majority size: 2, State: 0, Mode: LEADER, active raft config: opid_index: -1 OBSOLETE_local: false peers { permanent_uuid: "569c9093285445d392823f52353c7917" member_type: VOTER last_known_addr { host: "127.16.18.65" port: 38833 } } peers { permanent_uuid: "a7d0fc6ba0b24d82830b3e38e53f6590" member_type: VOTER last_known_addr { host: "127.16.18.67" port: 45015 } } peers { permanent_uuid: "3d0e101a9ec14ad7b6106515ef506d88" member_type: VOTER last_known_addr { host: "127.16.18.66" port: 35573 } }
I20260710 13:21:05.391189 17092 raft_consensus.cc:515] T ebc952c707d343aba120897b9b174ffa P 569c9093285445d392823f52353c7917 [term 3 FOLLOWER]: Starting forced leader election with config: opid_index: -1 OBSOLETE_local: false peers { permanent_uuid: "569c9093285445d392823f52353c7917" member_type: VOTER last_known_addr { host: "127.16.18.65" port: 38833 } } peers { permanent_uuid: "3d0e101a9ec14ad7b6106515ef506d88" member_type: VOTER last_known_addr { host: "127.16.18.66" port: 35573 } } peers { permanent_uuid: "a7d0fc6ba0b24d82830b3e38e53f6590" member_type: VOTER last_known_addr { host: "127.16.18.67" port: 45015 } }
I20260710 13:21:05.393217 17092 leader_election.cc:290] T ebc952c707d343aba120897b9b174ffa P 569c9093285445d392823f52353c7917 [CANDIDATE]: Term 3 election: Requested vote from peers 3d0e101a9ec14ad7b6106515ef506d88 (127.16.18.66:35573), a7d0fc6ba0b24d82830b3e38e53f6590 (127.16.18.67:45015)
I20260710 13:21:05.394546 17239 tablet_service.cc:1917] Received RequestConsensusVote() RPC: tablet_id: "ebc952c707d343aba120897b9b174ffa" candidate_uuid: "569c9093285445d392823f52353c7917" candidate_term: 3 candidate_status { last_received { term: 2 index: 2 } } ignore_live_leader: true dest_uuid: "a7d0fc6ba0b24d82830b3e38e53f6590"
I20260710 13:21:05.394953 17167 tablet_service.cc:1917] Received RequestConsensusVote() RPC: tablet_id: "ebc952c707d343aba120897b9b174ffa" candidate_uuid: "569c9093285445d392823f52353c7917" candidate_term: 3 candidate_status { last_received { term: 2 index: 2 } } ignore_live_leader: true dest_uuid: "3d0e101a9ec14ad7b6106515ef506d88"
I20260710 13:21:05.395090 17239 raft_consensus.cc:3060] T ebc952c707d343aba120897b9b174ffa P a7d0fc6ba0b24d82830b3e38e53f6590 [term 2 FOLLOWER]: Advancing to term 3
I20260710 13:21:05.395516 17167 raft_consensus.cc:3055] T ebc952c707d343aba120897b9b174ffa P 3d0e101a9ec14ad7b6106515ef506d88 [term 2 LEADER]: Stepping down as leader of term 2
I20260710 13:21:05.395828 17167 raft_consensus.cc:740] T ebc952c707d343aba120897b9b174ffa P 3d0e101a9ec14ad7b6106515ef506d88 [term 2 LEADER]: Becoming Follower/Learner. State: Replica: 3d0e101a9ec14ad7b6106515ef506d88, State: Running, Role: LEADER
I20260710 13:21:05.396325 16991 catalog_manager.cc:5697] T ba31fd68e25f4df186d839083f080b5a P 569c9093285445d392823f52353c7917 reported cstate change: term changed from 2 to 3, leader changed from a7d0fc6ba0b24d82830b3e38e53f6590 (127.16.18.67) to 569c9093285445d392823f52353c7917 (127.16.18.65). New cstate: current_term: 3 leader_uuid: "569c9093285445d392823f52353c7917" committed_config { opid_index: -1 OBSOLETE_local: false peers { permanent_uuid: "569c9093285445d392823f52353c7917" member_type: VOTER last_known_addr { host: "127.16.18.65" port: 38833 } health_report { overall_health: HEALTHY } } peers { permanent_uuid: "a7d0fc6ba0b24d82830b3e38e53f6590" member_type: VOTER last_known_addr { host: "127.16.18.67" port: 45015 } health_report { overall_health: UNKNOWN } } peers { permanent_uuid: "3d0e101a9ec14ad7b6106515ef506d88" member_type: VOTER last_known_addr { host: "127.16.18.66" port: 35573 } health_report { overall_health: UNKNOWN } } }
I20260710 13:21:05.396624 17167 consensus_queue.cc:260] T ebc952c707d343aba120897b9b174ffa P 3d0e101a9ec14ad7b6106515ef506d88 [NON_LEADER]: Queue going to NON_LEADER mode. State: All replicated index: 0, Majority replicated index: 2, Committed index: 2, Last appended: 2.2, Last appended by leader: 2, Current term: 2, Majority size: -1, State: 0, Mode: NON_LEADER, active raft config: opid_index: -1 OBSOLETE_local: false peers { permanent_uuid: "569c9093285445d392823f52353c7917" member_type: VOTER last_known_addr { host: "127.16.18.65" port: 38833 } } peers { permanent_uuid: "3d0e101a9ec14ad7b6106515ef506d88" member_type: VOTER last_known_addr { host: "127.16.18.66" port: 35573 } } peers { permanent_uuid: "a7d0fc6ba0b24d82830b3e38e53f6590" member_type: VOTER last_known_addr { host: "127.16.18.67" port: 45015 } }
I20260710 13:21:05.397866 17167 raft_consensus.cc:3060] T ebc952c707d343aba120897b9b174ffa P 3d0e101a9ec14ad7b6106515ef506d88 [term 2 FOLLOWER]: Advancing to term 3
I20260710 13:21:05.403028 17239 raft_consensus.cc:2468] T ebc952c707d343aba120897b9b174ffa P a7d0fc6ba0b24d82830b3e38e53f6590 [term 3 FOLLOWER]: Leader election vote request: Granting yes vote for candidate 569c9093285445d392823f52353c7917 in term 3.
I20260710 13:21:05.404367 17060 leader_election.cc:304] T ebc952c707d343aba120897b9b174ffa P 569c9093285445d392823f52353c7917 [CANDIDATE]: Term 3 election: Election decided. Result: candidate won. Election summary: received 2 responses out of 3 voters: 2 yes votes; 0 no votes. yes voters: 569c9093285445d392823f52353c7917, a7d0fc6ba0b24d82830b3e38e53f6590; no voters: 
I20260710 13:21:05.404723 17167 raft_consensus.cc:2468] T ebc952c707d343aba120897b9b174ffa P 3d0e101a9ec14ad7b6106515ef506d88 [term 3 FOLLOWER]: Leader election vote request: Granting yes vote for candidate 569c9093285445d392823f52353c7917 in term 3.
I20260710 13:21:05.405434 17386 raft_consensus.cc:2804] T ebc952c707d343aba120897b9b174ffa P 569c9093285445d392823f52353c7917 [term 3 FOLLOWER]: Leader election won for term 3
I20260710 13:21:05.405900 17386 raft_consensus.cc:697] T ebc952c707d343aba120897b9b174ffa P 569c9093285445d392823f52353c7917 [term 3 LEADER]: Becoming Leader. State: Replica: 569c9093285445d392823f52353c7917, State: Running, Role: LEADER
I20260710 13:21:05.406596 17386 consensus_queue.cc:237] T ebc952c707d343aba120897b9b174ffa P 569c9093285445d392823f52353c7917 [LEADER]: Queue going to LEADER mode. State: All replicated index: 0, Majority replicated index: 2, Committed index: 2, Last appended: 2.2, Last appended by leader: 2, Current term: 3, Majority size: 2, State: 0, Mode: LEADER, active raft config: opid_index: -1 OBSOLETE_local: false peers { permanent_uuid: "569c9093285445d392823f52353c7917" member_type: VOTER last_known_addr { host: "127.16.18.65" port: 38833 } } peers { permanent_uuid: "3d0e101a9ec14ad7b6106515ef506d88" member_type: VOTER last_known_addr { host: "127.16.18.66" port: 35573 } } peers { permanent_uuid: "a7d0fc6ba0b24d82830b3e38e53f6590" member_type: VOTER last_known_addr { host: "127.16.18.67" port: 45015 } }
I20260710 13:21:05.413825 16991 catalog_manager.cc:5697] T ebc952c707d343aba120897b9b174ffa P 569c9093285445d392823f52353c7917 reported cstate change: term changed from 2 to 3, leader changed from 3d0e101a9ec14ad7b6106515ef506d88 (127.16.18.66) to 569c9093285445d392823f52353c7917 (127.16.18.65). New cstate: current_term: 3 leader_uuid: "569c9093285445d392823f52353c7917" committed_config { opid_index: -1 OBSOLETE_local: false peers { permanent_uuid: "569c9093285445d392823f52353c7917" member_type: VOTER last_known_addr { host: "127.16.18.65" port: 38833 } health_report { overall_health: HEALTHY } } peers { permanent_uuid: "3d0e101a9ec14ad7b6106515ef506d88" member_type: VOTER last_known_addr { host: "127.16.18.66" port: 35573 } health_report { overall_health: UNKNOWN } } peers { permanent_uuid: "a7d0fc6ba0b24d82830b3e38e53f6590" member_type: VOTER last_known_addr { host: "127.16.18.67" port: 45015 } health_report { overall_health: UNKNOWN } } }
I20260710 13:21:05.449225 17387 raft_consensus.cc:993] T 14fe2011518d4d6dada9b142a12dbfde P a7d0fc6ba0b24d82830b3e38e53f6590: : Instructing follower 569c9093285445d392823f52353c7917 to start an election
I20260710 13:21:05.449659 17401 raft_consensus.cc:1081] T 14fe2011518d4d6dada9b142a12dbfde P a7d0fc6ba0b24d82830b3e38e53f6590 [term 2 LEADER]: Signalling peer 569c9093285445d392823f52353c7917 to start an election
I20260710 13:21:05.451124 17092 tablet_service.cc:2044] Received Run Leader Election RPC: tablet_id: "14fe2011518d4d6dada9b142a12dbfde"
dest_uuid: "569c9093285445d392823f52353c7917"
 from {username='slave'} at 127.0.0.1:36460
I20260710 13:21:05.451658 17092 raft_consensus.cc:493] T 14fe2011518d4d6dada9b142a12dbfde P 569c9093285445d392823f52353c7917 [term 2 FOLLOWER]: Starting forced leader election (received explicit request)
I20260710 13:21:05.452019 17092 raft_consensus.cc:3060] T 14fe2011518d4d6dada9b142a12dbfde P 569c9093285445d392823f52353c7917 [term 2 FOLLOWER]: Advancing to term 3
I20260710 13:21:05.456964 17092 raft_consensus.cc:515] T 14fe2011518d4d6dada9b142a12dbfde P 569c9093285445d392823f52353c7917 [term 3 FOLLOWER]: Starting forced leader election with config: opid_index: -1 OBSOLETE_local: false peers { permanent_uuid: "569c9093285445d392823f52353c7917" member_type: VOTER last_known_addr { host: "127.16.18.65" port: 38833 } } peers { permanent_uuid: "3d0e101a9ec14ad7b6106515ef506d88" member_type: VOTER last_known_addr { host: "127.16.18.66" port: 35573 } } peers { permanent_uuid: "a7d0fc6ba0b24d82830b3e38e53f6590" member_type: VOTER last_known_addr { host: "127.16.18.67" port: 45015 } }
I20260710 13:21:05.458684 17092 leader_election.cc:290] T 14fe2011518d4d6dada9b142a12dbfde P 569c9093285445d392823f52353c7917 [CANDIDATE]: Term 3 election: Requested vote from peers 3d0e101a9ec14ad7b6106515ef506d88 (127.16.18.66:35573), a7d0fc6ba0b24d82830b3e38e53f6590 (127.16.18.67:45015)
I20260710 13:21:05.459582 17168 tablet_service.cc:1917] Received RequestConsensusVote() RPC: tablet_id: "14fe2011518d4d6dada9b142a12dbfde" candidate_uuid: "569c9093285445d392823f52353c7917" candidate_term: 3 candidate_status { last_received { term: 2 index: 2 } } ignore_live_leader: true dest_uuid: "3d0e101a9ec14ad7b6106515ef506d88"
I20260710 13:21:05.459883 17239 tablet_service.cc:1917] Received RequestConsensusVote() RPC: tablet_id: "14fe2011518d4d6dada9b142a12dbfde" candidate_uuid: "569c9093285445d392823f52353c7917" candidate_term: 3 candidate_status { last_received { term: 2 index: 2 } } ignore_live_leader: true dest_uuid: "a7d0fc6ba0b24d82830b3e38e53f6590"
I20260710 13:21:05.460124 17168 raft_consensus.cc:3060] T 14fe2011518d4d6dada9b142a12dbfde P 3d0e101a9ec14ad7b6106515ef506d88 [term 2 FOLLOWER]: Advancing to term 3
I20260710 13:21:05.460472 17239 raft_consensus.cc:3055] T 14fe2011518d4d6dada9b142a12dbfde P a7d0fc6ba0b24d82830b3e38e53f6590 [term 2 LEADER]: Stepping down as leader of term 2
I20260710 13:21:05.460767 17239 raft_consensus.cc:740] T 14fe2011518d4d6dada9b142a12dbfde P a7d0fc6ba0b24d82830b3e38e53f6590 [term 2 LEADER]: Becoming Follower/Learner. State: Replica: a7d0fc6ba0b24d82830b3e38e53f6590, State: Running, Role: LEADER
