I20260710 13:21:05.461442 17239 consensus_queue.cc:260] T 14fe2011518d4d6dada9b142a12dbfde P a7d0fc6ba0b24d82830b3e38e53f6590 [NON_LEADER]: Queue going to NON_LEADER mode. State: All replicated index: 0, Majority replicated index: 2, Committed index: 2, Last appended: 2.2, Last appended by leader: 2, Current term: 2, Majority size: -1, State: 0, Mode: NON_LEADER, active raft config: opid_index: -1 OBSOLETE_local: false peers { permanent_uuid: "569c9093285445d392823f52353c7917" member_type: VOTER last_known_addr { host: "127.16.18.65" port: 38833 } } peers { permanent_uuid: "3d0e101a9ec14ad7b6106515ef506d88" member_type: VOTER last_known_addr { host: "127.16.18.66" port: 35573 } } peers { permanent_uuid: "a7d0fc6ba0b24d82830b3e38e53f6590" member_type: VOTER last_known_addr { host: "127.16.18.67" port: 45015 } }
I20260710 13:21:05.462392 17239 raft_consensus.cc:3060] T 14fe2011518d4d6dada9b142a12dbfde P a7d0fc6ba0b24d82830b3e38e53f6590 [term 2 FOLLOWER]: Advancing to term 3
I20260710 13:21:05.464601 17168 raft_consensus.cc:2468] T 14fe2011518d4d6dada9b142a12dbfde P 3d0e101a9ec14ad7b6106515ef506d88 [term 3 FOLLOWER]: Leader election vote request: Granting yes vote for candidate 569c9093285445d392823f52353c7917 in term 3.
I20260710 13:21:05.465590 17060 leader_election.cc:304] T 14fe2011518d4d6dada9b142a12dbfde P 569c9093285445d392823f52353c7917 [CANDIDATE]: Term 3 election: Election decided. Result: candidate won. Election summary: received 2 responses out of 3 voters: 2 yes votes; 0 no votes. yes voters: 3d0e101a9ec14ad7b6106515ef506d88, 569c9093285445d392823f52353c7917; no voters: 
I20260710 13:21:05.466445 17386 raft_consensus.cc:2804] T 14fe2011518d4d6dada9b142a12dbfde P 569c9093285445d392823f52353c7917 [term 3 FOLLOWER]: Leader election won for term 3
I20260710 13:21:05.466929 17386 raft_consensus.cc:697] T 14fe2011518d4d6dada9b142a12dbfde P 569c9093285445d392823f52353c7917 [term 3 LEADER]: Becoming Leader. State: Replica: 569c9093285445d392823f52353c7917, State: Running, Role: LEADER
I20260710 13:21:05.467427 17239 raft_consensus.cc:2468] T 14fe2011518d4d6dada9b142a12dbfde P a7d0fc6ba0b24d82830b3e38e53f6590 [term 3 FOLLOWER]: Leader election vote request: Granting yes vote for candidate 569c9093285445d392823f52353c7917 in term 3.
I20260710 13:21:05.467696 17386 consensus_queue.cc:237] T 14fe2011518d4d6dada9b142a12dbfde P 569c9093285445d392823f52353c7917 [LEADER]: Queue going to LEADER mode. State: All replicated index: 0, Majority replicated index: 2, Committed index: 2, Last appended: 2.2, Last appended by leader: 2, Current term: 3, Majority size: 2, State: 0, Mode: LEADER, active raft config: opid_index: -1 OBSOLETE_local: false peers { permanent_uuid: "569c9093285445d392823f52353c7917" member_type: VOTER last_known_addr { host: "127.16.18.65" port: 38833 } } peers { permanent_uuid: "3d0e101a9ec14ad7b6106515ef506d88" member_type: VOTER last_known_addr { host: "127.16.18.66" port: 35573 } } peers { permanent_uuid: "a7d0fc6ba0b24d82830b3e38e53f6590" member_type: VOTER last_known_addr { host: "127.16.18.67" port: 45015 } }
I20260710 13:21:05.473789 16991 catalog_manager.cc:5697] T 14fe2011518d4d6dada9b142a12dbfde P 569c9093285445d392823f52353c7917 reported cstate change: term changed from 2 to 3, leader changed from a7d0fc6ba0b24d82830b3e38e53f6590 (127.16.18.67) to 569c9093285445d392823f52353c7917 (127.16.18.65). New cstate: current_term: 3 leader_uuid: "569c9093285445d392823f52353c7917" committed_config { opid_index: -1 OBSOLETE_local: false peers { permanent_uuid: "569c9093285445d392823f52353c7917" member_type: VOTER last_known_addr { host: "127.16.18.65" port: 38833 } health_report { overall_health: HEALTHY } } peers { permanent_uuid: "3d0e101a9ec14ad7b6106515ef506d88" member_type: VOTER last_known_addr { host: "127.16.18.66" port: 35573 } health_report { overall_health: UNKNOWN } } peers { permanent_uuid: "a7d0fc6ba0b24d82830b3e38e53f6590" member_type: VOTER last_known_addr { host: "127.16.18.67" port: 45015 } health_report { overall_health: UNKNOWN } } }
I20260710 13:21:05.632221 17239 raft_consensus.cc:1275] T aab1c7e727814454aaa9af2ac18be1f6 P a7d0fc6ba0b24d82830b3e38e53f6590 [term 3 FOLLOWER]: Refusing update from remote peer 569c9093285445d392823f52353c7917: Log matching property violated. Preceding OpId in replica: term: 2 index: 2. Preceding OpId from leader: term: 3 index: 3. (index mismatch)
I20260710 13:21:05.633435 17386 consensus_queue.cc:1048] T aab1c7e727814454aaa9af2ac18be1f6 P 569c9093285445d392823f52353c7917 [LEADER]: Connected to new peer: Peer: permanent_uuid: "a7d0fc6ba0b24d82830b3e38e53f6590" member_type: VOTER last_known_addr { host: "127.16.18.67" port: 45015 }, Status: LMP_MISMATCH, Last received: 0.0, Next index: 3, Last known committed idx: 2, Time since last communication: 0.000s
I20260710 13:21:05.643561 17168 raft_consensus.cc:1275] T aab1c7e727814454aaa9af2ac18be1f6 P 3d0e101a9ec14ad7b6106515ef506d88 [term 3 FOLLOWER]: Refusing update from remote peer 569c9093285445d392823f52353c7917: Log matching property violated. Preceding OpId in replica: term: 2 index: 2. Preceding OpId from leader: term: 3 index: 3. (index mismatch)
I20260710 13:21:05.644929 17412 consensus_queue.cc:1048] T aab1c7e727814454aaa9af2ac18be1f6 P 569c9093285445d392823f52353c7917 [LEADER]: Connected to new peer: Peer: permanent_uuid: "3d0e101a9ec14ad7b6106515ef506d88" member_type: VOTER last_known_addr { host: "127.16.18.66" port: 35573 }, Status: LMP_MISMATCH, Last received: 0.0, Next index: 3, Last known committed idx: 2, Time since last communication: 0.000s
I20260710 13:21:05.709851 17403 raft_consensus.cc:993] T 9a775c4063b84ce1a1a6034fe3d78230 P 3d0e101a9ec14ad7b6106515ef506d88: : Instructing follower 569c9093285445d392823f52353c7917 to start an election
I20260710 13:21:05.710423 17403 raft_consensus.cc:1081] T 9a775c4063b84ce1a1a6034fe3d78230 P 3d0e101a9ec14ad7b6106515ef506d88 [term 2 LEADER]: Signalling peer 569c9093285445d392823f52353c7917 to start an election
I20260710 13:21:05.711838 17092 tablet_service.cc:2044] Received Run Leader Election RPC: tablet_id: "9a775c4063b84ce1a1a6034fe3d78230"
dest_uuid: "569c9093285445d392823f52353c7917"
 from {username='slave'} at 127.0.0.1:36450
I20260710 13:21:05.712378 17092 raft_consensus.cc:493] T 9a775c4063b84ce1a1a6034fe3d78230 P 569c9093285445d392823f52353c7917 [term 2 FOLLOWER]: Starting forced leader election (received explicit request)
I20260710 13:21:05.712698 17092 raft_consensus.cc:3060] T 9a775c4063b84ce1a1a6034fe3d78230 P 569c9093285445d392823f52353c7917 [term 2 FOLLOWER]: Advancing to term 3
I20260710 13:21:05.717002 17092 raft_consensus.cc:515] T 9a775c4063b84ce1a1a6034fe3d78230 P 569c9093285445d392823f52353c7917 [term 3 FOLLOWER]: Starting forced leader election with config: opid_index: -1 OBSOLETE_local: false peers { permanent_uuid: "569c9093285445d392823f52353c7917" member_type: VOTER last_known_addr { host: "127.16.18.65" port: 38833 } } peers { permanent_uuid: "3d0e101a9ec14ad7b6106515ef506d88" member_type: VOTER last_known_addr { host: "127.16.18.66" port: 35573 } } peers { permanent_uuid: "a7d0fc6ba0b24d82830b3e38e53f6590" member_type: VOTER last_known_addr { host: "127.16.18.67" port: 45015 } }
I20260710 13:21:05.718420 17092 leader_election.cc:290] T 9a775c4063b84ce1a1a6034fe3d78230 P 569c9093285445d392823f52353c7917 [CANDIDATE]: Term 3 election: Requested vote from peers 3d0e101a9ec14ad7b6106515ef506d88 (127.16.18.66:35573), a7d0fc6ba0b24d82830b3e38e53f6590 (127.16.18.67:45015)
I20260710 13:21:05.719322 17168 tablet_service.cc:1917] Received RequestConsensusVote() RPC: tablet_id: "9a775c4063b84ce1a1a6034fe3d78230" candidate_uuid: "569c9093285445d392823f52353c7917" candidate_term: 3 candidate_status { last_received { term: 2 index: 2 } } ignore_live_leader: true dest_uuid: "3d0e101a9ec14ad7b6106515ef506d88"
I20260710 13:21:05.719640 17239 tablet_service.cc:1917] Received RequestConsensusVote() RPC: tablet_id: "9a775c4063b84ce1a1a6034fe3d78230" candidate_uuid: "569c9093285445d392823f52353c7917" candidate_term: 3 candidate_status { last_received { term: 2 index: 2 } } ignore_live_leader: true dest_uuid: "a7d0fc6ba0b24d82830b3e38e53f6590"
I20260710 13:21:05.719843 17168 raft_consensus.cc:3055] T 9a775c4063b84ce1a1a6034fe3d78230 P 3d0e101a9ec14ad7b6106515ef506d88 [term 2 LEADER]: Stepping down as leader of term 2
I20260710 13:21:05.720192 17239 raft_consensus.cc:3060] T 9a775c4063b84ce1a1a6034fe3d78230 P a7d0fc6ba0b24d82830b3e38e53f6590 [term 2 FOLLOWER]: Advancing to term 3
I20260710 13:21:05.720278 17168 raft_consensus.cc:740] T 9a775c4063b84ce1a1a6034fe3d78230 P 3d0e101a9ec14ad7b6106515ef506d88 [term 2 LEADER]: Becoming Follower/Learner. State: Replica: 3d0e101a9ec14ad7b6106515ef506d88, State: Running, Role: LEADER
I20260710 13:21:05.721035 17168 consensus_queue.cc:260] T 9a775c4063b84ce1a1a6034fe3d78230 P 3d0e101a9ec14ad7b6106515ef506d88 [NON_LEADER]: Queue going to NON_LEADER mode. State: All replicated index: 0, Majority replicated index: 2, Committed index: 2, Last appended: 2.2, Last appended by leader: 2, Current term: 2, Majority size: -1, State: 0, Mode: NON_LEADER, active raft config: opid_index: -1 OBSOLETE_local: false peers { permanent_uuid: "569c9093285445d392823f52353c7917" member_type: VOTER last_known_addr { host: "127.16.18.65" port: 38833 } } peers { permanent_uuid: "3d0e101a9ec14ad7b6106515ef506d88" member_type: VOTER last_known_addr { host: "127.16.18.66" port: 35573 } } peers { permanent_uuid: "a7d0fc6ba0b24d82830b3e38e53f6590" member_type: VOTER last_known_addr { host: "127.16.18.67" port: 45015 } }
I20260710 13:21:05.722010 17168 raft_consensus.cc:3060] T 9a775c4063b84ce1a1a6034fe3d78230 P 3d0e101a9ec14ad7b6106515ef506d88 [term 2 FOLLOWER]: Advancing to term 3
I20260710 13:21:05.724258 17239 raft_consensus.cc:2468] T 9a775c4063b84ce1a1a6034fe3d78230 P a7d0fc6ba0b24d82830b3e38e53f6590 [term 3 FOLLOWER]: Leader election vote request: Granting yes vote for candidate 569c9093285445d392823f52353c7917 in term 3.
I20260710 13:21:05.725090 17060 leader_election.cc:304] T 9a775c4063b84ce1a1a6034fe3d78230 P 569c9093285445d392823f52353c7917 [CANDIDATE]: Term 3 election: Election decided. Result: candidate won. Election summary: received 2 responses out of 3 voters: 2 yes votes; 0 no votes. yes voters: 569c9093285445d392823f52353c7917, a7d0fc6ba0b24d82830b3e38e53f6590; no voters: 
I20260710 13:21:05.725749 17412 raft_consensus.cc:2804] T 9a775c4063b84ce1a1a6034fe3d78230 P 569c9093285445d392823f52353c7917 [term 3 FOLLOWER]: Leader election won for term 3
I20260710 13:21:05.726200 17412 raft_consensus.cc:697] T 9a775c4063b84ce1a1a6034fe3d78230 P 569c9093285445d392823f52353c7917 [term 3 LEADER]: Becoming Leader. State: Replica: 569c9093285445d392823f52353c7917, State: Running, Role: LEADER
I20260710 13:21:05.726281 17168 raft_consensus.cc:2468] T 9a775c4063b84ce1a1a6034fe3d78230 P 3d0e101a9ec14ad7b6106515ef506d88 [term 3 FOLLOWER]: Leader election vote request: Granting yes vote for candidate 569c9093285445d392823f52353c7917 in term 3.
I20260710 13:21:05.726987 17412 consensus_queue.cc:237] T 9a775c4063b84ce1a1a6034fe3d78230 P 569c9093285445d392823f52353c7917 [LEADER]: Queue going to LEADER mode. State: All replicated index: 0, Majority replicated index: 2, Committed index: 2, Last appended: 2.2, Last appended by leader: 2, Current term: 3, Majority size: 2, State: 0, Mode: LEADER, active raft config: opid_index: -1 OBSOLETE_local: false peers { permanent_uuid: "569c9093285445d392823f52353c7917" member_type: VOTER last_known_addr { host: "127.16.18.65" port: 38833 } } peers { permanent_uuid: "3d0e101a9ec14ad7b6106515ef506d88" member_type: VOTER last_known_addr { host: "127.16.18.66" port: 35573 } } peers { permanent_uuid: "a7d0fc6ba0b24d82830b3e38e53f6590" member_type: VOTER last_known_addr { host: "127.16.18.67" port: 45015 } }
I20260710 13:21:05.733140 16991 catalog_manager.cc:5697] T 9a775c4063b84ce1a1a6034fe3d78230 P 569c9093285445d392823f52353c7917 reported cstate change: term changed from 2 to 3, leader changed from 3d0e101a9ec14ad7b6106515ef506d88 (127.16.18.66) to 569c9093285445d392823f52353c7917 (127.16.18.65). New cstate: current_term: 3 leader_uuid: "569c9093285445d392823f52353c7917" committed_config { opid_index: -1 OBSOLETE_local: false peers { permanent_uuid: "569c9093285445d392823f52353c7917" member_type: VOTER last_known_addr { host: "127.16.18.65" port: 38833 } health_report { overall_health: HEALTHY } } peers { permanent_uuid: "3d0e101a9ec14ad7b6106515ef506d88" member_type: VOTER last_known_addr { host: "127.16.18.66" port: 35573 } health_report { overall_health: UNKNOWN } } peers { permanent_uuid: "a7d0fc6ba0b24d82830b3e38e53f6590" member_type: VOTER last_known_addr { host: "127.16.18.67" port: 45015 } health_report { overall_health: UNKNOWN } } }
I20260710 13:21:05.789119 17168 raft_consensus.cc:1275] T ba31fd68e25f4df186d839083f080b5a P 3d0e101a9ec14ad7b6106515ef506d88 [term 3 FOLLOWER]: Refusing update from remote peer 569c9093285445d392823f52353c7917: Log matching property violated. Preceding OpId in replica: term: 2 index: 2. Preceding OpId from leader: term: 3 index: 3. (index mismatch)
I20260710 13:21:05.790222 17412 consensus_queue.cc:1048] T ba31fd68e25f4df186d839083f080b5a P 569c9093285445d392823f52353c7917 [LEADER]: Connected to new peer: Peer: permanent_uuid: "3d0e101a9ec14ad7b6106515ef506d88" member_type: VOTER last_known_addr { host: "127.16.18.66" port: 35573 }, Status: LMP_MISMATCH, Last received: 0.0, Next index: 3, Last known committed idx: 2, Time since last communication: 0.000s
I20260710 13:21:05.795117 17168 raft_consensus.cc:1275] T ebc952c707d343aba120897b9b174ffa P 3d0e101a9ec14ad7b6106515ef506d88 [term 3 FOLLOWER]: Refusing update from remote peer 569c9093285445d392823f52353c7917: Log matching property violated. Preceding OpId in replica: term: 2 index: 2. Preceding OpId from leader: term: 3 index: 3. (index mismatch)
I20260710 13:21:05.797540 17404 consensus_queue.cc:1048] T ebc952c707d343aba120897b9b174ffa P 569c9093285445d392823f52353c7917 [LEADER]: Connected to new peer: Peer: permanent_uuid: "3d0e101a9ec14ad7b6106515ef506d88" member_type: VOTER last_known_addr { host: "127.16.18.66" port: 35573 }, Status: LMP_MISMATCH, Last received: 0.0, Next index: 3, Last known committed idx: 2, Time since last communication: 0.000s
I20260710 13:21:05.800099 17239 raft_consensus.cc:1275] T ba31fd68e25f4df186d839083f080b5a P a7d0fc6ba0b24d82830b3e38e53f6590 [term 3 FOLLOWER]: Refusing update from remote peer 569c9093285445d392823f52353c7917: Log matching property violated. Preceding OpId in replica: term: 2 index: 2. Preceding OpId from leader: term: 3 index: 3. (index mismatch)
I20260710 13:21:05.801743 17404 consensus_queue.cc:1048] T ba31fd68e25f4df186d839083f080b5a P 569c9093285445d392823f52353c7917 [LEADER]: Connected to new peer: Peer: permanent_uuid: "a7d0fc6ba0b24d82830b3e38e53f6590" member_type: VOTER last_known_addr { host: "127.16.18.67" port: 45015 }, Status: LMP_MISMATCH, Last received: 0.0, Next index: 3, Last known committed idx: 2, Time since last communication: 0.000s
I20260710 13:21:05.810724 17239 raft_consensus.cc:1275] T ebc952c707d343aba120897b9b174ffa P a7d0fc6ba0b24d82830b3e38e53f6590 [term 3 FOLLOWER]: Refusing update from remote peer 569c9093285445d392823f52353c7917: Log matching property violated. Preceding OpId in replica: term: 2 index: 2. Preceding OpId from leader: term: 3 index: 3. (index mismatch)
I20260710 13:21:05.811838 17404 consensus_queue.cc:1048] T ebc952c707d343aba120897b9b174ffa P 569c9093285445d392823f52353c7917 [LEADER]: Connected to new peer: Peer: permanent_uuid: "a7d0fc6ba0b24d82830b3e38e53f6590" member_type: VOTER last_known_addr { host: "127.16.18.67" port: 45015 }, Status: LMP_MISMATCH, Last received: 0.0, Next index: 3, Last known committed idx: 2, Time since last communication: 0.000s
I20260710 13:21:05.857496 17168 raft_consensus.cc:1275] T 14fe2011518d4d6dada9b142a12dbfde P 3d0e101a9ec14ad7b6106515ef506d88 [term 3 FOLLOWER]: Refusing update from remote peer 569c9093285445d392823f52353c7917: Log matching property violated. Preceding OpId in replica: term: 2 index: 2. Preceding OpId from leader: term: 3 index: 3. (index mismatch)
I20260710 13:21:05.858700 17404 consensus_queue.cc:1048] T 14fe2011518d4d6dada9b142a12dbfde P 569c9093285445d392823f52353c7917 [LEADER]: Connected to new peer: Peer: permanent_uuid: "3d0e101a9ec14ad7b6106515ef506d88" member_type: VOTER last_known_addr { host: "127.16.18.66" port: 35573 }, Status: LMP_MISMATCH, Last received: 0.0, Next index: 3, Last known committed idx: 2, Time since last communication: 0.000s
I20260710 13:21:05.865530 17239 raft_consensus.cc:1275] T 14fe2011518d4d6dada9b142a12dbfde P a7d0fc6ba0b24d82830b3e38e53f6590 [term 3 FOLLOWER]: Refusing update from remote peer 569c9093285445d392823f52353c7917: Log matching property violated. Preceding OpId in replica: term: 2 index: 2. Preceding OpId from leader: term: 3 index: 3. (index mismatch)
I20260710 13:21:05.867074 17404 consensus_queue.cc:1048] T 14fe2011518d4d6dada9b142a12dbfde P 569c9093285445d392823f52353c7917 [LEADER]: Connected to new peer: Peer: permanent_uuid: "a7d0fc6ba0b24d82830b3e38e53f6590" member_type: VOTER last_known_addr { host: "127.16.18.67" port: 45015 }, Status: LMP_MISMATCH, Last received: 0.0, Next index: 3, Last known committed idx: 2, Time since last communication: 0.000s
I20260710 13:21:06.141669 17239 raft_consensus.cc:1275] T 9a775c4063b84ce1a1a6034fe3d78230 P a7d0fc6ba0b24d82830b3e38e53f6590 [term 3 FOLLOWER]: Refusing update from remote peer 569c9093285445d392823f52353c7917: Log matching property violated. Preceding OpId in replica: term: 2 index: 2. Preceding OpId from leader: term: 3 index: 3. (index mismatch)
I20260710 13:21:06.142843 17404 consensus_queue.cc:1048] T 9a775c4063b84ce1a1a6034fe3d78230 P 569c9093285445d392823f52353c7917 [LEADER]: Connected to new peer: Peer: permanent_uuid: "a7d0fc6ba0b24d82830b3e38e53f6590" member_type: VOTER last_known_addr { host: "127.16.18.67" port: 45015 }, Status: LMP_MISMATCH, Last received: 0.0, Next index: 3, Last known committed idx: 2, Time since last communication: 0.000s
I20260710 13:21:06.150924 17168 raft_consensus.cc:1275] T 9a775c4063b84ce1a1a6034fe3d78230 P 3d0e101a9ec14ad7b6106515ef506d88 [term 3 FOLLOWER]: Refusing update from remote peer 569c9093285445d392823f52353c7917: Log matching property violated. Preceding OpId in replica: term: 2 index: 2. Preceding OpId from leader: term: 3 index: 3. (index mismatch)
I20260710 13:21:06.152280 17386 consensus_queue.cc:1048] T 9a775c4063b84ce1a1a6034fe3d78230 P 569c9093285445d392823f52353c7917 [LEADER]: Connected to new peer: Peer: permanent_uuid: "3d0e101a9ec14ad7b6106515ef506d88" member_type: VOTER last_known_addr { host: "127.16.18.66" port: 35573 }, Status: LMP_MISMATCH, Last received: 0.0, Next index: 3, Last known committed idx: 2, Time since last communication: 0.000s
W20260710 13:21:07.448729 17115 debug-util.cc:398] Leaking SignalData structure 0x7b08000a5560 after lost signal to thread 16460
W20260710 13:21:07.450018 17115 debug-util.cc:398] Leaking SignalData structure 0x7b08001db5e0 after lost signal to thread 17026
W20260710 13:21:07.451010 17115 debug-util.cc:398] Leaking SignalData structure 0x7b08001fc320 after lost signal to thread 17118
W20260710 13:21:07.451745 17115 debug-util.cc:398] Leaking SignalData structure 0x7b08001d7c20 after lost signal to thread 17193
W20260710 13:21:07.452718 17115 debug-util.cc:398] Leaking SignalData structure 0x7b08000bf0e0 after lost signal to thread 17267
I20260710 13:21:08.308997 16457 auto_leader_rebalancer.cc:141] leader rebalance for table test-workload
I20260710 13:21:08.318127 17092 tablet_service.cc:2072] Received LeaderStepDown RPC: tablet_id: "1f8fc08ae9664d1da28aff5a6ec1b0e0"
dest_uuid: "569c9093285445d392823f52353c7917"
mode: GRACEFUL
new_leader_uuid: "a7d0fc6ba0b24d82830b3e38e53f6590"
 from {username='slave'} at 127.0.0.1:36470
I20260710 13:21:08.318878 17092 raft_consensus.cc:606] T 1f8fc08ae9664d1da28aff5a6ec1b0e0 P 569c9093285445d392823f52353c7917 [term 1 LEADER]: Received request to transfer leadership to TS a7d0fc6ba0b24d82830b3e38e53f6590
I20260710 13:21:08.321430 17092 tablet_service.cc:2072] Received LeaderStepDown RPC: tablet_id: "a68b8d20e3a04cd18ba70d5afcde7f6a"
dest_uuid: "569c9093285445d392823f52353c7917"
mode: GRACEFUL
new_leader_uuid: "3d0e101a9ec14ad7b6106515ef506d88"
 from {username='slave'} at 127.0.0.1:36470
I20260710 13:21:08.321868 17092 raft_consensus.cc:606] T a68b8d20e3a04cd18ba70d5afcde7f6a P 569c9093285445d392823f52353c7917 [term 2 LEADER]: Received request to transfer leadership to TS 3d0e101a9ec14ad7b6106515ef506d88
I20260710 13:21:08.324347 17092 tablet_service.cc:2072] Received LeaderStepDown RPC: tablet_id: "ba31fd68e25f4df186d839083f080b5a"
dest_uuid: "569c9093285445d392823f52353c7917"
mode: GRACEFUL
new_leader_uuid: "a7d0fc6ba0b24d82830b3e38e53f6590"
 from {username='slave'} at 127.0.0.1:36470
I20260710 13:21:08.324781 17092 raft_consensus.cc:606] T ba31fd68e25f4df186d839083f080b5a P 569c9093285445d392823f52353c7917 [term 3 LEADER]: Received request to transfer leadership to TS a7d0fc6ba0b24d82830b3e38e53f6590
I20260710 13:21:08.327167 17092 tablet_service.cc:2072] Received LeaderStepDown RPC: tablet_id: "ebc952c707d343aba120897b9b174ffa"
dest_uuid: "569c9093285445d392823f52353c7917"
mode: GRACEFUL
new_leader_uuid: "3d0e101a9ec14ad7b6106515ef506d88"
 from {username='slave'} at 127.0.0.1:36470
I20260710 13:21:08.327602 17092 raft_consensus.cc:606] T ebc952c707d343aba120897b9b174ffa P 569c9093285445d392823f52353c7917 [term 3 LEADER]: Received request to transfer leadership to TS 3d0e101a9ec14ad7b6106515ef506d88
I20260710 13:21:08.328689 16457 auto_leader_rebalancer.cc:479] table: test-workload, leader rebalance finish, leader transfer count: 4
I20260710 13:21:08.329430 16457 auto_leader_rebalancer.cc:554] All tables' leader rebalancing finished this round
I20260710 13:21:08.410293 17404 raft_consensus.cc:993] T ba31fd68e25f4df186d839083f080b5a P 569c9093285445d392823f52353c7917: : Instructing follower a7d0fc6ba0b24d82830b3e38e53f6590 to start an election
I20260710 13:21:08.410904 17426 raft_consensus.cc:1081] T ba31fd68e25f4df186d839083f080b5a P 569c9093285445d392823f52353c7917 [term 3 LEADER]: Signalling peer a7d0fc6ba0b24d82830b3e38e53f6590 to start an election
I20260710 13:21:08.412571 17243 tablet_service.cc:2044] Received Run Leader Election RPC: tablet_id: "ba31fd68e25f4df186d839083f080b5a"
dest_uuid: "a7d0fc6ba0b24d82830b3e38e53f6590"
 from {username='slave'} at 127.0.0.1:43220
I20260710 13:21:08.413205 17243 raft_consensus.cc:493] T ba31fd68e25f4df186d839083f080b5a P a7d0fc6ba0b24d82830b3e38e53f6590 [term 3 FOLLOWER]: Starting forced leader election (received explicit request)
I20260710 13:21:08.413654 17243 raft_consensus.cc:3060] T ba31fd68e25f4df186d839083f080b5a P a7d0fc6ba0b24d82830b3e38e53f6590 [term 3 FOLLOWER]: Advancing to term 4
I20260710 13:21:08.422119 17243 raft_consensus.cc:515] T ba31fd68e25f4df186d839083f080b5a P a7d0fc6ba0b24d82830b3e38e53f6590 [term 4 FOLLOWER]: Starting forced leader election with config: opid_index: -1 OBSOLETE_local: false peers { permanent_uuid: "569c9093285445d392823f52353c7917" member_type: VOTER last_known_addr { host: "127.16.18.65" port: 38833 } } peers { permanent_uuid: "a7d0fc6ba0b24d82830b3e38e53f6590" member_type: VOTER last_known_addr { host: "127.16.18.67" port: 45015 } } peers { permanent_uuid: "3d0e101a9ec14ad7b6106515ef506d88" member_type: VOTER last_known_addr { host: "127.16.18.66" port: 35573 } }
I20260710 13:21:08.424468 17243 leader_election.cc:290] T ba31fd68e25f4df186d839083f080b5a P a7d0fc6ba0b24d82830b3e38e53f6590 [CANDIDATE]: Term 4 election: Requested vote from peers 569c9093285445d392823f52353c7917 (127.16.18.65:38833), 3d0e101a9ec14ad7b6106515ef506d88 (127.16.18.66:35573)
I20260710 13:21:08.425491 17092 tablet_service.cc:1917] Received RequestConsensusVote() RPC: tablet_id: "ba31fd68e25f4df186d839083f080b5a" candidate_uuid: "a7d0fc6ba0b24d82830b3e38e53f6590" candidate_term: 4 candidate_status { last_received { term: 3 index: 3 } } ignore_live_leader: true dest_uuid: "569c9093285445d392823f52353c7917"
I20260710 13:21:08.425815 17167 tablet_service.cc:1917] Received RequestConsensusVote() RPC: tablet_id: "ba31fd68e25f4df186d839083f080b5a" candidate_uuid: "a7d0fc6ba0b24d82830b3e38e53f6590" candidate_term: 4 candidate_status { last_received { term: 3 index: 3 } } ignore_live_leader: true dest_uuid: "3d0e101a9ec14ad7b6106515ef506d88"
I20260710 13:21:08.426386 17092 raft_consensus.cc:3055] T ba31fd68e25f4df186d839083f080b5a P 569c9093285445d392823f52353c7917 [term 3 LEADER]: Stepping down as leader of term 3
I20260710 13:21:08.426767 17167 raft_consensus.cc:3060] T ba31fd68e25f4df186d839083f080b5a P 3d0e101a9ec14ad7b6106515ef506d88 [term 3 FOLLOWER]: Advancing to term 4
I20260710 13:21:08.426715 17092 raft_consensus.cc:740] T ba31fd68e25f4df186d839083f080b5a P 569c9093285445d392823f52353c7917 [term 3 LEADER]: Becoming Follower/Learner. State: Replica: 569c9093285445d392823f52353c7917, State: Running, Role: LEADER
I20260710 13:21:08.427747 17092 consensus_queue.cc:260] T ba31fd68e25f4df186d839083f080b5a P 569c9093285445d392823f52353c7917 [NON_LEADER]: Queue going to NON_LEADER mode. State: All replicated index: 0, Majority replicated index: 3, Committed index: 3, Last appended: 3.3, Last appended by leader: 3, Current term: 3, Majority size: -1, State: 0, Mode: NON_LEADER, active raft config: opid_index: -1 OBSOLETE_local: false peers { permanent_uuid: "569c9093285445d392823f52353c7917" member_type: VOTER last_known_addr { host: "127.16.18.65" port: 38833 } } peers { permanent_uuid: "a7d0fc6ba0b24d82830b3e38e53f6590" member_type: VOTER last_known_addr { host: "127.16.18.67" port: 45015 } } peers { permanent_uuid: "3d0e101a9ec14ad7b6106515ef506d88" member_type: VOTER last_known_addr { host: "127.16.18.66" port: 35573 } }
I20260710 13:21:08.429289 17092 raft_consensus.cc:3060] T ba31fd68e25f4df186d839083f080b5a P 569c9093285445d392823f52353c7917 [term 3 FOLLOWER]: Advancing to term 4
I20260710 13:21:08.434995 17167 raft_consensus.cc:2468] T ba31fd68e25f4df186d839083f080b5a P 3d0e101a9ec14ad7b6106515ef506d88 [term 4 FOLLOWER]: Leader election vote request: Granting yes vote for candidate a7d0fc6ba0b24d82830b3e38e53f6590 in term 4.
I20260710 13:21:08.436554 17209 leader_election.cc:304] T ba31fd68e25f4df186d839083f080b5a P a7d0fc6ba0b24d82830b3e38e53f6590 [CANDIDATE]: Term 4 election: Election decided. Result: candidate won. Election summary: received 2 responses out of 3 voters: 2 yes votes; 0 no votes. yes voters: 3d0e101a9ec14ad7b6106515ef506d88, a7d0fc6ba0b24d82830b3e38e53f6590; no voters: 
I20260710 13:21:08.437049 17092 raft_consensus.cc:2468] T ba31fd68e25f4df186d839083f080b5a P 569c9093285445d392823f52353c7917 [term 4 FOLLOWER]: Leader election vote request: Granting yes vote for candidate a7d0fc6ba0b24d82830b3e38e53f6590 in term 4.
I20260710 13:21:08.437654 17401 raft_consensus.cc:2804] T ba31fd68e25f4df186d839083f080b5a P a7d0fc6ba0b24d82830b3e38e53f6590 [term 4 FOLLOWER]: Leader election won for term 4
I20260710 13:21:08.438840 17401 raft_consensus.cc:697] T ba31fd68e25f4df186d839083f080b5a P a7d0fc6ba0b24d82830b3e38e53f6590 [term 4 LEADER]: Becoming Leader. State: Replica: a7d0fc6ba0b24d82830b3e38e53f6590, State: Running, Role: LEADER
I20260710 13:21:08.439854 17401 consensus_queue.cc:237] T ba31fd68e25f4df186d839083f080b5a P a7d0fc6ba0b24d82830b3e38e53f6590 [LEADER]: Queue going to LEADER mode. State: All replicated index: 0, Majority replicated index: 3, Committed index: 3, Last appended: 3.3, Last appended by leader: 3, Current term: 4, Majority size: 2, State: 0, Mode: LEADER, active raft config: opid_index: -1 OBSOLETE_local: false peers { permanent_uuid: "569c9093285445d392823f52353c7917" member_type: VOTER last_known_addr { host: "127.16.18.65" port: 38833 } } peers { permanent_uuid: "a7d0fc6ba0b24d82830b3e38e53f6590" member_type: VOTER last_known_addr { host: "127.16.18.67" port: 45015 } } peers { permanent_uuid: "3d0e101a9ec14ad7b6106515ef506d88" member_type: VOTER last_known_addr { host: "127.16.18.66" port: 35573 } }
I20260710 13:21:08.449751 16990 catalog_manager.cc:5697] T ba31fd68e25f4df186d839083f080b5a P a7d0fc6ba0b24d82830b3e38e53f6590 reported cstate change: term changed from 3 to 4, leader changed from 569c9093285445d392823f52353c7917 (127.16.18.65) to a7d0fc6ba0b24d82830b3e38e53f6590 (127.16.18.67). New cstate: current_term: 4 leader_uuid: "a7d0fc6ba0b24d82830b3e38e53f6590" committed_config { opid_index: -1 OBSOLETE_local: false peers { permanent_uuid: "569c9093285445d392823f52353c7917" member_type: VOTER last_known_addr { host: "127.16.18.65" port: 38833 } health_report { overall_health: UNKNOWN } } peers { permanent_uuid: "a7d0fc6ba0b24d82830b3e38e53f6590" member_type: VOTER last_known_addr { host: "127.16.18.67" port: 45015 } health_report { overall_health: HEALTHY } } peers { permanent_uuid: "3d0e101a9ec14ad7b6106515ef506d88" member_type: VOTER last_known_addr { host: "127.16.18.66" port: 35573 } health_report { overall_health: UNKNOWN } } }
I20260710 13:21:08.476775 17404 raft_consensus.cc:993] T a68b8d20e3a04cd18ba70d5afcde7f6a P 569c9093285445d392823f52353c7917: : Instructing follower 3d0e101a9ec14ad7b6106515ef506d88 to start an election
I20260710 13:21:08.477228 17426 raft_consensus.cc:1081] T a68b8d20e3a04cd18ba70d5afcde7f6a P 569c9093285445d392823f52353c7917 [term 2 LEADER]: Signalling peer 3d0e101a9ec14ad7b6106515ef506d88 to start an election
I20260710 13:21:08.478873 17167 tablet_service.cc:2044] Received Run Leader Election RPC: tablet_id: "a68b8d20e3a04cd18ba70d5afcde7f6a"
dest_uuid: "3d0e101a9ec14ad7b6106515ef506d88"
 from {username='slave'} at 127.0.0.1:48406
I20260710 13:21:08.479300 17167 raft_consensus.cc:493] T a68b8d20e3a04cd18ba70d5afcde7f6a P 3d0e101a9ec14ad7b6106515ef506d88 [term 2 FOLLOWER]: Starting forced leader election (received explicit request)
I20260710 13:21:08.479594 17167 raft_consensus.cc:3060] T a68b8d20e3a04cd18ba70d5afcde7f6a P 3d0e101a9ec14ad7b6106515ef506d88 [term 2 FOLLOWER]: Advancing to term 3
I20260710 13:21:08.485904 17167 raft_consensus.cc:515] T a68b8d20e3a04cd18ba70d5afcde7f6a P 3d0e101a9ec14ad7b6106515ef506d88 [term 3 FOLLOWER]: Starting forced leader election with config: opid_index: -1 OBSOLETE_local: false peers { permanent_uuid: "569c9093285445d392823f52353c7917" member_type: VOTER last_known_addr { host: "127.16.18.65" port: 38833 } } peers { permanent_uuid: "3d0e101a9ec14ad7b6106515ef506d88" member_type: VOTER last_known_addr { host: "127.16.18.66" port: 35573 } } peers { permanent_uuid: "a7d0fc6ba0b24d82830b3e38e53f6590" member_type: VOTER last_known_addr { host: "127.16.18.67" port: 45015 } }
I20260710 13:21:08.487360 17167 leader_election.cc:290] T a68b8d20e3a04cd18ba70d5afcde7f6a P 3d0e101a9ec14ad7b6106515ef506d88 [CANDIDATE]: Term 3 election: Requested vote from peers 569c9093285445d392823f52353c7917 (127.16.18.65:38833), a7d0fc6ba0b24d82830b3e38e53f6590 (127.16.18.67:45015)
I20260710 13:21:08.488442 17243 tablet_service.cc:1917] Received RequestConsensusVote() RPC: tablet_id: "a68b8d20e3a04cd18ba70d5afcde7f6a" candidate_uuid: "3d0e101a9ec14ad7b6106515ef506d88" candidate_term: 3 candidate_status { last_received { term: 2 index: 2 } } ignore_live_leader: true dest_uuid: "a7d0fc6ba0b24d82830b3e38e53f6590"
I20260710 13:21:08.488327 17092 tablet_service.cc:1917] Received RequestConsensusVote() RPC: tablet_id: "a68b8d20e3a04cd18ba70d5afcde7f6a" candidate_uuid: "3d0e101a9ec14ad7b6106515ef506d88" candidate_term: 3 candidate_status { last_received { term: 2 index: 2 } } ignore_live_leader: true dest_uuid: "569c9093285445d392823f52353c7917"
I20260710 13:21:08.488937 17243 raft_consensus.cc:3060] T a68b8d20e3a04cd18ba70d5afcde7f6a P a7d0fc6ba0b24d82830b3e38e53f6590 [term 2 FOLLOWER]: Advancing to term 3
I20260710 13:21:08.488983 17092 raft_consensus.cc:3055] T a68b8d20e3a04cd18ba70d5afcde7f6a P 569c9093285445d392823f52353c7917 [term 2 LEADER]: Stepping down as leader of term 2
I20260710 13:21:08.489423 17092 raft_consensus.cc:740] T a68b8d20e3a04cd18ba70d5afcde7f6a P 569c9093285445d392823f52353c7917 [term 2 LEADER]: Becoming Follower/Learner. State: Replica: 569c9093285445d392823f52353c7917, State: Running, Role: LEADER
I20260710 13:21:08.490156 17092 consensus_queue.cc:260] T a68b8d20e3a04cd18ba70d5afcde7f6a P 569c9093285445d392823f52353c7917 [NON_LEADER]: Queue going to NON_LEADER mode. State: All replicated index: 0, Majority replicated index: 2, Committed index: 2, Last appended: 2.2, Last appended by leader: 2, Current term: 2, Majority size: -1, State: 0, Mode: NON_LEADER, active raft config: opid_index: -1 OBSOLETE_local: false peers { permanent_uuid: "569c9093285445d392823f52353c7917" member_type: VOTER last_known_addr { host: "127.16.18.65" port: 38833 } } peers { permanent_uuid: "3d0e101a9ec14ad7b6106515ef506d88" member_type: VOTER last_known_addr { host: "127.16.18.66" port: 35573 } } peers { permanent_uuid: "a7d0fc6ba0b24d82830b3e38e53f6590" member_type: VOTER last_known_addr { host: "127.16.18.67" port: 45015 } }
I20260710 13:21:08.491261 17092 raft_consensus.cc:3060] T a68b8d20e3a04cd18ba70d5afcde7f6a P 569c9093285445d392823f52353c7917 [term 2 FOLLOWER]: Advancing to term 3
I20260710 13:21:08.495159 17243 raft_consensus.cc:2468] T a68b8d20e3a04cd18ba70d5afcde7f6a P a7d0fc6ba0b24d82830b3e38e53f6590 [term 3 FOLLOWER]: Leader election vote request: Granting yes vote for candidate 3d0e101a9ec14ad7b6106515ef506d88 in term 3.
I20260710 13:21:08.496507 17135 leader_election.cc:304] T a68b8d20e3a04cd18ba70d5afcde7f6a P 3d0e101a9ec14ad7b6106515ef506d88 [CANDIDATE]: Term 3 election: Election decided. Result: candidate won. Election summary: received 2 responses out of 3 voters: 2 yes votes; 0 no votes. yes voters: 3d0e101a9ec14ad7b6106515ef506d88, a7d0fc6ba0b24d82830b3e38e53f6590; no voters: 
I20260710 13:21:08.497519 17403 raft_consensus.cc:2804] T a68b8d20e3a04cd18ba70d5afcde7f6a P 3d0e101a9ec14ad7b6106515ef506d88 [term 3 FOLLOWER]: Leader election won for term 3
I20260710 13:21:08.497728 17092 raft_consensus.cc:2468] T a68b8d20e3a04cd18ba70d5afcde7f6a P 569c9093285445d392823f52353c7917 [term 3 FOLLOWER]: Leader election vote request: Granting yes vote for candidate 3d0e101a9ec14ad7b6106515ef506d88 in term 3.
I20260710 13:21:08.499728 17403 raft_consensus.cc:697] T a68b8d20e3a04cd18ba70d5afcde7f6a P 3d0e101a9ec14ad7b6106515ef506d88 [term 3 LEADER]: Becoming Leader. State: Replica: 3d0e101a9ec14ad7b6106515ef506d88, State: Running, Role: LEADER
I20260710 13:21:08.500586 17403 consensus_queue.cc:237] T a68b8d20e3a04cd18ba70d5afcde7f6a P 3d0e101a9ec14ad7b6106515ef506d88 [LEADER]: Queue going to LEADER mode. State: All replicated index: 0, Majority replicated index: 2, Committed index: 2, Last appended: 2.2, Last appended by leader: 2, Current term: 3, Majority size: 2, State: 0, Mode: LEADER, active raft config: opid_index: -1 OBSOLETE_local: false peers { permanent_uuid: "569c9093285445d392823f52353c7917" member_type: VOTER last_known_addr { host: "127.16.18.65" port: 38833 } } peers { permanent_uuid: "3d0e101a9ec14ad7b6106515ef506d88" member_type: VOTER last_known_addr { host: "127.16.18.66" port: 35573 } } peers { permanent_uuid: "a7d0fc6ba0b24d82830b3e38e53f6590" member_type: VOTER last_known_addr { host: "127.16.18.67" port: 45015 } }
I20260710 13:21:08.507268 16990 catalog_manager.cc:5697] T a68b8d20e3a04cd18ba70d5afcde7f6a P 3d0e101a9ec14ad7b6106515ef506d88 reported cstate change: term changed from 2 to 3, leader changed from 569c9093285445d392823f52353c7917 (127.16.18.65) to 3d0e101a9ec14ad7b6106515ef506d88 (127.16.18.66). New cstate: current_term: 3 leader_uuid: "3d0e101a9ec14ad7b6106515ef506d88" committed_config { opid_index: -1 OBSOLETE_local: false peers { permanent_uuid: "569c9093285445d392823f52353c7917" member_type: VOTER last_known_addr { host: "127.16.18.65" port: 38833 } health_report { overall_health: UNKNOWN } } peers { permanent_uuid: "3d0e101a9ec14ad7b6106515ef506d88" member_type: VOTER last_known_addr { host: "127.16.18.66" port: 35573 } health_report { overall_health: HEALTHY } } peers { permanent_uuid: "a7d0fc6ba0b24d82830b3e38e53f6590" member_type: VOTER last_known_addr { host: "127.16.18.67" port: 45015 } health_report { overall_health: UNKNOWN } } }
I20260710 13:21:08.520676 17426 raft_consensus.cc:993] T 1f8fc08ae9664d1da28aff5a6ec1b0e0 P 569c9093285445d392823f52353c7917: : Instructing follower a7d0fc6ba0b24d82830b3e38e53f6590 to start an election
I20260710 13:21:08.521183 17426 raft_consensus.cc:1081] T 1f8fc08ae9664d1da28aff5a6ec1b0e0 P 569c9093285445d392823f52353c7917 [term 1 LEADER]: Signalling peer a7d0fc6ba0b24d82830b3e38e53f6590 to start an election
I20260710 13:21:08.522713 17243 tablet_service.cc:2044] Received Run Leader Election RPC: tablet_id: "1f8fc08ae9664d1da28aff5a6ec1b0e0"
dest_uuid: "a7d0fc6ba0b24d82830b3e38e53f6590"
 from {username='slave'} at 127.0.0.1:43220
I20260710 13:21:08.523201 17243 raft_consensus.cc:493] T 1f8fc08ae9664d1da28aff5a6ec1b0e0 P a7d0fc6ba0b24d82830b3e38e53f6590 [term 1 FOLLOWER]: Starting forced leader election (received explicit request)
I20260710 13:21:08.523550 17243 raft_consensus.cc:3060] T 1f8fc08ae9664d1da28aff5a6ec1b0e0 P a7d0fc6ba0b24d82830b3e38e53f6590 [term 1 FOLLOWER]: Advancing to term 2
I20260710 13:21:08.530483 17243 raft_consensus.cc:515] T 1f8fc08ae9664d1da28aff5a6ec1b0e0 P a7d0fc6ba0b24d82830b3e38e53f6590 [term 2 FOLLOWER]: Starting forced leader election with config: opid_index: -1 OBSOLETE_local: false peers { permanent_uuid: "569c9093285445d392823f52353c7917" member_type: VOTER last_known_addr { host: "127.16.18.65" port: 38833 } } peers { permanent_uuid: "3d0e101a9ec14ad7b6106515ef506d88" member_type: VOTER last_known_addr { host: "127.16.18.66" port: 35573 } } peers { permanent_uuid: "a7d0fc6ba0b24d82830b3e38e53f6590" member_type: VOTER last_known_addr { host: "127.16.18.67" port: 45015 } }
I20260710 13:21:08.532526 17243 leader_election.cc:290] T 1f8fc08ae9664d1da28aff5a6ec1b0e0 P a7d0fc6ba0b24d82830b3e38e53f6590 [CANDIDATE]: Term 2 election: Requested vote from peers 569c9093285445d392823f52353c7917 (127.16.18.65:38833), 3d0e101a9ec14ad7b6106515ef506d88 (127.16.18.66:35573)
I20260710 13:21:08.533234 17092 tablet_service.cc:1917] Received RequestConsensusVote() RPC: tablet_id: "1f8fc08ae9664d1da28aff5a6ec1b0e0" candidate_uuid: "a7d0fc6ba0b24d82830b3e38e53f6590" candidate_term: 2 candidate_status { last_received { term: 1 index: 1 } } ignore_live_leader: true dest_uuid: "569c9093285445d392823f52353c7917"
I20260710 13:21:08.533681 17167 tablet_service.cc:1917] Received RequestConsensusVote() RPC: tablet_id: "1f8fc08ae9664d1da28aff5a6ec1b0e0" candidate_uuid: "a7d0fc6ba0b24d82830b3e38e53f6590" candidate_term: 2 candidate_status { last_received { term: 1 index: 1 } } ignore_live_leader: true dest_uuid: "3d0e101a9ec14ad7b6106515ef506d88"
I20260710 13:21:08.533804 17092 raft_consensus.cc:3055] T 1f8fc08ae9664d1da28aff5a6ec1b0e0 P 569c9093285445d392823f52353c7917 [term 1 LEADER]: Stepping down as leader of term 1
I20260710 13:21:08.534216 17167 raft_consensus.cc:3060] T 1f8fc08ae9664d1da28aff5a6ec1b0e0 P 3d0e101a9ec14ad7b6106515ef506d88 [term 1 FOLLOWER]: Advancing to term 2
I20260710 13:21:08.534214 17092 raft_consensus.cc:740] T 1f8fc08ae9664d1da28aff5a6ec1b0e0 P 569c9093285445d392823f52353c7917 [term 1 LEADER]: Becoming Follower/Learner. State: Replica: 569c9093285445d392823f52353c7917, State: Running, Role: LEADER
I20260710 13:21:08.535197 17092 consensus_queue.cc:260] T 1f8fc08ae9664d1da28aff5a6ec1b0e0 P 569c9093285445d392823f52353c7917 [NON_LEADER]: Queue going to NON_LEADER mode. State: All replicated index: 0, Majority replicated index: 1, Committed index: 1, Last appended: 1.1, Last appended by leader: 1, Current term: 1, Majority size: -1, State: 0, Mode: NON_LEADER, active raft config: opid_index: -1 OBSOLETE_local: false peers { permanent_uuid: "569c9093285445d392823f52353c7917" member_type: VOTER last_known_addr { host: "127.16.18.65" port: 38833 } } peers { permanent_uuid: "3d0e101a9ec14ad7b6106515ef506d88" member_type: VOTER last_known_addr { host: "127.16.18.66" port: 35573 } } peers { permanent_uuid: "a7d0fc6ba0b24d82830b3e38e53f6590" member_type: VOTER last_known_addr { host: "127.16.18.67" port: 45015 } }
I20260710 13:21:08.536423 17092 raft_consensus.cc:3060] T 1f8fc08ae9664d1da28aff5a6ec1b0e0 P 569c9093285445d392823f52353c7917 [term 1 FOLLOWER]: Advancing to term 2
I20260710 13:21:08.538774 17167 raft_consensus.cc:2468] T 1f8fc08ae9664d1da28aff5a6ec1b0e0 P 3d0e101a9ec14ad7b6106515ef506d88 [term 2 FOLLOWER]: Leader election vote request: Granting yes vote for candidate a7d0fc6ba0b24d82830b3e38e53f6590 in term 2.
I20260710 13:21:08.539973 17209 leader_election.cc:304] T 1f8fc08ae9664d1da28aff5a6ec1b0e0 P a7d0fc6ba0b24d82830b3e38e53f6590 [CANDIDATE]: Term 2 election: Election decided. Result: candidate won. Election summary: received 2 responses out of 3 voters: 2 yes votes; 0 no votes. yes voters: 3d0e101a9ec14ad7b6106515ef506d88, a7d0fc6ba0b24d82830b3e38e53f6590; no voters: 
I20260710 13:21:08.540674 17401 raft_consensus.cc:2804] T 1f8fc08ae9664d1da28aff5a6ec1b0e0 P a7d0fc6ba0b24d82830b3e38e53f6590 [term 2 FOLLOWER]: Leader election won for term 2
I20260710 13:21:08.541092 17401 raft_consensus.cc:697] T 1f8fc08ae9664d1da28aff5a6ec1b0e0 P a7d0fc6ba0b24d82830b3e38e53f6590 [term 2 LEADER]: Becoming Leader. State: Replica: a7d0fc6ba0b24d82830b3e38e53f6590, State: Running, Role: LEADER
I20260710 13:21:08.541911 17401 consensus_queue.cc:237] T 1f8fc08ae9664d1da28aff5a6ec1b0e0 P a7d0fc6ba0b24d82830b3e38e53f6590 [LEADER]: Queue going to LEADER mode. State: All replicated index: 0, Majority replicated index: 1, Committed index: 1, Last appended: 1.1, Last appended by leader: 1, Current term: 2, Majority size: 2, State: 0, Mode: LEADER, active raft config: opid_index: -1 OBSOLETE_local: false peers { permanent_uuid: "569c9093285445d392823f52353c7917" member_type: VOTER last_known_addr { host: "127.16.18.65" port: 38833 } } peers { permanent_uuid: "3d0e101a9ec14ad7b6106515ef506d88" member_type: VOTER last_known_addr { host: "127.16.18.66" port: 35573 } } peers { permanent_uuid: "a7d0fc6ba0b24d82830b3e38e53f6590" member_type: VOTER last_known_addr { host: "127.16.18.67" port: 45015 } }
I20260710 13:21:08.543262 17092 raft_consensus.cc:2468] T 1f8fc08ae9664d1da28aff5a6ec1b0e0 P 569c9093285445d392823f52353c7917 [term 2 FOLLOWER]: Leader election vote request: Granting yes vote for candidate a7d0fc6ba0b24d82830b3e38e53f6590 in term 2.
I20260710 13:21:08.549669 16990 catalog_manager.cc:5697] T 1f8fc08ae9664d1da28aff5a6ec1b0e0 P a7d0fc6ba0b24d82830b3e38e53f6590 reported cstate change: term changed from 1 to 2, leader changed from 569c9093285445d392823f52353c7917 (127.16.18.65) to a7d0fc6ba0b24d82830b3e38e53f6590 (127.16.18.67). New cstate: current_term: 2 leader_uuid: "a7d0fc6ba0b24d82830b3e38e53f6590" committed_config { opid_index: -1 OBSOLETE_local: false peers { permanent_uuid: "569c9093285445d392823f52353c7917" member_type: VOTER last_known_addr { host: "127.16.18.65" port: 38833 } health_report { overall_health: UNKNOWN } } peers { permanent_uuid: "3d0e101a9ec14ad7b6106515ef506d88" member_type: VOTER last_known_addr { host: "127.16.18.66" port: 35573 } health_report { overall_health: UNKNOWN } } peers { permanent_uuid: "a7d0fc6ba0b24d82830b3e38e53f6590" member_type: VOTER last_known_addr { host: "127.16.18.67" port: 45015 } health_report { overall_health: HEALTHY } } }
I20260710 13:21:08.579402 17404 raft_consensus.cc:993] T ebc952c707d343aba120897b9b174ffa P 569c9093285445d392823f52353c7917: : Instructing follower 3d0e101a9ec14ad7b6106515ef506d88 to start an election
I20260710 13:21:08.579887 17426 raft_consensus.cc:1081] T ebc952c707d343aba120897b9b174ffa P 569c9093285445d392823f52353c7917 [term 3 LEADER]: Signalling peer 3d0e101a9ec14ad7b6106515ef506d88 to start an election
I20260710 13:21:08.581626 17167 tablet_service.cc:2044] Received Run Leader Election RPC: tablet_id: "ebc952c707d343aba120897b9b174ffa"
dest_uuid: "3d0e101a9ec14ad7b6106515ef506d88"
 from {username='slave'} at 127.0.0.1:48406
I20260710 13:21:08.582132 17167 raft_consensus.cc:493] T ebc952c707d343aba120897b9b174ffa P 3d0e101a9ec14ad7b6106515ef506d88 [term 3 FOLLOWER]: Starting forced leader election (received explicit request)
I20260710 13:21:08.582458 17167 raft_consensus.cc:3060] T ebc952c707d343aba120897b9b174ffa P 3d0e101a9ec14ad7b6106515ef506d88 [term 3 FOLLOWER]: Advancing to term 4
I20260710 13:21:08.587182 17167 raft_consensus.cc:515] T ebc952c707d343aba120897b9b174ffa P 3d0e101a9ec14ad7b6106515ef506d88 [term 4 FOLLOWER]: Starting forced leader election with config: opid_index: -1 OBSOLETE_local: false peers { permanent_uuid: "569c9093285445d392823f52353c7917" member_type: VOTER last_known_addr { host: "127.16.18.65" port: 38833 } } peers { permanent_uuid: "3d0e101a9ec14ad7b6106515ef506d88" member_type: VOTER last_known_addr { host: "127.16.18.66" port: 35573 } } peers { permanent_uuid: "a7d0fc6ba0b24d82830b3e38e53f6590" member_type: VOTER last_known_addr { host: "127.16.18.67" port: 45015 } }
I20260710 13:21:08.588625 17167 leader_election.cc:290] T ebc952c707d343aba120897b9b174ffa P 3d0e101a9ec14ad7b6106515ef506d88 [CANDIDATE]: Term 4 election: Requested vote from peers 569c9093285445d392823f52353c7917 (127.16.18.65:38833), a7d0fc6ba0b24d82830b3e38e53f6590 (127.16.18.67:45015)
I20260710 13:21:08.589679 17243 tablet_service.cc:1917] Received RequestConsensusVote() RPC: tablet_id: "ebc952c707d343aba120897b9b174ffa" candidate_uuid: "3d0e101a9ec14ad7b6106515ef506d88" candidate_term: 4 candidate_status { last_received { term: 3 index: 3 } } ignore_live_leader: true dest_uuid: "a7d0fc6ba0b24d82830b3e38e53f6590"
I20260710 13:21:08.589601 17092 tablet_service.cc:1917] Received RequestConsensusVote() RPC: tablet_id: "ebc952c707d343aba120897b9b174ffa" candidate_uuid: "3d0e101a9ec14ad7b6106515ef506d88" candidate_term: 4 candidate_status { last_received { term: 3 index: 3 } } ignore_live_leader: true dest_uuid: "569c9093285445d392823f52353c7917"
I20260710 13:21:08.590242 17243 raft_consensus.cc:3060] T ebc952c707d343aba120897b9b174ffa P a7d0fc6ba0b24d82830b3e38e53f6590 [term 3 FOLLOWER]: Advancing to term 4
I20260710 13:21:08.590296 17092 raft_consensus.cc:3055] T ebc952c707d343aba120897b9b174ffa P 569c9093285445d392823f52353c7917 [term 3 LEADER]: Stepping down as leader of term 3
I20260710 13:21:08.590756 17092 raft_consensus.cc:740] T ebc952c707d343aba120897b9b174ffa P 569c9093285445d392823f52353c7917 [term 3 LEADER]: Becoming Follower/Learner. State: Replica: 569c9093285445d392823f52353c7917, State: Running, Role: LEADER
I20260710 13:21:08.591497 17092 consensus_queue.cc:260] T ebc952c707d343aba120897b9b174ffa P 569c9093285445d392823f52353c7917 [NON_LEADER]: Queue going to NON_LEADER mode. State: All replicated index: 0, Majority replicated index: 3, Committed index: 3, Last appended: 3.3, Last appended by leader: 3, Current term: 3, Majority size: -1, State: 0, Mode: NON_LEADER, active raft config: opid_index: -1 OBSOLETE_local: false peers { permanent_uuid: "569c9093285445d392823f52353c7917" member_type: VOTER last_known_addr { host: "127.16.18.65" port: 38833 } } peers { permanent_uuid: "3d0e101a9ec14ad7b6106515ef506d88" member_type: VOTER last_known_addr { host: "127.16.18.66" port: 35573 } } peers { permanent_uuid: "a7d0fc6ba0b24d82830b3e38e53f6590" member_type: VOTER last_known_addr { host: "127.16.18.67" port: 45015 } }
I20260710 13:21:08.592597 17092 raft_consensus.cc:3060] T ebc952c707d343aba120897b9b174ffa P 569c9093285445d392823f52353c7917 [term 3 FOLLOWER]: Advancing to term 4
I20260710 13:21:08.596515 17243 raft_consensus.cc:2468] T ebc952c707d343aba120897b9b174ffa P a7d0fc6ba0b24d82830b3e38e53f6590 [term 4 FOLLOWER]: Leader election vote request: Granting yes vote for candidate 3d0e101a9ec14ad7b6106515ef506d88 in term 4.
I20260710 13:21:08.597592 17135 leader_election.cc:304] T ebc952c707d343aba120897b9b174ffa P 3d0e101a9ec14ad7b6106515ef506d88 [CANDIDATE]: Term 4 election: Election decided. Result: candidate won. Election summary: received 2 responses out of 3 voters: 2 yes votes; 0 no votes. yes voters: 3d0e101a9ec14ad7b6106515ef506d88, a7d0fc6ba0b24d82830b3e38e53f6590; no voters: 
I20260710 13:21:08.598381 17403 raft_consensus.cc:2804] T ebc952c707d343aba120897b9b174ffa P 3d0e101a9ec14ad7b6106515ef506d88 [term 4 FOLLOWER]: Leader election won for term 4
I20260710 13:21:08.598610 17092 raft_consensus.cc:2468] T ebc952c707d343aba120897b9b174ffa P 569c9093285445d392823f52353c7917 [term 4 FOLLOWER]: Leader election vote request: Granting yes vote for candidate 3d0e101a9ec14ad7b6106515ef506d88 in term 4.
I20260710 13:21:08.598915 17403 raft_consensus.cc:697] T ebc952c707d343aba120897b9b174ffa P 3d0e101a9ec14ad7b6106515ef506d88 [term 4 LEADER]: Becoming Leader. State: Replica: 3d0e101a9ec14ad7b6106515ef506d88, State: Running, Role: LEADER
I20260710 13:21:08.599897 17403 consensus_queue.cc:237] T ebc952c707d343aba120897b9b174ffa P 3d0e101a9ec14ad7b6106515ef506d88 [LEADER]: Queue going to LEADER mode. State: All replicated index: 0, Majority replicated index: 3, Committed index: 3, Last appended: 3.3, Last appended by leader: 3, Current term: 4, Majority size: 2, State: 0, Mode: LEADER, active raft config: opid_index: -1 OBSOLETE_local: false peers { permanent_uuid: "569c9093285445d392823f52353c7917" member_type: VOTER last_known_addr { host: "127.16.18.65" port: 38833 } } peers { permanent_uuid: "3d0e101a9ec14ad7b6106515ef506d88" member_type: VOTER last_known_addr { host: "127.16.18.66" port: 35573 } } peers { permanent_uuid: "a7d0fc6ba0b24d82830b3e38e53f6590" member_type: VOTER last_known_addr { host: "127.16.18.67" port: 45015 } }
