I20260710 13:20:53.569620 16663 raft_consensus.cc:1275] T 22fb84de2b1c409c96c4f7de3b59e05e P 77c200a2f11d403da831f80707292ed1 [term 3 FOLLOWER]: Refusing update from remote peer afe70d3168b24cabbfbf19e5b407fd80: Log matching property violated. Preceding OpId in replica: term: 2 index: 2. Preceding OpId from leader: term: 3 index: 3. (index mismatch)
I20260710 13:20:53.571310 16968 consensus_queue.cc:1048] T 22fb84de2b1c409c96c4f7de3b59e05e P afe70d3168b24cabbfbf19e5b407fd80 [LEADER]: Connected to new peer: Peer: permanent_uuid: "77c200a2f11d403da831f80707292ed1" member_type: VOTER last_known_addr { host: "127.16.36.65" port: 46217 }, Status: LMP_MISMATCH, Last received: 0.0, Next index: 3, Last known committed idx: 2, Time since last communication: 0.000s
I20260710 13:20:53.620551 16813 raft_consensus.cc:1275] T b0882560e4d249ac987c9b32fa3e35e8 P afe70d3168b24cabbfbf19e5b407fd80 [term 3 FOLLOWER]: Refusing update from remote peer 77c200a2f11d403da831f80707292ed1: Log matching property violated. Preceding OpId in replica: term: 2 index: 2. Preceding OpId from leader: term: 3 index: 3. (index mismatch)
I20260710 13:20:53.621632 16993 consensus_queue.cc:1048] T b0882560e4d249ac987c9b32fa3e35e8 P 77c200a2f11d403da831f80707292ed1 [LEADER]: Connected to new peer: Peer: permanent_uuid: "afe70d3168b24cabbfbf19e5b407fd80" member_type: VOTER last_known_addr { host: "127.16.36.67" port: 35001 }, Status: LMP_MISMATCH, Last received: 0.0, Next index: 3, Last known committed idx: 2, Time since last communication: 0.000s
I20260710 13:20:53.634236 16739 raft_consensus.cc:1275] T b0882560e4d249ac987c9b32fa3e35e8 P a91e8482e34c48f5af5990dcf32e9c9a [term 3 FOLLOWER]: Refusing update from remote peer 77c200a2f11d403da831f80707292ed1: Log matching property violated. Preceding OpId in replica: term: 2 index: 2. Preceding OpId from leader: term: 3 index: 3. (index mismatch)
I20260710 13:20:53.635716 17015 consensus_queue.cc:1048] T b0882560e4d249ac987c9b32fa3e35e8 P 77c200a2f11d403da831f80707292ed1 [LEADER]: Connected to new peer: Peer: permanent_uuid: "a91e8482e34c48f5af5990dcf32e9c9a" member_type: VOTER last_known_addr { host: "127.16.36.66" port: 34257 }, Status: LMP_MISMATCH, Last received: 0.0, Next index: 3, Last known committed idx: 2, Time since last communication: 0.001s
I20260710 13:20:53.701215 16813 raft_consensus.cc:1275] T b6b2bd976dbe4a528c344db9e036dd3a P afe70d3168b24cabbfbf19e5b407fd80 [term 4 FOLLOWER]: Refusing update from remote peer 77c200a2f11d403da831f80707292ed1: Log matching property violated. Preceding OpId in replica: term: 3 index: 3. Preceding OpId from leader: term: 4 index: 4. (index mismatch)
I20260710 13:20:53.702515 17015 consensus_queue.cc:1048] T b6b2bd976dbe4a528c344db9e036dd3a P 77c200a2f11d403da831f80707292ed1 [LEADER]: Connected to new peer: Peer: permanent_uuid: "afe70d3168b24cabbfbf19e5b407fd80" member_type: VOTER last_known_addr { host: "127.16.36.67" port: 35001 }, Status: LMP_MISMATCH, Last received: 0.0, Next index: 4, Last known committed idx: 3, Time since last communication: 0.000s
I20260710 13:20:53.711937 16739 raft_consensus.cc:1275] T b6b2bd976dbe4a528c344db9e036dd3a P a91e8482e34c48f5af5990dcf32e9c9a [term 4 FOLLOWER]: Refusing update from remote peer 77c200a2f11d403da831f80707292ed1: Log matching property violated. Preceding OpId in replica: term: 3 index: 3. Preceding OpId from leader: term: 4 index: 4. (index mismatch)
I20260710 13:20:53.713459 17015 consensus_queue.cc:1048] T b6b2bd976dbe4a528c344db9e036dd3a P 77c200a2f11d403da831f80707292ed1 [LEADER]: Connected to new peer: Peer: permanent_uuid: "a91e8482e34c48f5af5990dcf32e9c9a" member_type: VOTER last_known_addr { host: "127.16.36.66" port: 34257 }, Status: LMP_MISMATCH, Last received: 0.0, Next index: 4, Last known committed idx: 3, Time since last communication: 0.000s
I20260710 13:20:53.716694 16663 raft_consensus.cc:1275] T 574c3f860885446c816bf0927eff9128 P 77c200a2f11d403da831f80707292ed1 [term 4 FOLLOWER]: Refusing update from remote peer afe70d3168b24cabbfbf19e5b407fd80: Log matching property violated. Preceding OpId in replica: term: 3 index: 3. Preceding OpId from leader: term: 4 index: 4. (index mismatch)
I20260710 13:20:53.718104 16968 consensus_queue.cc:1048] T 574c3f860885446c816bf0927eff9128 P afe70d3168b24cabbfbf19e5b407fd80 [LEADER]: Connected to new peer: Peer: permanent_uuid: "77c200a2f11d403da831f80707292ed1" member_type: VOTER last_known_addr { host: "127.16.36.65" port: 46217 }, Status: LMP_MISMATCH, Last received: 0.0, Next index: 4, Last known committed idx: 3, Time since last communication: 0.000s
I20260710 13:20:53.728055 16739 raft_consensus.cc:1275] T 574c3f860885446c816bf0927eff9128 P a91e8482e34c48f5af5990dcf32e9c9a [term 4 FOLLOWER]: Refusing update from remote peer afe70d3168b24cabbfbf19e5b407fd80: Log matching property violated. Preceding OpId in replica: term: 3 index: 3. Preceding OpId from leader: term: 4 index: 4. (index mismatch)
I20260710 13:20:53.729758 17003 consensus_queue.cc:1048] T 574c3f860885446c816bf0927eff9128 P afe70d3168b24cabbfbf19e5b407fd80 [LEADER]: Connected to new peer: Peer: permanent_uuid: "a91e8482e34c48f5af5990dcf32e9c9a" member_type: VOTER last_known_addr { host: "127.16.36.66" port: 34257 }, Status: LMP_MISMATCH, Last received: 0.0, Next index: 4, Last known committed idx: 3, Time since last communication: 0.000s
I20260710 13:20:53.918937 16529 auto_leader_rebalancer.cc:141] leader rebalance for table test-workload
I20260710 13:20:53.924086 16529 tablet_server.cc:179] TabletServer@127.16.36.65:0 shutting down...
W20260710 13:20:53.935878 16704 proxy.cc:239] Call had error, refreshing address and retrying: Remote error: Service unavailable: service kudu.consensus.ConsensusService not registered on TabletServer
W20260710 13:20:53.941064 16704 consensus_peers.cc:597] T 42a4cfdf5fd74f778ade17fecce26d80 P a91e8482e34c48f5af5990dcf32e9c9a -> Peer 77c200a2f11d403da831f80707292ed1 (127.16.36.65:46217): Couldn't send request to peer 77c200a2f11d403da831f80707292ed1. Status: Remote error: Service unavailable: service kudu.consensus.ConsensusService not registered on TabletServer. This is attempt 1: this message will repeat every 5th retry.
I20260710 13:20:53.955430 16529 ts_tablet_manager.cc:1507] Shutting down tablet manager...
I20260710 13:20:53.956233 16529 tablet_replica.cc:333] T b0882560e4d249ac987c9b32fa3e35e8 P 77c200a2f11d403da831f80707292ed1: stopping tablet replica
I20260710 13:20:53.956913 16529 raft_consensus.cc:2243] T b0882560e4d249ac987c9b32fa3e35e8 P 77c200a2f11d403da831f80707292ed1 [term 3 LEADER]: Raft consensus shutting down.
I20260710 13:20:53.957698 16529 raft_consensus.cc:2272] T b0882560e4d249ac987c9b32fa3e35e8 P 77c200a2f11d403da831f80707292ed1 [term 3 FOLLOWER]: Raft consensus is shut down!
I20260710 13:20:53.960268 16529 tablet_replica.cc:333] T f323e37fe977478192abe359dd57c0a1 P 77c200a2f11d403da831f80707292ed1: stopping tablet replica
I20260710 13:20:53.960778 16529 raft_consensus.cc:2243] T f323e37fe977478192abe359dd57c0a1 P 77c200a2f11d403da831f80707292ed1 [term 3 FOLLOWER]: Raft consensus shutting down.
I20260710 13:20:53.961158 16529 raft_consensus.cc:2272] T f323e37fe977478192abe359dd57c0a1 P 77c200a2f11d403da831f80707292ed1 [term 3 FOLLOWER]: Raft consensus is shut down!
I20260710 13:20:53.962692 16529 tablet_replica.cc:333] T b6b2bd976dbe4a528c344db9e036dd3a P 77c200a2f11d403da831f80707292ed1: stopping tablet replica
I20260710 13:20:53.963176 16529 raft_consensus.cc:2243] T b6b2bd976dbe4a528c344db9e036dd3a P 77c200a2f11d403da831f80707292ed1 [term 4 LEADER]: Raft consensus shutting down.
I20260710 13:20:53.963918 16529 raft_consensus.cc:2272] T b6b2bd976dbe4a528c344db9e036dd3a P 77c200a2f11d403da831f80707292ed1 [term 4 FOLLOWER]: Raft consensus is shut down!
I20260710 13:20:53.966267 16529 tablet_replica.cc:333] T c8ab9474b85a4720ae6a24bf2187db2f P 77c200a2f11d403da831f80707292ed1: stopping tablet replica
I20260710 13:20:53.966698 16529 raft_consensus.cc:2243] T c8ab9474b85a4720ae6a24bf2187db2f P 77c200a2f11d403da831f80707292ed1 [term 2 FOLLOWER]: Raft consensus shutting down.
I20260710 13:20:53.967069 16529 raft_consensus.cc:2272] T c8ab9474b85a4720ae6a24bf2187db2f P 77c200a2f11d403da831f80707292ed1 [term 2 FOLLOWER]: Raft consensus is shut down!
I20260710 13:20:53.968554 16529 tablet_replica.cc:333] T 42a4cfdf5fd74f778ade17fecce26d80 P 77c200a2f11d403da831f80707292ed1: stopping tablet replica
I20260710 13:20:53.968961 16529 raft_consensus.cc:2243] T 42a4cfdf5fd74f778ade17fecce26d80 P 77c200a2f11d403da831f80707292ed1 [term 4 FOLLOWER]: Raft consensus shutting down.
I20260710 13:20:53.969343 16529 raft_consensus.cc:2272] T 42a4cfdf5fd74f778ade17fecce26d80 P 77c200a2f11d403da831f80707292ed1 [term 4 FOLLOWER]: Raft consensus is shut down!
I20260710 13:20:53.970853 16529 tablet_replica.cc:333] T 574c3f860885446c816bf0927eff9128 P 77c200a2f11d403da831f80707292ed1: stopping tablet replica
I20260710 13:20:53.971249 16529 raft_consensus.cc:2243] T 574c3f860885446c816bf0927eff9128 P 77c200a2f11d403da831f80707292ed1 [term 4 FOLLOWER]: Raft consensus shutting down.
I20260710 13:20:53.971585 16529 raft_consensus.cc:2272] T 574c3f860885446c816bf0927eff9128 P 77c200a2f11d403da831f80707292ed1 [term 4 FOLLOWER]: Raft consensus is shut down!
I20260710 13:20:53.973641 16529 tablet_replica.cc:333] T f3ed15cb65a5491cada1ed159f2d8744 P 77c200a2f11d403da831f80707292ed1: stopping tablet replica
I20260710 13:20:53.974048 16529 raft_consensus.cc:2243] T f3ed15cb65a5491cada1ed159f2d8744 P 77c200a2f11d403da831f80707292ed1 [term 3 LEADER]: Raft consensus shutting down.
I20260710 13:20:53.974659 16529 raft_consensus.cc:2272] T f3ed15cb65a5491cada1ed159f2d8744 P 77c200a2f11d403da831f80707292ed1 [term 3 FOLLOWER]: Raft consensus is shut down!
I20260710 13:20:53.976394 16529 tablet_replica.cc:333] T 81cd78ce2c5040fa80ccf17d87c241db P 77c200a2f11d403da831f80707292ed1: stopping tablet replica
I20260710 13:20:53.976809 16529 raft_consensus.cc:2243] T 81cd78ce2c5040fa80ccf17d87c241db P 77c200a2f11d403da831f80707292ed1 [term 2 FOLLOWER]: Raft consensus shutting down.
I20260710 13:20:53.977120 16529 raft_consensus.cc:2272] T 81cd78ce2c5040fa80ccf17d87c241db P 77c200a2f11d403da831f80707292ed1 [term 2 FOLLOWER]: Raft consensus is shut down!
I20260710 13:20:53.978479 16529 tablet_replica.cc:333] T 22fb84de2b1c409c96c4f7de3b59e05e P 77c200a2f11d403da831f80707292ed1: stopping tablet replica
I20260710 13:20:53.978837 16529 raft_consensus.cc:2243] T 22fb84de2b1c409c96c4f7de3b59e05e P 77c200a2f11d403da831f80707292ed1 [term 3 FOLLOWER]: Raft consensus shutting down.
I20260710 13:20:53.979171 16529 raft_consensus.cc:2272] T 22fb84de2b1c409c96c4f7de3b59e05e P 77c200a2f11d403da831f80707292ed1 [term 3 FOLLOWER]: Raft consensus is shut down!
I20260710 13:20:54.078018 16529 tablet_server.cc:196] TabletServer@127.16.36.65:0 shutdown complete.
W20260710 13:20:54.079841 16704 consensus_peers.cc:597] T f323e37fe977478192abe359dd57c0a1 P a91e8482e34c48f5af5990dcf32e9c9a -> Peer 77c200a2f11d403da831f80707292ed1 (127.16.36.65:46217): Couldn't send request to peer 77c200a2f11d403da831f80707292ed1. Status: Network error: Client connection negotiation failed: client connection to 127.16.36.65:46217: connect: Connection refused (error 111). This is attempt 1: this message will repeat every 5th retry.
W20260710 13:20:54.081161 16778 consensus_peers.cc:597] T c8ab9474b85a4720ae6a24bf2187db2f P afe70d3168b24cabbfbf19e5b407fd80 -> Peer 77c200a2f11d403da831f80707292ed1 (127.16.36.65:46217): Couldn't send request to peer 77c200a2f11d403da831f80707292ed1. Status: Network error: Client connection negotiation failed: client connection to 127.16.36.65:46217: connect: Connection refused (error 111). This is attempt 1: this message will repeat every 5th retry.
I20260710 13:20:54.095809 16529 tablet_server.cc:179] TabletServer@127.16.36.66:0 shutting down...
I20260710 13:20:54.121598 16529 ts_tablet_manager.cc:1507] Shutting down tablet manager...
I20260710 13:20:54.122327 16529 tablet_replica.cc:333] T c8ab9474b85a4720ae6a24bf2187db2f P a91e8482e34c48f5af5990dcf32e9c9a: stopping tablet replica
I20260710 13:20:54.123076 16529 raft_consensus.cc:2243] T c8ab9474b85a4720ae6a24bf2187db2f P a91e8482e34c48f5af5990dcf32e9c9a [term 2 FOLLOWER]: Raft consensus shutting down.
W20260710 13:20:54.123123 16778 consensus_peers.cc:597] T 22fb84de2b1c409c96c4f7de3b59e05e P afe70d3168b24cabbfbf19e5b407fd80 -> Peer 77c200a2f11d403da831f80707292ed1 (127.16.36.65:46217): Couldn't send request to peer 77c200a2f11d403da831f80707292ed1. Status: Network error: Client connection negotiation failed: client connection to 127.16.36.65:46217: connect: Connection refused (error 111). This is attempt 1: this message will repeat every 5th retry.
I20260710 13:20:54.123607 16529 raft_consensus.cc:2272] T c8ab9474b85a4720ae6a24bf2187db2f P a91e8482e34c48f5af5990dcf32e9c9a [term 2 FOLLOWER]: Raft consensus is shut down!
I20260710 13:20:54.125298 16529 tablet_replica.cc:333] T 42a4cfdf5fd74f778ade17fecce26d80 P a91e8482e34c48f5af5990dcf32e9c9a: stopping tablet replica
I20260710 13:20:54.125860 16529 raft_consensus.cc:2243] T 42a4cfdf5fd74f778ade17fecce26d80 P a91e8482e34c48f5af5990dcf32e9c9a [term 4 LEADER]: Raft consensus shutting down.
I20260710 13:20:54.126655 16529 raft_consensus.cc:2272] T 42a4cfdf5fd74f778ade17fecce26d80 P a91e8482e34c48f5af5990dcf32e9c9a [term 4 FOLLOWER]: Raft consensus is shut down!
I20260710 13:20:54.128146 16529 tablet_replica.cc:333] T 22fb84de2b1c409c96c4f7de3b59e05e P a91e8482e34c48f5af5990dcf32e9c9a: stopping tablet replica
I20260710 13:20:54.128675 16529 raft_consensus.cc:2243] T 22fb84de2b1c409c96c4f7de3b59e05e P a91e8482e34c48f5af5990dcf32e9c9a [term 3 FOLLOWER]: Raft consensus shutting down.
I20260710 13:20:54.129045 16529 raft_consensus.cc:2272] T 22fb84de2b1c409c96c4f7de3b59e05e P a91e8482e34c48f5af5990dcf32e9c9a [term 3 FOLLOWER]: Raft consensus is shut down!
I20260710 13:20:54.131060 16529 tablet_replica.cc:333] T b0882560e4d249ac987c9b32fa3e35e8 P a91e8482e34c48f5af5990dcf32e9c9a: stopping tablet replica
I20260710 13:20:54.131542 16529 raft_consensus.cc:2243] T b0882560e4d249ac987c9b32fa3e35e8 P a91e8482e34c48f5af5990dcf32e9c9a [term 3 FOLLOWER]: Raft consensus shutting down.
I20260710 13:20:54.131907 16529 raft_consensus.cc:2272] T b0882560e4d249ac987c9b32fa3e35e8 P a91e8482e34c48f5af5990dcf32e9c9a [term 3 FOLLOWER]: Raft consensus is shut down!
I20260710 13:20:54.133922 16529 tablet_replica.cc:333] T b6b2bd976dbe4a528c344db9e036dd3a P a91e8482e34c48f5af5990dcf32e9c9a: stopping tablet replica
I20260710 13:20:54.134682 16529 raft_consensus.cc:2243] T b6b2bd976dbe4a528c344db9e036dd3a P a91e8482e34c48f5af5990dcf32e9c9a [term 4 FOLLOWER]: Raft consensus shutting down.
I20260710 13:20:54.135079 16529 raft_consensus.cc:2272] T b6b2bd976dbe4a528c344db9e036dd3a P a91e8482e34c48f5af5990dcf32e9c9a [term 4 FOLLOWER]: Raft consensus is shut down!
I20260710 13:20:54.136802 16529 tablet_replica.cc:333] T f3ed15cb65a5491cada1ed159f2d8744 P a91e8482e34c48f5af5990dcf32e9c9a: stopping tablet replica
I20260710 13:20:54.137194 16529 raft_consensus.cc:2243] T f3ed15cb65a5491cada1ed159f2d8744 P a91e8482e34c48f5af5990dcf32e9c9a [term 3 FOLLOWER]: Raft consensus shutting down.
I20260710 13:20:54.137514 16529 raft_consensus.cc:2272] T f3ed15cb65a5491cada1ed159f2d8744 P a91e8482e34c48f5af5990dcf32e9c9a [term 3 FOLLOWER]: Raft consensus is shut down!
I20260710 13:20:54.139186 16529 tablet_replica.cc:333] T 574c3f860885446c816bf0927eff9128 P a91e8482e34c48f5af5990dcf32e9c9a: stopping tablet replica
I20260710 13:20:54.139623 16529 raft_consensus.cc:2243] T 574c3f860885446c816bf0927eff9128 P a91e8482e34c48f5af5990dcf32e9c9a [term 4 FOLLOWER]: Raft consensus shutting down.
I20260710 13:20:54.139981 16529 raft_consensus.cc:2272] T 574c3f860885446c816bf0927eff9128 P a91e8482e34c48f5af5990dcf32e9c9a [term 4 FOLLOWER]: Raft consensus is shut down!
I20260710 13:20:54.141775 16529 tablet_replica.cc:333] T 81cd78ce2c5040fa80ccf17d87c241db P a91e8482e34c48f5af5990dcf32e9c9a: stopping tablet replica
I20260710 13:20:54.142210 16529 raft_consensus.cc:2243] T 81cd78ce2c5040fa80ccf17d87c241db P a91e8482e34c48f5af5990dcf32e9c9a [term 2 LEADER]: Raft consensus shutting down.
I20260710 13:20:54.142886 16529 raft_consensus.cc:2272] T 81cd78ce2c5040fa80ccf17d87c241db P a91e8482e34c48f5af5990dcf32e9c9a [term 2 FOLLOWER]: Raft consensus is shut down!
I20260710 13:20:54.144441 16529 tablet_replica.cc:333] T f323e37fe977478192abe359dd57c0a1 P a91e8482e34c48f5af5990dcf32e9c9a: stopping tablet replica
I20260710 13:20:54.144837 16529 raft_consensus.cc:2243] T f323e37fe977478192abe359dd57c0a1 P a91e8482e34c48f5af5990dcf32e9c9a [term 3 LEADER]: Raft consensus shutting down.
I20260710 13:20:54.145493 16529 raft_consensus.cc:2272] T f323e37fe977478192abe359dd57c0a1 P a91e8482e34c48f5af5990dcf32e9c9a [term 3 FOLLOWER]: Raft consensus is shut down!
W20260710 13:20:54.154033 16778 consensus_peers.cc:597] T 574c3f860885446c816bf0927eff9128 P afe70d3168b24cabbfbf19e5b407fd80 -> Peer a91e8482e34c48f5af5990dcf32e9c9a (127.16.36.66:34257): Couldn't send request to peer a91e8482e34c48f5af5990dcf32e9c9a. Status: Remote error: Service unavailable: service kudu.consensus.ConsensusService not registered on TabletServer. This is attempt 1: this message will repeat every 5th retry.
I20260710 13:20:54.173755 16529 tablet_server.cc:196] TabletServer@127.16.36.66:0 shutdown complete.
W20260710 13:20:54.177876 16778 consensus_peers.cc:597] T 22fb84de2b1c409c96c4f7de3b59e05e P afe70d3168b24cabbfbf19e5b407fd80 -> Peer a91e8482e34c48f5af5990dcf32e9c9a (127.16.36.66:34257): Couldn't send request to peer a91e8482e34c48f5af5990dcf32e9c9a. Status: Network error: Client connection negotiation failed: client connection to 127.16.36.66:34257: connect: Connection refused (error 111). This is attempt 1: this message will repeat every 5th retry.
I20260710 13:20:54.190454 16529 tablet_server.cc:179] TabletServer@127.16.36.67:0 shutting down...
I20260710 13:20:54.216341 16529 ts_tablet_manager.cc:1507] Shutting down tablet manager...
I20260710 13:20:54.217011 16529 tablet_replica.cc:333] T b0882560e4d249ac987c9b32fa3e35e8 P afe70d3168b24cabbfbf19e5b407fd80: stopping tablet replica
I20260710 13:20:54.217547 16529 raft_consensus.cc:2243] T b0882560e4d249ac987c9b32fa3e35e8 P afe70d3168b24cabbfbf19e5b407fd80 [term 3 FOLLOWER]: Raft consensus shutting down.
I20260710 13:20:54.217942 16529 raft_consensus.cc:2272] T b0882560e4d249ac987c9b32fa3e35e8 P afe70d3168b24cabbfbf19e5b407fd80 [term 3 FOLLOWER]: Raft consensus is shut down!
I20260710 13:20:54.219942 16529 tablet_replica.cc:333] T c8ab9474b85a4720ae6a24bf2187db2f P afe70d3168b24cabbfbf19e5b407fd80: stopping tablet replica
I20260710 13:20:54.220481 16529 raft_consensus.cc:2243] T c8ab9474b85a4720ae6a24bf2187db2f P afe70d3168b24cabbfbf19e5b407fd80 [term 2 LEADER]: Raft consensus shutting down.
I20260710 13:20:54.221117 16529 raft_consensus.cc:2272] T c8ab9474b85a4720ae6a24bf2187db2f P afe70d3168b24cabbfbf19e5b407fd80 [term 2 FOLLOWER]: Raft consensus is shut down!
I20260710 13:20:54.222640 16529 tablet_replica.cc:333] T 42a4cfdf5fd74f778ade17fecce26d80 P afe70d3168b24cabbfbf19e5b407fd80: stopping tablet replica
I20260710 13:20:54.223057 16529 raft_consensus.cc:2243] T 42a4cfdf5fd74f778ade17fecce26d80 P afe70d3168b24cabbfbf19e5b407fd80 [term 4 FOLLOWER]: Raft consensus shutting down.
I20260710 13:20:54.223407 16529 raft_consensus.cc:2272] T 42a4cfdf5fd74f778ade17fecce26d80 P afe70d3168b24cabbfbf19e5b407fd80 [term 4 FOLLOWER]: Raft consensus is shut down!
I20260710 13:20:54.224897 16529 tablet_replica.cc:333] T b6b2bd976dbe4a528c344db9e036dd3a P afe70d3168b24cabbfbf19e5b407fd80: stopping tablet replica
I20260710 13:20:54.225298 16529 raft_consensus.cc:2243] T b6b2bd976dbe4a528c344db9e036dd3a P afe70d3168b24cabbfbf19e5b407fd80 [term 4 FOLLOWER]: Raft consensus shutting down.
I20260710 13:20:54.225648 16529 raft_consensus.cc:2272] T b6b2bd976dbe4a528c344db9e036dd3a P afe70d3168b24cabbfbf19e5b407fd80 [term 4 FOLLOWER]: Raft consensus is shut down!
I20260710 13:20:54.228024 16529 tablet_replica.cc:333] T f323e37fe977478192abe359dd57c0a1 P afe70d3168b24cabbfbf19e5b407fd80: stopping tablet replica
I20260710 13:20:54.228544 16529 raft_consensus.cc:2243] T f323e37fe977478192abe359dd57c0a1 P afe70d3168b24cabbfbf19e5b407fd80 [term 3 FOLLOWER]: Raft consensus shutting down.
I20260710 13:20:54.228958 16529 raft_consensus.cc:2272] T f323e37fe977478192abe359dd57c0a1 P afe70d3168b24cabbfbf19e5b407fd80 [term 3 FOLLOWER]: Raft consensus is shut down!
I20260710 13:20:54.230680 16529 tablet_replica.cc:333] T 81cd78ce2c5040fa80ccf17d87c241db P afe70d3168b24cabbfbf19e5b407fd80: stopping tablet replica
I20260710 13:20:54.231134 16529 raft_consensus.cc:2243] T 81cd78ce2c5040fa80ccf17d87c241db P afe70d3168b24cabbfbf19e5b407fd80 [term 2 FOLLOWER]: Raft consensus shutting down.
I20260710 13:20:54.231525 16529 raft_consensus.cc:2272] T 81cd78ce2c5040fa80ccf17d87c241db P afe70d3168b24cabbfbf19e5b407fd80 [term 2 FOLLOWER]: Raft consensus is shut down!
I20260710 13:20:54.233552 16529 tablet_replica.cc:333] T f3ed15cb65a5491cada1ed159f2d8744 P afe70d3168b24cabbfbf19e5b407fd80: stopping tablet replica
I20260710 13:20:54.234017 16529 raft_consensus.cc:2243] T f3ed15cb65a5491cada1ed159f2d8744 P afe70d3168b24cabbfbf19e5b407fd80 [term 3 FOLLOWER]: Raft consensus shutting down.
I20260710 13:20:54.234375 16529 raft_consensus.cc:2272] T f3ed15cb65a5491cada1ed159f2d8744 P afe70d3168b24cabbfbf19e5b407fd80 [term 3 FOLLOWER]: Raft consensus is shut down!
I20260710 13:20:54.236092 16529 tablet_replica.cc:333] T 574c3f860885446c816bf0927eff9128 P afe70d3168b24cabbfbf19e5b407fd80: stopping tablet replica
I20260710 13:20:54.236577 16529 raft_consensus.cc:2243] T 574c3f860885446c816bf0927eff9128 P afe70d3168b24cabbfbf19e5b407fd80 [term 4 LEADER]: Raft consensus shutting down.
I20260710 13:20:54.237246 16529 raft_consensus.cc:2272] T 574c3f860885446c816bf0927eff9128 P afe70d3168b24cabbfbf19e5b407fd80 [term 4 FOLLOWER]: Raft consensus is shut down!
I20260710 13:20:54.238965 16529 tablet_replica.cc:333] T 22fb84de2b1c409c96c4f7de3b59e05e P afe70d3168b24cabbfbf19e5b407fd80: stopping tablet replica
I20260710 13:20:54.239395 16529 raft_consensus.cc:2243] T 22fb84de2b1c409c96c4f7de3b59e05e P afe70d3168b24cabbfbf19e5b407fd80 [term 3 LEADER]: Raft consensus shutting down.
I20260710 13:20:54.240051 16529 raft_consensus.cc:2272] T 22fb84de2b1c409c96c4f7de3b59e05e P afe70d3168b24cabbfbf19e5b407fd80 [term 3 FOLLOWER]: Raft consensus is shut down!
I20260710 13:20:54.265653 16529 tablet_server.cc:196] TabletServer@127.16.36.67:0 shutdown complete.
I20260710 13:20:54.283174 16529 master.cc:562] Master@127.16.36.126:40421 shutting down...
I20260710 13:20:54.399499 16529 raft_consensus.cc:2243] T 00000000000000000000000000000000 P d5a0ffd75229470b90d97b5132f46978 [term 1 LEADER]: Raft consensus shutting down.
I20260710 13:20:54.400066 16529 raft_consensus.cc:2272] T 00000000000000000000000000000000 P d5a0ffd75229470b90d97b5132f46978 [term 1 FOLLOWER]: Raft consensus is shut down!
I20260710 13:20:54.400482 16529 tablet_replica.cc:333] T 00000000000000000000000000000000 P d5a0ffd75229470b90d97b5132f46978: stopping tablet replica
I20260710 13:20:54.419410 16529 master.cc:584] Master@127.16.36.126:40421 shutdown complete.
77c200a2f11d403da831f80707292ed1  4
a91e8482e34c48f5af5990dcf32e9c9a  4
afe70d3168b24cabbfbf19e5b407fd80  1
[       OK ] LeaderRebalancerTest.FunctionalTestForDivided (12617 ms)
[ RUN      ] LeaderRebalancerTest.FunctionalTestForNotDivided
I20260710 13:20:54.459794 16529 internal_mini_cluster.cc:156] Creating distributed mini masters. Addrs: 127.16.36.126:44259
I20260710 13:20:54.461005 16529 file_cache.cc:504] Constructed file cache file cache with capacity 419430
W20260710 13:20:54.466192 17025 instance_detector.cc:116] could not retrieve AWS instance metadata: Network error: curl error: HTTP response code said error: The requested URL returned error: 404
W20260710 13:20:54.466763 17026 instance_detector.cc:116] could not retrieve Azure instance metadata: Network error: curl error: HTTP response code said error: The requested URL returned error: 404
W20260710 13:20:54.467623 17028 instance_detector.cc:116] could not retrieve OpenStack instance metadata: Network error: curl error: HTTP response code said error: The requested URL returned error: 404
I20260710 13:20:54.468740 16529 server_base.cc:1061] running on GCE node
I20260710 13:20:54.469487 16529 hybrid_clock.cc:584] initializing the hybrid clock with 'system_unsync' time source
W20260710 13:20:54.469660 16529 system_unsync_time.cc:38] NTP support is disabled. Clock error bounds will not be accurate. This configuration is not suitable for distributed clusters.
I20260710 13:20:54.469770 16529 hybrid_clock.cc:648] HybridClock initialized: now 1783689654469760 us; error 0 us; skew 500 ppm
I20260710 13:20:54.470228 16529 server_base.cc:861] Flag tcmalloc_max_total_thread_cache_bytes is not working since tcmalloc is not enabled.
I20260710 13:20:54.472569 16529 webserver.cc:533] Webserver started at http://127.16.36.126:35645/ using document root <none> and password file <none>
I20260710 13:20:54.473024 16529 fs_manager.cc:362] Metadata directory not provided
I20260710 13:20:54.473172 16529 fs_manager.cc:368] Using write-ahead log directory (fs_wal_dir) as metadata directory
I20260710 13:20:54.473383 16529 server_base.cc:909] This appears to be a new deployment of Kudu; creating new FS layout
I20260710 13:20:54.474391 16529 fs_manager.cc:1068] Generated new instance metadata in path /tmp/dist-test-taskqbU3p9/test-tmp/auto_leader_rebalancer-test.0.LeaderRebalancerTest.FunctionalTestForNotDivided.1783689641680229-16529-0/minicluster-data/master-0-root/instance:
uuid: "973a07a76bb44fb9b809d2367bb3c376"
format_stamp: "Formatted at 2026-07-10 13:20:54 on dist-test-slave-d1wg"
I20260710 13:20:54.478912 16529 fs_manager.cc:696] Time spent creating directory manager: real 0.004s	user 0.003s	sys 0.002s
I20260710 13:20:54.482105 17033 log_block_manager.cc:4127] Time spent loading block containers with low live blocks: real 0.000s	user 0.000s	sys 0.000s
I20260710 13:20:54.482811 16529 fs_manager.cc:730] Time spent opening block manager: real 0.002s	user 0.002s	sys 0.000s
I20260710 13:20:54.483146 16529 fs_manager.cc:647] Opened local filesystem: /tmp/dist-test-taskqbU3p9/test-tmp/auto_leader_rebalancer-test.0.LeaderRebalancerTest.FunctionalTestForNotDivided.1783689641680229-16529-0/minicluster-data/master-0-root
uuid: "973a07a76bb44fb9b809d2367bb3c376"
format_stamp: "Formatted at 2026-07-10 13:20:54 on dist-test-slave-d1wg"
I20260710 13:20:54.483464 16529 fs_report.cc:389] FS layout report
--------------------
wal directory: /tmp/dist-test-taskqbU3p9/test-tmp/auto_leader_rebalancer-test.0.LeaderRebalancerTest.FunctionalTestForNotDivided.1783689641680229-16529-0/minicluster-data/master-0-root
metadata directory: /tmp/dist-test-taskqbU3p9/test-tmp/auto_leader_rebalancer-test.0.LeaderRebalancerTest.FunctionalTestForNotDivided.1783689641680229-16529-0/minicluster-data/master-0-root
1 data directories: /tmp/dist-test-taskqbU3p9/test-tmp/auto_leader_rebalancer-test.0.LeaderRebalancerTest.FunctionalTestForNotDivided.1783689641680229-16529-0/minicluster-data/master-0-root/data
Total live blocks: 0
Total live bytes: 0
Total live bytes (after alignment): 0
Total number of LBM containers: 0 (0 full)
Did not check for missing blocks
Did not check for orphaned blocks
Total full LBM containers with extra space: 0 (0 repaired)
Total full LBM container extra space in bytes: 0 (0 repaired)
Total incomplete LBM containers: 0 (0 repaired)
Total LBM partial records: 0 (0 repaired)
Total corrupted LBM metadata records in RocksDB: 0 (0 repaired)
I20260710 13:20:54.521549 16529 rpc_server.cc:225] running with OpenSSL 1.1.1  11 Sep 2018
I20260710 13:20:54.522732 16529 kserver.cc:163] Server-wide thread pool size limit: 3276
I20260710 13:20:54.559567 16529 rpc_server.cc:307] RPC server started. Bound to: 127.16.36.126:44259
I20260710 13:20:54.559651 17084 acceptor_pool.cc:272] collecting diagnostics on the listening RPC socket 127.16.36.126:44259 every 8 connection(s)
I20260710 13:20:54.563315 17085 data_dirs.cc:400] Could only allocate 1 dirs of requested 3 for tablet 00000000000000000000000000000000. 1 dirs total, 0 dirs full, 0 dirs failed
I20260710 13:20:54.573850 17085 tablet_bootstrap.cc:492] T 00000000000000000000000000000000 P 973a07a76bb44fb9b809d2367bb3c376: Bootstrap starting.
I20260710 13:20:54.578583 17085 tablet_bootstrap.cc:654] T 00000000000000000000000000000000 P 973a07a76bb44fb9b809d2367bb3c376: Neither blocks nor log segments found. Creating new log.
I20260710 13:20:54.582794 17085 tablet_bootstrap.cc:492] T 00000000000000000000000000000000 P 973a07a76bb44fb9b809d2367bb3c376: No bootstrap required, opened a new log
I20260710 13:20:54.584939 17085 raft_consensus.cc:359] T 00000000000000000000000000000000 P 973a07a76bb44fb9b809d2367bb3c376 [term 0 FOLLOWER]: Replica starting. Triggering 0 pending ops. Active config: opid_index: -1 OBSOLETE_local: true peers { permanent_uuid: "973a07a76bb44fb9b809d2367bb3c376" member_type: VOTER }
I20260710 13:20:54.585326 17085 raft_consensus.cc:385] T 00000000000000000000000000000000 P 973a07a76bb44fb9b809d2367bb3c376 [term 0 FOLLOWER]: Consensus starting up: Expiring failure detector timer to make a prompt election more likely
I20260710 13:20:54.585542 17085 raft_consensus.cc:740] T 00000000000000000000000000000000 P 973a07a76bb44fb9b809d2367bb3c376 [term 0 FOLLOWER]: Becoming Follower/Learner. State: Replica: 973a07a76bb44fb9b809d2367bb3c376, State: Initialized, Role: FOLLOWER
I20260710 13:20:54.586089 17085 consensus_queue.cc:260] T 00000000000000000000000000000000 P 973a07a76bb44fb9b809d2367bb3c376 [NON_LEADER]: Queue going to NON_LEADER mode. State: All replicated index: 0, Majority replicated index: 0, Committed index: 0, Last appended: 0.0, Last appended by leader: 0, Current term: 0, Majority size: -1, State: 0, Mode: NON_LEADER, active raft config: opid_index: -1 OBSOLETE_local: true peers { permanent_uuid: "973a07a76bb44fb9b809d2367bb3c376" member_type: VOTER }
I20260710 13:20:54.586472 17085 raft_consensus.cc:399] T 00000000000000000000000000000000 P 973a07a76bb44fb9b809d2367bb3c376 [term 0 FOLLOWER]: Only one voter in the Raft config. Triggering election immediately
I20260710 13:20:54.586652 17085 raft_consensus.cc:493] T 00000000000000000000000000000000 P 973a07a76bb44fb9b809d2367bb3c376 [term 0 FOLLOWER]: Starting leader election (initial election of a single-replica configuration)
I20260710 13:20:54.586858 17085 raft_consensus.cc:3060] T 00000000000000000000000000000000 P 973a07a76bb44fb9b809d2367bb3c376 [term 0 FOLLOWER]: Advancing to term 1
I20260710 13:20:54.590688 17085 raft_consensus.cc:515] T 00000000000000000000000000000000 P 973a07a76bb44fb9b809d2367bb3c376 [term 1 FOLLOWER]: Starting leader election with config: opid_index: -1 OBSOLETE_local: true peers { permanent_uuid: "973a07a76bb44fb9b809d2367bb3c376" member_type: VOTER }
I20260710 13:20:54.591149 17085 leader_election.cc:304] T 00000000000000000000000000000000 P 973a07a76bb44fb9b809d2367bb3c376 [CANDIDATE]: Term 1 election: Election decided. Result: candidate won. Election summary: received 1 responses out of 1 voters: 1 yes votes; 0 no votes. yes voters: 973a07a76bb44fb9b809d2367bb3c376; no voters: 
I20260710 13:20:54.592213 17085 leader_election.cc:290] T 00000000000000000000000000000000 P 973a07a76bb44fb9b809d2367bb3c376 [CANDIDATE]: Term 1 election: Requested vote from peers 
I20260710 13:20:54.592661 17088 raft_consensus.cc:2804] T 00000000000000000000000000000000 P 973a07a76bb44fb9b809d2367bb3c376 [term 1 FOLLOWER]: Leader election won for term 1
I20260710 13:20:54.593925 17088 raft_consensus.cc:697] T 00000000000000000000000000000000 P 973a07a76bb44fb9b809d2367bb3c376 [term 1 LEADER]: Becoming Leader. State: Replica: 973a07a76bb44fb9b809d2367bb3c376, State: Running, Role: LEADER
I20260710 13:20:54.594494 17088 consensus_queue.cc:237] T 00000000000000000000000000000000 P 973a07a76bb44fb9b809d2367bb3c376 [LEADER]: Queue going to LEADER mode. State: All replicated index: 0, Majority replicated index: 0, Committed index: 0, Last appended: 0.0, Last appended by leader: 0, Current term: 1, Majority size: 1, State: 0, Mode: LEADER, active raft config: opid_index: -1 OBSOLETE_local: true peers { permanent_uuid: "973a07a76bb44fb9b809d2367bb3c376" member_type: VOTER }
I20260710 13:20:54.595090 17085 sys_catalog.cc:565] T 00000000000000000000000000000000 P 973a07a76bb44fb9b809d2367bb3c376 [sys.catalog]: configured and running, proceeding with master startup.
I20260710 13:20:54.599000 17090 sys_catalog.cc:455] T 00000000000000000000000000000000 P 973a07a76bb44fb9b809d2367bb3c376 [sys.catalog]: SysCatalogTable state changed. Reason: New leader 973a07a76bb44fb9b809d2367bb3c376. Latest consensus state: current_term: 1 leader_uuid: "973a07a76bb44fb9b809d2367bb3c376" committed_config { opid_index: -1 OBSOLETE_local: true peers { permanent_uuid: "973a07a76bb44fb9b809d2367bb3c376" member_type: VOTER } }
I20260710 13:20:54.599721 17090 sys_catalog.cc:458] T 00000000000000000000000000000000 P 973a07a76bb44fb9b809d2367bb3c376 [sys.catalog]: This master's current role is: LEADER
I20260710 13:20:54.601145 17089 sys_catalog.cc:455] T 00000000000000000000000000000000 P 973a07a76bb44fb9b809d2367bb3c376 [sys.catalog]: SysCatalogTable state changed. Reason: RaftConsensus started. Latest consensus state: current_term: 1 leader_uuid: "973a07a76bb44fb9b809d2367bb3c376" committed_config { opid_index: -1 OBSOLETE_local: true peers { permanent_uuid: "973a07a76bb44fb9b809d2367bb3c376" member_type: VOTER } }
I20260710 13:20:54.601558 17095 catalog_manager.cc:1511] Loading table and tablet metadata into memory...
I20260710 13:20:54.601783 17089 sys_catalog.cc:458] T 00000000000000000000000000000000 P 973a07a76bb44fb9b809d2367bb3c376 [sys.catalog]: This master's current role is: LEADER
I20260710 13:20:54.607218 17095 catalog_manager.cc:1520] Initializing Kudu cluster ID...
I20260710 13:20:54.610169 16529 internal_mini_cluster.cc:184] Waiting to initialize catalog manager on master 0
I20260710 13:20:54.616273 17095 catalog_manager.cc:1383] Generated new cluster ID: dc89307d53fc4a34b6889640b1db3a2b
I20260710 13:20:54.616542 17095 catalog_manager.cc:1531] Initializing Kudu internal certificate authority...
I20260710 13:20:54.641230 17095 catalog_manager.cc:1406] Generated new certificate authority record
I20260710 13:20:54.642449 17095 catalog_manager.cc:1540] Loading token signing keys...
I20260710 13:20:54.662312 17095 catalog_manager.cc:6070] T 00000000000000000000000000000000 P 973a07a76bb44fb9b809d2367bb3c376: Generated new TSK 0
I20260710 13:20:54.662887 17095 catalog_manager.cc:1550] Initializing in-progress tserver states...
I20260710 13:20:54.677407 16529 file_cache.cc:504] Constructed file cache file cache with capacity 419430
W20260710 13:20:54.682986 17106 instance_detector.cc:116] could not retrieve AWS instance metadata: Network error: curl error: HTTP response code said error: The requested URL returned error: 404
W20260710 13:20:54.684333 17107 instance_detector.cc:116] could not retrieve Azure instance metadata: Network error: curl error: HTTP response code said error: The requested URL returned error: 404
W20260710 13:20:54.685976 17109 instance_detector.cc:116] could not retrieve OpenStack instance metadata: Network error: curl error: HTTP response code said error: The requested URL returned error: 404
I20260710 13:20:54.686453 16529 server_base.cc:1061] running on GCE node
I20260710 13:20:54.687251 16529 hybrid_clock.cc:584] initializing the hybrid clock with 'system_unsync' time source
W20260710 13:20:54.687479 16529 system_unsync_time.cc:38] NTP support is disabled. Clock error bounds will not be accurate. This configuration is not suitable for distributed clusters.
I20260710 13:20:54.687649 16529 hybrid_clock.cc:648] HybridClock initialized: now 1783689654687617 us; error 0 us; skew 500 ppm
I20260710 13:20:54.688230 16529 server_base.cc:861] Flag tcmalloc_max_total_thread_cache_bytes is not working since tcmalloc is not enabled.
I20260710 13:20:54.690426 16529 webserver.cc:533] Webserver started at http://127.16.36.65:41833/ using document root <none> and password file <none>
I20260710 13:20:54.690968 16529 fs_manager.cc:362] Metadata directory not provided
I20260710 13:20:54.691164 16529 fs_manager.cc:368] Using write-ahead log directory (fs_wal_dir) as metadata directory
I20260710 13:20:54.691442 16529 server_base.cc:909] This appears to be a new deployment of Kudu; creating new FS layout
I20260710 13:20:54.692497 16529 fs_manager.cc:1068] Generated new instance metadata in path /tmp/dist-test-taskqbU3p9/test-tmp/auto_leader_rebalancer-test.0.LeaderRebalancerTest.FunctionalTestForNotDivided.1783689641680229-16529-0/minicluster-data/ts-0-root/instance:
uuid: "a112e4562d1e4b12bd20f791e8e5b60c"
format_stamp: "Formatted at 2026-07-10 13:20:54 on dist-test-slave-d1wg"
I20260710 13:20:54.696945 16529 fs_manager.cc:696] Time spent creating directory manager: real 0.004s	user 0.003s	sys 0.001s
I20260710 13:20:54.699980 17114 log_block_manager.cc:4127] Time spent loading block containers with low live blocks: real 0.000s	user 0.000s	sys 0.000s
I20260710 13:20:54.700739 16529 fs_manager.cc:730] Time spent opening block manager: real 0.002s	user 0.002s	sys 0.001s
I20260710 13:20:54.701012 16529 fs_manager.cc:647] Opened local filesystem: /tmp/dist-test-taskqbU3p9/test-tmp/auto_leader_rebalancer-test.0.LeaderRebalancerTest.FunctionalTestForNotDivided.1783689641680229-16529-0/minicluster-data/ts-0-root
uuid: "a112e4562d1e4b12bd20f791e8e5b60c"
format_stamp: "Formatted at 2026-07-10 13:20:54 on dist-test-slave-d1wg"
I20260710 13:20:54.701301 16529 fs_report.cc:389] FS layout report
--------------------
wal directory: /tmp/dist-test-taskqbU3p9/test-tmp/auto_leader_rebalancer-test.0.LeaderRebalancerTest.FunctionalTestForNotDivided.1783689641680229-16529-0/minicluster-data/ts-0-root
metadata directory: /tmp/dist-test-taskqbU3p9/test-tmp/auto_leader_rebalancer-test.0.LeaderRebalancerTest.FunctionalTestForNotDivided.1783689641680229-16529-0/minicluster-data/ts-0-root
1 data directories: /tmp/dist-test-taskqbU3p9/test-tmp/auto_leader_rebalancer-test.0.LeaderRebalancerTest.FunctionalTestForNotDivided.1783689641680229-16529-0/minicluster-data/ts-0-root/data
Total live blocks: 0
Total live bytes: 0
Total live bytes (after alignment): 0
Total number of LBM containers: 0 (0 full)
Did not check for missing blocks
Did not check for orphaned blocks
Total full LBM containers with extra space: 0 (0 repaired)
Total full LBM container extra space in bytes: 0 (0 repaired)
Total incomplete LBM containers: 0 (0 repaired)
Total LBM partial records: 0 (0 repaired)
Total corrupted LBM metadata records in RocksDB: 0 (0 repaired)
I20260710 13:20:54.722589 16529 rpc_server.cc:225] running with OpenSSL 1.1.1  11 Sep 2018
I20260710 13:20:54.723863 16529 kserver.cc:163] Server-wide thread pool size limit: 3276
I20260710 13:20:54.725291 16529 txn_system_client.cc:432] TxnSystemClient initialization is disabled...
I20260710 13:20:54.727471 16529 ts_tablet_manager.cc:585] Loaded tablet metadata (0 total tablets, 0 live tablets)
I20260710 13:20:54.727689 16529 ts_tablet_manager.cc:531] Time spent load tablet metadata: real 0.000s	user 0.000s	sys 0.000s
I20260710 13:20:54.727934 16529 ts_tablet_manager.cc:616] Registered 0 tablets
I20260710 13:20:54.728113 16529 ts_tablet_manager.cc:595] Time spent register tablets: real 0.000s	user 0.000s	sys 0.000s
I20260710 13:20:54.767128 16529 rpc_server.cc:307] RPC server started. Bound to: 127.16.36.65:35973
I20260710 13:20:54.767226 17176 acceptor_pool.cc:272] collecting diagnostics on the listening RPC socket 127.16.36.65:35973 every 8 connection(s)
I20260710 13:20:54.771962 16529 file_cache.cc:504] Constructed file cache file cache with capacity 419430
W20260710 13:20:54.778857 17181 instance_detector.cc:116] could not retrieve AWS instance metadata: Network error: curl error: HTTP response code said error: The requested URL returned error: 404
W20260710 13:20:54.780238 17182 instance_detector.cc:116] could not retrieve Azure instance metadata: Network error: curl error: HTTP response code said error: The requested URL returned error: 404
W20260710 13:20:54.782210 17184 instance_detector.cc:116] could not retrieve OpenStack instance metadata: Network error: curl error: HTTP response code said error: The requested URL returned error: 404
I20260710 13:20:54.785173 16529 server_base.cc:1061] running on GCE node
I20260710 13:20:54.786451 16529 hybrid_clock.cc:584] initializing the hybrid clock with 'system_unsync' time source
W20260710 13:20:54.786677 16529 system_unsync_time.cc:38] NTP support is disabled. Clock error bounds will not be accurate. This configuration is not suitable for distributed clusters.
I20260710 13:20:54.786873 16529 hybrid_clock.cc:648] HybridClock initialized: now 1783689654786854 us; error 0 us; skew 500 ppm
I20260710 13:20:54.787488 16529 server_base.cc:861] Flag tcmalloc_max_total_thread_cache_bytes is not working since tcmalloc is not enabled.
I20260710 13:20:54.790241 16529 webserver.cc:533] Webserver started at http://127.16.36.66:37911/ using document root <none> and password file <none>
I20260710 13:20:54.790337 17177 heartbeater.cc:344] Connected to a master server at 127.16.36.126:44259
I20260710 13:20:54.790796 17177 heartbeater.cc:461] Registering TS with master...
I20260710 13:20:54.790803 16529 fs_manager.cc:362] Metadata directory not provided
I20260710 13:20:54.791180 16529 fs_manager.cc:368] Using write-ahead log directory (fs_wal_dir) as metadata directory
I20260710 13:20:54.791486 16529 server_base.cc:909] This appears to be a new deployment of Kudu; creating new FS layout
I20260710 13:20:54.791718 17177 heartbeater.cc:507] Master 127.16.36.126:44259 requested a full tablet report, sending...
I20260710 13:20:54.792706 16529 fs_manager.cc:1068] Generated new instance metadata in path /tmp/dist-test-taskqbU3p9/test-tmp/auto_leader_rebalancer-test.0.LeaderRebalancerTest.FunctionalTestForNotDivided.1783689641680229-16529-0/minicluster-data/ts-1-root/instance:
uuid: "10d78eda9808470a8c727c186bc23c71"
format_stamp: "Formatted at 2026-07-10 13:20:54 on dist-test-slave-d1wg"
I20260710 13:20:54.793911 17050 ts_manager.cc:194] Registered new tserver with Master: a112e4562d1e4b12bd20f791e8e5b60c (127.16.36.65:35973)
I20260710 13:20:54.795600 17050 master_service.cc:502] Signed X509 certificate for tserver {username='slave'} at 127.0.0.1:50554
I20260710 13:20:54.797572 16529 fs_manager.cc:696] Time spent creating directory manager: real 0.004s	user 0.005s	sys 0.000s
I20260710 13:20:54.800881 17189 log_block_manager.cc:4127] Time spent loading block containers with low live blocks: real 0.000s	user 0.000s	sys 0.000s
I20260710 13:20:54.801621 16529 fs_manager.cc:730] Time spent opening block manager: real 0.002s	user 0.003s	sys 0.000s
I20260710 13:20:54.801925 16529 fs_manager.cc:647] Opened local filesystem: /tmp/dist-test-taskqbU3p9/test-tmp/auto_leader_rebalancer-test.0.LeaderRebalancerTest.FunctionalTestForNotDivided.1783689641680229-16529-0/minicluster-data/ts-1-root
uuid: "10d78eda9808470a8c727c186bc23c71"
format_stamp: "Formatted at 2026-07-10 13:20:54 on dist-test-slave-d1wg"
I20260710 13:20:54.802205 16529 fs_report.cc:389] FS layout report
--------------------
wal directory: /tmp/dist-test-taskqbU3p9/test-tmp/auto_leader_rebalancer-test.0.LeaderRebalancerTest.FunctionalTestForNotDivided.1783689641680229-16529-0/minicluster-data/ts-1-root
metadata directory: /tmp/dist-test-taskqbU3p9/test-tmp/auto_leader_rebalancer-test.0.LeaderRebalancerTest.FunctionalTestForNotDivided.1783689641680229-16529-0/minicluster-data/ts-1-root
1 data directories: /tmp/dist-test-taskqbU3p9/test-tmp/auto_leader_rebalancer-test.0.LeaderRebalancerTest.FunctionalTestForNotDivided.1783689641680229-16529-0/minicluster-data/ts-1-root/data
Total live blocks: 0
Total live bytes: 0
Total live bytes (after alignment): 0
Total number of LBM containers: 0 (0 full)
Did not check for missing blocks
Did not check for orphaned blocks
Total full LBM containers with extra space: 0 (0 repaired)
Total full LBM container extra space in bytes: 0 (0 repaired)
Total incomplete LBM containers: 0 (0 repaired)
Total LBM partial records: 0 (0 repaired)
Total corrupted LBM metadata records in RocksDB: 0 (0 repaired)
I20260710 13:20:54.819200 16529 rpc_server.cc:225] running with OpenSSL 1.1.1  11 Sep 2018
I20260710 13:20:54.820447 16529 kserver.cc:163] Server-wide thread pool size limit: 3276
I20260710 13:20:54.821965 16529 txn_system_client.cc:432] TxnSystemClient initialization is disabled...
I20260710 13:20:54.824057 16529 ts_tablet_manager.cc:585] Loaded tablet metadata (0 total tablets, 0 live tablets)
I20260710 13:20:54.824335 16529 ts_tablet_manager.cc:531] Time spent load tablet metadata: real 0.000s	user 0.000s	sys 0.000s
I20260710 13:20:54.824571 16529 ts_tablet_manager.cc:616] Registered 0 tablets
I20260710 13:20:54.824745 16529 ts_tablet_manager.cc:595] Time spent register tablets: real 0.000s	user 0.000s	sys 0.000s
I20260710 13:20:54.862867 16529 rpc_server.cc:307] RPC server started. Bound to: 127.16.36.66:34519
I20260710 13:20:54.862973 17251 acceptor_pool.cc:272] collecting diagnostics on the listening RPC socket 127.16.36.66:34519 every 8 connection(s)
I20260710 13:20:54.867421 16529 file_cache.cc:504] Constructed file cache file cache with capacity 419430
W20260710 13:20:54.873642 17255 instance_detector.cc:116] could not retrieve AWS instance metadata: Network error: curl error: HTTP response code said error: The requested URL returned error: 404
W20260710 13:20:54.876335 17256 instance_detector.cc:116] could not retrieve Azure instance metadata: Network error: curl error: HTTP response code said error: The requested URL returned error: 404
W20260710 13:20:54.877883 17258 instance_detector.cc:116] could not retrieve OpenStack instance metadata: Network error: curl error: HTTP response code said error: The requested URL returned error: 404
I20260710 13:20:54.878876 16529 server_base.cc:1061] running on GCE node
I20260710 13:20:54.879725 17252 heartbeater.cc:344] Connected to a master server at 127.16.36.126:44259
I20260710 13:20:54.879899 16529 hybrid_clock.cc:584] initializing the hybrid clock with 'system_unsync' time source
I20260710 13:20:54.880213 17252 heartbeater.cc:461] Registering TS with master...
W20260710 13:20:54.880230 16529 system_unsync_time.cc:38] NTP support is disabled. Clock error bounds will not be accurate. This configuration is not suitable for distributed clusters.
I20260710 13:20:54.880576 16529 hybrid_clock.cc:648] HybridClock initialized: now 1783689654880560 us; error 0 us; skew 500 ppm
I20260710 13:20:54.881121 16529 server_base.cc:861] Flag tcmalloc_max_total_thread_cache_bytes is not working since tcmalloc is not enabled.
I20260710 13:20:54.881109 17252 heartbeater.cc:507] Master 127.16.36.126:44259 requested a full tablet report, sending...
I20260710 13:20:54.883371 17050 ts_manager.cc:194] Registered new tserver with Master: 10d78eda9808470a8c727c186bc23c71 (127.16.36.66:34519)
I20260710 13:20:54.883802 16529 webserver.cc:533] Webserver started at http://127.16.36.67:34071/ using document root <none> and password file <none>
I20260710 13:20:54.884430 16529 fs_manager.cc:362] Metadata directory not provided
I20260710 13:20:54.884621 16529 fs_manager.cc:368] Using write-ahead log directory (fs_wal_dir) as metadata directory
I20260710 13:20:54.884944 16529 server_base.cc:909] This appears to be a new deployment of Kudu; creating new FS layout
I20260710 13:20:54.885072 17050 master_service.cc:502] Signed X509 certificate for tserver {username='slave'} at 127.0.0.1:50558
I20260710 13:20:54.886255 16529 fs_manager.cc:1068] Generated new instance metadata in path /tmp/dist-test-taskqbU3p9/test-tmp/auto_leader_rebalancer-test.0.LeaderRebalancerTest.FunctionalTestForNotDivided.1783689641680229-16529-0/minicluster-data/ts-2-root/instance:
uuid: "feb114630dc8498e928917ac7ba5d211"
format_stamp: "Formatted at 2026-07-10 13:20:54 on dist-test-slave-d1wg"
I20260710 13:20:54.890586 16529 fs_manager.cc:696] Time spent creating directory manager: real 0.004s	user 0.006s	sys 0.000s
I20260710 13:20:54.893725 17263 log_block_manager.cc:4127] Time spent loading block containers with low live blocks: real 0.000s	user 0.000s	sys 0.000s
I20260710 13:20:54.894425 16529 fs_manager.cc:730] Time spent opening block manager: real 0.002s	user 0.001s	sys 0.000s
I20260710 13:20:54.894708 16529 fs_manager.cc:647] Opened local filesystem: /tmp/dist-test-taskqbU3p9/test-tmp/auto_leader_rebalancer-test.0.LeaderRebalancerTest.FunctionalTestForNotDivided.1783689641680229-16529-0/minicluster-data/ts-2-root
uuid: "feb114630dc8498e928917ac7ba5d211"
format_stamp: "Formatted at 2026-07-10 13:20:54 on dist-test-slave-d1wg"
I20260710 13:20:54.894992 16529 fs_report.cc:389] FS layout report
--------------------
wal directory: /tmp/dist-test-taskqbU3p9/test-tmp/auto_leader_rebalancer-test.0.LeaderRebalancerTest.FunctionalTestForNotDivided.1783689641680229-16529-0/minicluster-data/ts-2-root
metadata directory: /tmp/dist-test-taskqbU3p9/test-tmp/auto_leader_rebalancer-test.0.LeaderRebalancerTest.FunctionalTestForNotDivided.1783689641680229-16529-0/minicluster-data/ts-2-root
1 data directories: /tmp/dist-test-taskqbU3p9/test-tmp/auto_leader_rebalancer-test.0.LeaderRebalancerTest.FunctionalTestForNotDivided.1783689641680229-16529-0/minicluster-data/ts-2-root/data
Total live blocks: 0
Total live bytes: 0
Total live bytes (after alignment): 0
Total number of LBM containers: 0 (0 full)
Did not check for missing blocks
Did not check for orphaned blocks
Total full LBM containers with extra space: 0 (0 repaired)
