I20260710 13:20:51.473232 17104 consensus_queue.cc:237] T 15eac37d7407458c855190ab5dda1337 P 4f1b389531d9481abe9bd9efd782dcef [LEADER]: Queue going to LEADER mode. State: All replicated index: 0, Majority replicated index: 2, Committed index: 2, Last appended: 2.2, Last appended by leader: 2, Current term: 3, Majority size: 2, State: 0, Mode: LEADER, active raft config: opid_index: -1 OBSOLETE_local: false peers { permanent_uuid: "9ae5452a5dfe4903b457d0a72f4f3a2c" member_type: VOTER last_known_addr { host: "127.16.72.193" port: 37685 } } peers { permanent_uuid: "ba1f6ff19b0b420c8805a69df9fa0286" member_type: VOTER last_known_addr { host: "127.16.72.194" port: 39357 } } peers { permanent_uuid: "4f1b389531d9481abe9bd9efd782dcef" member_type: VOTER last_known_addr { host: "127.16.72.195" port: 40643 } }
I20260710 13:20:51.483245 16707 catalog_manager.cc:5697] T 15eac37d7407458c855190ab5dda1337 P 4f1b389531d9481abe9bd9efd782dcef reported cstate change: term changed from 2 to 3, leader changed from ba1f6ff19b0b420c8805a69df9fa0286 (127.16.72.194) to 4f1b389531d9481abe9bd9efd782dcef (127.16.72.195). New cstate: current_term: 3 leader_uuid: "4f1b389531d9481abe9bd9efd782dcef" committed_config { opid_index: -1 OBSOLETE_local: false peers { permanent_uuid: "9ae5452a5dfe4903b457d0a72f4f3a2c" member_type: VOTER last_known_addr { host: "127.16.72.193" port: 37685 } health_report { overall_health: UNKNOWN } } peers { permanent_uuid: "ba1f6ff19b0b420c8805a69df9fa0286" member_type: VOTER last_known_addr { host: "127.16.72.194" port: 39357 } health_report { overall_health: UNKNOWN } } peers { permanent_uuid: "4f1b389531d9481abe9bd9efd782dcef" member_type: VOTER last_known_addr { host: "127.16.72.195" port: 40643 } health_report { overall_health: HEALTHY } } }
I20260710 13:20:51.584506 17114 raft_consensus.cc:993] T a8cc90a0376a4f6abe3e7864e9993226 P ba1f6ff19b0b420c8805a69df9fa0286: : Instructing follower 9ae5452a5dfe4903b457d0a72f4f3a2c to start an election
I20260710 13:20:51.584969 17134 raft_consensus.cc:1081] T a8cc90a0376a4f6abe3e7864e9993226 P ba1f6ff19b0b420c8805a69df9fa0286 [term 2 LEADER]: Signalling peer 9ae5452a5dfe4903b457d0a72f4f3a2c to start an election
I20260710 13:20:51.586489 16810 tablet_service.cc:2044] Received Run Leader Election RPC: tablet_id: "a8cc90a0376a4f6abe3e7864e9993226"
dest_uuid: "9ae5452a5dfe4903b457d0a72f4f3a2c"
 from {username='slave'} at 127.0.0.1:47520
I20260710 13:20:51.586992 16810 raft_consensus.cc:493] T a8cc90a0376a4f6abe3e7864e9993226 P 9ae5452a5dfe4903b457d0a72f4f3a2c [term 2 FOLLOWER]: Starting forced leader election (received explicit request)
I20260710 13:20:51.587285 16810 raft_consensus.cc:3060] T a8cc90a0376a4f6abe3e7864e9993226 P 9ae5452a5dfe4903b457d0a72f4f3a2c [term 2 FOLLOWER]: Advancing to term 3
I20260710 13:20:51.592669 16810 raft_consensus.cc:515] T a8cc90a0376a4f6abe3e7864e9993226 P 9ae5452a5dfe4903b457d0a72f4f3a2c [term 3 FOLLOWER]: Starting forced leader election with config: opid_index: -1 OBSOLETE_local: false peers { permanent_uuid: "9ae5452a5dfe4903b457d0a72f4f3a2c" member_type: VOTER last_known_addr { host: "127.16.72.193" port: 37685 } } peers { permanent_uuid: "ba1f6ff19b0b420c8805a69df9fa0286" member_type: VOTER last_known_addr { host: "127.16.72.194" port: 39357 } } peers { permanent_uuid: "4f1b389531d9481abe9bd9efd782dcef" member_type: VOTER last_known_addr { host: "127.16.72.195" port: 40643 } }
I20260710 13:20:51.594560 16810 leader_election.cc:290] T a8cc90a0376a4f6abe3e7864e9993226 P 9ae5452a5dfe4903b457d0a72f4f3a2c [CANDIDATE]: Term 3 election: Requested vote from peers ba1f6ff19b0b420c8805a69df9fa0286 (127.16.72.194:39357), 4f1b389531d9481abe9bd9efd782dcef (127.16.72.195:40643)
I20260710 13:20:51.595297 16884 tablet_service.cc:1917] Received RequestConsensusVote() RPC: tablet_id: "a8cc90a0376a4f6abe3e7864e9993226" candidate_uuid: "9ae5452a5dfe4903b457d0a72f4f3a2c" candidate_term: 3 candidate_status { last_received { term: 2 index: 2 } } ignore_live_leader: true dest_uuid: "ba1f6ff19b0b420c8805a69df9fa0286"
I20260710 13:20:51.595672 16959 tablet_service.cc:1917] Received RequestConsensusVote() RPC: tablet_id: "a8cc90a0376a4f6abe3e7864e9993226" candidate_uuid: "9ae5452a5dfe4903b457d0a72f4f3a2c" candidate_term: 3 candidate_status { last_received { term: 2 index: 2 } } ignore_live_leader: true dest_uuid: "4f1b389531d9481abe9bd9efd782dcef"
I20260710 13:20:51.595772 16884 raft_consensus.cc:3055] T a8cc90a0376a4f6abe3e7864e9993226 P ba1f6ff19b0b420c8805a69df9fa0286 [term 2 LEADER]: Stepping down as leader of term 2
I20260710 13:20:51.596138 16959 raft_consensus.cc:3060] T a8cc90a0376a4f6abe3e7864e9993226 P 4f1b389531d9481abe9bd9efd782dcef [term 2 FOLLOWER]: Advancing to term 3
I20260710 13:20:51.596161 16884 raft_consensus.cc:740] T a8cc90a0376a4f6abe3e7864e9993226 P ba1f6ff19b0b420c8805a69df9fa0286 [term 2 LEADER]: Becoming Follower/Learner. State: Replica: ba1f6ff19b0b420c8805a69df9fa0286, State: Running, Role: LEADER
I20260710 13:20:51.597132 16884 consensus_queue.cc:260] T a8cc90a0376a4f6abe3e7864e9993226 P ba1f6ff19b0b420c8805a69df9fa0286 [NON_LEADER]: Queue going to NON_LEADER mode. State: All replicated index: 0, Majority replicated index: 2, Committed index: 2, Last appended: 2.2, Last appended by leader: 2, Current term: 2, Majority size: -1, State: 0, Mode: NON_LEADER, active raft config: opid_index: -1 OBSOLETE_local: false peers { permanent_uuid: "9ae5452a5dfe4903b457d0a72f4f3a2c" member_type: VOTER last_known_addr { host: "127.16.72.193" port: 37685 } } peers { permanent_uuid: "ba1f6ff19b0b420c8805a69df9fa0286" member_type: VOTER last_known_addr { host: "127.16.72.194" port: 39357 } } peers { permanent_uuid: "4f1b389531d9481abe9bd9efd782dcef" member_type: VOTER last_known_addr { host: "127.16.72.195" port: 40643 } }
I20260710 13:20:51.598357 16884 raft_consensus.cc:3060] T a8cc90a0376a4f6abe3e7864e9993226 P ba1f6ff19b0b420c8805a69df9fa0286 [term 2 FOLLOWER]: Advancing to term 3
I20260710 13:20:51.602670 16959 raft_consensus.cc:2468] T a8cc90a0376a4f6abe3e7864e9993226 P 4f1b389531d9481abe9bd9efd782dcef [term 3 FOLLOWER]: Leader election vote request: Granting yes vote for candidate 9ae5452a5dfe4903b457d0a72f4f3a2c in term 3.
I20260710 13:20:51.603823 16776 leader_election.cc:304] T a8cc90a0376a4f6abe3e7864e9993226 P 9ae5452a5dfe4903b457d0a72f4f3a2c [CANDIDATE]: Term 3 election: Election decided. Result: candidate won. Election summary: received 2 responses out of 3 voters: 2 yes votes; 0 no votes. yes voters: 4f1b389531d9481abe9bd9efd782dcef, 9ae5452a5dfe4903b457d0a72f4f3a2c; no voters: 
I20260710 13:20:51.604352 16884 raft_consensus.cc:2468] T a8cc90a0376a4f6abe3e7864e9993226 P ba1f6ff19b0b420c8805a69df9fa0286 [term 3 FOLLOWER]: Leader election vote request: Granting yes vote for candidate 9ae5452a5dfe4903b457d0a72f4f3a2c in term 3.
I20260710 13:20:51.604552 17135 raft_consensus.cc:2804] T a8cc90a0376a4f6abe3e7864e9993226 P 9ae5452a5dfe4903b457d0a72f4f3a2c [term 3 FOLLOWER]: Leader election won for term 3
I20260710 13:20:51.605017 17135 raft_consensus.cc:697] T a8cc90a0376a4f6abe3e7864e9993226 P 9ae5452a5dfe4903b457d0a72f4f3a2c [term 3 LEADER]: Becoming Leader. State: Replica: 9ae5452a5dfe4903b457d0a72f4f3a2c, State: Running, Role: LEADER
I20260710 13:20:51.605904 17135 consensus_queue.cc:237] T a8cc90a0376a4f6abe3e7864e9993226 P 9ae5452a5dfe4903b457d0a72f4f3a2c [LEADER]: Queue going to LEADER mode. State: All replicated index: 0, Majority replicated index: 2, Committed index: 2, Last appended: 2.2, Last appended by leader: 2, Current term: 3, Majority size: 2, State: 0, Mode: LEADER, active raft config: opid_index: -1 OBSOLETE_local: false peers { permanent_uuid: "9ae5452a5dfe4903b457d0a72f4f3a2c" member_type: VOTER last_known_addr { host: "127.16.72.193" port: 37685 } } peers { permanent_uuid: "ba1f6ff19b0b420c8805a69df9fa0286" member_type: VOTER last_known_addr { host: "127.16.72.194" port: 39357 } } peers { permanent_uuid: "4f1b389531d9481abe9bd9efd782dcef" member_type: VOTER last_known_addr { host: "127.16.72.195" port: 40643 } }
I20260710 13:20:51.613315 16707 catalog_manager.cc:5697] T a8cc90a0376a4f6abe3e7864e9993226 P 9ae5452a5dfe4903b457d0a72f4f3a2c reported cstate change: term changed from 2 to 3, leader changed from ba1f6ff19b0b420c8805a69df9fa0286 (127.16.72.194) to 9ae5452a5dfe4903b457d0a72f4f3a2c (127.16.72.193). New cstate: current_term: 3 leader_uuid: "9ae5452a5dfe4903b457d0a72f4f3a2c" committed_config { opid_index: -1 OBSOLETE_local: false peers { permanent_uuid: "9ae5452a5dfe4903b457d0a72f4f3a2c" member_type: VOTER last_known_addr { host: "127.16.72.193" port: 37685 } health_report { overall_health: HEALTHY } } peers { permanent_uuid: "ba1f6ff19b0b420c8805a69df9fa0286" member_type: VOTER last_known_addr { host: "127.16.72.194" port: 39357 } health_report { overall_health: UNKNOWN } } peers { permanent_uuid: "4f1b389531d9481abe9bd9efd782dcef" member_type: VOTER last_known_addr { host: "127.16.72.195" port: 40643 } health_report { overall_health: UNKNOWN } } }
I20260710 13:20:51.798825 17114 raft_consensus.cc:993] T 31d2e9da5f734cdba4a6554504f8cd45 P ba1f6ff19b0b420c8805a69df9fa0286: : Instructing follower 9ae5452a5dfe4903b457d0a72f4f3a2c to start an election
I20260710 13:20:51.799350 17134 raft_consensus.cc:1081] T 31d2e9da5f734cdba4a6554504f8cd45 P ba1f6ff19b0b420c8805a69df9fa0286 [term 2 LEADER]: Signalling peer 9ae5452a5dfe4903b457d0a72f4f3a2c to start an election
I20260710 13:20:51.801004 16809 tablet_service.cc:2044] Received Run Leader Election RPC: tablet_id: "31d2e9da5f734cdba4a6554504f8cd45"
dest_uuid: "9ae5452a5dfe4903b457d0a72f4f3a2c"
 from {username='slave'} at 127.0.0.1:47520
I20260710 13:20:51.801461 16809 raft_consensus.cc:493] T 31d2e9da5f734cdba4a6554504f8cd45 P 9ae5452a5dfe4903b457d0a72f4f3a2c [term 2 FOLLOWER]: Starting forced leader election (received explicit request)
I20260710 13:20:51.801702 16809 raft_consensus.cc:3060] T 31d2e9da5f734cdba4a6554504f8cd45 P 9ae5452a5dfe4903b457d0a72f4f3a2c [term 2 FOLLOWER]: Advancing to term 3
I20260710 13:20:51.806540 16809 raft_consensus.cc:515] T 31d2e9da5f734cdba4a6554504f8cd45 P 9ae5452a5dfe4903b457d0a72f4f3a2c [term 3 FOLLOWER]: Starting forced leader election with config: opid_index: -1 OBSOLETE_local: false peers { permanent_uuid: "9ae5452a5dfe4903b457d0a72f4f3a2c" member_type: VOTER last_known_addr { host: "127.16.72.193" port: 37685 } } peers { permanent_uuid: "ba1f6ff19b0b420c8805a69df9fa0286" member_type: VOTER last_known_addr { host: "127.16.72.194" port: 39357 } } peers { permanent_uuid: "4f1b389531d9481abe9bd9efd782dcef" member_type: VOTER last_known_addr { host: "127.16.72.195" port: 40643 } }
I20260710 13:20:51.808066 16809 leader_election.cc:290] T 31d2e9da5f734cdba4a6554504f8cd45 P 9ae5452a5dfe4903b457d0a72f4f3a2c [CANDIDATE]: Term 3 election: Requested vote from peers ba1f6ff19b0b420c8805a69df9fa0286 (127.16.72.194:39357), 4f1b389531d9481abe9bd9efd782dcef (127.16.72.195:40643)
I20260710 13:20:51.808925 16884 tablet_service.cc:1917] Received RequestConsensusVote() RPC: tablet_id: "31d2e9da5f734cdba4a6554504f8cd45" candidate_uuid: "9ae5452a5dfe4903b457d0a72f4f3a2c" candidate_term: 3 candidate_status { last_received { term: 2 index: 2 } } ignore_live_leader: true dest_uuid: "ba1f6ff19b0b420c8805a69df9fa0286"
I20260710 13:20:51.809226 16959 tablet_service.cc:1917] Received RequestConsensusVote() RPC: tablet_id: "31d2e9da5f734cdba4a6554504f8cd45" candidate_uuid: "9ae5452a5dfe4903b457d0a72f4f3a2c" candidate_term: 3 candidate_status { last_received { term: 2 index: 2 } } ignore_live_leader: true dest_uuid: "4f1b389531d9481abe9bd9efd782dcef"
I20260710 13:20:51.809435 16884 raft_consensus.cc:3055] T 31d2e9da5f734cdba4a6554504f8cd45 P ba1f6ff19b0b420c8805a69df9fa0286 [term 2 LEADER]: Stepping down as leader of term 2
I20260710 13:20:51.809715 16884 raft_consensus.cc:740] T 31d2e9da5f734cdba4a6554504f8cd45 P ba1f6ff19b0b420c8805a69df9fa0286 [term 2 LEADER]: Becoming Follower/Learner. State: Replica: ba1f6ff19b0b420c8805a69df9fa0286, State: Running, Role: LEADER
I20260710 13:20:51.809755 16959 raft_consensus.cc:3060] T 31d2e9da5f734cdba4a6554504f8cd45 P 4f1b389531d9481abe9bd9efd782dcef [term 2 FOLLOWER]: Advancing to term 3
I20260710 13:20:51.810372 16884 consensus_queue.cc:260] T 31d2e9da5f734cdba4a6554504f8cd45 P ba1f6ff19b0b420c8805a69df9fa0286 [NON_LEADER]: Queue going to NON_LEADER mode. State: All replicated index: 0, Majority replicated index: 2, Committed index: 2, Last appended: 2.2, Last appended by leader: 2, Current term: 2, Majority size: -1, State: 0, Mode: NON_LEADER, active raft config: opid_index: -1 OBSOLETE_local: false peers { permanent_uuid: "9ae5452a5dfe4903b457d0a72f4f3a2c" member_type: VOTER last_known_addr { host: "127.16.72.193" port: 37685 } } peers { permanent_uuid: "ba1f6ff19b0b420c8805a69df9fa0286" member_type: VOTER last_known_addr { host: "127.16.72.194" port: 39357 } } peers { permanent_uuid: "4f1b389531d9481abe9bd9efd782dcef" member_type: VOTER last_known_addr { host: "127.16.72.195" port: 40643 } }
I20260710 13:20:51.811357 16884 raft_consensus.cc:3060] T 31d2e9da5f734cdba4a6554504f8cd45 P ba1f6ff19b0b420c8805a69df9fa0286 [term 2 FOLLOWER]: Advancing to term 3
I20260710 13:20:51.814247 16959 raft_consensus.cc:2468] T 31d2e9da5f734cdba4a6554504f8cd45 P 4f1b389531d9481abe9bd9efd782dcef [term 3 FOLLOWER]: Leader election vote request: Granting yes vote for candidate 9ae5452a5dfe4903b457d0a72f4f3a2c in term 3.
I20260710 13:20:51.815130 16776 leader_election.cc:304] T 31d2e9da5f734cdba4a6554504f8cd45 P 9ae5452a5dfe4903b457d0a72f4f3a2c [CANDIDATE]: Term 3 election: Election decided. Result: candidate won. Election summary: received 2 responses out of 3 voters: 2 yes votes; 0 no votes. yes voters: 4f1b389531d9481abe9bd9efd782dcef, 9ae5452a5dfe4903b457d0a72f4f3a2c; no voters: 
I20260710 13:20:51.815825 17135 raft_consensus.cc:2804] T 31d2e9da5f734cdba4a6554504f8cd45 P 9ae5452a5dfe4903b457d0a72f4f3a2c [term 3 FOLLOWER]: Leader election won for term 3
I20260710 13:20:51.816015 16884 raft_consensus.cc:2468] T 31d2e9da5f734cdba4a6554504f8cd45 P ba1f6ff19b0b420c8805a69df9fa0286 [term 3 FOLLOWER]: Leader election vote request: Granting yes vote for candidate 9ae5452a5dfe4903b457d0a72f4f3a2c in term 3.
I20260710 13:20:51.816234 17135 raft_consensus.cc:697] T 31d2e9da5f734cdba4a6554504f8cd45 P 9ae5452a5dfe4903b457d0a72f4f3a2c [term 3 LEADER]: Becoming Leader. State: Replica: 9ae5452a5dfe4903b457d0a72f4f3a2c, State: Running, Role: LEADER
I20260710 13:20:51.817178 17135 consensus_queue.cc:237] T 31d2e9da5f734cdba4a6554504f8cd45 P 9ae5452a5dfe4903b457d0a72f4f3a2c [LEADER]: Queue going to LEADER mode. State: All replicated index: 0, Majority replicated index: 2, Committed index: 2, Last appended: 2.2, Last appended by leader: 2, Current term: 3, Majority size: 2, State: 0, Mode: LEADER, active raft config: opid_index: -1 OBSOLETE_local: false peers { permanent_uuid: "9ae5452a5dfe4903b457d0a72f4f3a2c" member_type: VOTER last_known_addr { host: "127.16.72.193" port: 37685 } } peers { permanent_uuid: "ba1f6ff19b0b420c8805a69df9fa0286" member_type: VOTER last_known_addr { host: "127.16.72.194" port: 39357 } } peers { permanent_uuid: "4f1b389531d9481abe9bd9efd782dcef" member_type: VOTER last_known_addr { host: "127.16.72.195" port: 40643 } }
I20260710 13:20:51.824054 16707 catalog_manager.cc:5697] T 31d2e9da5f734cdba4a6554504f8cd45 P 9ae5452a5dfe4903b457d0a72f4f3a2c reported cstate change: term changed from 2 to 3, leader changed from ba1f6ff19b0b420c8805a69df9fa0286 (127.16.72.194) to 9ae5452a5dfe4903b457d0a72f4f3a2c (127.16.72.193). New cstate: current_term: 3 leader_uuid: "9ae5452a5dfe4903b457d0a72f4f3a2c" committed_config { opid_index: -1 OBSOLETE_local: false peers { permanent_uuid: "9ae5452a5dfe4903b457d0a72f4f3a2c" member_type: VOTER last_known_addr { host: "127.16.72.193" port: 37685 } health_report { overall_health: HEALTHY } } peers { permanent_uuid: "ba1f6ff19b0b420c8805a69df9fa0286" member_type: VOTER last_known_addr { host: "127.16.72.194" port: 39357 } health_report { overall_health: UNKNOWN } } peers { permanent_uuid: "4f1b389531d9481abe9bd9efd782dcef" member_type: VOTER last_known_addr { host: "127.16.72.195" port: 40643 } health_report { overall_health: UNKNOWN } } }
I20260710 13:20:51.836813 17114 raft_consensus.cc:993] T 5d2c2f5d394d4b6fb8ecb7fec984eff4 P ba1f6ff19b0b420c8805a69df9fa0286: : Instructing follower 4f1b389531d9481abe9bd9efd782dcef to start an election
I20260710 13:20:51.837280 17134 raft_consensus.cc:1081] T 5d2c2f5d394d4b6fb8ecb7fec984eff4 P ba1f6ff19b0b420c8805a69df9fa0286 [term 3 LEADER]: Signalling peer 4f1b389531d9481abe9bd9efd782dcef to start an election
I20260710 13:20:51.838786 16959 tablet_service.cc:2044] Received Run Leader Election RPC: tablet_id: "5d2c2f5d394d4b6fb8ecb7fec984eff4"
dest_uuid: "4f1b389531d9481abe9bd9efd782dcef"
 from {username='slave'} at 127.0.0.1:40634
I20260710 13:20:51.839226 16959 raft_consensus.cc:493] T 5d2c2f5d394d4b6fb8ecb7fec984eff4 P 4f1b389531d9481abe9bd9efd782dcef [term 3 FOLLOWER]: Starting forced leader election (received explicit request)
I20260710 13:20:51.839490 16959 raft_consensus.cc:3060] T 5d2c2f5d394d4b6fb8ecb7fec984eff4 P 4f1b389531d9481abe9bd9efd782dcef [term 3 FOLLOWER]: Advancing to term 4
I20260710 13:20:51.843886 16959 raft_consensus.cc:515] T 5d2c2f5d394d4b6fb8ecb7fec984eff4 P 4f1b389531d9481abe9bd9efd782dcef [term 4 FOLLOWER]: Starting forced leader election with config: opid_index: -1 OBSOLETE_local: false peers { permanent_uuid: "9ae5452a5dfe4903b457d0a72f4f3a2c" member_type: VOTER last_known_addr { host: "127.16.72.193" port: 37685 } } peers { permanent_uuid: "ba1f6ff19b0b420c8805a69df9fa0286" member_type: VOTER last_known_addr { host: "127.16.72.194" port: 39357 } } peers { permanent_uuid: "4f1b389531d9481abe9bd9efd782dcef" member_type: VOTER last_known_addr { host: "127.16.72.195" port: 40643 } }
I20260710 13:20:51.845247 16959 leader_election.cc:290] T 5d2c2f5d394d4b6fb8ecb7fec984eff4 P 4f1b389531d9481abe9bd9efd782dcef [CANDIDATE]: Term 4 election: Requested vote from peers 9ae5452a5dfe4903b457d0a72f4f3a2c (127.16.72.193:37685), ba1f6ff19b0b420c8805a69df9fa0286 (127.16.72.194:39357)
I20260710 13:20:51.846127 16809 tablet_service.cc:1917] Received RequestConsensusVote() RPC: tablet_id: "5d2c2f5d394d4b6fb8ecb7fec984eff4" candidate_uuid: "4f1b389531d9481abe9bd9efd782dcef" candidate_term: 4 candidate_status { last_received { term: 3 index: 3 } } ignore_live_leader: true dest_uuid: "9ae5452a5dfe4903b457d0a72f4f3a2c"
I20260710 13:20:51.846290 16884 tablet_service.cc:1917] Received RequestConsensusVote() RPC: tablet_id: "5d2c2f5d394d4b6fb8ecb7fec984eff4" candidate_uuid: "4f1b389531d9481abe9bd9efd782dcef" candidate_term: 4 candidate_status { last_received { term: 3 index: 3 } } ignore_live_leader: true dest_uuid: "ba1f6ff19b0b420c8805a69df9fa0286"
I20260710 13:20:51.846733 16809 raft_consensus.cc:3060] T 5d2c2f5d394d4b6fb8ecb7fec984eff4 P 9ae5452a5dfe4903b457d0a72f4f3a2c [term 3 FOLLOWER]: Advancing to term 4
I20260710 13:20:51.846773 16884 raft_consensus.cc:3055] T 5d2c2f5d394d4b6fb8ecb7fec984eff4 P ba1f6ff19b0b420c8805a69df9fa0286 [term 3 LEADER]: Stepping down as leader of term 3
I20260710 13:20:51.847111 16884 raft_consensus.cc:740] T 5d2c2f5d394d4b6fb8ecb7fec984eff4 P ba1f6ff19b0b420c8805a69df9fa0286 [term 3 LEADER]: Becoming Follower/Learner. State: Replica: ba1f6ff19b0b420c8805a69df9fa0286, State: Running, Role: LEADER
I20260710 13:20:51.847728 16884 consensus_queue.cc:260] T 5d2c2f5d394d4b6fb8ecb7fec984eff4 P ba1f6ff19b0b420c8805a69df9fa0286 [NON_LEADER]: Queue going to NON_LEADER mode. State: All replicated index: 0, Majority replicated index: 3, Committed index: 3, Last appended: 3.3, Last appended by leader: 3, Current term: 3, Majority size: -1, State: 0, Mode: NON_LEADER, active raft config: opid_index: -1 OBSOLETE_local: false peers { permanent_uuid: "9ae5452a5dfe4903b457d0a72f4f3a2c" member_type: VOTER last_known_addr { host: "127.16.72.193" port: 37685 } } peers { permanent_uuid: "ba1f6ff19b0b420c8805a69df9fa0286" member_type: VOTER last_known_addr { host: "127.16.72.194" port: 39357 } } peers { permanent_uuid: "4f1b389531d9481abe9bd9efd782dcef" member_type: VOTER last_known_addr { host: "127.16.72.195" port: 40643 } }
I20260710 13:20:51.848587 16884 raft_consensus.cc:3060] T 5d2c2f5d394d4b6fb8ecb7fec984eff4 P ba1f6ff19b0b420c8805a69df9fa0286 [term 3 FOLLOWER]: Advancing to term 4
I20260710 13:20:51.851538 16809 raft_consensus.cc:2468] T 5d2c2f5d394d4b6fb8ecb7fec984eff4 P 9ae5452a5dfe4903b457d0a72f4f3a2c [term 4 FOLLOWER]: Leader election vote request: Granting yes vote for candidate 4f1b389531d9481abe9bd9efd782dcef in term 4.
I20260710 13:20:51.852545 16924 leader_election.cc:304] T 5d2c2f5d394d4b6fb8ecb7fec984eff4 P 4f1b389531d9481abe9bd9efd782dcef [CANDIDATE]: Term 4 election: Election decided. Result: candidate won. Election summary: received 2 responses out of 3 voters: 2 yes votes; 0 no votes. yes voters: 4f1b389531d9481abe9bd9efd782dcef, 9ae5452a5dfe4903b457d0a72f4f3a2c; no voters: 
I20260710 13:20:51.853440 17104 raft_consensus.cc:2804] T 5d2c2f5d394d4b6fb8ecb7fec984eff4 P 4f1b389531d9481abe9bd9efd782dcef [term 4 FOLLOWER]: Leader election won for term 4
I20260710 13:20:51.853911 17104 raft_consensus.cc:697] T 5d2c2f5d394d4b6fb8ecb7fec984eff4 P 4f1b389531d9481abe9bd9efd782dcef [term 4 LEADER]: Becoming Leader. State: Replica: 4f1b389531d9481abe9bd9efd782dcef, State: Running, Role: LEADER
I20260710 13:20:51.854034 16884 raft_consensus.cc:2468] T 5d2c2f5d394d4b6fb8ecb7fec984eff4 P ba1f6ff19b0b420c8805a69df9fa0286 [term 4 FOLLOWER]: Leader election vote request: Granting yes vote for candidate 4f1b389531d9481abe9bd9efd782dcef in term 4.
I20260710 13:20:51.854833 17104 consensus_queue.cc:237] T 5d2c2f5d394d4b6fb8ecb7fec984eff4 P 4f1b389531d9481abe9bd9efd782dcef [LEADER]: Queue going to LEADER mode. State: All replicated index: 0, Majority replicated index: 3, Committed index: 3, Last appended: 3.3, Last appended by leader: 3, Current term: 4, Majority size: 2, State: 0, Mode: LEADER, active raft config: opid_index: -1 OBSOLETE_local: false peers { permanent_uuid: "9ae5452a5dfe4903b457d0a72f4f3a2c" member_type: VOTER last_known_addr { host: "127.16.72.193" port: 37685 } } peers { permanent_uuid: "ba1f6ff19b0b420c8805a69df9fa0286" member_type: VOTER last_known_addr { host: "127.16.72.194" port: 39357 } } peers { permanent_uuid: "4f1b389531d9481abe9bd9efd782dcef" member_type: VOTER last_known_addr { host: "127.16.72.195" port: 40643 } }
I20260710 13:20:51.861948 16707 catalog_manager.cc:5697] T 5d2c2f5d394d4b6fb8ecb7fec984eff4 P 4f1b389531d9481abe9bd9efd782dcef reported cstate change: term changed from 3 to 4, leader changed from ba1f6ff19b0b420c8805a69df9fa0286 (127.16.72.194) to 4f1b389531d9481abe9bd9efd782dcef (127.16.72.195). New cstate: current_term: 4 leader_uuid: "4f1b389531d9481abe9bd9efd782dcef" committed_config { opid_index: -1 OBSOLETE_local: false peers { permanent_uuid: "9ae5452a5dfe4903b457d0a72f4f3a2c" member_type: VOTER last_known_addr { host: "127.16.72.193" port: 37685 } health_report { overall_health: UNKNOWN } } peers { permanent_uuid: "ba1f6ff19b0b420c8805a69df9fa0286" member_type: VOTER last_known_addr { host: "127.16.72.194" port: 39357 } health_report { overall_health: UNKNOWN } } peers { permanent_uuid: "4f1b389531d9481abe9bd9efd782dcef" member_type: VOTER last_known_addr { host: "127.16.72.195" port: 40643 } health_report { overall_health: HEALTHY } } }
I20260710 13:20:51.921904 16884 raft_consensus.cc:1275] T 15eac37d7407458c855190ab5dda1337 P ba1f6ff19b0b420c8805a69df9fa0286 [term 3 FOLLOWER]: Refusing update from remote peer 4f1b389531d9481abe9bd9efd782dcef: Log matching property violated. Preceding OpId in replica: term: 2 index: 2. Preceding OpId from leader: term: 3 index: 3. (index mismatch)
I20260710 13:20:51.923311 17104 consensus_queue.cc:1048] T 15eac37d7407458c855190ab5dda1337 P 4f1b389531d9481abe9bd9efd782dcef [LEADER]: Connected to new peer: Peer: permanent_uuid: "ba1f6ff19b0b420c8805a69df9fa0286" member_type: VOTER last_known_addr { host: "127.16.72.194" port: 39357 }, Status: LMP_MISMATCH, Last received: 0.0, Next index: 3, Last known committed idx: 2, Time since last communication: 0.000s
I20260710 13:20:51.936291 16809 raft_consensus.cc:1275] T 15eac37d7407458c855190ab5dda1337 P 9ae5452a5dfe4903b457d0a72f4f3a2c [term 3 FOLLOWER]: Refusing update from remote peer 4f1b389531d9481abe9bd9efd782dcef: Log matching property violated. Preceding OpId in replica: term: 2 index: 2. Preceding OpId from leader: term: 3 index: 3. (index mismatch)
I20260710 13:20:51.937793 17104 consensus_queue.cc:1048] T 15eac37d7407458c855190ab5dda1337 P 4f1b389531d9481abe9bd9efd782dcef [LEADER]: Connected to new peer: Peer: permanent_uuid: "9ae5452a5dfe4903b457d0a72f4f3a2c" member_type: VOTER last_known_addr { host: "127.16.72.193" port: 37685 }, Status: LMP_MISMATCH, Last received: 0.0, Next index: 3, Last known committed idx: 2, Time since last communication: 0.000s
I20260710 13:20:51.964272 16959 raft_consensus.cc:1275] T 312153ba3b214fe68cea20faf6b33055 P 4f1b389531d9481abe9bd9efd782dcef [term 3 FOLLOWER]: Refusing update from remote peer 9ae5452a5dfe4903b457d0a72f4f3a2c: Log matching property violated. Preceding OpId in replica: term: 2 index: 2. Preceding OpId from leader: term: 3 index: 3. (index mismatch)
I20260710 13:20:51.965682 17135 consensus_queue.cc:1048] T 312153ba3b214fe68cea20faf6b33055 P 9ae5452a5dfe4903b457d0a72f4f3a2c [LEADER]: Connected to new peer: Peer: permanent_uuid: "4f1b389531d9481abe9bd9efd782dcef" member_type: VOTER last_known_addr { host: "127.16.72.195" port: 40643 }, Status: LMP_MISMATCH, Last received: 0.0, Next index: 3, Last known committed idx: 2, Time since last communication: 0.000s
I20260710 13:20:51.975018 16884 raft_consensus.cc:1275] T 312153ba3b214fe68cea20faf6b33055 P ba1f6ff19b0b420c8805a69df9fa0286 [term 3 FOLLOWER]: Refusing update from remote peer 9ae5452a5dfe4903b457d0a72f4f3a2c: Log matching property violated. Preceding OpId in replica: term: 2 index: 2. Preceding OpId from leader: term: 3 index: 3. (index mismatch)
I20260710 13:20:51.976930 17135 consensus_queue.cc:1048] T 312153ba3b214fe68cea20faf6b33055 P 9ae5452a5dfe4903b457d0a72f4f3a2c [LEADER]: Connected to new peer: Peer: permanent_uuid: "ba1f6ff19b0b420c8805a69df9fa0286" member_type: VOTER last_known_addr { host: "127.16.72.194" port: 39357 }, Status: LMP_MISMATCH, Last received: 0.0, Next index: 3, Last known committed idx: 2, Time since last communication: 0.000s
I20260710 13:20:51.991703 16884 raft_consensus.cc:1275] T a8cc90a0376a4f6abe3e7864e9993226 P ba1f6ff19b0b420c8805a69df9fa0286 [term 3 FOLLOWER]: Refusing update from remote peer 9ae5452a5dfe4903b457d0a72f4f3a2c: Log matching property violated. Preceding OpId in replica: term: 2 index: 2. Preceding OpId from leader: term: 3 index: 3. (index mismatch)
I20260710 13:20:51.993100 17155 consensus_queue.cc:1048] T a8cc90a0376a4f6abe3e7864e9993226 P 9ae5452a5dfe4903b457d0a72f4f3a2c [LEADER]: Connected to new peer: Peer: permanent_uuid: "ba1f6ff19b0b420c8805a69df9fa0286" member_type: VOTER last_known_addr { host: "127.16.72.194" port: 39357 }, Status: LMP_MISMATCH, Last received: 0.0, Next index: 3, Last known committed idx: 2, Time since last communication: 0.001s
I20260710 13:20:52.002801 16959 raft_consensus.cc:1275] T a8cc90a0376a4f6abe3e7864e9993226 P 4f1b389531d9481abe9bd9efd782dcef [term 3 FOLLOWER]: Refusing update from remote peer 9ae5452a5dfe4903b457d0a72f4f3a2c: Log matching property violated. Preceding OpId in replica: term: 2 index: 2. Preceding OpId from leader: term: 3 index: 3. (index mismatch)
I20260710 13:20:52.004590 17135 consensus_queue.cc:1048] T a8cc90a0376a4f6abe3e7864e9993226 P 9ae5452a5dfe4903b457d0a72f4f3a2c [LEADER]: Connected to new peer: Peer: permanent_uuid: "4f1b389531d9481abe9bd9efd782dcef" member_type: VOTER last_known_addr { host: "127.16.72.195" port: 40643 }, Status: LMP_MISMATCH, Last received: 0.0, Next index: 3, Last known committed idx: 2, Time since last communication: 0.000s
I20260710 13:20:52.286219 16884 raft_consensus.cc:1275] T 31d2e9da5f734cdba4a6554504f8cd45 P ba1f6ff19b0b420c8805a69df9fa0286 [term 3 FOLLOWER]: Refusing update from remote peer 9ae5452a5dfe4903b457d0a72f4f3a2c: Log matching property violated. Preceding OpId in replica: term: 2 index: 2. Preceding OpId from leader: term: 3 index: 3. (index mismatch)
I20260710 13:20:52.287694 17154 consensus_queue.cc:1048] T 31d2e9da5f734cdba4a6554504f8cd45 P 9ae5452a5dfe4903b457d0a72f4f3a2c [LEADER]: Connected to new peer: Peer: permanent_uuid: "ba1f6ff19b0b420c8805a69df9fa0286" member_type: VOTER last_known_addr { host: "127.16.72.194" port: 39357 }, Status: LMP_MISMATCH, Last received: 0.0, Next index: 3, Last known committed idx: 2, Time since last communication: 0.001s
I20260710 13:20:52.297622 16959 raft_consensus.cc:1275] T 31d2e9da5f734cdba4a6554504f8cd45 P 4f1b389531d9481abe9bd9efd782dcef [term 3 FOLLOWER]: Refusing update from remote peer 9ae5452a5dfe4903b457d0a72f4f3a2c: Log matching property violated. Preceding OpId in replica: term: 2 index: 2. Preceding OpId from leader: term: 3 index: 3. (index mismatch)
I20260710 13:20:52.299314 17136 consensus_queue.cc:1048] T 31d2e9da5f734cdba4a6554504f8cd45 P 9ae5452a5dfe4903b457d0a72f4f3a2c [LEADER]: Connected to new peer: Peer: permanent_uuid: "4f1b389531d9481abe9bd9efd782dcef" member_type: VOTER last_known_addr { host: "127.16.72.195" port: 40643 }, Status: LMP_MISMATCH, Last received: 0.0, Next index: 3, Last known committed idx: 2, Time since last communication: 0.001s
I20260710 13:20:52.306317 16884 raft_consensus.cc:1275] T 5d2c2f5d394d4b6fb8ecb7fec984eff4 P ba1f6ff19b0b420c8805a69df9fa0286 [term 4 FOLLOWER]: Refusing update from remote peer 4f1b389531d9481abe9bd9efd782dcef: Log matching property violated. Preceding OpId in replica: term: 3 index: 3. Preceding OpId from leader: term: 4 index: 4. (index mismatch)
I20260710 13:20:52.308343 17104 consensus_queue.cc:1048] T 5d2c2f5d394d4b6fb8ecb7fec984eff4 P 4f1b389531d9481abe9bd9efd782dcef [LEADER]: Connected to new peer: Peer: permanent_uuid: "ba1f6ff19b0b420c8805a69df9fa0286" member_type: VOTER last_known_addr { host: "127.16.72.194" port: 39357 }, Status: LMP_MISMATCH, Last received: 0.0, Next index: 4, Last known committed idx: 3, Time since last communication: 0.000s
I20260710 13:20:52.317334 16809 raft_consensus.cc:1275] T 5d2c2f5d394d4b6fb8ecb7fec984eff4 P 9ae5452a5dfe4903b457d0a72f4f3a2c [term 4 FOLLOWER]: Refusing update from remote peer 4f1b389531d9481abe9bd9efd782dcef: Log matching property violated. Preceding OpId in replica: term: 3 index: 3. Preceding OpId from leader: term: 4 index: 4. (index mismatch)
I20260710 13:20:52.320187 17138 consensus_queue.cc:1048] T 5d2c2f5d394d4b6fb8ecb7fec984eff4 P 4f1b389531d9481abe9bd9efd782dcef [LEADER]: Connected to new peer: Peer: permanent_uuid: "9ae5452a5dfe4903b457d0a72f4f3a2c" member_type: VOTER last_known_addr { host: "127.16.72.193" port: 37685 }, Status: LMP_MISMATCH, Last received: 0.0, Next index: 4, Last known committed idx: 3, Time since last communication: 0.001s
I20260710 13:20:52.387315 16675 auto_leader_rebalancer.cc:141] leader rebalance for table test-workload
I20260710 13:20:52.394835 16675 tablet_server.cc:179] TabletServer@127.16.72.193:0 shutting down...
I20260710 13:20:52.422781 16675 ts_tablet_manager.cc:1507] Shutting down tablet manager...
I20260710 13:20:52.423908 16675 tablet_replica.cc:333] T 31d2e9da5f734cdba4a6554504f8cd45 P 9ae5452a5dfe4903b457d0a72f4f3a2c: stopping tablet replica
I20260710 13:20:52.424731 16675 raft_consensus.cc:2243] T 31d2e9da5f734cdba4a6554504f8cd45 P 9ae5452a5dfe4903b457d0a72f4f3a2c [term 3 LEADER]: Raft consensus shutting down.
W20260710 13:20:52.425249 16924 proxy.cc:239] Call had error, refreshing address and retrying: Remote error: Service unavailable: service kudu.consensus.ConsensusService not registered on TabletServer
I20260710 13:20:52.425889 16675 raft_consensus.cc:2272] T 31d2e9da5f734cdba4a6554504f8cd45 P 9ae5452a5dfe4903b457d0a72f4f3a2c [term 3 FOLLOWER]: Raft consensus is shut down!
W20260710 13:20:52.430160 16924 consensus_peers.cc:597] T 15eac37d7407458c855190ab5dda1337 P 4f1b389531d9481abe9bd9efd782dcef -> Peer 9ae5452a5dfe4903b457d0a72f4f3a2c (127.16.72.193:37685): Couldn't send request to peer 9ae5452a5dfe4903b457d0a72f4f3a2c. Status: Remote error: Service unavailable: service kudu.consensus.ConsensusService not registered on TabletServer. This is attempt 1: this message will repeat every 5th retry.
I20260710 13:20:52.430891 16675 tablet_replica.cc:333] T 312153ba3b214fe68cea20faf6b33055 P 9ae5452a5dfe4903b457d0a72f4f3a2c: stopping tablet replica
I20260710 13:20:52.431550 16675 raft_consensus.cc:2243] T 312153ba3b214fe68cea20faf6b33055 P 9ae5452a5dfe4903b457d0a72f4f3a2c [term 3 LEADER]: Raft consensus shutting down.
I20260710 13:20:52.432363 16675 raft_consensus.cc:2272] T 312153ba3b214fe68cea20faf6b33055 P 9ae5452a5dfe4903b457d0a72f4f3a2c [term 3 FOLLOWER]: Raft consensus is shut down!
I20260710 13:20:52.434726 16675 tablet_replica.cc:333] T 54f34d0a69a749b285d053401d895c4e P 9ae5452a5dfe4903b457d0a72f4f3a2c: stopping tablet replica
I20260710 13:20:52.435276 16675 raft_consensus.cc:2243] T 54f34d0a69a749b285d053401d895c4e P 9ae5452a5dfe4903b457d0a72f4f3a2c [term 3 FOLLOWER]: Raft consensus shutting down.
I20260710 13:20:52.435760 16675 raft_consensus.cc:2272] T 54f34d0a69a749b285d053401d895c4e P 9ae5452a5dfe4903b457d0a72f4f3a2c [term 3 FOLLOWER]: Raft consensus is shut down!
I20260710 13:20:52.437619 16675 tablet_replica.cc:333] T a0503833f8c149308155ca84ffacb9ae P 9ae5452a5dfe4903b457d0a72f4f3a2c: stopping tablet replica
I20260710 13:20:52.438163 16675 raft_consensus.cc:2243] T a0503833f8c149308155ca84ffacb9ae P 9ae5452a5dfe4903b457d0a72f4f3a2c [term 2 FOLLOWER]: Raft consensus shutting down.
I20260710 13:20:52.438601 16675 raft_consensus.cc:2272] T a0503833f8c149308155ca84ffacb9ae P 9ae5452a5dfe4903b457d0a72f4f3a2c [term 2 FOLLOWER]: Raft consensus is shut down!
I20260710 13:20:52.440372 16675 tablet_replica.cc:333] T 5d2c2f5d394d4b6fb8ecb7fec984eff4 P 9ae5452a5dfe4903b457d0a72f4f3a2c: stopping tablet replica
I20260710 13:20:52.441006 16675 raft_consensus.cc:2243] T 5d2c2f5d394d4b6fb8ecb7fec984eff4 P 9ae5452a5dfe4903b457d0a72f4f3a2c [term 4 FOLLOWER]: Raft consensus shutting down.
I20260710 13:20:52.441512 16675 raft_consensus.cc:2272] T 5d2c2f5d394d4b6fb8ecb7fec984eff4 P 9ae5452a5dfe4903b457d0a72f4f3a2c [term 4 FOLLOWER]: Raft consensus is shut down!
I20260710 13:20:52.443601 16675 tablet_replica.cc:333] T ee8d11eaf1984ff686690b6484bf8b13 P 9ae5452a5dfe4903b457d0a72f4f3a2c: stopping tablet replica
I20260710 13:20:52.444103 16675 raft_consensus.cc:2243] T ee8d11eaf1984ff686690b6484bf8b13 P 9ae5452a5dfe4903b457d0a72f4f3a2c [term 2 FOLLOWER]: Raft consensus shutting down.
I20260710 13:20:52.444502 16675 raft_consensus.cc:2272] T ee8d11eaf1984ff686690b6484bf8b13 P 9ae5452a5dfe4903b457d0a72f4f3a2c [term 2 FOLLOWER]: Raft consensus is shut down!
I20260710 13:20:52.446199 16675 tablet_replica.cc:333] T a8cc90a0376a4f6abe3e7864e9993226 P 9ae5452a5dfe4903b457d0a72f4f3a2c: stopping tablet replica
I20260710 13:20:52.446635 16675 raft_consensus.cc:2243] T a8cc90a0376a4f6abe3e7864e9993226 P 9ae5452a5dfe4903b457d0a72f4f3a2c [term 3 LEADER]: Raft consensus shutting down.
I20260710 13:20:52.447376 16675 raft_consensus.cc:2272] T a8cc90a0376a4f6abe3e7864e9993226 P 9ae5452a5dfe4903b457d0a72f4f3a2c [term 3 FOLLOWER]: Raft consensus is shut down!
I20260710 13:20:52.449636 16675 tablet_replica.cc:333] T 723cc41a8ce6420282ddca07501f151a P 9ae5452a5dfe4903b457d0a72f4f3a2c: stopping tablet replica
I20260710 13:20:52.450299 16675 raft_consensus.cc:2243] T 723cc41a8ce6420282ddca07501f151a P 9ae5452a5dfe4903b457d0a72f4f3a2c [term 3 FOLLOWER]: Raft consensus shutting down.
I20260710 13:20:52.450809 16675 raft_consensus.cc:2272] T 723cc41a8ce6420282ddca07501f151a P 9ae5452a5dfe4903b457d0a72f4f3a2c [term 3 FOLLOWER]: Raft consensus is shut down!
I20260710 13:20:52.452514 16675 tablet_replica.cc:333] T 15eac37d7407458c855190ab5dda1337 P 9ae5452a5dfe4903b457d0a72f4f3a2c: stopping tablet replica
I20260710 13:20:52.452943 16675 raft_consensus.cc:2243] T 15eac37d7407458c855190ab5dda1337 P 9ae5452a5dfe4903b457d0a72f4f3a2c [term 3 FOLLOWER]: Raft consensus shutting down.
I20260710 13:20:52.453348 16675 raft_consensus.cc:2272] T 15eac37d7407458c855190ab5dda1337 P 9ae5452a5dfe4903b457d0a72f4f3a2c [term 3 FOLLOWER]: Raft consensus is shut down!
I20260710 13:20:52.550997 16675 tablet_server.cc:196] TabletServer@127.16.72.193:0 shutdown complete.
W20260710 13:20:52.554323 16850 consensus_peers.cc:597] T 723cc41a8ce6420282ddca07501f151a P ba1f6ff19b0b420c8805a69df9fa0286 -> Peer 9ae5452a5dfe4903b457d0a72f4f3a2c (127.16.72.193:37685): Couldn't send request to peer 9ae5452a5dfe4903b457d0a72f4f3a2c. Status: Network error: Client connection negotiation failed: client connection to 127.16.72.193:37685: connect: Connection refused (error 111). This is attempt 1: this message will repeat every 5th retry.
I20260710 13:20:52.574738 16675 tablet_server.cc:179] TabletServer@127.16.72.194:0 shutting down...
I20260710 13:20:52.597942 16675 ts_tablet_manager.cc:1507] Shutting down tablet manager...
I20260710 13:20:52.598683 16675 tablet_replica.cc:333] T ee8d11eaf1984ff686690b6484bf8b13 P ba1f6ff19b0b420c8805a69df9fa0286: stopping tablet replica
I20260710 13:20:52.599254 16675 raft_consensus.cc:2243] T ee8d11eaf1984ff686690b6484bf8b13 P ba1f6ff19b0b420c8805a69df9fa0286 [term 2 LEADER]: Raft consensus shutting down.
I20260710 13:20:52.600059 16675 raft_consensus.cc:2272] T ee8d11eaf1984ff686690b6484bf8b13 P ba1f6ff19b0b420c8805a69df9fa0286 [term 2 FOLLOWER]: Raft consensus is shut down!
I20260710 13:20:52.601925 16675 tablet_replica.cc:333] T a8cc90a0376a4f6abe3e7864e9993226 P ba1f6ff19b0b420c8805a69df9fa0286: stopping tablet replica
I20260710 13:20:52.602495 16675 raft_consensus.cc:2243] T a8cc90a0376a4f6abe3e7864e9993226 P ba1f6ff19b0b420c8805a69df9fa0286 [term 3 FOLLOWER]: Raft consensus shutting down.
I20260710 13:20:52.602895 16675 raft_consensus.cc:2272] T a8cc90a0376a4f6abe3e7864e9993226 P ba1f6ff19b0b420c8805a69df9fa0286 [term 3 FOLLOWER]: Raft consensus is shut down!
I20260710 13:20:52.605548 16675 tablet_replica.cc:333] T 31d2e9da5f734cdba4a6554504f8cd45 P ba1f6ff19b0b420c8805a69df9fa0286: stopping tablet replica
I20260710 13:20:52.606038 16675 raft_consensus.cc:2243] T 31d2e9da5f734cdba4a6554504f8cd45 P ba1f6ff19b0b420c8805a69df9fa0286 [term 3 FOLLOWER]: Raft consensus shutting down.
I20260710 13:20:52.606505 16675 raft_consensus.cc:2272] T 31d2e9da5f734cdba4a6554504f8cd45 P ba1f6ff19b0b420c8805a69df9fa0286 [term 3 FOLLOWER]: Raft consensus is shut down!
I20260710 13:20:52.609243 16675 tablet_replica.cc:333] T 15eac37d7407458c855190ab5dda1337 P ba1f6ff19b0b420c8805a69df9fa0286: stopping tablet replica
I20260710 13:20:52.609750 16675 raft_consensus.cc:2243] T 15eac37d7407458c855190ab5dda1337 P ba1f6ff19b0b420c8805a69df9fa0286 [term 3 FOLLOWER]: Raft consensus shutting down.
I20260710 13:20:52.610164 16675 raft_consensus.cc:2272] T 15eac37d7407458c855190ab5dda1337 P ba1f6ff19b0b420c8805a69df9fa0286 [term 3 FOLLOWER]: Raft consensus is shut down!
I20260710 13:20:52.612308 16675 tablet_replica.cc:333] T 723cc41a8ce6420282ddca07501f151a P ba1f6ff19b0b420c8805a69df9fa0286: stopping tablet replica
I20260710 13:20:52.612787 16675 raft_consensus.cc:2243] T 723cc41a8ce6420282ddca07501f151a P ba1f6ff19b0b420c8805a69df9fa0286 [term 3 LEADER]: Raft consensus shutting down.
I20260710 13:20:52.613519 16675 raft_consensus.cc:2272] T 723cc41a8ce6420282ddca07501f151a P ba1f6ff19b0b420c8805a69df9fa0286 [term 3 FOLLOWER]: Raft consensus is shut down!
I20260710 13:20:52.615445 16675 tablet_replica.cc:333] T 312153ba3b214fe68cea20faf6b33055 P ba1f6ff19b0b420c8805a69df9fa0286: stopping tablet replica
I20260710 13:20:52.615912 16675 raft_consensus.cc:2243] T 312153ba3b214fe68cea20faf6b33055 P ba1f6ff19b0b420c8805a69df9fa0286 [term 3 FOLLOWER]: Raft consensus shutting down.
I20260710 13:20:52.616261 16675 raft_consensus.cc:2272] T 312153ba3b214fe68cea20faf6b33055 P ba1f6ff19b0b420c8805a69df9fa0286 [term 3 FOLLOWER]: Raft consensus is shut down!
I20260710 13:20:52.618530 16675 tablet_replica.cc:333] T 54f34d0a69a749b285d053401d895c4e P ba1f6ff19b0b420c8805a69df9fa0286: stopping tablet replica
I20260710 13:20:52.619028 16675 raft_consensus.cc:2243] T 54f34d0a69a749b285d053401d895c4e P ba1f6ff19b0b420c8805a69df9fa0286 [term 3 LEADER]: Raft consensus shutting down.
I20260710 13:20:52.619787 16675 raft_consensus.cc:2272] T 54f34d0a69a749b285d053401d895c4e P ba1f6ff19b0b420c8805a69df9fa0286 [term 3 FOLLOWER]: Raft consensus is shut down!
I20260710 13:20:52.621569 16675 tablet_replica.cc:333] T a0503833f8c149308155ca84ffacb9ae P ba1f6ff19b0b420c8805a69df9fa0286: stopping tablet replica
I20260710 13:20:52.622169 16675 raft_consensus.cc:2243] T a0503833f8c149308155ca84ffacb9ae P ba1f6ff19b0b420c8805a69df9fa0286 [term 2 FOLLOWER]: Raft consensus shutting down.
I20260710 13:20:52.622578 16675 raft_consensus.cc:2272] T a0503833f8c149308155ca84ffacb9ae P ba1f6ff19b0b420c8805a69df9fa0286 [term 2 FOLLOWER]: Raft consensus is shut down!
I20260710 13:20:52.624392 16675 tablet_replica.cc:333] T 5d2c2f5d394d4b6fb8ecb7fec984eff4 P ba1f6ff19b0b420c8805a69df9fa0286: stopping tablet replica
W20260710 13:20:52.624773 16923 consensus_peers.cc:597] T a0503833f8c149308155ca84ffacb9ae P 4f1b389531d9481abe9bd9efd782dcef -> Peer ba1f6ff19b0b420c8805a69df9fa0286 (127.16.72.194:39357): Couldn't send request to peer ba1f6ff19b0b420c8805a69df9fa0286. Status: Remote error: Service unavailable: service kudu.consensus.ConsensusService not registered on TabletServer. This is attempt 1: this message will repeat every 5th retry.
I20260710 13:20:52.624830 16675 raft_consensus.cc:2243] T 5d2c2f5d394d4b6fb8ecb7fec984eff4 P ba1f6ff19b0b420c8805a69df9fa0286 [term 4 FOLLOWER]: Raft consensus shutting down.
I20260710 13:20:52.625341 16675 raft_consensus.cc:2272] T 5d2c2f5d394d4b6fb8ecb7fec984eff4 P ba1f6ff19b0b420c8805a69df9fa0286 [term 4 FOLLOWER]: Raft consensus is shut down!
I20260710 13:20:52.653700 16675 tablet_server.cc:196] TabletServer@127.16.72.194:0 shutdown complete.
I20260710 13:20:52.672106 16675 tablet_server.cc:179] TabletServer@127.16.72.195:0 shutting down...
I20260710 13:20:52.695222 16675 ts_tablet_manager.cc:1507] Shutting down tablet manager...
I20260710 13:20:52.695990 16675 tablet_replica.cc:333] T 31d2e9da5f734cdba4a6554504f8cd45 P 4f1b389531d9481abe9bd9efd782dcef: stopping tablet replica
I20260710 13:20:52.696600 16675 raft_consensus.cc:2243] T 31d2e9da5f734cdba4a6554504f8cd45 P 4f1b389531d9481abe9bd9efd782dcef [term 3 FOLLOWER]: Raft consensus shutting down.
I20260710 13:20:52.697146 16675 raft_consensus.cc:2272] T 31d2e9da5f734cdba4a6554504f8cd45 P 4f1b389531d9481abe9bd9efd782dcef [term 3 FOLLOWER]: Raft consensus is shut down!
I20260710 13:20:52.699437 16675 tablet_replica.cc:333] T 54f34d0a69a749b285d053401d895c4e P 4f1b389531d9481abe9bd9efd782dcef: stopping tablet replica
I20260710 13:20:52.699968 16675 raft_consensus.cc:2243] T 54f34d0a69a749b285d053401d895c4e P 4f1b389531d9481abe9bd9efd782dcef [term 3 FOLLOWER]: Raft consensus shutting down.
I20260710 13:20:52.700435 16675 raft_consensus.cc:2272] T 54f34d0a69a749b285d053401d895c4e P 4f1b389531d9481abe9bd9efd782dcef [term 3 FOLLOWER]: Raft consensus is shut down!
I20260710 13:20:52.702847 16675 tablet_replica.cc:333] T 312153ba3b214fe68cea20faf6b33055 P 4f1b389531d9481abe9bd9efd782dcef: stopping tablet replica
I20260710 13:20:52.703401 16675 raft_consensus.cc:2243] T 312153ba3b214fe68cea20faf6b33055 P 4f1b389531d9481abe9bd9efd782dcef [term 3 FOLLOWER]: Raft consensus shutting down.
I20260710 13:20:52.703933 16675 raft_consensus.cc:2272] T 312153ba3b214fe68cea20faf6b33055 P 4f1b389531d9481abe9bd9efd782dcef [term 3 FOLLOWER]: Raft consensus is shut down!
W20260710 13:20:52.706005 16924 consensus_peers.cc:597] T a0503833f8c149308155ca84ffacb9ae P 4f1b389531d9481abe9bd9efd782dcef -> Peer 9ae5452a5dfe4903b457d0a72f4f3a2c (127.16.72.193:37685): Couldn't send request to peer 9ae5452a5dfe4903b457d0a72f4f3a2c. Status: Network error: Client connection negotiation failed: client connection to 127.16.72.193:37685: connect: Connection refused (error 111). This is attempt 1: this message will repeat every 5th retry.
I20260710 13:20:52.706274 16675 tablet_replica.cc:333] T a8cc90a0376a4f6abe3e7864e9993226 P 4f1b389531d9481abe9bd9efd782dcef: stopping tablet replica
I20260710 13:20:52.706900 16675 raft_consensus.cc:2243] T a8cc90a0376a4f6abe3e7864e9993226 P 4f1b389531d9481abe9bd9efd782dcef [term 3 FOLLOWER]: Raft consensus shutting down.
I20260710 13:20:52.707274 16675 raft_consensus.cc:2272] T a8cc90a0376a4f6abe3e7864e9993226 P 4f1b389531d9481abe9bd9efd782dcef [term 3 FOLLOWER]: Raft consensus is shut down!
I20260710 13:20:52.709272 16675 tablet_replica.cc:333] T ee8d11eaf1984ff686690b6484bf8b13 P 4f1b389531d9481abe9bd9efd782dcef: stopping tablet replica
I20260710 13:20:52.709739 16675 raft_consensus.cc:2243] T ee8d11eaf1984ff686690b6484bf8b13 P 4f1b389531d9481abe9bd9efd782dcef [term 2 FOLLOWER]: Raft consensus shutting down.
I20260710 13:20:52.710161 16675 raft_consensus.cc:2272] T ee8d11eaf1984ff686690b6484bf8b13 P 4f1b389531d9481abe9bd9efd782dcef [term 2 FOLLOWER]: Raft consensus is shut down!
I20260710 13:20:52.711819 16675 tablet_replica.cc:333] T a0503833f8c149308155ca84ffacb9ae P 4f1b389531d9481abe9bd9efd782dcef: stopping tablet replica
I20260710 13:20:52.712261 16675 raft_consensus.cc:2243] T a0503833f8c149308155ca84ffacb9ae P 4f1b389531d9481abe9bd9efd782dcef [term 2 LEADER]: Raft consensus shutting down.
I20260710 13:20:52.713006 16675 raft_consensus.cc:2272] T a0503833f8c149308155ca84ffacb9ae P 4f1b389531d9481abe9bd9efd782dcef [term 2 FOLLOWER]: Raft consensus is shut down!
I20260710 13:20:52.714674 16675 tablet_replica.cc:333] T 5d2c2f5d394d4b6fb8ecb7fec984eff4 P 4f1b389531d9481abe9bd9efd782dcef: stopping tablet replica
I20260710 13:20:52.715138 16675 raft_consensus.cc:2243] T 5d2c2f5d394d4b6fb8ecb7fec984eff4 P 4f1b389531d9481abe9bd9efd782dcef [term 4 LEADER]: Raft consensus shutting down.
I20260710 13:20:52.715873 16675 raft_consensus.cc:2272] T 5d2c2f5d394d4b6fb8ecb7fec984eff4 P 4f1b389531d9481abe9bd9efd782dcef [term 4 FOLLOWER]: Raft consensus is shut down!
I20260710 13:20:52.717800 16675 tablet_replica.cc:333] T 15eac37d7407458c855190ab5dda1337 P 4f1b389531d9481abe9bd9efd782dcef: stopping tablet replica
I20260710 13:20:52.718312 16675 raft_consensus.cc:2243] T 15eac37d7407458c855190ab5dda1337 P 4f1b389531d9481abe9bd9efd782dcef [term 3 LEADER]: Raft consensus shutting down.
I20260710 13:20:52.719024 16675 raft_consensus.cc:2272] T 15eac37d7407458c855190ab5dda1337 P 4f1b389531d9481abe9bd9efd782dcef [term 3 FOLLOWER]: Raft consensus is shut down!
I20260710 13:20:52.720866 16675 tablet_replica.cc:333] T 723cc41a8ce6420282ddca07501f151a P 4f1b389531d9481abe9bd9efd782dcef: stopping tablet replica
I20260710 13:20:52.721261 16675 raft_consensus.cc:2243] T 723cc41a8ce6420282ddca07501f151a P 4f1b389531d9481abe9bd9efd782dcef [term 3 FOLLOWER]: Raft consensus shutting down.
I20260710 13:20:52.721640 16675 raft_consensus.cc:2272] T 723cc41a8ce6420282ddca07501f151a P 4f1b389531d9481abe9bd9efd782dcef [term 3 FOLLOWER]: Raft consensus is shut down!
I20260710 13:20:52.749423 16675 tablet_server.cc:196] TabletServer@127.16.72.195:0 shutdown complete.
I20260710 13:20:52.767693 16675 master.cc:562] Master@127.16.72.254:37053 shutting down...
I20260710 13:20:52.886592 16675 raft_consensus.cc:2243] T 00000000000000000000000000000000 P df240e84db1749d780191eb9c3514b98 [term 1 LEADER]: Raft consensus shutting down.
I20260710 13:20:52.887226 16675 raft_consensus.cc:2272] T 00000000000000000000000000000000 P df240e84db1749d780191eb9c3514b98 [term 1 FOLLOWER]: Raft consensus is shut down!
I20260710 13:20:52.887543 16675 tablet_replica.cc:333] T 00000000000000000000000000000000 P df240e84db1749d780191eb9c3514b98: stopping tablet replica
I20260710 13:20:52.907364 16675 master.cc:584] Master@127.16.72.254:37053 shutdown complete.
4f1b389531d9481abe9bd9efd782dcef  1
9ae5452a5dfe4903b457d0a72f4f3a2c  4
ba1f6ff19b0b420c8805a69df9fa0286  4
[       OK ] LeaderRebalancerTest.FunctionalTestForDivided (12482 ms)
[ RUN      ] LeaderRebalancerTest.FunctionalTestForNotDivided
I20260710 13:20:52.948529 16675 internal_mini_cluster.cc:156] Creating distributed mini masters. Addrs: 127.16.72.254:40893
I20260710 13:20:52.949762 16675 file_cache.cc:504] Constructed file cache file cache with capacity 419430
W20260710 13:20:52.955709 17168 instance_detector.cc:116] could not retrieve Azure instance metadata: Network error: curl error: HTTP response code said error: The requested URL returned error: 404
W20260710 13:20:52.955735 17167 instance_detector.cc:116] could not retrieve AWS instance metadata: Network error: curl error: HTTP response code said error: The requested URL returned error: 404
W20260710 13:20:52.958364 17170 instance_detector.cc:116] could not retrieve OpenStack instance metadata: Network error: curl error: HTTP response code said error: The requested URL returned error: 404
I20260710 13:20:52.958560 16675 server_base.cc:1061] running on GCE node
I20260710 13:20:52.959569 16675 hybrid_clock.cc:584] initializing the hybrid clock with 'system_unsync' time source
W20260710 13:20:52.959756 16675 system_unsync_time.cc:38] NTP support is disabled. Clock error bounds will not be accurate. This configuration is not suitable for distributed clusters.
I20260710 13:20:52.959906 16675 hybrid_clock.cc:648] HybridClock initialized: now 1783689652959887 us; error 0 us; skew 500 ppm
I20260710 13:20:52.960433 16675 server_base.cc:861] Flag tcmalloc_max_total_thread_cache_bytes is not working since tcmalloc is not enabled.
