I20260710 13:20:41.500978 11137 raft_consensus.cc:515] T 4c623f06563a4a6bb8ea3d19fabd23a0 P 95d929b6968b406bae56808a4e2970ba [term 2 FOLLOWER]: Starting forced leader election with config: opid_index: -1 OBSOLETE_local: false peers { permanent_uuid: "95d929b6968b406bae56808a4e2970ba" member_type: VOTER last_known_addr { host: "127.10.190.129" port: 40067 } } peers { permanent_uuid: "d4e62913a47f467fa2eae74117a3512b" member_type: VOTER last_known_addr { host: "127.10.190.130" port: 41241 } } peers { permanent_uuid: "f8de494a4f1f47948acdc66c73960998" member_type: VOTER last_known_addr { host: "127.10.190.131" port: 36321 } }
I20260710 13:20:41.502182 11136 raft_consensus.cc:1240] T 4c623f06563a4a6bb8ea3d19fabd23a0 P 95d929b6968b406bae56808a4e2970ba [term 2 FOLLOWER]: Rejecting Update request from peer f8de494a4f1f47948acdc66c73960998 for earlier term 1. Current term is 2. Ops: []
I20260710 13:20:41.508628 11365 consensus_queue.cc:1059] T 4c623f06563a4a6bb8ea3d19fabd23a0 P f8de494a4f1f47948acdc66c73960998 [LEADER]: Peer responded invalid term: Peer: permanent_uuid: "95d929b6968b406bae56808a4e2970ba" member_type: VOTER last_known_addr { host: "127.10.190.129" port: 40067 }, Status: INVALID_TERM, Last received: 1.1, Next index: 2, Last known committed idx: 0, Time since last communication: 0.000s
I20260710 13:20:41.510671 11395 raft_consensus.cc:3055] T 4c623f06563a4a6bb8ea3d19fabd23a0 P f8de494a4f1f47948acdc66c73960998 [term 1 LEADER]: Stepping down as leader of term 1
I20260710 13:20:41.511039 11395 raft_consensus.cc:740] T 4c623f06563a4a6bb8ea3d19fabd23a0 P f8de494a4f1f47948acdc66c73960998 [term 1 LEADER]: Becoming Follower/Learner. State: Replica: f8de494a4f1f47948acdc66c73960998, State: Running, Role: LEADER
I20260710 13:20:41.511983 11367 raft_consensus.cc:993] T 1a4217fa18404dd8950575021fb8b21c P 95d929b6968b406bae56808a4e2970ba: : Instructing follower d4e62913a47f467fa2eae74117a3512b to start an election
I20260710 13:20:41.511849 11395 consensus_queue.cc:260] T 4c623f06563a4a6bb8ea3d19fabd23a0 P f8de494a4f1f47948acdc66c73960998 [NON_LEADER]: Queue going to NON_LEADER mode. State: All replicated index: 0, Majority replicated index: 1, Committed index: 1, Last appended: 1.1, Last appended by leader: 1, Current term: 1, Majority size: -1, State: 0, Mode: NON_LEADER, active raft config: opid_index: -1 OBSOLETE_local: false peers { permanent_uuid: "95d929b6968b406bae56808a4e2970ba" member_type: VOTER last_known_addr { host: "127.10.190.129" port: 40067 } } peers { permanent_uuid: "d4e62913a47f467fa2eae74117a3512b" member_type: VOTER last_known_addr { host: "127.10.190.130" port: 41241 } } peers { permanent_uuid: "f8de494a4f1f47948acdc66c73960998" member_type: VOTER last_known_addr { host: "127.10.190.131" port: 36321 } }
I20260710 13:20:41.512408 11367 raft_consensus.cc:1081] T 1a4217fa18404dd8950575021fb8b21c P 95d929b6968b406bae56808a4e2970ba [term 1 LEADER]: Signalling peer d4e62913a47f467fa2eae74117a3512b to start an election
I20260710 13:20:41.512763 11395 raft_consensus.cc:3060] T 4c623f06563a4a6bb8ea3d19fabd23a0 P f8de494a4f1f47948acdc66c73960998 [term 1 FOLLOWER]: Advancing to term 2
I20260710 13:20:41.510721 11210 tablet_service.cc:1917] Received RequestConsensusVote() RPC: tablet_id: "4c623f06563a4a6bb8ea3d19fabd23a0" candidate_uuid: "95d929b6968b406bae56808a4e2970ba" candidate_term: 2 candidate_status { last_received { term: 1 index: 1 } } ignore_live_leader: true dest_uuid: "d4e62913a47f467fa2eae74117a3512b"
I20260710 13:20:41.522820 11283 tablet_service.cc:1917] Received RequestConsensusVote() RPC: tablet_id: "4c623f06563a4a6bb8ea3d19fabd23a0" candidate_uuid: "95d929b6968b406bae56808a4e2970ba" candidate_term: 2 candidate_status { last_received { term: 1 index: 1 } } ignore_live_leader: true dest_uuid: "f8de494a4f1f47948acdc66c73960998"
I20260710 13:20:41.524035 11137 leader_election.cc:290] T 4c623f06563a4a6bb8ea3d19fabd23a0 P 95d929b6968b406bae56808a4e2970ba [CANDIDATE]: Term 2 election: Requested vote from peers d4e62913a47f467fa2eae74117a3512b (127.10.190.130:41241), f8de494a4f1f47948acdc66c73960998 (127.10.190.131:36321)
I20260710 13:20:41.531289 11283 raft_consensus.cc:2468] T 4c623f06563a4a6bb8ea3d19fabd23a0 P f8de494a4f1f47948acdc66c73960998 [term 2 FOLLOWER]: Leader election vote request: Granting yes vote for candidate 95d929b6968b406bae56808a4e2970ba in term 2.
I20260710 13:20:41.523430 11211 tablet_service.cc:2044] Received Run Leader Election RPC: tablet_id: "1a4217fa18404dd8950575021fb8b21c"
dest_uuid: "d4e62913a47f467fa2eae74117a3512b"
 from {username='slave'} at 127.0.0.1:41912
I20260710 13:20:41.533738 11211 raft_consensus.cc:493] T 1a4217fa18404dd8950575021fb8b21c P d4e62913a47f467fa2eae74117a3512b [term 1 FOLLOWER]: Starting forced leader election (received explicit request)
I20260710 13:20:41.534111 11211 raft_consensus.cc:3060] T 1a4217fa18404dd8950575021fb8b21c P d4e62913a47f467fa2eae74117a3512b [term 1 FOLLOWER]: Advancing to term 2
I20260710 13:20:41.540426 11211 raft_consensus.cc:515] T 1a4217fa18404dd8950575021fb8b21c P d4e62913a47f467fa2eae74117a3512b [term 2 FOLLOWER]: Starting forced leader election with config: opid_index: -1 OBSOLETE_local: false peers { permanent_uuid: "95d929b6968b406bae56808a4e2970ba" member_type: VOTER last_known_addr { host: "127.10.190.129" port: 40067 } } peers { permanent_uuid: "d4e62913a47f467fa2eae74117a3512b" member_type: VOTER last_known_addr { host: "127.10.190.130" port: 41241 } } peers { permanent_uuid: "f8de494a4f1f47948acdc66c73960998" member_type: VOTER last_known_addr { host: "127.10.190.131" port: 36321 } }
I20260710 13:20:41.542315 11103 leader_election.cc:304] T 4c623f06563a4a6bb8ea3d19fabd23a0 P 95d929b6968b406bae56808a4e2970ba [CANDIDATE]: Term 2 election: Election decided. Result: candidate won. Election summary: received 3 responses out of 3 voters: 2 yes votes; 1 no votes. yes voters: 95d929b6968b406bae56808a4e2970ba, f8de494a4f1f47948acdc66c73960998; no voters: d4e62913a47f467fa2eae74117a3512b
I20260710 13:20:41.543010 11373 raft_consensus.cc:2804] T 4c623f06563a4a6bb8ea3d19fabd23a0 P 95d929b6968b406bae56808a4e2970ba [term 2 FOLLOWER]: Leader election won for term 2
I20260710 13:20:41.543426 11373 raft_consensus.cc:697] T 4c623f06563a4a6bb8ea3d19fabd23a0 P 95d929b6968b406bae56808a4e2970ba [term 2 LEADER]: Becoming Leader. State: Replica: 95d929b6968b406bae56808a4e2970ba, State: Running, Role: LEADER
I20260710 13:20:41.544034 11137 tablet_service.cc:1917] Received RequestConsensusVote() RPC: tablet_id: "1a4217fa18404dd8950575021fb8b21c" candidate_uuid: "d4e62913a47f467fa2eae74117a3512b" candidate_term: 2 candidate_status { last_received { term: 1 index: 1 } } ignore_live_leader: true dest_uuid: "95d929b6968b406bae56808a4e2970ba"
I20260710 13:20:41.544152 11373 consensus_queue.cc:237] T 4c623f06563a4a6bb8ea3d19fabd23a0 P 95d929b6968b406bae56808a4e2970ba [LEADER]: Queue going to LEADER mode. State: All replicated index: 0, Majority replicated index: 0, Committed index: 0, Last appended: 1.1, Last appended by leader: 1, Current term: 2, Majority size: 2, State: 0, Mode: LEADER, active raft config: opid_index: -1 OBSOLETE_local: false peers { permanent_uuid: "95d929b6968b406bae56808a4e2970ba" member_type: VOTER last_known_addr { host: "127.10.190.129" port: 40067 } } peers { permanent_uuid: "d4e62913a47f467fa2eae74117a3512b" member_type: VOTER last_known_addr { host: "127.10.190.130" port: 41241 } } peers { permanent_uuid: "f8de494a4f1f47948acdc66c73960998" member_type: VOTER last_known_addr { host: "127.10.190.131" port: 36321 } }
I20260710 13:20:41.544906 11283 tablet_service.cc:1917] Received RequestConsensusVote() RPC: tablet_id: "1a4217fa18404dd8950575021fb8b21c" candidate_uuid: "d4e62913a47f467fa2eae74117a3512b" candidate_term: 2 candidate_status { last_received { term: 1 index: 1 } } ignore_live_leader: true dest_uuid: "f8de494a4f1f47948acdc66c73960998"
I20260710 13:20:41.545470 11283 raft_consensus.cc:3060] T 1a4217fa18404dd8950575021fb8b21c P f8de494a4f1f47948acdc66c73960998 [term 1 FOLLOWER]: Advancing to term 2
I20260710 13:20:41.544588 11137 raft_consensus.cc:3055] T 1a4217fa18404dd8950575021fb8b21c P 95d929b6968b406bae56808a4e2970ba [term 1 LEADER]: Stepping down as leader of term 1
I20260710 13:20:41.546787 11137 raft_consensus.cc:740] T 1a4217fa18404dd8950575021fb8b21c P 95d929b6968b406bae56808a4e2970ba [term 1 LEADER]: Becoming Follower/Learner. State: Replica: 95d929b6968b406bae56808a4e2970ba, State: Running, Role: LEADER
I20260710 13:20:41.547495 11137 consensus_queue.cc:260] T 1a4217fa18404dd8950575021fb8b21c P 95d929b6968b406bae56808a4e2970ba [NON_LEADER]: Queue going to NON_LEADER mode. State: All replicated index: 0, Majority replicated index: 1, Committed index: 1, Last appended: 1.1, Last appended by leader: 1, Current term: 1, Majority size: -1, State: 0, Mode: NON_LEADER, active raft config: opid_index: -1 OBSOLETE_local: false peers { permanent_uuid: "95d929b6968b406bae56808a4e2970ba" member_type: VOTER last_known_addr { host: "127.10.190.129" port: 40067 } } peers { permanent_uuid: "d4e62913a47f467fa2eae74117a3512b" member_type: VOTER last_known_addr { host: "127.10.190.130" port: 41241 } } peers { permanent_uuid: "f8de494a4f1f47948acdc66c73960998" member_type: VOTER last_known_addr { host: "127.10.190.131" port: 36321 } }
I20260710 13:20:41.548467 11137 raft_consensus.cc:3060] T 1a4217fa18404dd8950575021fb8b21c P 95d929b6968b406bae56808a4e2970ba [term 1 FOLLOWER]: Advancing to term 2
I20260710 13:20:41.551467 11283 raft_consensus.cc:2468] T 1a4217fa18404dd8950575021fb8b21c P f8de494a4f1f47948acdc66c73960998 [term 2 FOLLOWER]: Leader election vote request: Granting yes vote for candidate d4e62913a47f467fa2eae74117a3512b in term 2.
I20260710 13:20:41.552538 11178 leader_election.cc:304] T 1a4217fa18404dd8950575021fb8b21c P d4e62913a47f467fa2eae74117a3512b [CANDIDATE]: Term 2 election: Election decided. Result: candidate won. Election summary: received 2 responses out of 3 voters: 2 yes votes; 0 no votes. yes voters: d4e62913a47f467fa2eae74117a3512b, f8de494a4f1f47948acdc66c73960998; no voters: 
I20260710 13:20:41.553303 11211 leader_election.cc:290] T 1a4217fa18404dd8950575021fb8b21c P d4e62913a47f467fa2eae74117a3512b [CANDIDATE]: Term 2 election: Requested vote from peers 95d929b6968b406bae56808a4e2970ba (127.10.190.129:40067), f8de494a4f1f47948acdc66c73960998 (127.10.190.131:36321)
I20260710 13:20:41.553315 11334 raft_consensus.cc:2804] T 1a4217fa18404dd8950575021fb8b21c P d4e62913a47f467fa2eae74117a3512b [term 2 FOLLOWER]: Leader election won for term 2
I20260710 13:20:41.553941 11334 raft_consensus.cc:697] T 1a4217fa18404dd8950575021fb8b21c P d4e62913a47f467fa2eae74117a3512b [term 2 LEADER]: Becoming Leader. State: Replica: d4e62913a47f467fa2eae74117a3512b, State: Running, Role: LEADER
I20260710 13:20:41.554747 11334 consensus_queue.cc:237] T 1a4217fa18404dd8950575021fb8b21c P d4e62913a47f467fa2eae74117a3512b [LEADER]: Queue going to LEADER mode. State: All replicated index: 0, Majority replicated index: 1, Committed index: 1, Last appended: 1.1, Last appended by leader: 1, Current term: 2, Majority size: 2, State: 0, Mode: LEADER, active raft config: opid_index: -1 OBSOLETE_local: false peers { permanent_uuid: "95d929b6968b406bae56808a4e2970ba" member_type: VOTER last_known_addr { host: "127.10.190.129" port: 40067 } } peers { permanent_uuid: "d4e62913a47f467fa2eae74117a3512b" member_type: VOTER last_known_addr { host: "127.10.190.130" port: 41241 } } peers { permanent_uuid: "f8de494a4f1f47948acdc66c73960998" member_type: VOTER last_known_addr { host: "127.10.190.131" port: 36321 } }
I20260710 13:20:41.554834 11031 catalog_manager.cc:5697] T 4c623f06563a4a6bb8ea3d19fabd23a0 P 95d929b6968b406bae56808a4e2970ba reported cstate change: term changed from 1 to 2, leader changed from f8de494a4f1f47948acdc66c73960998 (127.10.190.131) to 95d929b6968b406bae56808a4e2970ba (127.10.190.129). New cstate: current_term: 2 leader_uuid: "95d929b6968b406bae56808a4e2970ba" committed_config { opid_index: -1 OBSOLETE_local: false peers { permanent_uuid: "95d929b6968b406bae56808a4e2970ba" member_type: VOTER last_known_addr { host: "127.10.190.129" port: 40067 } health_report { overall_health: HEALTHY } } peers { permanent_uuid: "d4e62913a47f467fa2eae74117a3512b" member_type: VOTER last_known_addr { host: "127.10.190.130" port: 41241 } health_report { overall_health: UNKNOWN } } peers { permanent_uuid: "f8de494a4f1f47948acdc66c73960998" member_type: VOTER last_known_addr { host: "127.10.190.131" port: 36321 } health_report { overall_health: UNKNOWN } } }
I20260710 13:20:41.557535 11137 raft_consensus.cc:2468] T 1a4217fa18404dd8950575021fb8b21c P 95d929b6968b406bae56808a4e2970ba [term 2 FOLLOWER]: Leader election vote request: Granting yes vote for candidate d4e62913a47f467fa2eae74117a3512b in term 2.
I20260710 13:20:41.562845 11395 consensus_queue.cc:1048] T a354b8cb76fc468d85cc4858cc7aa9a4 P f8de494a4f1f47948acdc66c73960998 [LEADER]: Connected to new peer: Peer: permanent_uuid: "d4e62913a47f467fa2eae74117a3512b" member_type: VOTER last_known_addr { host: "127.10.190.130" port: 41241 }, Status: LMP_MISMATCH, Last received: 0.0, Next index: 1, Last known committed idx: 0, Time since last communication: 0.000s
I20260710 13:20:41.564795 11030 catalog_manager.cc:5697] T 1a4217fa18404dd8950575021fb8b21c P d4e62913a47f467fa2eae74117a3512b reported cstate change: term changed from 1 to 2, leader changed from 95d929b6968b406bae56808a4e2970ba (127.10.190.129) to d4e62913a47f467fa2eae74117a3512b (127.10.190.130). New cstate: current_term: 2 leader_uuid: "d4e62913a47f467fa2eae74117a3512b" committed_config { opid_index: -1 OBSOLETE_local: false peers { permanent_uuid: "95d929b6968b406bae56808a4e2970ba" member_type: VOTER last_known_addr { host: "127.10.190.129" port: 40067 } health_report { overall_health: UNKNOWN } } peers { permanent_uuid: "d4e62913a47f467fa2eae74117a3512b" member_type: VOTER last_known_addr { host: "127.10.190.130" port: 41241 } health_report { overall_health: HEALTHY } } peers { permanent_uuid: "f8de494a4f1f47948acdc66c73960998" member_type: VOTER last_known_addr { host: "127.10.190.131" port: 36321 } health_report { overall_health: UNKNOWN } } }
I20260710 13:20:41.580550 11395 consensus_queue.cc:1048] T a354b8cb76fc468d85cc4858cc7aa9a4 P f8de494a4f1f47948acdc66c73960998 [LEADER]: Connected to new peer: Peer: permanent_uuid: "95d929b6968b406bae56808a4e2970ba" member_type: VOTER last_known_addr { host: "127.10.190.129" port: 40067 }, Status: LMP_MISMATCH, Last received: 0.0, Next index: 1, Last known committed idx: 0, Time since last communication: 0.000s
I20260710 13:20:41.623303 11367 consensus_queue.cc:1048] T 70c84a1e967c453886be86d6ac813125 P 95d929b6968b406bae56808a4e2970ba [LEADER]: Connected to new peer: Peer: permanent_uuid: "d4e62913a47f467fa2eae74117a3512b" member_type: VOTER last_known_addr { host: "127.10.190.130" port: 41241 }, Status: LMP_MISMATCH, Last received: 0.0, Next index: 1, Last known committed idx: 0, Time since last communication: 0.000s
I20260710 13:20:41.625532 11367 consensus_queue.cc:1048] T 70c84a1e967c453886be86d6ac813125 P 95d929b6968b406bae56808a4e2970ba [LEADER]: Connected to new peer: Peer: permanent_uuid: "f8de494a4f1f47948acdc66c73960998" member_type: VOTER last_known_addr { host: "127.10.190.131" port: 36321 }, Status: LMP_MISMATCH, Last received: 0.0, Next index: 1, Last known committed idx: 0, Time since last communication: 0.000s
I20260710 13:20:41.630945 11373 raft_consensus.cc:993] T 70c84a1e967c453886be86d6ac813125 P 95d929b6968b406bae56808a4e2970ba: : Instructing follower d4e62913a47f467fa2eae74117a3512b to start an election
I20260710 13:20:41.631448 11373 raft_consensus.cc:1081] T 70c84a1e967c453886be86d6ac813125 P 95d929b6968b406bae56808a4e2970ba [term 1 LEADER]: Signalling peer d4e62913a47f467fa2eae74117a3512b to start an election
I20260710 13:20:41.633121 11211 tablet_service.cc:2044] Received Run Leader Election RPC: tablet_id: "70c84a1e967c453886be86d6ac813125"
dest_uuid: "d4e62913a47f467fa2eae74117a3512b"
 from {username='slave'} at 127.0.0.1:41912
I20260710 13:20:41.633872 11211 raft_consensus.cc:493] T 70c84a1e967c453886be86d6ac813125 P d4e62913a47f467fa2eae74117a3512b [term 1 FOLLOWER]: Starting forced leader election (received explicit request)
I20260710 13:20:41.634239 11211 raft_consensus.cc:3060] T 70c84a1e967c453886be86d6ac813125 P d4e62913a47f467fa2eae74117a3512b [term 1 FOLLOWER]: Advancing to term 2
I20260710 13:20:41.641256 11211 raft_consensus.cc:515] T 70c84a1e967c453886be86d6ac813125 P d4e62913a47f467fa2eae74117a3512b [term 2 FOLLOWER]: Starting forced leader election with config: opid_index: -1 OBSOLETE_local: false peers { permanent_uuid: "95d929b6968b406bae56808a4e2970ba" member_type: VOTER last_known_addr { host: "127.10.190.129" port: 40067 } } peers { permanent_uuid: "d4e62913a47f467fa2eae74117a3512b" member_type: VOTER last_known_addr { host: "127.10.190.130" port: 41241 } } peers { permanent_uuid: "f8de494a4f1f47948acdc66c73960998" member_type: VOTER last_known_addr { host: "127.10.190.131" port: 36321 } }
I20260710 13:20:41.642215 11212 raft_consensus.cc:1240] T 70c84a1e967c453886be86d6ac813125 P d4e62913a47f467fa2eae74117a3512b [term 2 FOLLOWER]: Rejecting Update request from peer 95d929b6968b406bae56808a4e2970ba for earlier term 1. Current term is 2. Ops: []
I20260710 13:20:41.644189 11211 leader_election.cc:290] T 70c84a1e967c453886be86d6ac813125 P d4e62913a47f467fa2eae74117a3512b [CANDIDATE]: Term 2 election: Requested vote from peers 95d929b6968b406bae56808a4e2970ba (127.10.190.129:40067), f8de494a4f1f47948acdc66c73960998 (127.10.190.131:36321)
I20260710 13:20:41.645725 11367 consensus_queue.cc:1059] T 70c84a1e967c453886be86d6ac813125 P 95d929b6968b406bae56808a4e2970ba [LEADER]: Peer responded invalid term: Peer: permanent_uuid: "d4e62913a47f467fa2eae74117a3512b" member_type: VOTER last_known_addr { host: "127.10.190.130" port: 41241 }, Status: INVALID_TERM, Last received: 1.1, Next index: 2, Last known committed idx: 0, Time since last communication: 0.000s
I20260710 13:20:41.646726 11137 tablet_service.cc:1917] Received RequestConsensusVote() RPC: tablet_id: "70c84a1e967c453886be86d6ac813125" candidate_uuid: "d4e62913a47f467fa2eae74117a3512b" candidate_term: 2 candidate_status { last_received { term: 1 index: 1 } } ignore_live_leader: true dest_uuid: "95d929b6968b406bae56808a4e2970ba"
I20260710 13:20:41.647478 11283 tablet_service.cc:1917] Received RequestConsensusVote() RPC: tablet_id: "70c84a1e967c453886be86d6ac813125" candidate_uuid: "d4e62913a47f467fa2eae74117a3512b" candidate_term: 2 candidate_status { last_received { term: 1 index: 1 } } ignore_live_leader: true dest_uuid: "f8de494a4f1f47948acdc66c73960998"
I20260710 13:20:41.648029 11283 raft_consensus.cc:3060] T 70c84a1e967c453886be86d6ac813125 P f8de494a4f1f47948acdc66c73960998 [term 1 FOLLOWER]: Advancing to term 2
I20260710 13:20:41.649652 11137 raft_consensus.cc:3055] T 70c84a1e967c453886be86d6ac813125 P 95d929b6968b406bae56808a4e2970ba [term 1 LEADER]: Stepping down as leader of term 1
I20260710 13:20:41.649974 11137 raft_consensus.cc:740] T 70c84a1e967c453886be86d6ac813125 P 95d929b6968b406bae56808a4e2970ba [term 1 LEADER]: Becoming Follower/Learner. State: Replica: 95d929b6968b406bae56808a4e2970ba, State: Running, Role: LEADER
I20260710 13:20:41.650676 11137 consensus_queue.cc:260] T 70c84a1e967c453886be86d6ac813125 P 95d929b6968b406bae56808a4e2970ba [NON_LEADER]: Queue going to NON_LEADER mode. State: All replicated index: 0, Majority replicated index: 1, Committed index: 1, Last appended: 1.1, Last appended by leader: 1, Current term: 1, Majority size: -1, State: 0, Mode: NON_LEADER, active raft config: opid_index: -1 OBSOLETE_local: false peers { permanent_uuid: "95d929b6968b406bae56808a4e2970ba" member_type: VOTER last_known_addr { host: "127.10.190.129" port: 40067 } } peers { permanent_uuid: "d4e62913a47f467fa2eae74117a3512b" member_type: VOTER last_known_addr { host: "127.10.190.130" port: 41241 } } peers { permanent_uuid: "f8de494a4f1f47948acdc66c73960998" member_type: VOTER last_known_addr { host: "127.10.190.131" port: 36321 } }
I20260710 13:20:41.651520 11137 raft_consensus.cc:3060] T 70c84a1e967c453886be86d6ac813125 P 95d929b6968b406bae56808a4e2970ba [term 1 FOLLOWER]: Advancing to term 2
I20260710 13:20:41.655051 11283 raft_consensus.cc:2468] T 70c84a1e967c453886be86d6ac813125 P f8de494a4f1f47948acdc66c73960998 [term 2 FOLLOWER]: Leader election vote request: Granting yes vote for candidate d4e62913a47f467fa2eae74117a3512b in term 2.
I20260710 13:20:41.655709 11137 raft_consensus.cc:2468] T 70c84a1e967c453886be86d6ac813125 P 95d929b6968b406bae56808a4e2970ba [term 2 FOLLOWER]: Leader election vote request: Granting yes vote for candidate d4e62913a47f467fa2eae74117a3512b in term 2.
I20260710 13:20:41.656023 11178 leader_election.cc:304] T 70c84a1e967c453886be86d6ac813125 P d4e62913a47f467fa2eae74117a3512b [CANDIDATE]: Term 2 election: Election decided. Result: candidate won. Election summary: received 2 responses out of 3 voters: 2 yes votes; 0 no votes. yes voters: d4e62913a47f467fa2eae74117a3512b, f8de494a4f1f47948acdc66c73960998; no voters: 
W20260710 13:20:41.656239 11373 raft_consensus.cc:936] Couldn't advance consensus term.: Illegal state: Can't advance term to: 2 current term: 2 is higher.
I20260710 13:20:41.656762 11334 raft_consensus.cc:2804] T 70c84a1e967c453886be86d6ac813125 P d4e62913a47f467fa2eae74117a3512b [term 2 FOLLOWER]: Leader election won for term 2
I20260710 13:20:41.657284 11334 raft_consensus.cc:697] T 70c84a1e967c453886be86d6ac813125 P d4e62913a47f467fa2eae74117a3512b [term 2 LEADER]: Becoming Leader. State: Replica: d4e62913a47f467fa2eae74117a3512b, State: Running, Role: LEADER
I20260710 13:20:41.658141 11334 consensus_queue.cc:237] T 70c84a1e967c453886be86d6ac813125 P d4e62913a47f467fa2eae74117a3512b [LEADER]: Queue going to LEADER mode. State: All replicated index: 0, Majority replicated index: 0, Committed index: 0, Last appended: 1.1, Last appended by leader: 1, Current term: 2, Majority size: 2, State: 0, Mode: LEADER, active raft config: opid_index: -1 OBSOLETE_local: false peers { permanent_uuid: "95d929b6968b406bae56808a4e2970ba" member_type: VOTER last_known_addr { host: "127.10.190.129" port: 40067 } } peers { permanent_uuid: "d4e62913a47f467fa2eae74117a3512b" member_type: VOTER last_known_addr { host: "127.10.190.130" port: 41241 } } peers { permanent_uuid: "f8de494a4f1f47948acdc66c73960998" member_type: VOTER last_known_addr { host: "127.10.190.131" port: 36321 } }
I20260710 13:20:41.664222 11031 catalog_manager.cc:5697] T 70c84a1e967c453886be86d6ac813125 P d4e62913a47f467fa2eae74117a3512b reported cstate change: term changed from 1 to 2, leader changed from 95d929b6968b406bae56808a4e2970ba (127.10.190.129) to d4e62913a47f467fa2eae74117a3512b (127.10.190.130). New cstate: current_term: 2 leader_uuid: "d4e62913a47f467fa2eae74117a3512b" committed_config { opid_index: -1 OBSOLETE_local: false peers { permanent_uuid: "95d929b6968b406bae56808a4e2970ba" member_type: VOTER last_known_addr { host: "127.10.190.129" port: 40067 } health_report { overall_health: UNKNOWN } } peers { permanent_uuid: "d4e62913a47f467fa2eae74117a3512b" member_type: VOTER last_known_addr { host: "127.10.190.130" port: 41241 } health_report { overall_health: HEALTHY } } peers { permanent_uuid: "f8de494a4f1f47948acdc66c73960998" member_type: VOTER last_known_addr { host: "127.10.190.131" port: 36321 } health_report { overall_health: UNKNOWN } } }
I20260710 13:20:41.683260 11334 consensus_queue.cc:1048] T 746b964ab8404ef28435f0e35b5692c3 P d4e62913a47f467fa2eae74117a3512b [LEADER]: Connected to new peer: Peer: permanent_uuid: "f8de494a4f1f47948acdc66c73960998" member_type: VOTER last_known_addr { host: "127.10.190.131" port: 36321 }, Status: LMP_MISMATCH, Last received: 0.0, Next index: 1, Last known committed idx: 0, Time since last communication: 0.000s
I20260710 13:20:41.696815 11334 consensus_queue.cc:1048] T 746b964ab8404ef28435f0e35b5692c3 P d4e62913a47f467fa2eae74117a3512b [LEADER]: Connected to new peer: Peer: permanent_uuid: "95d929b6968b406bae56808a4e2970ba" member_type: VOTER last_known_addr { host: "127.10.190.129" port: 40067 }, Status: LMP_MISMATCH, Last received: 0.0, Next index: 1, Last known committed idx: 0, Time since last communication: 0.000s
I20260710 13:20:41.724040 11364 raft_consensus.cc:993] T 53b1a5e1947a4a818f75e65bce67fdd4 P f8de494a4f1f47948acdc66c73960998: : Instructing follower d4e62913a47f467fa2eae74117a3512b to start an election
I20260710 13:20:41.724498 11395 raft_consensus.cc:1081] T 53b1a5e1947a4a818f75e65bce67fdd4 P f8de494a4f1f47948acdc66c73960998 [term 1 LEADER]: Signalling peer d4e62913a47f467fa2eae74117a3512b to start an election
I20260710 13:20:41.726060 11211 tablet_service.cc:2044] Received Run Leader Election RPC: tablet_id: "53b1a5e1947a4a818f75e65bce67fdd4"
dest_uuid: "d4e62913a47f467fa2eae74117a3512b"
 from {username='slave'} at 127.0.0.1:41902
I20260710 13:20:41.726563 11211 raft_consensus.cc:493] T 53b1a5e1947a4a818f75e65bce67fdd4 P d4e62913a47f467fa2eae74117a3512b [term 1 FOLLOWER]: Starting forced leader election (received explicit request)
I20260710 13:20:41.726914 11211 raft_consensus.cc:3060] T 53b1a5e1947a4a818f75e65bce67fdd4 P d4e62913a47f467fa2eae74117a3512b [term 1 FOLLOWER]: Advancing to term 2
I20260710 13:20:41.730856 11211 raft_consensus.cc:515] T 53b1a5e1947a4a818f75e65bce67fdd4 P d4e62913a47f467fa2eae74117a3512b [term 2 FOLLOWER]: Starting forced leader election with config: opid_index: -1 OBSOLETE_local: false peers { permanent_uuid: "95d929b6968b406bae56808a4e2970ba" member_type: VOTER last_known_addr { host: "127.10.190.129" port: 40067 } } peers { permanent_uuid: "d4e62913a47f467fa2eae74117a3512b" member_type: VOTER last_known_addr { host: "127.10.190.130" port: 41241 } } peers { permanent_uuid: "f8de494a4f1f47948acdc66c73960998" member_type: VOTER last_known_addr { host: "127.10.190.131" port: 36321 } }
I20260710 13:20:41.732172 11211 leader_election.cc:290] T 53b1a5e1947a4a818f75e65bce67fdd4 P d4e62913a47f467fa2eae74117a3512b [CANDIDATE]: Term 2 election: Requested vote from peers 95d929b6968b406bae56808a4e2970ba (127.10.190.129:40067), f8de494a4f1f47948acdc66c73960998 (127.10.190.131:36321)
I20260710 13:20:41.732913 11137 tablet_service.cc:1917] Received RequestConsensusVote() RPC: tablet_id: "53b1a5e1947a4a818f75e65bce67fdd4" candidate_uuid: "d4e62913a47f467fa2eae74117a3512b" candidate_term: 2 candidate_status { last_received { term: 1 index: 1 } } ignore_live_leader: true dest_uuid: "95d929b6968b406bae56808a4e2970ba"
I20260710 13:20:41.733466 11137 raft_consensus.cc:3060] T 53b1a5e1947a4a818f75e65bce67fdd4 P 95d929b6968b406bae56808a4e2970ba [term 1 FOLLOWER]: Advancing to term 2
I20260710 13:20:41.733269 11283 tablet_service.cc:1917] Received RequestConsensusVote() RPC: tablet_id: "53b1a5e1947a4a818f75e65bce67fdd4" candidate_uuid: "d4e62913a47f467fa2eae74117a3512b" candidate_term: 2 candidate_status { last_received { term: 1 index: 1 } } ignore_live_leader: true dest_uuid: "f8de494a4f1f47948acdc66c73960998"
I20260710 13:20:41.733973 11283 raft_consensus.cc:3055] T 53b1a5e1947a4a818f75e65bce67fdd4 P f8de494a4f1f47948acdc66c73960998 [term 1 LEADER]: Stepping down as leader of term 1
I20260710 13:20:41.734292 11283 raft_consensus.cc:740] T 53b1a5e1947a4a818f75e65bce67fdd4 P f8de494a4f1f47948acdc66c73960998 [term 1 LEADER]: Becoming Follower/Learner. State: Replica: f8de494a4f1f47948acdc66c73960998, State: Running, Role: LEADER
I20260710 13:20:41.735078 11283 consensus_queue.cc:260] T 53b1a5e1947a4a818f75e65bce67fdd4 P f8de494a4f1f47948acdc66c73960998 [NON_LEADER]: Queue going to NON_LEADER mode. State: All replicated index: 0, Majority replicated index: 1, Committed index: 1, Last appended: 1.1, Last appended by leader: 1, Current term: 1, Majority size: -1, State: 0, Mode: NON_LEADER, active raft config: opid_index: -1 OBSOLETE_local: false peers { permanent_uuid: "95d929b6968b406bae56808a4e2970ba" member_type: VOTER last_known_addr { host: "127.10.190.129" port: 40067 } } peers { permanent_uuid: "d4e62913a47f467fa2eae74117a3512b" member_type: VOTER last_known_addr { host: "127.10.190.130" port: 41241 } } peers { permanent_uuid: "f8de494a4f1f47948acdc66c73960998" member_type: VOTER last_known_addr { host: "127.10.190.131" port: 36321 } }
I20260710 13:20:41.736443 11283 raft_consensus.cc:3060] T 53b1a5e1947a4a818f75e65bce67fdd4 P f8de494a4f1f47948acdc66c73960998 [term 1 FOLLOWER]: Advancing to term 2
I20260710 13:20:41.738130 11137 raft_consensus.cc:2468] T 53b1a5e1947a4a818f75e65bce67fdd4 P 95d929b6968b406bae56808a4e2970ba [term 2 FOLLOWER]: Leader election vote request: Granting yes vote for candidate d4e62913a47f467fa2eae74117a3512b in term 2.
I20260710 13:20:41.738999 11178 leader_election.cc:304] T 53b1a5e1947a4a818f75e65bce67fdd4 P d4e62913a47f467fa2eae74117a3512b [CANDIDATE]: Term 2 election: Election decided. Result: candidate won. Election summary: received 2 responses out of 3 voters: 2 yes votes; 0 no votes. yes voters: 95d929b6968b406bae56808a4e2970ba, d4e62913a47f467fa2eae74117a3512b; no voters: 
I20260710 13:20:41.739557 11416 raft_consensus.cc:2804] T 53b1a5e1947a4a818f75e65bce67fdd4 P d4e62913a47f467fa2eae74117a3512b [term 2 FOLLOWER]: Leader election won for term 2
I20260710 13:20:41.740015 11416 raft_consensus.cc:697] T 53b1a5e1947a4a818f75e65bce67fdd4 P d4e62913a47f467fa2eae74117a3512b [term 2 LEADER]: Becoming Leader. State: Replica: d4e62913a47f467fa2eae74117a3512b, State: Running, Role: LEADER
I20260710 13:20:41.740759 11416 consensus_queue.cc:237] T 53b1a5e1947a4a818f75e65bce67fdd4 P d4e62913a47f467fa2eae74117a3512b [LEADER]: Queue going to LEADER mode. State: All replicated index: 0, Majority replicated index: 1, Committed index: 1, Last appended: 1.1, Last appended by leader: 1, Current term: 2, Majority size: 2, State: 0, Mode: LEADER, active raft config: opid_index: -1 OBSOLETE_local: false peers { permanent_uuid: "95d929b6968b406bae56808a4e2970ba" member_type: VOTER last_known_addr { host: "127.10.190.129" port: 40067 } } peers { permanent_uuid: "d4e62913a47f467fa2eae74117a3512b" member_type: VOTER last_known_addr { host: "127.10.190.130" port: 41241 } } peers { permanent_uuid: "f8de494a4f1f47948acdc66c73960998" member_type: VOTER last_known_addr { host: "127.10.190.131" port: 36321 } }
I20260710 13:20:41.742604 11283 raft_consensus.cc:2468] T 53b1a5e1947a4a818f75e65bce67fdd4 P f8de494a4f1f47948acdc66c73960998 [term 2 FOLLOWER]: Leader election vote request: Granting yes vote for candidate d4e62913a47f467fa2eae74117a3512b in term 2.
I20260710 13:20:41.747394 11030 catalog_manager.cc:5697] T 53b1a5e1947a4a818f75e65bce67fdd4 P d4e62913a47f467fa2eae74117a3512b reported cstate change: term changed from 1 to 2, leader changed from f8de494a4f1f47948acdc66c73960998 (127.10.190.131) to d4e62913a47f467fa2eae74117a3512b (127.10.190.130). New cstate: current_term: 2 leader_uuid: "d4e62913a47f467fa2eae74117a3512b" committed_config { opid_index: -1 OBSOLETE_local: false peers { permanent_uuid: "95d929b6968b406bae56808a4e2970ba" member_type: VOTER last_known_addr { host: "127.10.190.129" port: 40067 } health_report { overall_health: UNKNOWN } } peers { permanent_uuid: "d4e62913a47f467fa2eae74117a3512b" member_type: VOTER last_known_addr { host: "127.10.190.130" port: 41241 } health_report { overall_health: HEALTHY } } peers { permanent_uuid: "f8de494a4f1f47948acdc66c73960998" member_type: VOTER last_known_addr { host: "127.10.190.131" port: 36321 } health_report { overall_health: UNKNOWN } } }
I20260710 13:20:41.810927 11211 raft_consensus.cc:3060] T 21bda326392c443ebf7a10ab4bc2af95 P d4e62913a47f467fa2eae74117a3512b [term 1 FOLLOWER]: Advancing to term 2
I20260710 13:20:41.815050 11211 raft_consensus.cc:1275] T 21bda326392c443ebf7a10ab4bc2af95 P d4e62913a47f467fa2eae74117a3512b [term 2 FOLLOWER]: Refusing update from remote peer 95d929b6968b406bae56808a4e2970ba: Log matching property violated. Preceding OpId in replica: term: 1 index: 1. Preceding OpId from leader: term: 2 index: 2. (index mismatch)
I20260710 13:20:41.816115 11373 consensus_queue.cc:1048] T 21bda326392c443ebf7a10ab4bc2af95 P 95d929b6968b406bae56808a4e2970ba [LEADER]: Connected to new peer: Peer: permanent_uuid: "d4e62913a47f467fa2eae74117a3512b" member_type: VOTER last_known_addr { host: "127.10.190.130" port: 41241 }, Status: LMP_MISMATCH, Last received: 0.0, Next index: 2, Last known committed idx: 1, Time since last communication: 0.000s
I20260710 13:20:41.825935 11283 raft_consensus.cc:1275] T 21bda326392c443ebf7a10ab4bc2af95 P f8de494a4f1f47948acdc66c73960998 [term 2 FOLLOWER]: Refusing update from remote peer 95d929b6968b406bae56808a4e2970ba: Log matching property violated. Preceding OpId in replica: term: 1 index: 1. Preceding OpId from leader: term: 2 index: 2. (index mismatch)
I20260710 13:20:41.827164 11367 consensus_queue.cc:1048] T 21bda326392c443ebf7a10ab4bc2af95 P 95d929b6968b406bae56808a4e2970ba [LEADER]: Connected to new peer: Peer: permanent_uuid: "f8de494a4f1f47948acdc66c73960998" member_type: VOTER last_known_addr { host: "127.10.190.131" port: 36321 }, Status: LMP_MISMATCH, Last received: 0.0, Next index: 2, Last known committed idx: 1, Time since last communication: 0.000s
I20260710 13:20:41.983470 11212 raft_consensus.cc:1275] T 31b4813fd71c44d193d40d0d6a3bde0a P d4e62913a47f467fa2eae74117a3512b [term 2 FOLLOWER]: Refusing update from remote peer 95d929b6968b406bae56808a4e2970ba: Log matching property violated. Preceding OpId in replica: term: 1 index: 1. Preceding OpId from leader: term: 2 index: 2. (index mismatch)
I20260710 13:20:41.984838 11367 consensus_queue.cc:1048] T 31b4813fd71c44d193d40d0d6a3bde0a P 95d929b6968b406bae56808a4e2970ba [LEADER]: Connected to new peer: Peer: permanent_uuid: "d4e62913a47f467fa2eae74117a3512b" member_type: VOTER last_known_addr { host: "127.10.190.130" port: 41241 }, Status: LMP_MISMATCH, Last received: 0.0, Next index: 2, Last known committed idx: 1, Time since last communication: 0.000s
I20260710 13:20:41.996035 11285 raft_consensus.cc:1275] T 31b4813fd71c44d193d40d0d6a3bde0a P f8de494a4f1f47948acdc66c73960998 [term 2 FOLLOWER]: Refusing update from remote peer 95d929b6968b406bae56808a4e2970ba: Log matching property violated. Preceding OpId in replica: term: 1 index: 1. Preceding OpId from leader: term: 2 index: 2. (index mismatch)
I20260710 13:20:41.997864 11363 consensus_queue.cc:1048] T 31b4813fd71c44d193d40d0d6a3bde0a P 95d929b6968b406bae56808a4e2970ba [LEADER]: Connected to new peer: Peer: permanent_uuid: "f8de494a4f1f47948acdc66c73960998" member_type: VOTER last_known_addr { host: "127.10.190.131" port: 36321 }, Status: LMP_MISMATCH, Last received: 0.0, Next index: 2, Last known committed idx: 1, Time since last communication: 0.000s
I20260710 13:20:42.029418 11285 raft_consensus.cc:1275] T 4c623f06563a4a6bb8ea3d19fabd23a0 P f8de494a4f1f47948acdc66c73960998 [term 2 FOLLOWER]: Refusing update from remote peer 95d929b6968b406bae56808a4e2970ba: Log matching property violated. Preceding OpId in replica: term: 1 index: 1. Preceding OpId from leader: term: 2 index: 2. (index mismatch)
I20260710 13:20:42.030480 11363 consensus_queue.cc:1048] T 4c623f06563a4a6bb8ea3d19fabd23a0 P 95d929b6968b406bae56808a4e2970ba [LEADER]: Connected to new peer: Peer: permanent_uuid: "f8de494a4f1f47948acdc66c73960998" member_type: VOTER last_known_addr { host: "127.10.190.131" port: 36321 }, Status: LMP_MISMATCH, Last received: 0.0, Next index: 2, Last known committed idx: 1, Time since last communication: 0.000s
I20260710 13:20:42.038800 11212 raft_consensus.cc:3060] T 4c623f06563a4a6bb8ea3d19fabd23a0 P d4e62913a47f467fa2eae74117a3512b [term 1 FOLLOWER]: Advancing to term 2
I20260710 13:20:42.045499 11212 raft_consensus.cc:1275] T 4c623f06563a4a6bb8ea3d19fabd23a0 P d4e62913a47f467fa2eae74117a3512b [term 2 FOLLOWER]: Refusing update from remote peer 95d929b6968b406bae56808a4e2970ba: Log matching property violated. Preceding OpId in replica: term: 1 index: 1. Preceding OpId from leader: term: 2 index: 2. (index mismatch)
I20260710 13:20:42.046911 11363 consensus_queue.cc:1048] T 4c623f06563a4a6bb8ea3d19fabd23a0 P 95d929b6968b406bae56808a4e2970ba [LEADER]: Connected to new peer: Peer: permanent_uuid: "d4e62913a47f467fa2eae74117a3512b" member_type: VOTER last_known_addr { host: "127.10.190.130" port: 41241 }, Status: LMP_MISMATCH, Last received: 0.0, Next index: 2, Last known committed idx: 1, Time since last communication: 0.000s
I20260710 13:20:42.066385 11137 raft_consensus.cc:1275] T 1a4217fa18404dd8950575021fb8b21c P 95d929b6968b406bae56808a4e2970ba [term 2 FOLLOWER]: Refusing update from remote peer d4e62913a47f467fa2eae74117a3512b: Log matching property violated. Preceding OpId in replica: term: 1 index: 1. Preceding OpId from leader: term: 2 index: 2. (index mismatch)
I20260710 13:20:42.067576 11348 consensus_queue.cc:1048] T 1a4217fa18404dd8950575021fb8b21c P d4e62913a47f467fa2eae74117a3512b [LEADER]: Connected to new peer: Peer: permanent_uuid: "95d929b6968b406bae56808a4e2970ba" member_type: VOTER last_known_addr { host: "127.10.190.129" port: 40067 }, Status: LMP_MISMATCH, Last received: 0.0, Next index: 2, Last known committed idx: 1, Time since last communication: 0.000s
I20260710 13:20:42.074553 11285 raft_consensus.cc:1275] T 1a4217fa18404dd8950575021fb8b21c P f8de494a4f1f47948acdc66c73960998 [term 2 FOLLOWER]: Refusing update from remote peer d4e62913a47f467fa2eae74117a3512b: Log matching property violated. Preceding OpId in replica: term: 1 index: 1. Preceding OpId from leader: term: 2 index: 2. (index mismatch)
I20260710 13:20:42.077383 11388 consensus_queue.cc:1048] T 1a4217fa18404dd8950575021fb8b21c P d4e62913a47f467fa2eae74117a3512b [LEADER]: Connected to new peer: Peer: permanent_uuid: "f8de494a4f1f47948acdc66c73960998" member_type: VOTER last_known_addr { host: "127.10.190.131" port: 36321 }, Status: LMP_MISMATCH, Last received: 0.0, Next index: 2, Last known committed idx: 1, Time since last communication: 0.000s
I20260710 13:20:42.149930 11285 raft_consensus.cc:1275] T 70c84a1e967c453886be86d6ac813125 P f8de494a4f1f47948acdc66c73960998 [term 2 FOLLOWER]: Refusing update from remote peer d4e62913a47f467fa2eae74117a3512b: Log matching property violated. Preceding OpId in replica: term: 1 index: 1. Preceding OpId from leader: term: 2 index: 2. (index mismatch)
I20260710 13:20:42.151340 11348 consensus_queue.cc:1048] T 70c84a1e967c453886be86d6ac813125 P d4e62913a47f467fa2eae74117a3512b [LEADER]: Connected to new peer: Peer: permanent_uuid: "f8de494a4f1f47948acdc66c73960998" member_type: VOTER last_known_addr { host: "127.10.190.131" port: 36321 }, Status: LMP_MISMATCH, Last received: 0.0, Next index: 2, Last known committed idx: 1, Time since last communication: 0.000s
I20260710 13:20:42.160661 11137 raft_consensus.cc:1275] T 70c84a1e967c453886be86d6ac813125 P 95d929b6968b406bae56808a4e2970ba [term 2 FOLLOWER]: Refusing update from remote peer d4e62913a47f467fa2eae74117a3512b: Log matching property violated. Preceding OpId in replica: term: 1 index: 1. Preceding OpId from leader: term: 2 index: 2. (index mismatch)
I20260710 13:20:42.162149 11348 consensus_queue.cc:1048] T 70c84a1e967c453886be86d6ac813125 P d4e62913a47f467fa2eae74117a3512b [LEADER]: Connected to new peer: Peer: permanent_uuid: "95d929b6968b406bae56808a4e2970ba" member_type: VOTER last_known_addr { host: "127.10.190.129" port: 40067 }, Status: LMP_MISMATCH, Last received: 0.0, Next index: 2, Last known committed idx: 1, Time since last communication: 0.000s
I20260710 13:20:42.172447 11137 raft_consensus.cc:1275] T 53b1a5e1947a4a818f75e65bce67fdd4 P 95d929b6968b406bae56808a4e2970ba [term 2 FOLLOWER]: Refusing update from remote peer d4e62913a47f467fa2eae74117a3512b: Log matching property violated. Preceding OpId in replica: term: 1 index: 1. Preceding OpId from leader: term: 2 index: 2. (index mismatch)
I20260710 13:20:42.173517 11388 consensus_queue.cc:1048] T 53b1a5e1947a4a818f75e65bce67fdd4 P d4e62913a47f467fa2eae74117a3512b [LEADER]: Connected to new peer: Peer: permanent_uuid: "95d929b6968b406bae56808a4e2970ba" member_type: VOTER last_known_addr { host: "127.10.190.129" port: 40067 }, Status: LMP_MISMATCH, Last received: 0.0, Next index: 2, Last known committed idx: 1, Time since last communication: 0.000s
I20260710 13:20:42.180258 11285 raft_consensus.cc:1275] T 53b1a5e1947a4a818f75e65bce67fdd4 P f8de494a4f1f47948acdc66c73960998 [term 2 FOLLOWER]: Refusing update from remote peer d4e62913a47f467fa2eae74117a3512b: Log matching property violated. Preceding OpId in replica: term: 1 index: 1. Preceding OpId from leader: term: 2 index: 2. (index mismatch)
I20260710 13:20:42.181484 11334 consensus_queue.cc:1048] T 53b1a5e1947a4a818f75e65bce67fdd4 P d4e62913a47f467fa2eae74117a3512b [LEADER]: Connected to new peer: Peer: permanent_uuid: "f8de494a4f1f47948acdc66c73960998" member_type: VOTER last_known_addr { host: "127.10.190.131" port: 36321 }, Status: LMP_MISMATCH, Last received: 0.0, Next index: 2, Last known committed idx: 1, Time since last communication: 0.000s
I20260710 13:20:44.439476 11002 auto_leader_rebalancer-test.cc:316] The leader distribution is 
I20260710 13:20:44.440197 11002 auto_leader_rebalancer.cc:141] leader rebalance for table test-workload
I20260710 13:20:44.457115 11211 tablet_service.cc:2072] Received LeaderStepDown RPC: tablet_id: "1a4217fa18404dd8950575021fb8b21c"
dest_uuid: "d4e62913a47f467fa2eae74117a3512b"
mode: GRACEFUL
new_leader_uuid: "f8de494a4f1f47948acdc66c73960998"
 from {username='slave'} at 127.0.0.1:41936
I20260710 13:20:44.457590 11211 raft_consensus.cc:606] T 1a4217fa18404dd8950575021fb8b21c P d4e62913a47f467fa2eae74117a3512b [term 2 LEADER]: Received request to transfer leadership to TS f8de494a4f1f47948acdc66c73960998
I20260710 13:20:44.466572 11137 tablet_service.cc:2072] Received LeaderStepDown RPC: tablet_id: "31b4813fd71c44d193d40d0d6a3bde0a"
dest_uuid: "95d929b6968b406bae56808a4e2970ba"
mode: GRACEFUL
new_leader_uuid: "f8de494a4f1f47948acdc66c73960998"
 from {username='slave'} at 127.0.0.1:46200
I20260710 13:20:44.466931 11137 raft_consensus.cc:606] T 31b4813fd71c44d193d40d0d6a3bde0a P 95d929b6968b406bae56808a4e2970ba [term 2 LEADER]: Received request to transfer leadership to TS f8de494a4f1f47948acdc66c73960998
I20260710 13:20:44.467837 11002 auto_leader_rebalancer.cc:479] table: test-workload, leader rebalance finish, leader transfer count: 2
I20260710 13:20:44.468186 11002 auto_leader_rebalancer.cc:554] All tables' leader rebalancing finished this round
I20260710 13:20:44.728338 11334 raft_consensus.cc:993] T 1a4217fa18404dd8950575021fb8b21c P d4e62913a47f467fa2eae74117a3512b: : Instructing follower f8de494a4f1f47948acdc66c73960998 to start an election
I20260710 13:20:44.728727 11422 raft_consensus.cc:1081] T 1a4217fa18404dd8950575021fb8b21c P d4e62913a47f467fa2eae74117a3512b [term 2 LEADER]: Signalling peer f8de494a4f1f47948acdc66c73960998 to start an election
I20260710 13:20:44.729976 11285 tablet_service.cc:2044] Received Run Leader Election RPC: tablet_id: "1a4217fa18404dd8950575021fb8b21c"
dest_uuid: "f8de494a4f1f47948acdc66c73960998"
 from {username='slave'} at 127.0.0.1:45342
I20260710 13:20:44.730429 11285 raft_consensus.cc:493] T 1a4217fa18404dd8950575021fb8b21c P f8de494a4f1f47948acdc66c73960998 [term 2 FOLLOWER]: Starting forced leader election (received explicit request)
I20260710 13:20:44.730706 11285 raft_consensus.cc:3060] T 1a4217fa18404dd8950575021fb8b21c P f8de494a4f1f47948acdc66c73960998 [term 2 FOLLOWER]: Advancing to term 3
I20260710 13:20:44.734901 11285 raft_consensus.cc:515] T 1a4217fa18404dd8950575021fb8b21c P f8de494a4f1f47948acdc66c73960998 [term 3 FOLLOWER]: Starting forced leader election with config: opid_index: -1 OBSOLETE_local: false peers { permanent_uuid: "95d929b6968b406bae56808a4e2970ba" member_type: VOTER last_known_addr { host: "127.10.190.129" port: 40067 } } peers { permanent_uuid: "d4e62913a47f467fa2eae74117a3512b" member_type: VOTER last_known_addr { host: "127.10.190.130" port: 41241 } } peers { permanent_uuid: "f8de494a4f1f47948acdc66c73960998" member_type: VOTER last_known_addr { host: "127.10.190.131" port: 36321 } }
I20260710 13:20:44.736497 11285 leader_election.cc:290] T 1a4217fa18404dd8950575021fb8b21c P f8de494a4f1f47948acdc66c73960998 [CANDIDATE]: Term 3 election: Requested vote from peers 95d929b6968b406bae56808a4e2970ba (127.10.190.129:40067), d4e62913a47f467fa2eae74117a3512b (127.10.190.130:41241)
I20260710 13:20:44.736994 11137 tablet_service.cc:1917] Received RequestConsensusVote() RPC: tablet_id: "1a4217fa18404dd8950575021fb8b21c" candidate_uuid: "f8de494a4f1f47948acdc66c73960998" candidate_term: 3 candidate_status { last_received { term: 2 index: 2 } } ignore_live_leader: true dest_uuid: "95d929b6968b406bae56808a4e2970ba"
I20260710 13:20:44.737497 11137 raft_consensus.cc:3060] T 1a4217fa18404dd8950575021fb8b21c P 95d929b6968b406bae56808a4e2970ba [term 2 FOLLOWER]: Advancing to term 3
I20260710 13:20:44.737527 11211 tablet_service.cc:1917] Received RequestConsensusVote() RPC: tablet_id: "1a4217fa18404dd8950575021fb8b21c" candidate_uuid: "f8de494a4f1f47948acdc66c73960998" candidate_term: 3 candidate_status { last_received { term: 2 index: 2 } } ignore_live_leader: true dest_uuid: "d4e62913a47f467fa2eae74117a3512b"
I20260710 13:20:44.738041 11211 raft_consensus.cc:3055] T 1a4217fa18404dd8950575021fb8b21c P d4e62913a47f467fa2eae74117a3512b [term 2 LEADER]: Stepping down as leader of term 2
I20260710 13:20:44.738274 11211 raft_consensus.cc:740] T 1a4217fa18404dd8950575021fb8b21c P d4e62913a47f467fa2eae74117a3512b [term 2 LEADER]: Becoming Follower/Learner. State: Replica: d4e62913a47f467fa2eae74117a3512b, State: Running, Role: LEADER
I20260710 13:20:44.738922 11211 consensus_queue.cc:260] T 1a4217fa18404dd8950575021fb8b21c P d4e62913a47f467fa2eae74117a3512b [NON_LEADER]: Queue going to NON_LEADER mode. State: All replicated index: 0, Majority replicated index: 2, Committed index: 2, Last appended: 2.2, Last appended by leader: 2, Current term: 2, Majority size: -1, State: 0, Mode: NON_LEADER, active raft config: opid_index: -1 OBSOLETE_local: false peers { permanent_uuid: "95d929b6968b406bae56808a4e2970ba" member_type: VOTER last_known_addr { host: "127.10.190.129" port: 40067 } } peers { permanent_uuid: "d4e62913a47f467fa2eae74117a3512b" member_type: VOTER last_known_addr { host: "127.10.190.130" port: 41241 } } peers { permanent_uuid: "f8de494a4f1f47948acdc66c73960998" member_type: VOTER last_known_addr { host: "127.10.190.131" port: 36321 } }
I20260710 13:20:44.739753 11211 raft_consensus.cc:3060] T 1a4217fa18404dd8950575021fb8b21c P d4e62913a47f467fa2eae74117a3512b [term 2 FOLLOWER]: Advancing to term 3
I20260710 13:20:44.740923 11137 raft_consensus.cc:2468] T 1a4217fa18404dd8950575021fb8b21c P 95d929b6968b406bae56808a4e2970ba [term 3 FOLLOWER]: Leader election vote request: Granting yes vote for candidate f8de494a4f1f47948acdc66c73960998 in term 3.
I20260710 13:20:44.741748 11252 leader_election.cc:304] T 1a4217fa18404dd8950575021fb8b21c P f8de494a4f1f47948acdc66c73960998 [CANDIDATE]: Term 3 election: Election decided. Result: candidate won. Election summary: received 2 responses out of 3 voters: 2 yes votes; 0 no votes. yes voters: 95d929b6968b406bae56808a4e2970ba, f8de494a4f1f47948acdc66c73960998; no voters: 
I20260710 13:20:44.742312 11364 raft_consensus.cc:2804] T 1a4217fa18404dd8950575021fb8b21c P f8de494a4f1f47948acdc66c73960998 [term 3 FOLLOWER]: Leader election won for term 3
I20260710 13:20:44.743355 11364 raft_consensus.cc:697] T 1a4217fa18404dd8950575021fb8b21c P f8de494a4f1f47948acdc66c73960998 [term 3 LEADER]: Becoming Leader. State: Replica: f8de494a4f1f47948acdc66c73960998, State: Running, Role: LEADER
I20260710 13:20:44.743786 11211 raft_consensus.cc:2468] T 1a4217fa18404dd8950575021fb8b21c P d4e62913a47f467fa2eae74117a3512b [term 3 FOLLOWER]: Leader election vote request: Granting yes vote for candidate f8de494a4f1f47948acdc66c73960998 in term 3.
I20260710 13:20:44.744035 11364 consensus_queue.cc:237] T 1a4217fa18404dd8950575021fb8b21c P f8de494a4f1f47948acdc66c73960998 [LEADER]: Queue going to LEADER mode. State: All replicated index: 0, Majority replicated index: 2, Committed index: 2, Last appended: 2.2, Last appended by leader: 2, Current term: 3, Majority size: 2, State: 0, Mode: LEADER, active raft config: opid_index: -1 OBSOLETE_local: false peers { permanent_uuid: "95d929b6968b406bae56808a4e2970ba" member_type: VOTER last_known_addr { host: "127.10.190.129" port: 40067 } } peers { permanent_uuid: "d4e62913a47f467fa2eae74117a3512b" member_type: VOTER last_known_addr { host: "127.10.190.130" port: 41241 } } peers { permanent_uuid: "f8de494a4f1f47948acdc66c73960998" member_type: VOTER last_known_addr { host: "127.10.190.131" port: 36321 } }
I20260710 13:20:44.750771 11032 catalog_manager.cc:5697] T 1a4217fa18404dd8950575021fb8b21c P f8de494a4f1f47948acdc66c73960998 reported cstate change: term changed from 2 to 3, leader changed from d4e62913a47f467fa2eae74117a3512b (127.10.190.130) to f8de494a4f1f47948acdc66c73960998 (127.10.190.131). New cstate: current_term: 3 leader_uuid: "f8de494a4f1f47948acdc66c73960998" committed_config { opid_index: -1 OBSOLETE_local: false peers { permanent_uuid: "95d929b6968b406bae56808a4e2970ba" member_type: VOTER last_known_addr { host: "127.10.190.129" port: 40067 } health_report { overall_health: UNKNOWN } } peers { permanent_uuid: "d4e62913a47f467fa2eae74117a3512b" member_type: VOTER last_known_addr { host: "127.10.190.130" port: 41241 } health_report { overall_health: UNKNOWN } } peers { permanent_uuid: "f8de494a4f1f47948acdc66c73960998" member_type: VOTER last_known_addr { host: "127.10.190.131" port: 36321 } health_report { overall_health: HEALTHY } } }
