I20260710 13:20:58.598129 12334 leader_election.cc:304] T 9009478ffd454cfa9b5c2501ec16ae26 P 22bc1d1670df42a48f0987ddcb928624 [CANDIDATE]: Term 1 election: Election decided. Result: candidate won. Election summary: received 2 responses out of 3 voters: 2 yes votes; 0 no votes. yes voters: 22bc1d1670df42a48f0987ddcb928624, a1c88c9a5b3749a886c86e67134bb7a1; no voters: 
I20260710 13:20:58.599016 12645 raft_consensus.cc:2804] T 9009478ffd454cfa9b5c2501ec16ae26 P 22bc1d1670df42a48f0987ddcb928624 [term 1 FOLLOWER]: Leader election won for term 1
I20260710 13:20:58.599408 12645 raft_consensus.cc:697] T 9009478ffd454cfa9b5c2501ec16ae26 P 22bc1d1670df42a48f0987ddcb928624 [term 1 LEADER]: Becoming Leader. State: Replica: 22bc1d1670df42a48f0987ddcb928624, State: Running, Role: LEADER
I20260710 13:20:58.600237 12645 consensus_queue.cc:237] T 9009478ffd454cfa9b5c2501ec16ae26 P 22bc1d1670df42a48f0987ddcb928624 [LEADER]: Queue going to LEADER mode. State: All replicated index: 0, Majority replicated index: 0, Committed index: 0, Last appended: 0.0, Last appended by leader: 0, Current term: 1, Majority size: 2, State: 0, Mode: LEADER, active raft config: opid_index: -1 OBSOLETE_local: false peers { permanent_uuid: "22bc1d1670df42a48f0987ddcb928624" member_type: VOTER last_known_addr { host: "127.11.1.1" port: 38503 } } peers { permanent_uuid: "a1c88c9a5b3749a886c86e67134bb7a1" member_type: VOTER last_known_addr { host: "127.11.1.2" port: 41321 } } peers { permanent_uuid: "ca8499b6b6414e03a3729a817a2ec8e3" member_type: VOTER last_known_addr { host: "127.11.1.3" port: 46729 } }
I20260710 13:20:58.602797 12519 raft_consensus.cc:2468] T 9009478ffd454cfa9b5c2501ec16ae26 P ca8499b6b6414e03a3729a817a2ec8e3 [term 1 FOLLOWER]: Leader election vote request: Granting yes vote for candidate 22bc1d1670df42a48f0987ddcb928624 in term 1.
I20260710 13:20:58.602943 12371 raft_consensus.cc:2468] T bffda7d711b643788b7585e1506ddfaa P 22bc1d1670df42a48f0987ddcb928624 [term 1 FOLLOWER]: Leader election vote request: Granting yes vote for candidate ca8499b6b6414e03a3729a817a2ec8e3 in term 1.
I20260710 13:20:58.583997 12599 leader_election.cc:290] T bffda7d711b643788b7585e1506ddfaa P ca8499b6b6414e03a3729a817a2ec8e3 [CANDIDATE]: Term 1 election: Requested vote from peers 22bc1d1670df42a48f0987ddcb928624 (127.11.1.1:38503), a1c88c9a5b3749a886c86e67134bb7a1 (127.11.1.2:41321)
I20260710 13:20:58.605010 12560 ts_tablet_manager.cc:1434] T 9009478ffd454cfa9b5c2501ec16ae26 P ca8499b6b6414e03a3729a817a2ec8e3: Time spent starting tablet: real 0.040s	user 0.003s	sys 0.003s
I20260710 13:20:58.605356 12445 tablet_service.cc:1917] Received RequestConsensusVote() RPC: tablet_id: "bffda7d711b643788b7585e1506ddfaa" candidate_uuid: "ca8499b6b6414e03a3729a817a2ec8e3" candidate_term: 1 candidate_status { last_received { term: 0 index: 0 } } ignore_live_leader: false dest_uuid: "a1c88c9a5b3749a886c86e67134bb7a1"
I20260710 13:20:58.605883 12560 tablet_bootstrap.cc:492] T 5b4f1742b4ea47f7b6bf72093a1bb66f P ca8499b6b6414e03a3729a817a2ec8e3: Bootstrap starting.
W20260710 13:20:58.607635 12483 leader_election.cc:343] T bffda7d711b643788b7585e1506ddfaa P ca8499b6b6414e03a3729a817a2ec8e3 [CANDIDATE]: Term 1 election: Tablet error from VoteRequest() call to peer a1c88c9a5b3749a886c86e67134bb7a1 (127.11.1.2:41321): Illegal state: must be running to vote when last-logged opid is not known
I20260710 13:20:58.608357 12483 leader_election.cc:304] T bffda7d711b643788b7585e1506ddfaa P ca8499b6b6414e03a3729a817a2ec8e3 [CANDIDATE]: Term 1 election: Election decided. Result: candidate won. Election summary: received 3 responses out of 3 voters: 2 yes votes; 1 no votes. yes voters: 22bc1d1670df42a48f0987ddcb928624, ca8499b6b6414e03a3729a817a2ec8e3; no voters: a1c88c9a5b3749a886c86e67134bb7a1
I20260710 13:20:58.610670 12599 raft_consensus.cc:2804] T bffda7d711b643788b7585e1506ddfaa P ca8499b6b6414e03a3729a817a2ec8e3 [term 1 FOLLOWER]: Leader election won for term 1
I20260710 13:20:58.611402 12561 tablet_bootstrap.cc:492] T 23f61e73e315456090dc73523d457fa3 P 22bc1d1670df42a48f0987ddcb928624: No bootstrap required, opened a new log
I20260710 13:20:58.611311 12599 raft_consensus.cc:697] T bffda7d711b643788b7585e1506ddfaa P ca8499b6b6414e03a3729a817a2ec8e3 [term 1 LEADER]: Becoming Leader. State: Replica: ca8499b6b6414e03a3729a817a2ec8e3, State: Running, Role: LEADER
I20260710 13:20:58.611732 12563 tablet_bootstrap.cc:492] T 5229529a9b23438f94fbc11c08f7961c P a1c88c9a5b3749a886c86e67134bb7a1: No bootstrap required, opened a new log
I20260710 13:20:58.612160 12563 ts_tablet_manager.cc:1403] T 5229529a9b23438f94fbc11c08f7961c P a1c88c9a5b3749a886c86e67134bb7a1: Time spent bootstrapping tablet: real 0.102s	user 0.009s	sys 0.006s
I20260710 13:20:58.612417 12561 ts_tablet_manager.cc:1403] T 23f61e73e315456090dc73523d457fa3 P 22bc1d1670df42a48f0987ddcb928624: Time spent bootstrapping tablet: real 0.059s	user 0.009s	sys 0.002s
I20260710 13:20:58.614284 12561 raft_consensus.cc:359] T 23f61e73e315456090dc73523d457fa3 P 22bc1d1670df42a48f0987ddcb928624 [term 0 FOLLOWER]: Replica starting. Triggering 0 pending ops. Active config: opid_index: -1 OBSOLETE_local: false peers { permanent_uuid: "22bc1d1670df42a48f0987ddcb928624" member_type: VOTER last_known_addr { host: "127.11.1.1" port: 38503 } } peers { permanent_uuid: "a1c88c9a5b3749a886c86e67134bb7a1" member_type: VOTER last_known_addr { host: "127.11.1.2" port: 41321 } } peers { permanent_uuid: "ca8499b6b6414e03a3729a817a2ec8e3" member_type: VOTER last_known_addr { host: "127.11.1.3" port: 46729 } }
I20260710 13:20:58.614671 12561 raft_consensus.cc:385] T 23f61e73e315456090dc73523d457fa3 P 22bc1d1670df42a48f0987ddcb928624 [term 0 FOLLOWER]: Consensus starting up: Expiring failure detector timer to make a prompt election more likely
I20260710 13:20:58.615039 12561 raft_consensus.cc:740] T 23f61e73e315456090dc73523d457fa3 P 22bc1d1670df42a48f0987ddcb928624 [term 0 FOLLOWER]: Becoming Follower/Learner. State: Replica: 22bc1d1670df42a48f0987ddcb928624, State: Initialized, Role: FOLLOWER
I20260710 13:20:58.614658 12563 raft_consensus.cc:359] T 5229529a9b23438f94fbc11c08f7961c P a1c88c9a5b3749a886c86e67134bb7a1 [term 0 FOLLOWER]: Replica starting. Triggering 0 pending ops. Active config: opid_index: -1 OBSOLETE_local: false peers { permanent_uuid: "22bc1d1670df42a48f0987ddcb928624" member_type: VOTER last_known_addr { host: "127.11.1.1" port: 38503 } } peers { permanent_uuid: "a1c88c9a5b3749a886c86e67134bb7a1" member_type: VOTER last_known_addr { host: "127.11.1.2" port: 41321 } } peers { permanent_uuid: "ca8499b6b6414e03a3729a817a2ec8e3" member_type: VOTER last_known_addr { host: "127.11.1.3" port: 46729 } }
I20260710 13:20:58.615478 12563 raft_consensus.cc:385] T 5229529a9b23438f94fbc11c08f7961c P a1c88c9a5b3749a886c86e67134bb7a1 [term 0 FOLLOWER]: Consensus starting up: Expiring failure detector timer to make a prompt election more likely
I20260710 13:20:58.615787 12563 raft_consensus.cc:740] T 5229529a9b23438f94fbc11c08f7961c P a1c88c9a5b3749a886c86e67134bb7a1 [term 0 FOLLOWER]: Becoming Follower/Learner. State: Replica: a1c88c9a5b3749a886c86e67134bb7a1, State: Initialized, Role: FOLLOWER
I20260710 13:20:58.615798 12561 consensus_queue.cc:260] T 23f61e73e315456090dc73523d457fa3 P 22bc1d1670df42a48f0987ddcb928624 [NON_LEADER]: Queue going to NON_LEADER mode. State: All replicated index: 0, Majority replicated index: 0, Committed index: 0, Last appended: 0.0, Last appended by leader: 0, Current term: 0, Majority size: -1, State: 0, Mode: NON_LEADER, active raft config: opid_index: -1 OBSOLETE_local: false peers { permanent_uuid: "22bc1d1670df42a48f0987ddcb928624" member_type: VOTER last_known_addr { host: "127.11.1.1" port: 38503 } } peers { permanent_uuid: "a1c88c9a5b3749a886c86e67134bb7a1" member_type: VOTER last_known_addr { host: "127.11.1.2" port: 41321 } } peers { permanent_uuid: "ca8499b6b6414e03a3729a817a2ec8e3" member_type: VOTER last_known_addr { host: "127.11.1.3" port: 46729 } }
I20260710 13:20:58.612162 12599 consensus_queue.cc:237] T bffda7d711b643788b7585e1506ddfaa P ca8499b6b6414e03a3729a817a2ec8e3 [LEADER]: Queue going to LEADER mode. State: All replicated index: 0, Majority replicated index: 0, Committed index: 0, Last appended: 0.0, Last appended by leader: 0, Current term: 1, Majority size: 2, State: 0, Mode: LEADER, active raft config: opid_index: -1 OBSOLETE_local: false peers { permanent_uuid: "22bc1d1670df42a48f0987ddcb928624" member_type: VOTER last_known_addr { host: "127.11.1.1" port: 38503 } } peers { permanent_uuid: "a1c88c9a5b3749a886c86e67134bb7a1" member_type: VOTER last_known_addr { host: "127.11.1.2" port: 41321 } } peers { permanent_uuid: "ca8499b6b6414e03a3729a817a2ec8e3" member_type: VOTER last_known_addr { host: "127.11.1.3" port: 46729 } }
I20260710 13:20:58.616592 12563 consensus_queue.cc:260] T 5229529a9b23438f94fbc11c08f7961c P a1c88c9a5b3749a886c86e67134bb7a1 [NON_LEADER]: Queue going to NON_LEADER mode. State: All replicated index: 0, Majority replicated index: 0, Committed index: 0, Last appended: 0.0, Last appended by leader: 0, Current term: 0, Majority size: -1, State: 0, Mode: NON_LEADER, active raft config: opid_index: -1 OBSOLETE_local: false peers { permanent_uuid: "22bc1d1670df42a48f0987ddcb928624" member_type: VOTER last_known_addr { host: "127.11.1.1" port: 38503 } } peers { permanent_uuid: "a1c88c9a5b3749a886c86e67134bb7a1" member_type: VOTER last_known_addr { host: "127.11.1.2" port: 41321 } } peers { permanent_uuid: "ca8499b6b6414e03a3729a817a2ec8e3" member_type: VOTER last_known_addr { host: "127.11.1.3" port: 46729 } }
I20260710 13:20:58.619006 12563 ts_tablet_manager.cc:1434] T 5229529a9b23438f94fbc11c08f7961c P a1c88c9a5b3749a886c86e67134bb7a1: Time spent starting tablet: real 0.007s	user 0.005s	sys 0.000s
I20260710 13:20:58.619990 12563 tablet_bootstrap.cc:492] T 795c1354b4cc46eb9cab2517ae962a6d P a1c88c9a5b3749a886c86e67134bb7a1: Bootstrap starting.
I20260710 13:20:58.623358 12561 ts_tablet_manager.cc:1434] T 23f61e73e315456090dc73523d457fa3 P 22bc1d1670df42a48f0987ddcb928624: Time spent starting tablet: real 0.009s	user 0.005s	sys 0.000s
I20260710 13:20:58.623487 12560 tablet_bootstrap.cc:654] T 5b4f1742b4ea47f7b6bf72093a1bb66f P ca8499b6b6414e03a3729a817a2ec8e3: Neither blocks nor log segments found. Creating new log.
I20260710 13:20:58.624581 12561 tablet_bootstrap.cc:492] T f286d3f20d744070b0820b01dff302b8 P 22bc1d1670df42a48f0987ddcb928624: Bootstrap starting.
I20260710 13:20:58.625252 12619 consensus_queue.cc:1048] T 72eef19566e04fed9d867b6108018c3d P a1c88c9a5b3749a886c86e67134bb7a1 [LEADER]: Connected to new peer: Peer: permanent_uuid: "ca8499b6b6414e03a3729a817a2ec8e3" member_type: VOTER last_known_addr { host: "127.11.1.3" port: 46729 }, Status: LMP_MISMATCH, Last received: 0.0, Next index: 1, Last known committed idx: 0, Time since last communication: 0.001s
I20260710 13:20:58.627846 12563 tablet_bootstrap.cc:654] T 795c1354b4cc46eb9cab2517ae962a6d P a1c88c9a5b3749a886c86e67134bb7a1: Neither blocks nor log segments found. Creating new log.
I20260710 13:20:58.636730 12561 tablet_bootstrap.cc:654] T f286d3f20d744070b0820b01dff302b8 P 22bc1d1670df42a48f0987ddcb928624: Neither blocks nor log segments found. Creating new log.
I20260710 13:20:58.616477 12267 catalog_manager.cc:5697] T 9009478ffd454cfa9b5c2501ec16ae26 P 22bc1d1670df42a48f0987ddcb928624 reported cstate change: term changed from 0 to 1, leader changed from <none> to 22bc1d1670df42a48f0987ddcb928624 (127.11.1.1). New cstate: current_term: 1 leader_uuid: "22bc1d1670df42a48f0987ddcb928624" committed_config { opid_index: -1 OBSOLETE_local: false peers { permanent_uuid: "22bc1d1670df42a48f0987ddcb928624" member_type: VOTER last_known_addr { host: "127.11.1.1" port: 38503 } health_report { overall_health: HEALTHY } } peers { permanent_uuid: "a1c88c9a5b3749a886c86e67134bb7a1" member_type: VOTER last_known_addr { host: "127.11.1.2" port: 41321 } health_report { overall_health: UNKNOWN } } peers { permanent_uuid: "ca8499b6b6414e03a3729a817a2ec8e3" member_type: VOTER last_known_addr { host: "127.11.1.3" port: 46729 } health_report { overall_health: UNKNOWN } } }
I20260710 13:20:58.645000 12563 tablet_bootstrap.cc:492] T 795c1354b4cc46eb9cab2517ae962a6d P a1c88c9a5b3749a886c86e67134bb7a1: No bootstrap required, opened a new log
I20260710 13:20:58.644937 12570 consensus_queue.cc:1048] T 72eef19566e04fed9d867b6108018c3d P a1c88c9a5b3749a886c86e67134bb7a1 [LEADER]: Connected to new peer: Peer: permanent_uuid: "22bc1d1670df42a48f0987ddcb928624" member_type: VOTER last_known_addr { host: "127.11.1.1" port: 38503 }, Status: LMP_MISMATCH, Last received: 0.0, Next index: 1, Last known committed idx: 0, Time since last communication: 0.000s
I20260710 13:20:58.645445 12563 ts_tablet_manager.cc:1403] T 795c1354b4cc46eb9cab2517ae962a6d P a1c88c9a5b3749a886c86e67134bb7a1: Time spent bootstrapping tablet: real 0.026s	user 0.012s	sys 0.000s
I20260710 13:20:58.647053 12560 tablet_bootstrap.cc:492] T 5b4f1742b4ea47f7b6bf72093a1bb66f P ca8499b6b6414e03a3729a817a2ec8e3: No bootstrap required, opened a new log
I20260710 13:20:58.647415 12560 ts_tablet_manager.cc:1403] T 5b4f1742b4ea47f7b6bf72093a1bb66f P ca8499b6b6414e03a3729a817a2ec8e3: Time spent bootstrapping tablet: real 0.042s	user 0.016s	sys 0.004s
I20260710 13:20:58.647744 12563 raft_consensus.cc:359] T 795c1354b4cc46eb9cab2517ae962a6d P a1c88c9a5b3749a886c86e67134bb7a1 [term 0 FOLLOWER]: Replica starting. Triggering 0 pending ops. Active config: opid_index: -1 OBSOLETE_local: false peers { permanent_uuid: "22bc1d1670df42a48f0987ddcb928624" member_type: VOTER last_known_addr { host: "127.11.1.1" port: 38503 } } peers { permanent_uuid: "a1c88c9a5b3749a886c86e67134bb7a1" member_type: VOTER last_known_addr { host: "127.11.1.2" port: 41321 } } peers { permanent_uuid: "ca8499b6b6414e03a3729a817a2ec8e3" member_type: VOTER last_known_addr { host: "127.11.1.3" port: 46729 } }
I20260710 13:20:58.648320 12563 raft_consensus.cc:385] T 795c1354b4cc46eb9cab2517ae962a6d P a1c88c9a5b3749a886c86e67134bb7a1 [term 0 FOLLOWER]: Consensus starting up: Expiring failure detector timer to make a prompt election more likely
I20260710 13:20:58.648561 12563 raft_consensus.cc:740] T 795c1354b4cc46eb9cab2517ae962a6d P a1c88c9a5b3749a886c86e67134bb7a1 [term 0 FOLLOWER]: Becoming Follower/Learner. State: Replica: a1c88c9a5b3749a886c86e67134bb7a1, State: Initialized, Role: FOLLOWER
I20260710 13:20:58.649200 12563 consensus_queue.cc:260] T 795c1354b4cc46eb9cab2517ae962a6d P a1c88c9a5b3749a886c86e67134bb7a1 [NON_LEADER]: Queue going to NON_LEADER mode. State: All replicated index: 0, Majority replicated index: 0, Committed index: 0, Last appended: 0.0, Last appended by leader: 0, Current term: 0, Majority size: -1, State: 0, Mode: NON_LEADER, active raft config: opid_index: -1 OBSOLETE_local: false peers { permanent_uuid: "22bc1d1670df42a48f0987ddcb928624" member_type: VOTER last_known_addr { host: "127.11.1.1" port: 38503 } } peers { permanent_uuid: "a1c88c9a5b3749a886c86e67134bb7a1" member_type: VOTER last_known_addr { host: "127.11.1.2" port: 41321 } } peers { permanent_uuid: "ca8499b6b6414e03a3729a817a2ec8e3" member_type: VOTER last_known_addr { host: "127.11.1.3" port: 46729 } }
I20260710 13:20:58.650009 12268 catalog_manager.cc:5697] T bffda7d711b643788b7585e1506ddfaa P ca8499b6b6414e03a3729a817a2ec8e3 reported cstate change: term changed from 0 to 1, leader changed from <none> to ca8499b6b6414e03a3729a817a2ec8e3 (127.11.1.3). New cstate: current_term: 1 leader_uuid: "ca8499b6b6414e03a3729a817a2ec8e3" committed_config { opid_index: -1 OBSOLETE_local: false peers { permanent_uuid: "22bc1d1670df42a48f0987ddcb928624" member_type: VOTER last_known_addr { host: "127.11.1.1" port: 38503 } health_report { overall_health: UNKNOWN } } peers { permanent_uuid: "a1c88c9a5b3749a886c86e67134bb7a1" member_type: VOTER last_known_addr { host: "127.11.1.2" port: 41321 } health_report { overall_health: UNKNOWN } } peers { permanent_uuid: "ca8499b6b6414e03a3729a817a2ec8e3" member_type: VOTER last_known_addr { host: "127.11.1.3" port: 46729 } health_report { overall_health: HEALTHY } } }
I20260710 13:20:58.651540 12563 ts_tablet_manager.cc:1434] T 795c1354b4cc46eb9cab2517ae962a6d P a1c88c9a5b3749a886c86e67134bb7a1: Time spent starting tablet: real 0.006s	user 0.007s	sys 0.000s
I20260710 13:20:58.652458 12570 consensus_queue.cc:1048] T 7deb9496ab4a45de89ba87f70608c65d P a1c88c9a5b3749a886c86e67134bb7a1 [LEADER]: Connected to new peer: Peer: permanent_uuid: "22bc1d1670df42a48f0987ddcb928624" member_type: VOTER last_known_addr { host: "127.11.1.1" port: 38503 }, Status: LMP_MISMATCH, Last received: 0.0, Next index: 1, Last known committed idx: 0, Time since last communication: 0.000s
I20260710 13:20:58.650040 12560 raft_consensus.cc:359] T 5b4f1742b4ea47f7b6bf72093a1bb66f P ca8499b6b6414e03a3729a817a2ec8e3 [term 0 FOLLOWER]: Replica starting. Triggering 0 pending ops. Active config: opid_index: -1 OBSOLETE_local: false peers { permanent_uuid: "22bc1d1670df42a48f0987ddcb928624" member_type: VOTER last_known_addr { host: "127.11.1.1" port: 38503 } } peers { permanent_uuid: "a1c88c9a5b3749a886c86e67134bb7a1" member_type: VOTER last_known_addr { host: "127.11.1.2" port: 41321 } } peers { permanent_uuid: "ca8499b6b6414e03a3729a817a2ec8e3" member_type: VOTER last_known_addr { host: "127.11.1.3" port: 46729 } }
I20260710 13:20:58.653225 12560 raft_consensus.cc:385] T 5b4f1742b4ea47f7b6bf72093a1bb66f P ca8499b6b6414e03a3729a817a2ec8e3 [term 0 FOLLOWER]: Consensus starting up: Expiring failure detector timer to make a prompt election more likely
I20260710 13:20:58.653299 12561 tablet_bootstrap.cc:492] T f286d3f20d744070b0820b01dff302b8 P 22bc1d1670df42a48f0987ddcb928624: No bootstrap required, opened a new log
I20260710 13:20:58.653494 12560 raft_consensus.cc:740] T 5b4f1742b4ea47f7b6bf72093a1bb66f P ca8499b6b6414e03a3729a817a2ec8e3 [term 0 FOLLOWER]: Becoming Follower/Learner. State: Replica: ca8499b6b6414e03a3729a817a2ec8e3, State: Initialized, Role: FOLLOWER
I20260710 13:20:58.653704 12561 ts_tablet_manager.cc:1403] T f286d3f20d744070b0820b01dff302b8 P 22bc1d1670df42a48f0987ddcb928624: Time spent bootstrapping tablet: real 0.029s	user 0.009s	sys 0.002s
I20260710 13:20:58.654151 12560 consensus_queue.cc:260] T 5b4f1742b4ea47f7b6bf72093a1bb66f P ca8499b6b6414e03a3729a817a2ec8e3 [NON_LEADER]: Queue going to NON_LEADER mode. State: All replicated index: 0, Majority replicated index: 0, Committed index: 0, Last appended: 0.0, Last appended by leader: 0, Current term: 0, Majority size: -1, State: 0, Mode: NON_LEADER, active raft config: opid_index: -1 OBSOLETE_local: false peers { permanent_uuid: "22bc1d1670df42a48f0987ddcb928624" member_type: VOTER last_known_addr { host: "127.11.1.1" port: 38503 } } peers { permanent_uuid: "a1c88c9a5b3749a886c86e67134bb7a1" member_type: VOTER last_known_addr { host: "127.11.1.2" port: 41321 } } peers { permanent_uuid: "ca8499b6b6414e03a3729a817a2ec8e3" member_type: VOTER last_known_addr { host: "127.11.1.3" port: 46729 } }
I20260710 13:20:58.655973 12560 ts_tablet_manager.cc:1434] T 5b4f1742b4ea47f7b6bf72093a1bb66f P ca8499b6b6414e03a3729a817a2ec8e3: Time spent starting tablet: real 0.008s	user 0.003s	sys 0.002s
I20260710 13:20:58.656162 12561 raft_consensus.cc:359] T f286d3f20d744070b0820b01dff302b8 P 22bc1d1670df42a48f0987ddcb928624 [term 0 FOLLOWER]: Replica starting. Triggering 0 pending ops. Active config: opid_index: -1 OBSOLETE_local: false peers { permanent_uuid: "22bc1d1670df42a48f0987ddcb928624" member_type: VOTER last_known_addr { host: "127.11.1.1" port: 38503 } } peers { permanent_uuid: "a1c88c9a5b3749a886c86e67134bb7a1" member_type: VOTER last_known_addr { host: "127.11.1.2" port: 41321 } } peers { permanent_uuid: "ca8499b6b6414e03a3729a817a2ec8e3" member_type: VOTER last_known_addr { host: "127.11.1.3" port: 46729 } }
I20260710 13:20:58.656733 12561 raft_consensus.cc:385] T f286d3f20d744070b0820b01dff302b8 P 22bc1d1670df42a48f0987ddcb928624 [term 0 FOLLOWER]: Consensus starting up: Expiring failure detector timer to make a prompt election more likely
I20260710 13:20:58.656878 12560 tablet_bootstrap.cc:492] T 155f16c0e6a7470680744969774ffd89 P ca8499b6b6414e03a3729a817a2ec8e3: Bootstrap starting.
I20260710 13:20:58.656963 12561 raft_consensus.cc:740] T f286d3f20d744070b0820b01dff302b8 P 22bc1d1670df42a48f0987ddcb928624 [term 0 FOLLOWER]: Becoming Follower/Learner. State: Replica: 22bc1d1670df42a48f0987ddcb928624, State: Initialized, Role: FOLLOWER
I20260710 13:20:58.657722 12561 consensus_queue.cc:260] T f286d3f20d744070b0820b01dff302b8 P 22bc1d1670df42a48f0987ddcb928624 [NON_LEADER]: Queue going to NON_LEADER mode. State: All replicated index: 0, Majority replicated index: 0, Committed index: 0, Last appended: 0.0, Last appended by leader: 0, Current term: 0, Majority size: -1, State: 0, Mode: NON_LEADER, active raft config: opid_index: -1 OBSOLETE_local: false peers { permanent_uuid: "22bc1d1670df42a48f0987ddcb928624" member_type: VOTER last_known_addr { host: "127.11.1.1" port: 38503 } } peers { permanent_uuid: "a1c88c9a5b3749a886c86e67134bb7a1" member_type: VOTER last_known_addr { host: "127.11.1.2" port: 41321 } } peers { permanent_uuid: "ca8499b6b6414e03a3729a817a2ec8e3" member_type: VOTER last_known_addr { host: "127.11.1.3" port: 46729 } }
I20260710 13:20:58.660380 12561 ts_tablet_manager.cc:1434] T f286d3f20d744070b0820b01dff302b8 P 22bc1d1670df42a48f0987ddcb928624: Time spent starting tablet: real 0.006s	user 0.006s	sys 0.001s
I20260710 13:20:58.661167 12561 tablet_bootstrap.cc:492] T 4f483e282483492c9782e8b3dd81050e P 22bc1d1670df42a48f0987ddcb928624: Bootstrap starting.
I20260710 13:20:58.662753 12560 tablet_bootstrap.cc:654] T 155f16c0e6a7470680744969774ffd89 P ca8499b6b6414e03a3729a817a2ec8e3: Neither blocks nor log segments found. Creating new log.
I20260710 13:20:58.663781 12563 tablet_bootstrap.cc:492] T 155f16c0e6a7470680744969774ffd89 P a1c88c9a5b3749a886c86e67134bb7a1: Bootstrap starting.
I20260710 13:20:58.664811 12561 tablet_bootstrap.cc:654] T 4f483e282483492c9782e8b3dd81050e P 22bc1d1670df42a48f0987ddcb928624: Neither blocks nor log segments found. Creating new log.
I20260710 13:20:58.670492 12563 tablet_bootstrap.cc:654] T 155f16c0e6a7470680744969774ffd89 P a1c88c9a5b3749a886c86e67134bb7a1: Neither blocks nor log segments found. Creating new log.
I20260710 13:20:58.673147 12570 raft_consensus.cc:493] T 4535fd61bf584df8b4916b7f29be273a P a1c88c9a5b3749a886c86e67134bb7a1 [term 0 FOLLOWER]: Starting pre-election (no leader contacted us within the election timeout)
I20260710 13:20:58.673552 12570 raft_consensus.cc:515] T 4535fd61bf584df8b4916b7f29be273a P a1c88c9a5b3749a886c86e67134bb7a1 [term 0 FOLLOWER]: Starting pre-election with config: opid_index: -1 OBSOLETE_local: false peers { permanent_uuid: "22bc1d1670df42a48f0987ddcb928624" member_type: VOTER last_known_addr { host: "127.11.1.1" port: 38503 } } peers { permanent_uuid: "a1c88c9a5b3749a886c86e67134bb7a1" member_type: VOTER last_known_addr { host: "127.11.1.2" port: 41321 } } peers { permanent_uuid: "ca8499b6b6414e03a3729a817a2ec8e3" member_type: VOTER last_known_addr { host: "127.11.1.3" port: 46729 } }
I20260710 13:20:58.676306 12519 tablet_service.cc:1917] Received RequestConsensusVote() RPC: tablet_id: "4535fd61bf584df8b4916b7f29be273a" candidate_uuid: "a1c88c9a5b3749a886c86e67134bb7a1" candidate_term: 1 candidate_status { last_received { term: 0 index: 0 } } ignore_live_leader: false dest_uuid: "ca8499b6b6414e03a3729a817a2ec8e3" is_pre_election: true
I20260710 13:20:58.677193 12519 raft_consensus.cc:2393] T 4535fd61bf584df8b4916b7f29be273a P ca8499b6b6414e03a3729a817a2ec8e3 [term 1 FOLLOWER]: Leader pre-election vote request: Denying vote to candidate a1c88c9a5b3749a886c86e67134bb7a1 in current term 1: Already voted for candidate 22bc1d1670df42a48f0987ddcb928624 in this term.
I20260710 13:20:58.678318 12570 leader_election.cc:290] T 4535fd61bf584df8b4916b7f29be273a P a1c88c9a5b3749a886c86e67134bb7a1 [CANDIDATE]: Term 1 pre-election: Requested pre-vote from peers 22bc1d1670df42a48f0987ddcb928624 (127.11.1.1:38503), ca8499b6b6414e03a3729a817a2ec8e3 (127.11.1.3:46729)
I20260710 13:20:58.679877 12369 tablet_service.cc:1917] Received RequestConsensusVote() RPC: tablet_id: "4535fd61bf584df8b4916b7f29be273a" candidate_uuid: "a1c88c9a5b3749a886c86e67134bb7a1" candidate_term: 1 candidate_status { last_received { term: 0 index: 0 } } ignore_live_leader: false dest_uuid: "22bc1d1670df42a48f0987ddcb928624" is_pre_election: true
I20260710 13:20:58.681658 12409 leader_election.cc:304] T 4535fd61bf584df8b4916b7f29be273a P a1c88c9a5b3749a886c86e67134bb7a1 [CANDIDATE]: Term 1 pre-election: Election decided. Result: candidate lost. Election summary: received 3 responses out of 3 voters: 1 yes votes; 2 no votes. yes voters: a1c88c9a5b3749a886c86e67134bb7a1; no voters: 22bc1d1670df42a48f0987ddcb928624, ca8499b6b6414e03a3729a817a2ec8e3
I20260710 13:20:58.682744 12570 raft_consensus.cc:3060] T 4535fd61bf584df8b4916b7f29be273a P a1c88c9a5b3749a886c86e67134bb7a1 [term 0 FOLLOWER]: Advancing to term 1
I20260710 13:20:58.687767 12560 tablet_bootstrap.cc:492] T 155f16c0e6a7470680744969774ffd89 P ca8499b6b6414e03a3729a817a2ec8e3: No bootstrap required, opened a new log
I20260710 13:20:58.688239 12560 ts_tablet_manager.cc:1403] T 155f16c0e6a7470680744969774ffd89 P ca8499b6b6414e03a3729a817a2ec8e3: Time spent bootstrapping tablet: real 0.032s	user 0.006s	sys 0.009s
I20260710 13:20:58.691207 12560 raft_consensus.cc:359] T 155f16c0e6a7470680744969774ffd89 P ca8499b6b6414e03a3729a817a2ec8e3 [term 0 FOLLOWER]: Replica starting. Triggering 0 pending ops. Active config: opid_index: -1 OBSOLETE_local: false peers { permanent_uuid: "22bc1d1670df42a48f0987ddcb928624" member_type: VOTER last_known_addr { host: "127.11.1.1" port: 38503 } } peers { permanent_uuid: "a1c88c9a5b3749a886c86e67134bb7a1" member_type: VOTER last_known_addr { host: "127.11.1.2" port: 41321 } } peers { permanent_uuid: "ca8499b6b6414e03a3729a817a2ec8e3" member_type: VOTER last_known_addr { host: "127.11.1.3" port: 46729 } }
I20260710 13:20:58.691978 12560 raft_consensus.cc:385] T 155f16c0e6a7470680744969774ffd89 P ca8499b6b6414e03a3729a817a2ec8e3 [term 0 FOLLOWER]: Consensus starting up: Expiring failure detector timer to make a prompt election more likely
I20260710 13:20:58.692261 12560 raft_consensus.cc:740] T 155f16c0e6a7470680744969774ffd89 P ca8499b6b6414e03a3729a817a2ec8e3 [term 0 FOLLOWER]: Becoming Follower/Learner. State: Replica: ca8499b6b6414e03a3729a817a2ec8e3, State: Initialized, Role: FOLLOWER
I20260710 13:20:58.695976 12570 raft_consensus.cc:2749] T 4535fd61bf584df8b4916b7f29be273a P a1c88c9a5b3749a886c86e67134bb7a1 [term 1 FOLLOWER]: Leader pre-election lost for term 1. Reason: could not achieve majority
I20260710 13:20:58.692943 12560 consensus_queue.cc:260] T 155f16c0e6a7470680744969774ffd89 P ca8499b6b6414e03a3729a817a2ec8e3 [NON_LEADER]: Queue going to NON_LEADER mode. State: All replicated index: 0, Majority replicated index: 0, Committed index: 0, Last appended: 0.0, Last appended by leader: 0, Current term: 0, Majority size: -1, State: 0, Mode: NON_LEADER, active raft config: opid_index: -1 OBSOLETE_local: false peers { permanent_uuid: "22bc1d1670df42a48f0987ddcb928624" member_type: VOTER last_known_addr { host: "127.11.1.1" port: 38503 } } peers { permanent_uuid: "a1c88c9a5b3749a886c86e67134bb7a1" member_type: VOTER last_known_addr { host: "127.11.1.2" port: 41321 } } peers { permanent_uuid: "ca8499b6b6414e03a3729a817a2ec8e3" member_type: VOTER last_known_addr { host: "127.11.1.3" port: 46729 } }
I20260710 13:20:58.699275 12560 ts_tablet_manager.cc:1434] T 155f16c0e6a7470680744969774ffd89 P ca8499b6b6414e03a3729a817a2ec8e3: Time spent starting tablet: real 0.011s	user 0.005s	sys 0.001s
I20260710 13:20:58.700174 12645 raft_consensus.cc:493] T f286d3f20d744070b0820b01dff302b8 P 22bc1d1670df42a48f0987ddcb928624 [term 0 FOLLOWER]: Starting pre-election (no leader contacted us within the election timeout)
I20260710 13:20:58.700754 12645 raft_consensus.cc:515] T f286d3f20d744070b0820b01dff302b8 P 22bc1d1670df42a48f0987ddcb928624 [term 0 FOLLOWER]: Starting pre-election with config: opid_index: -1 OBSOLETE_local: false peers { permanent_uuid: "22bc1d1670df42a48f0987ddcb928624" member_type: VOTER last_known_addr { host: "127.11.1.1" port: 38503 } } peers { permanent_uuid: "a1c88c9a5b3749a886c86e67134bb7a1" member_type: VOTER last_known_addr { host: "127.11.1.2" port: 41321 } } peers { permanent_uuid: "ca8499b6b6414e03a3729a817a2ec8e3" member_type: VOTER last_known_addr { host: "127.11.1.3" port: 46729 } }
I20260710 13:20:58.703641 12645 leader_election.cc:290] T f286d3f20d744070b0820b01dff302b8 P 22bc1d1670df42a48f0987ddcb928624 [CANDIDATE]: Term 1 pre-election: Requested pre-vote from peers a1c88c9a5b3749a886c86e67134bb7a1 (127.11.1.2:41321), ca8499b6b6414e03a3729a817a2ec8e3 (127.11.1.3:46729)
I20260710 13:20:58.704946 12561 tablet_bootstrap.cc:492] T 4f483e282483492c9782e8b3dd81050e P 22bc1d1670df42a48f0987ddcb928624: No bootstrap required, opened a new log
I20260710 13:20:58.705425 12561 ts_tablet_manager.cc:1403] T 4f483e282483492c9782e8b3dd81050e P 22bc1d1670df42a48f0987ddcb928624: Time spent bootstrapping tablet: real 0.044s	user 0.012s	sys 0.023s
I20260710 13:20:58.705358 12445 tablet_service.cc:1917] Received RequestConsensusVote() RPC: tablet_id: "f286d3f20d744070b0820b01dff302b8" candidate_uuid: "22bc1d1670df42a48f0987ddcb928624" candidate_term: 1 candidate_status { last_received { term: 0 index: 0 } } ignore_live_leader: false dest_uuid: "a1c88c9a5b3749a886c86e67134bb7a1" is_pre_election: true
W20260710 13:20:58.706597 12334 leader_election.cc:343] T f286d3f20d744070b0820b01dff302b8 P 22bc1d1670df42a48f0987ddcb928624 [CANDIDATE]: Term 1 pre-election: Tablet error from VoteRequest() call to peer a1c88c9a5b3749a886c86e67134bb7a1 (127.11.1.2:41321): Illegal state: must be running to vote when last-logged opid is not known
I20260710 13:20:58.708365 12561 raft_consensus.cc:359] T 4f483e282483492c9782e8b3dd81050e P 22bc1d1670df42a48f0987ddcb928624 [term 0 FOLLOWER]: Replica starting. Triggering 0 pending ops. Active config: opid_index: -1 OBSOLETE_local: false peers { permanent_uuid: "22bc1d1670df42a48f0987ddcb928624" member_type: VOTER last_known_addr { host: "127.11.1.1" port: 38503 } } peers { permanent_uuid: "a1c88c9a5b3749a886c86e67134bb7a1" member_type: VOTER last_known_addr { host: "127.11.1.2" port: 41321 } } peers { permanent_uuid: "ca8499b6b6414e03a3729a817a2ec8e3" member_type: VOTER last_known_addr { host: "127.11.1.3" port: 46729 } }
I20260710 13:20:58.709164 12561 raft_consensus.cc:385] T 4f483e282483492c9782e8b3dd81050e P 22bc1d1670df42a48f0987ddcb928624 [term 0 FOLLOWER]: Consensus starting up: Expiring failure detector timer to make a prompt election more likely
I20260710 13:20:58.709488 12561 raft_consensus.cc:740] T 4f483e282483492c9782e8b3dd81050e P 22bc1d1670df42a48f0987ddcb928624 [term 0 FOLLOWER]: Becoming Follower/Learner. State: Replica: 22bc1d1670df42a48f0987ddcb928624, State: Initialized, Role: FOLLOWER
I20260710 13:20:58.710333 12561 consensus_queue.cc:260] T 4f483e282483492c9782e8b3dd81050e P 22bc1d1670df42a48f0987ddcb928624 [NON_LEADER]: Queue going to NON_LEADER mode. State: All replicated index: 0, Majority replicated index: 0, Committed index: 0, Last appended: 0.0, Last appended by leader: 0, Current term: 0, Majority size: -1, State: 0, Mode: NON_LEADER, active raft config: opid_index: -1 OBSOLETE_local: false peers { permanent_uuid: "22bc1d1670df42a48f0987ddcb928624" member_type: VOTER last_known_addr { host: "127.11.1.1" port: 38503 } } peers { permanent_uuid: "a1c88c9a5b3749a886c86e67134bb7a1" member_type: VOTER last_known_addr { host: "127.11.1.2" port: 41321 } } peers { permanent_uuid: "ca8499b6b6414e03a3729a817a2ec8e3" member_type: VOTER last_known_addr { host: "127.11.1.3" port: 46729 } }
I20260710 13:20:58.712133 12518 tablet_service.cc:1917] Received RequestConsensusVote() RPC: tablet_id: "f286d3f20d744070b0820b01dff302b8" candidate_uuid: "22bc1d1670df42a48f0987ddcb928624" candidate_term: 1 candidate_status { last_received { term: 0 index: 0 } } ignore_live_leader: false dest_uuid: "ca8499b6b6414e03a3729a817a2ec8e3" is_pre_election: true
W20260710 13:20:58.712616 12412 consensus_peers.cc:597] T 7deb9496ab4a45de89ba87f70608c65d P a1c88c9a5b3749a886c86e67134bb7a1 -> Peer ca8499b6b6414e03a3729a817a2ec8e3 (127.11.1.3:46729): Couldn't send request to peer ca8499b6b6414e03a3729a817a2ec8e3. Error code: TABLET_NOT_RUNNING (12). Status: Illegal state: Tablet not RUNNING: INITIALIZED. This is attempt 1: this message will repeat every 5th retry.
I20260710 13:20:58.713366 12560 tablet_bootstrap.cc:492] T 795c1354b4cc46eb9cab2517ae962a6d P ca8499b6b6414e03a3729a817a2ec8e3: Bootstrap starting.
I20260710 13:20:58.714799 12563 tablet_bootstrap.cc:492] T 155f16c0e6a7470680744969774ffd89 P a1c88c9a5b3749a886c86e67134bb7a1: No bootstrap required, opened a new log
I20260710 13:20:58.715222 12563 ts_tablet_manager.cc:1403] T 155f16c0e6a7470680744969774ffd89 P a1c88c9a5b3749a886c86e67134bb7a1: Time spent bootstrapping tablet: real 0.063s	user 0.017s	sys 0.030s
W20260710 13:20:58.716571 12337 leader_election.cc:343] T f286d3f20d744070b0820b01dff302b8 P 22bc1d1670df42a48f0987ddcb928624 [CANDIDATE]: Term 1 pre-election: Tablet error from VoteRequest() call to peer ca8499b6b6414e03a3729a817a2ec8e3 (127.11.1.3:46729): Illegal state: must be running to vote when last-logged opid is not known
I20260710 13:20:58.716961 12337 leader_election.cc:304] T f286d3f20d744070b0820b01dff302b8 P 22bc1d1670df42a48f0987ddcb928624 [CANDIDATE]: Term 1 pre-election: Election decided. Result: candidate lost. Election summary: received 3 responses out of 3 voters: 1 yes votes; 2 no votes. yes voters: 22bc1d1670df42a48f0987ddcb928624; no voters: a1c88c9a5b3749a886c86e67134bb7a1, ca8499b6b6414e03a3729a817a2ec8e3
I20260710 13:20:58.717536 12563 raft_consensus.cc:359] T 155f16c0e6a7470680744969774ffd89 P a1c88c9a5b3749a886c86e67134bb7a1 [term 0 FOLLOWER]: Replica starting. Triggering 0 pending ops. Active config: opid_index: -1 OBSOLETE_local: false peers { permanent_uuid: "22bc1d1670df42a48f0987ddcb928624" member_type: VOTER last_known_addr { host: "127.11.1.1" port: 38503 } } peers { permanent_uuid: "a1c88c9a5b3749a886c86e67134bb7a1" member_type: VOTER last_known_addr { host: "127.11.1.2" port: 41321 } } peers { permanent_uuid: "ca8499b6b6414e03a3729a817a2ec8e3" member_type: VOTER last_known_addr { host: "127.11.1.3" port: 46729 } }
I20260710 13:20:58.718174 12563 raft_consensus.cc:385] T 155f16c0e6a7470680744969774ffd89 P a1c88c9a5b3749a886c86e67134bb7a1 [term 0 FOLLOWER]: Consensus starting up: Expiring failure detector timer to make a prompt election more likely
I20260710 13:20:58.718461 12563 raft_consensus.cc:740] T 155f16c0e6a7470680744969774ffd89 P a1c88c9a5b3749a886c86e67134bb7a1 [term 0 FOLLOWER]: Becoming Follower/Learner. State: Replica: a1c88c9a5b3749a886c86e67134bb7a1, State: Initialized, Role: FOLLOWER
I20260710 13:20:58.718623 12560 tablet_bootstrap.cc:654] T 795c1354b4cc46eb9cab2517ae962a6d P ca8499b6b6414e03a3729a817a2ec8e3: Neither blocks nor log segments found. Creating new log.
I20260710 13:20:58.718967 12561 ts_tablet_manager.cc:1434] T 4f483e282483492c9782e8b3dd81050e P 22bc1d1670df42a48f0987ddcb928624: Time spent starting tablet: real 0.013s	user 0.006s	sys 0.001s
I20260710 13:20:58.719794 12561 tablet_bootstrap.cc:492] T 8d847bb22fcc4382b9dadc82950124f1 P 22bc1d1670df42a48f0987ddcb928624: Bootstrap starting.
I20260710 13:20:58.719818 12563 consensus_queue.cc:260] T 155f16c0e6a7470680744969774ffd89 P a1c88c9a5b3749a886c86e67134bb7a1 [NON_LEADER]: Queue going to NON_LEADER mode. State: All replicated index: 0, Majority replicated index: 0, Committed index: 0, Last appended: 0.0, Last appended by leader: 0, Current term: 0, Majority size: -1, State: 0, Mode: NON_LEADER, active raft config: opid_index: -1 OBSOLETE_local: false peers { permanent_uuid: "22bc1d1670df42a48f0987ddcb928624" member_type: VOTER last_known_addr { host: "127.11.1.1" port: 38503 } } peers { permanent_uuid: "a1c88c9a5b3749a886c86e67134bb7a1" member_type: VOTER last_known_addr { host: "127.11.1.2" port: 41321 } } peers { permanent_uuid: "ca8499b6b6414e03a3729a817a2ec8e3" member_type: VOTER last_known_addr { host: "127.11.1.3" port: 46729 } }
I20260710 13:20:58.724879 12563 ts_tablet_manager.cc:1434] T 155f16c0e6a7470680744969774ffd89 P a1c88c9a5b3749a886c86e67134bb7a1: Time spent starting tablet: real 0.009s	user 0.001s	sys 0.005s
I20260710 13:20:58.725642 12563 tablet_bootstrap.cc:492] T bffda7d711b643788b7585e1506ddfaa P a1c88c9a5b3749a886c86e67134bb7a1: Bootstrap starting.
I20260710 13:20:58.725116 12561 tablet_bootstrap.cc:654] T 8d847bb22fcc4382b9dadc82950124f1 P 22bc1d1670df42a48f0987ddcb928624: Neither blocks nor log segments found. Creating new log.
I20260710 13:20:58.729018 12570 raft_consensus.cc:493] T 5229529a9b23438f94fbc11c08f7961c P a1c88c9a5b3749a886c86e67134bb7a1 [term 0 FOLLOWER]: Starting pre-election (no leader contacted us within the election timeout)
I20260710 13:20:58.729452 12570 raft_consensus.cc:515] T 5229529a9b23438f94fbc11c08f7961c P a1c88c9a5b3749a886c86e67134bb7a1 [term 0 FOLLOWER]: Starting pre-election with config: opid_index: -1 OBSOLETE_local: false peers { permanent_uuid: "22bc1d1670df42a48f0987ddcb928624" member_type: VOTER last_known_addr { host: "127.11.1.1" port: 38503 } } peers { permanent_uuid: "a1c88c9a5b3749a886c86e67134bb7a1" member_type: VOTER last_known_addr { host: "127.11.1.2" port: 41321 } } peers { permanent_uuid: "ca8499b6b6414e03a3729a817a2ec8e3" member_type: VOTER last_known_addr { host: "127.11.1.3" port: 46729 } }
I20260710 13:20:58.731628 12645 raft_consensus.cc:2749] T f286d3f20d744070b0820b01dff302b8 P 22bc1d1670df42a48f0987ddcb928624 [term 0 FOLLOWER]: Leader pre-election lost for term 1. Reason: could not achieve majority
I20260710 13:20:58.733105 12645 consensus_queue.cc:1048] T 4535fd61bf584df8b4916b7f29be273a P 22bc1d1670df42a48f0987ddcb928624 [LEADER]: Connected to new peer: Peer: permanent_uuid: "ca8499b6b6414e03a3729a817a2ec8e3" member_type: VOTER last_known_addr { host: "127.11.1.3" port: 46729 }, Status: LMP_MISMATCH, Last received: 0.0, Next index: 1, Last known committed idx: 0, Time since last communication: 0.000s
I20260710 13:20:58.735150 12599 raft_consensus.cc:493] T 5229529a9b23438f94fbc11c08f7961c P ca8499b6b6414e03a3729a817a2ec8e3 [term 0 FOLLOWER]: Starting pre-election (no leader contacted us within the election timeout)
I20260710 13:20:58.735327 12563 tablet_bootstrap.cc:654] T bffda7d711b643788b7585e1506ddfaa P a1c88c9a5b3749a886c86e67134bb7a1: Neither blocks nor log segments found. Creating new log.
I20260710 13:20:58.735564 12599 raft_consensus.cc:515] T 5229529a9b23438f94fbc11c08f7961c P ca8499b6b6414e03a3729a817a2ec8e3 [term 0 FOLLOWER]: Starting pre-election with config: opid_index: -1 OBSOLETE_local: false peers { permanent_uuid: "22bc1d1670df42a48f0987ddcb928624" member_type: VOTER last_known_addr { host: "127.11.1.1" port: 38503 } } peers { permanent_uuid: "a1c88c9a5b3749a886c86e67134bb7a1" member_type: VOTER last_known_addr { host: "127.11.1.2" port: 41321 } } peers { permanent_uuid: "ca8499b6b6414e03a3729a817a2ec8e3" member_type: VOTER last_known_addr { host: "127.11.1.3" port: 46729 } }
I20260710 13:20:58.737517 12599 leader_election.cc:290] T 5229529a9b23438f94fbc11c08f7961c P ca8499b6b6414e03a3729a817a2ec8e3 [CANDIDATE]: Term 1 pre-election: Requested pre-vote from peers 22bc1d1670df42a48f0987ddcb928624 (127.11.1.1:38503), a1c88c9a5b3749a886c86e67134bb7a1 (127.11.1.2:41321)
I20260710 13:20:58.739521 12445 tablet_service.cc:1917] Received RequestConsensusVote() RPC: tablet_id: "5229529a9b23438f94fbc11c08f7961c" candidate_uuid: "ca8499b6b6414e03a3729a817a2ec8e3" candidate_term: 1 candidate_status { last_received { term: 0 index: 0 } } ignore_live_leader: false dest_uuid: "a1c88c9a5b3749a886c86e67134bb7a1" is_pre_election: true
I20260710 13:20:58.740274 12445 raft_consensus.cc:2468] T 5229529a9b23438f94fbc11c08f7961c P a1c88c9a5b3749a886c86e67134bb7a1 [term 0 FOLLOWER]: Leader pre-election vote request: Granting yes vote for candidate ca8499b6b6414e03a3729a817a2ec8e3 in term 0.
I20260710 13:20:58.741778 12483 leader_election.cc:304] T 5229529a9b23438f94fbc11c08f7961c P ca8499b6b6414e03a3729a817a2ec8e3 [CANDIDATE]: Term 1 pre-election: Election decided. Result: candidate won. Election summary: received 2 responses out of 3 voters: 2 yes votes; 0 no votes. yes voters: a1c88c9a5b3749a886c86e67134bb7a1, ca8499b6b6414e03a3729a817a2ec8e3; no voters: 
I20260710 13:20:58.742517 12570 leader_election.cc:290] T 5229529a9b23438f94fbc11c08f7961c P a1c88c9a5b3749a886c86e67134bb7a1 [CANDIDATE]: Term 1 pre-election: Requested pre-vote from peers 22bc1d1670df42a48f0987ddcb928624 (127.11.1.1:38503), ca8499b6b6414e03a3729a817a2ec8e3 (127.11.1.3:46729)
I20260710 13:20:58.742825 12519 tablet_service.cc:1917] Received RequestConsensusVote() RPC: tablet_id: "5229529a9b23438f94fbc11c08f7961c" candidate_uuid: "a1c88c9a5b3749a886c86e67134bb7a1" candidate_term: 1 candidate_status { last_received { term: 0 index: 0 } } ignore_live_leader: false dest_uuid: "ca8499b6b6414e03a3729a817a2ec8e3" is_pre_election: true
I20260710 13:20:58.743299 12599 raft_consensus.cc:2804] T 5229529a9b23438f94fbc11c08f7961c P ca8499b6b6414e03a3729a817a2ec8e3 [term 0 FOLLOWER]: Leader pre-election won for term 1
I20260710 13:20:58.747938 12599 raft_consensus.cc:493] T 5229529a9b23438f94fbc11c08f7961c P ca8499b6b6414e03a3729a817a2ec8e3 [term 0 FOLLOWER]: Starting leader election (no leader contacted us within the election timeout)
I20260710 13:20:58.748282 12599 raft_consensus.cc:3060] T 5229529a9b23438f94fbc11c08f7961c P ca8499b6b6414e03a3729a817a2ec8e3 [term 0 FOLLOWER]: Advancing to term 1
I20260710 13:20:58.753048 12445 raft_consensus.cc:3060] T 0efe067003ab4fc2bb27afedfb7a5799 P a1c88c9a5b3749a886c86e67134bb7a1 [term 0 FOLLOWER]: Advancing to term 1
I20260710 13:20:58.744351 12561 tablet_bootstrap.cc:492] T 8d847bb22fcc4382b9dadc82950124f1 P 22bc1d1670df42a48f0987ddcb928624: No bootstrap required, opened a new log
I20260710 13:20:58.744202 12370 tablet_service.cc:1917] Received RequestConsensusVote() RPC: tablet_id: "5229529a9b23438f94fbc11c08f7961c" candidate_uuid: "ca8499b6b6414e03a3729a817a2ec8e3" candidate_term: 1 candidate_status { last_received { term: 0 index: 0 } } ignore_live_leader: false dest_uuid: "22bc1d1670df42a48f0987ddcb928624" is_pre_election: true
I20260710 13:20:58.756050 12561 ts_tablet_manager.cc:1403] T 8d847bb22fcc4382b9dadc82950124f1 P 22bc1d1670df42a48f0987ddcb928624: Time spent bootstrapping tablet: real 0.036s	user 0.010s	sys 0.005s
I20260710 13:20:58.758247 12599 raft_consensus.cc:515] T 5229529a9b23438f94fbc11c08f7961c P ca8499b6b6414e03a3729a817a2ec8e3 [term 1 FOLLOWER]: Starting leader election with config: opid_index: -1 OBSOLETE_local: false peers { permanent_uuid: "22bc1d1670df42a48f0987ddcb928624" member_type: VOTER last_known_addr { host: "127.11.1.1" port: 38503 } } peers { permanent_uuid: "a1c88c9a5b3749a886c86e67134bb7a1" member_type: VOTER last_known_addr { host: "127.11.1.2" port: 41321 } } peers { permanent_uuid: "ca8499b6b6414e03a3729a817a2ec8e3" member_type: VOTER last_known_addr { host: "127.11.1.3" port: 46729 } }
I20260710 13:20:58.758656 12647 consensus_queue.cc:1048] T 4535fd61bf584df8b4916b7f29be273a P 22bc1d1670df42a48f0987ddcb928624 [LEADER]: Connected to new peer: Peer: permanent_uuid: "a1c88c9a5b3749a886c86e67134bb7a1" member_type: VOTER last_known_addr { host: "127.11.1.2" port: 41321 }, Status: LMP_MISMATCH, Last received: 0.0, Next index: 1, Last known committed idx: 0, Time since last communication: 0.000s
I20260710 13:20:58.759290 12371 tablet_service.cc:1917] Received RequestConsensusVote() RPC: tablet_id: "5229529a9b23438f94fbc11c08f7961c" candidate_uuid: "a1c88c9a5b3749a886c86e67134bb7a1" candidate_term: 1 candidate_status { last_received { term: 0 index: 0 } } ignore_live_leader: false dest_uuid: "22bc1d1670df42a48f0987ddcb928624" is_pre_election: true
I20260710 13:20:58.760003 12519 raft_consensus.cc:2393] T 5229529a9b23438f94fbc11c08f7961c P ca8499b6b6414e03a3729a817a2ec8e3 [term 1 FOLLOWER]: Leader pre-election vote request: Denying vote to candidate a1c88c9a5b3749a886c86e67134bb7a1 in current term 1: Already voted for candidate ca8499b6b6414e03a3729a817a2ec8e3 in this term.
I20260710 13:20:58.760061 12599 leader_election.cc:290] T 5229529a9b23438f94fbc11c08f7961c P ca8499b6b6414e03a3729a817a2ec8e3 [CANDIDATE]: Term 1 election: Requested vote from peers 22bc1d1670df42a48f0987ddcb928624 (127.11.1.1:38503), a1c88c9a5b3749a886c86e67134bb7a1 (127.11.1.2:41321)
I20260710 13:20:58.755992 12370 raft_consensus.cc:2468] T 5229529a9b23438f94fbc11c08f7961c P 22bc1d1670df42a48f0987ddcb928624 [term 0 FOLLOWER]: Leader pre-election vote request: Granting yes vote for candidate ca8499b6b6414e03a3729a817a2ec8e3 in term 0.
I20260710 13:20:58.745595 12563 tablet_bootstrap.cc:492] T bffda7d711b643788b7585e1506ddfaa P a1c88c9a5b3749a886c86e67134bb7a1: No bootstrap required, opened a new log
I20260710 13:20:58.762162 12563 ts_tablet_manager.cc:1403] T bffda7d711b643788b7585e1506ddfaa P a1c88c9a5b3749a886c86e67134bb7a1: Time spent bootstrapping tablet: real 0.037s	user 0.009s	sys 0.001s
I20260710 13:20:58.764771 12443 tablet_service.cc:1917] Received RequestConsensusVote() RPC: tablet_id: "5229529a9b23438f94fbc11c08f7961c" candidate_uuid: "ca8499b6b6414e03a3729a817a2ec8e3" candidate_term: 1 candidate_status { last_received { term: 0 index: 0 } } ignore_live_leader: false dest_uuid: "a1c88c9a5b3749a886c86e67134bb7a1"
I20260710 13:20:58.764956 12370 tablet_service.cc:1917] Received RequestConsensusVote() RPC: tablet_id: "5229529a9b23438f94fbc11c08f7961c" candidate_uuid: "ca8499b6b6414e03a3729a817a2ec8e3" candidate_term: 1 candidate_status { last_received { term: 0 index: 0 } } ignore_live_leader: false dest_uuid: "22bc1d1670df42a48f0987ddcb928624"
I20260710 13:20:58.765261 12443 raft_consensus.cc:3060] T 5229529a9b23438f94fbc11c08f7961c P a1c88c9a5b3749a886c86e67134bb7a1 [term 0 FOLLOWER]: Advancing to term 1
I20260710 13:20:58.765385 12370 raft_consensus.cc:3060] T 5229529a9b23438f94fbc11c08f7961c P 22bc1d1670df42a48f0987ddcb928624 [term 0 FOLLOWER]: Advancing to term 1
I20260710 13:20:58.760949 12561 raft_consensus.cc:359] T 8d847bb22fcc4382b9dadc82950124f1 P 22bc1d1670df42a48f0987ddcb928624 [term 0 FOLLOWER]: Replica starting. Triggering 0 pending ops. Active config: opid_index: -1 OBSOLETE_local: false peers { permanent_uuid: "22bc1d1670df42a48f0987ddcb928624" member_type: VOTER last_known_addr { host: "127.11.1.1" port: 38503 } } peers { permanent_uuid: "a1c88c9a5b3749a886c86e67134bb7a1" member_type: VOTER last_known_addr { host: "127.11.1.2" port: 41321 } } peers { permanent_uuid: "ca8499b6b6414e03a3729a817a2ec8e3" member_type: VOTER last_known_addr { host: "127.11.1.3" port: 46729 } }
I20260710 13:20:58.766594 12561 raft_consensus.cc:385] T 8d847bb22fcc4382b9dadc82950124f1 P 22bc1d1670df42a48f0987ddcb928624 [term 0 FOLLOWER]: Consensus starting up: Expiring failure detector timer to make a prompt election more likely
I20260710 13:20:58.766963 12561 raft_consensus.cc:740] T 8d847bb22fcc4382b9dadc82950124f1 P 22bc1d1670df42a48f0987ddcb928624 [term 0 FOLLOWER]: Becoming Follower/Learner. State: Replica: 22bc1d1670df42a48f0987ddcb928624, State: Initialized, Role: FOLLOWER
I20260710 13:20:58.767869 12409 leader_election.cc:304] T 5229529a9b23438f94fbc11c08f7961c P a1c88c9a5b3749a886c86e67134bb7a1 [CANDIDATE]: Term 1 pre-election: Election decided. Result: candidate lost. Election summary: received 3 responses out of 3 voters: 1 yes votes; 2 no votes. yes voters: a1c88c9a5b3749a886c86e67134bb7a1; no voters: 22bc1d1670df42a48f0987ddcb928624, ca8499b6b6414e03a3729a817a2ec8e3
I20260710 13:20:58.768383 12561 consensus_queue.cc:260] T 8d847bb22fcc4382b9dadc82950124f1 P 22bc1d1670df42a48f0987ddcb928624 [NON_LEADER]: Queue going to NON_LEADER mode. State: All replicated index: 0, Majority replicated index: 0, Committed index: 0, Last appended: 0.0, Last appended by leader: 0, Current term: 0, Majority size: -1, State: 0, Mode: NON_LEADER, active raft config: opid_index: -1 OBSOLETE_local: false peers { permanent_uuid: "22bc1d1670df42a48f0987ddcb928624" member_type: VOTER last_known_addr { host: "127.11.1.1" port: 38503 } } peers { permanent_uuid: "a1c88c9a5b3749a886c86e67134bb7a1" member_type: VOTER last_known_addr { host: "127.11.1.2" port: 41321 } } peers { permanent_uuid: "ca8499b6b6414e03a3729a817a2ec8e3" member_type: VOTER last_known_addr { host: "127.11.1.3" port: 46729 } }
I20260710 13:20:58.771405 12561 ts_tablet_manager.cc:1434] T 8d847bb22fcc4382b9dadc82950124f1 P 22bc1d1670df42a48f0987ddcb928624: Time spent starting tablet: real 0.015s	user 0.004s	sys 0.003s
I20260710 13:20:58.772498 12561 tablet_bootstrap.cc:492] T 155f16c0e6a7470680744969774ffd89 P 22bc1d1670df42a48f0987ddcb928624: Bootstrap starting.
I20260710 13:20:58.772864 12645 consensus_queue.cc:1048] T b7133f4dadbf4cadabef07640ee94fe5 P 22bc1d1670df42a48f0987ddcb928624 [LEADER]: Connected to new peer: Peer: permanent_uuid: "a1c88c9a5b3749a886c86e67134bb7a1" member_type: VOTER last_known_addr { host: "127.11.1.2" port: 41321 }, Status: LMP_MISMATCH, Last received: 0.0, Next index: 1, Last known committed idx: 0, Time since last communication: 0.001s
I20260710 13:20:58.774580 12599 raft_consensus.cc:493] T 155f16c0e6a7470680744969774ffd89 P ca8499b6b6414e03a3729a817a2ec8e3 [term 0 FOLLOWER]: Starting pre-election (no leader contacted us within the election timeout)
