I20260710 13:21:01.046540 17644 catalog_manager.cc:5697] T 7ed139df1e6e4d69a7c5cb7ed0cc3662 P 79122600a1164098bf413e145d5e05a0 reported cstate change: term changed from 0 to 1, leader changed from <none> to 79122600a1164098bf413e145d5e05a0 (127.16.59.1). New cstate: current_term: 1 leader_uuid: "79122600a1164098bf413e145d5e05a0" committed_config { opid_index: -1 OBSOLETE_local: false peers { permanent_uuid: "79122600a1164098bf413e145d5e05a0" member_type: VOTER last_known_addr { host: "127.16.59.1" port: 33731 } health_report { overall_health: HEALTHY } } peers { permanent_uuid: "7b2721efb1fd4a69bef7e6b9c29e661b" member_type: VOTER last_known_addr { host: "127.16.59.2" port: 46111 } health_report { overall_health: UNKNOWN } } peers { permanent_uuid: "3bb526c2c3754bb5b67790ac8243b3fa" member_type: VOTER last_known_addr { host: "127.16.59.3" port: 43107 } health_report { overall_health: UNKNOWN } } }
I20260710 13:21:01.048990 17939 consensus_queue.cc:260] T 55be157d9b4645fbb5968f841ad9e4ea P 79122600a1164098bf413e145d5e05a0 [NON_LEADER]: Queue going to NON_LEADER mode. State: All replicated index: 0, Majority replicated index: 0, Committed index: 0, Last appended: 0.0, Last appended by leader: 0, Current term: 0, Majority size: -1, State: 0, Mode: NON_LEADER, active raft config: opid_index: -1 OBSOLETE_local: false peers { permanent_uuid: "79122600a1164098bf413e145d5e05a0" member_type: VOTER last_known_addr { host: "127.16.59.1" port: 33731 } } peers { permanent_uuid: "7b2721efb1fd4a69bef7e6b9c29e661b" member_type: VOTER last_known_addr { host: "127.16.59.2" port: 46111 } } peers { permanent_uuid: "3bb526c2c3754bb5b67790ac8243b3fa" member_type: VOTER last_known_addr { host: "127.16.59.3" port: 43107 } }
I20260710 13:21:01.051294 17939 ts_tablet_manager.cc:1434] T 55be157d9b4645fbb5968f841ad9e4ea P 79122600a1164098bf413e145d5e05a0: Time spent starting tablet: real 0.007s	user 0.005s	sys 0.001s
I20260710 13:21:01.052248 17939 tablet_bootstrap.cc:492] T fa5546384f8c43469536c3cfc90ce351 P 79122600a1164098bf413e145d5e05a0: Bootstrap starting.
I20260710 13:21:01.054831 17940 ts_tablet_manager.cc:1434] T f8f9c95fd69c4e19a10800ab33ca25a8 P 3bb526c2c3754bb5b67790ac8243b3fa: Time spent starting tablet: real 0.021s	user 0.010s	sys 0.000s
I20260710 13:21:01.054941 17945 raft_consensus.cc:2804] T 2b49a8e187034f61bb5f80a3fa92749e P 79122600a1164098bf413e145d5e05a0 [term 0 FOLLOWER]: Leader pre-election won for term 1
I20260710 13:21:01.055562 17945 raft_consensus.cc:493] T 2b49a8e187034f61bb5f80a3fa92749e P 79122600a1164098bf413e145d5e05a0 [term 0 FOLLOWER]: Starting leader election (no leader contacted us within the election timeout)
I20260710 13:21:01.056046 17945 raft_consensus.cc:3060] T 2b49a8e187034f61bb5f80a3fa92749e P 79122600a1164098bf413e145d5e05a0 [term 0 FOLLOWER]: Advancing to term 1
I20260710 13:21:01.059134 17939 tablet_bootstrap.cc:654] T fa5546384f8c43469536c3cfc90ce351 P 79122600a1164098bf413e145d5e05a0: Neither blocks nor log segments found. Creating new log.
I20260710 13:21:01.063241 17940 tablet_bootstrap.cc:492] T fa5546384f8c43469536c3cfc90ce351 P 3bb526c2c3754bb5b67790ac8243b3fa: Bootstrap starting.
I20260710 13:21:01.065338 17647 catalog_manager.cc:5697] T 3a8d8915641149c9b64c9031e8410896 P 7b2721efb1fd4a69bef7e6b9c29e661b reported cstate change: term changed from 0 to 1, leader changed from <none> to 7b2721efb1fd4a69bef7e6b9c29e661b (127.16.59.2). New cstate: current_term: 1 leader_uuid: "7b2721efb1fd4a69bef7e6b9c29e661b" committed_config { opid_index: -1 OBSOLETE_local: false peers { permanent_uuid: "79122600a1164098bf413e145d5e05a0" member_type: VOTER last_known_addr { host: "127.16.59.1" port: 33731 } health_report { overall_health: UNKNOWN } } peers { permanent_uuid: "7b2721efb1fd4a69bef7e6b9c29e661b" member_type: VOTER last_known_addr { host: "127.16.59.2" port: 46111 } health_report { overall_health: HEALTHY } } peers { permanent_uuid: "3bb526c2c3754bb5b67790ac8243b3fa" member_type: VOTER last_known_addr { host: "127.16.59.3" port: 43107 } health_report { overall_health: UNKNOWN } } }
I20260710 13:21:01.083060 17945 raft_consensus.cc:515] T 2b49a8e187034f61bb5f80a3fa92749e P 79122600a1164098bf413e145d5e05a0 [term 1 FOLLOWER]: Starting leader election with config: opid_index: -1 OBSOLETE_local: false peers { permanent_uuid: "79122600a1164098bf413e145d5e05a0" member_type: VOTER last_known_addr { host: "127.16.59.1" port: 33731 } } peers { permanent_uuid: "7b2721efb1fd4a69bef7e6b9c29e661b" member_type: VOTER last_known_addr { host: "127.16.59.2" port: 46111 } } peers { permanent_uuid: "3bb526c2c3754bb5b67790ac8243b3fa" member_type: VOTER last_known_addr { host: "127.16.59.3" port: 43107 } }
I20260710 13:21:01.063418 17978 raft_consensus.cc:493] T f8f9c95fd69c4e19a10800ab33ca25a8 P 79122600a1164098bf413e145d5e05a0 [term 0 FOLLOWER]: Starting pre-election (no leader contacted us within the election timeout)
I20260710 13:21:01.085803 17978 raft_consensus.cc:515] T f8f9c95fd69c4e19a10800ab33ca25a8 P 79122600a1164098bf413e145d5e05a0 [term 0 FOLLOWER]: Starting pre-election with config: opid_index: -1 OBSOLETE_local: false peers { permanent_uuid: "79122600a1164098bf413e145d5e05a0" member_type: VOTER last_known_addr { host: "127.16.59.1" port: 33731 } } peers { permanent_uuid: "7b2721efb1fd4a69bef7e6b9c29e661b" member_type: VOTER last_known_addr { host: "127.16.59.2" port: 46111 } } peers { permanent_uuid: "3bb526c2c3754bb5b67790ac8243b3fa" member_type: VOTER last_known_addr { host: "127.16.59.3" port: 43107 } }
I20260710 13:21:01.087566 17938 tablet_bootstrap.cc:492] T 6f3cbb48efb04148b95adbe74339d57f P 7b2721efb1fd4a69bef7e6b9c29e661b: No bootstrap required, opened a new log
I20260710 13:21:01.088181 17938 ts_tablet_manager.cc:1403] T 6f3cbb48efb04148b95adbe74339d57f P 7b2721efb1fd4a69bef7e6b9c29e661b: Time spent bootstrapping tablet: real 0.064s	user 0.036s	sys 0.014s
I20260710 13:21:01.088729 17978 leader_election.cc:290] T f8f9c95fd69c4e19a10800ab33ca25a8 P 79122600a1164098bf413e145d5e05a0 [CANDIDATE]: Term 1 pre-election: Requested pre-vote from peers 7b2721efb1fd4a69bef7e6b9c29e661b (127.16.59.2:46111), 3bb526c2c3754bb5b67790ac8243b3fa (127.16.59.3:43107)
I20260710 13:21:01.069480 17940 tablet_bootstrap.cc:654] T fa5546384f8c43469536c3cfc90ce351 P 3bb526c2c3754bb5b67790ac8243b3fa: Neither blocks nor log segments found. Creating new log.
I20260710 13:21:01.089584 17896 tablet_service.cc:1917] Received RequestConsensusVote() RPC: tablet_id: "f8f9c95fd69c4e19a10800ab33ca25a8" candidate_uuid: "79122600a1164098bf413e145d5e05a0" candidate_term: 1 candidate_status { last_received { term: 0 index: 0 } } ignore_live_leader: false dest_uuid: "3bb526c2c3754bb5b67790ac8243b3fa" is_pre_election: true
I20260710 13:21:01.088845 17823 tablet_service.cc:1917] Received RequestConsensusVote() RPC: tablet_id: "f8f9c95fd69c4e19a10800ab33ca25a8" candidate_uuid: "79122600a1164098bf413e145d5e05a0" candidate_term: 1 candidate_status { last_received { term: 0 index: 0 } } ignore_live_leader: false dest_uuid: "7b2721efb1fd4a69bef7e6b9c29e661b" is_pre_election: true
I20260710 13:21:01.090821 17823 raft_consensus.cc:2468] T f8f9c95fd69c4e19a10800ab33ca25a8 P 7b2721efb1fd4a69bef7e6b9c29e661b [term 0 FOLLOWER]: Leader pre-election vote request: Granting yes vote for candidate 79122600a1164098bf413e145d5e05a0 in term 0.
I20260710 13:21:01.091846 17938 raft_consensus.cc:359] T 6f3cbb48efb04148b95adbe74339d57f P 7b2721efb1fd4a69bef7e6b9c29e661b [term 0 FOLLOWER]: Replica starting. Triggering 0 pending ops. Active config: opid_index: -1 OBSOLETE_local: false peers { permanent_uuid: "79122600a1164098bf413e145d5e05a0" member_type: VOTER last_known_addr { host: "127.16.59.1" port: 33731 } } peers { permanent_uuid: "7b2721efb1fd4a69bef7e6b9c29e661b" member_type: VOTER last_known_addr { host: "127.16.59.2" port: 46111 } } peers { permanent_uuid: "3bb526c2c3754bb5b67790ac8243b3fa" member_type: VOTER last_known_addr { host: "127.16.59.3" port: 43107 } }
I20260710 13:21:01.092547 17715 leader_election.cc:304] T f8f9c95fd69c4e19a10800ab33ca25a8 P 79122600a1164098bf413e145d5e05a0 [CANDIDATE]: Term 1 pre-election: Election decided. Result: candidate won. Election summary: received 2 responses out of 3 voters: 2 yes votes; 0 no votes. yes voters: 79122600a1164098bf413e145d5e05a0, 7b2721efb1fd4a69bef7e6b9c29e661b; no voters: 
I20260710 13:21:01.092753 17938 raft_consensus.cc:385] T 6f3cbb48efb04148b95adbe74339d57f P 7b2721efb1fd4a69bef7e6b9c29e661b [term 0 FOLLOWER]: Consensus starting up: Expiring failure detector timer to make a prompt election more likely
I20260710 13:21:01.093416 17938 raft_consensus.cc:740] T 6f3cbb48efb04148b95adbe74339d57f P 7b2721efb1fd4a69bef7e6b9c29e661b [term 0 FOLLOWER]: Becoming Follower/Learner. State: Replica: 7b2721efb1fd4a69bef7e6b9c29e661b, State: Initialized, Role: FOLLOWER
I20260710 13:21:01.090299 17896 raft_consensus.cc:2468] T f8f9c95fd69c4e19a10800ab33ca25a8 P 3bb526c2c3754bb5b67790ac8243b3fa [term 0 FOLLOWER]: Leader pre-election vote request: Granting yes vote for candidate 79122600a1164098bf413e145d5e05a0 in term 0.
I20260710 13:21:01.094753 17938 consensus_queue.cc:260] T 6f3cbb48efb04148b95adbe74339d57f P 7b2721efb1fd4a69bef7e6b9c29e661b [NON_LEADER]: Queue going to NON_LEADER mode. State: All replicated index: 0, Majority replicated index: 0, Committed index: 0, Last appended: 0.0, Last appended by leader: 0, Current term: 0, Majority size: -1, State: 0, Mode: NON_LEADER, active raft config: opid_index: -1 OBSOLETE_local: false peers { permanent_uuid: "79122600a1164098bf413e145d5e05a0" member_type: VOTER last_known_addr { host: "127.16.59.1" port: 33731 } } peers { permanent_uuid: "7b2721efb1fd4a69bef7e6b9c29e661b" member_type: VOTER last_known_addr { host: "127.16.59.2" port: 46111 } } peers { permanent_uuid: "3bb526c2c3754bb5b67790ac8243b3fa" member_type: VOTER last_known_addr { host: "127.16.59.3" port: 43107 } }
I20260710 13:21:01.097772 17978 raft_consensus.cc:2804] T f8f9c95fd69c4e19a10800ab33ca25a8 P 79122600a1164098bf413e145d5e05a0 [term 0 FOLLOWER]: Leader pre-election won for term 1
I20260710 13:21:01.098416 17978 raft_consensus.cc:493] T f8f9c95fd69c4e19a10800ab33ca25a8 P 79122600a1164098bf413e145d5e05a0 [term 0 FOLLOWER]: Starting leader election (no leader contacted us within the election timeout)
I20260710 13:21:01.099103 17978 raft_consensus.cc:3060] T f8f9c95fd69c4e19a10800ab33ca25a8 P 79122600a1164098bf413e145d5e05a0 [term 0 FOLLOWER]: Advancing to term 1
I20260710 13:21:01.113687 17823 tablet_service.cc:1917] Received RequestConsensusVote() RPC: tablet_id: "2b49a8e187034f61bb5f80a3fa92749e" candidate_uuid: "79122600a1164098bf413e145d5e05a0" candidate_term: 1 candidate_status { last_received { term: 0 index: 0 } } ignore_live_leader: false dest_uuid: "7b2721efb1fd4a69bef7e6b9c29e661b"
I20260710 13:21:01.116165 17938 ts_tablet_manager.cc:1434] T 6f3cbb48efb04148b95adbe74339d57f P 7b2721efb1fd4a69bef7e6b9c29e661b: Time spent starting tablet: real 0.028s	user 0.009s	sys 0.000s
W20260710 13:21:01.116278 17715 leader_election.cc:343] T 2b49a8e187034f61bb5f80a3fa92749e P 79122600a1164098bf413e145d5e05a0 [CANDIDATE]: Term 1 election: Tablet error from VoteRequest() call to peer 7b2721efb1fd4a69bef7e6b9c29e661b (127.16.59.2:46111): Illegal state: must be running to vote when last-logged opid is not known
I20260710 13:21:01.119947 17896 tablet_service.cc:1917] Received RequestConsensusVote() RPC: tablet_id: "2b49a8e187034f61bb5f80a3fa92749e" candidate_uuid: "79122600a1164098bf413e145d5e05a0" candidate_term: 1 candidate_status { last_received { term: 0 index: 0 } } ignore_live_leader: false dest_uuid: "3bb526c2c3754bb5b67790ac8243b3fa"
I20260710 13:21:01.120803 17896 raft_consensus.cc:3060] T 2b49a8e187034f61bb5f80a3fa92749e P 3bb526c2c3754bb5b67790ac8243b3fa [term 0 FOLLOWER]: Advancing to term 1
I20260710 13:21:01.124181 17938 tablet_bootstrap.cc:492] T 2b49a8e187034f61bb5f80a3fa92749e P 7b2721efb1fd4a69bef7e6b9c29e661b: Bootstrap starting.
I20260710 13:21:01.124181 17945 leader_election.cc:290] T 2b49a8e187034f61bb5f80a3fa92749e P 79122600a1164098bf413e145d5e05a0 [CANDIDATE]: Term 1 election: Requested vote from peers 7b2721efb1fd4a69bef7e6b9c29e661b (127.16.59.2:46111), 3bb526c2c3754bb5b67790ac8243b3fa (127.16.59.3:43107)
I20260710 13:21:01.113381 17644 catalog_manager.cc:5697] T 85fb2eeaf45b4e5fbb1d2c1b93b964ce P 79122600a1164098bf413e145d5e05a0 reported cstate change: term changed from 0 to 1, leader changed from <none> to 79122600a1164098bf413e145d5e05a0 (127.16.59.1). New cstate: current_term: 1 leader_uuid: "79122600a1164098bf413e145d5e05a0" committed_config { opid_index: -1 OBSOLETE_local: false peers { permanent_uuid: "79122600a1164098bf413e145d5e05a0" member_type: VOTER last_known_addr { host: "127.16.59.1" port: 33731 } health_report { overall_health: HEALTHY } } peers { permanent_uuid: "7b2721efb1fd4a69bef7e6b9c29e661b" member_type: VOTER last_known_addr { host: "127.16.59.2" port: 46111 } health_report { overall_health: UNKNOWN } } peers { permanent_uuid: "3bb526c2c3754bb5b67790ac8243b3fa" member_type: VOTER last_known_addr { host: "127.16.59.3" port: 43107 } health_report { overall_health: UNKNOWN } } }
I20260710 13:21:01.134645 17983 raft_consensus.cc:493] T ec8ac0189cb6425cb792602efd18d7e0 P 79122600a1164098bf413e145d5e05a0 [term 0 FOLLOWER]: Starting pre-election (no leader contacted us within the election timeout)
I20260710 13:21:01.137768 17947 raft_consensus.cc:493] T 6f3cbb48efb04148b95adbe74339d57f P 3bb526c2c3754bb5b67790ac8243b3fa [term 0 FOLLOWER]: Starting pre-election (no leader contacted us within the election timeout)
I20260710 13:21:01.138597 17947 raft_consensus.cc:515] T 6f3cbb48efb04148b95adbe74339d57f P 3bb526c2c3754bb5b67790ac8243b3fa [term 0 FOLLOWER]: Starting pre-election with config: opid_index: -1 OBSOLETE_local: false peers { permanent_uuid: "79122600a1164098bf413e145d5e05a0" member_type: VOTER last_known_addr { host: "127.16.59.1" port: 33731 } } peers { permanent_uuid: "7b2721efb1fd4a69bef7e6b9c29e661b" member_type: VOTER last_known_addr { host: "127.16.59.2" port: 46111 } } peers { permanent_uuid: "3bb526c2c3754bb5b67790ac8243b3fa" member_type: VOTER last_known_addr { host: "127.16.59.3" port: 43107 } }
I20260710 13:21:01.139612 17939 tablet_bootstrap.cc:492] T fa5546384f8c43469536c3cfc90ce351 P 79122600a1164098bf413e145d5e05a0: No bootstrap required, opened a new log
I20260710 13:21:01.140142 17939 ts_tablet_manager.cc:1403] T fa5546384f8c43469536c3cfc90ce351 P 79122600a1164098bf413e145d5e05a0: Time spent bootstrapping tablet: real 0.088s	user 0.035s	sys 0.043s
I20260710 13:21:01.140972 17947 leader_election.cc:290] T 6f3cbb48efb04148b95adbe74339d57f P 3bb526c2c3754bb5b67790ac8243b3fa [CANDIDATE]: Term 1 pre-election: Requested pre-vote from peers 79122600a1164098bf413e145d5e05a0 (127.16.59.1:33731), 7b2721efb1fd4a69bef7e6b9c29e661b (127.16.59.2:46111)
I20260710 13:21:01.141181 17938 tablet_bootstrap.cc:654] T 2b49a8e187034f61bb5f80a3fa92749e P 7b2721efb1fd4a69bef7e6b9c29e661b: Neither blocks nor log segments found. Creating new log.
I20260710 13:21:01.142778 17749 tablet_service.cc:1917] Received RequestConsensusVote() RPC: tablet_id: "6f3cbb48efb04148b95adbe74339d57f" candidate_uuid: "3bb526c2c3754bb5b67790ac8243b3fa" candidate_term: 1 candidate_status { last_received { term: 0 index: 0 } } ignore_live_leader: false dest_uuid: "79122600a1164098bf413e145d5e05a0" is_pre_election: true
I20260710 13:21:01.142907 17939 raft_consensus.cc:359] T fa5546384f8c43469536c3cfc90ce351 P 79122600a1164098bf413e145d5e05a0 [term 0 FOLLOWER]: Replica starting. Triggering 0 pending ops. Active config: opid_index: -1 OBSOLETE_local: false peers { permanent_uuid: "79122600a1164098bf413e145d5e05a0" member_type: VOTER last_known_addr { host: "127.16.59.1" port: 33731 } } peers { permanent_uuid: "7b2721efb1fd4a69bef7e6b9c29e661b" member_type: VOTER last_known_addr { host: "127.16.59.2" port: 46111 } } peers { permanent_uuid: "3bb526c2c3754bb5b67790ac8243b3fa" member_type: VOTER last_known_addr { host: "127.16.59.3" port: 43107 } }
I20260710 13:21:01.143491 17749 raft_consensus.cc:2468] T 6f3cbb48efb04148b95adbe74339d57f P 79122600a1164098bf413e145d5e05a0 [term 0 FOLLOWER]: Leader pre-election vote request: Granting yes vote for candidate 3bb526c2c3754bb5b67790ac8243b3fa in term 0.
I20260710 13:21:01.143764 17939 raft_consensus.cc:385] T fa5546384f8c43469536c3cfc90ce351 P 79122600a1164098bf413e145d5e05a0 [term 0 FOLLOWER]: Consensus starting up: Expiring failure detector timer to make a prompt election more likely
I20260710 13:21:01.144174 17939 raft_consensus.cc:740] T fa5546384f8c43469536c3cfc90ce351 P 79122600a1164098bf413e145d5e05a0 [term 0 FOLLOWER]: Becoming Follower/Learner. State: Replica: 79122600a1164098bf413e145d5e05a0, State: Initialized, Role: FOLLOWER
I20260710 13:21:01.144510 17823 tablet_service.cc:1917] Received RequestConsensusVote() RPC: tablet_id: "6f3cbb48efb04148b95adbe74339d57f" candidate_uuid: "3bb526c2c3754bb5b67790ac8243b3fa" candidate_term: 1 candidate_status { last_received { term: 0 index: 0 } } ignore_live_leader: false dest_uuid: "7b2721efb1fd4a69bef7e6b9c29e661b" is_pre_election: true
I20260710 13:21:01.145095 17939 consensus_queue.cc:260] T fa5546384f8c43469536c3cfc90ce351 P 79122600a1164098bf413e145d5e05a0 [NON_LEADER]: Queue going to NON_LEADER mode. State: All replicated index: 0, Majority replicated index: 0, Committed index: 0, Last appended: 0.0, Last appended by leader: 0, Current term: 0, Majority size: -1, State: 0, Mode: NON_LEADER, active raft config: opid_index: -1 OBSOLETE_local: false peers { permanent_uuid: "79122600a1164098bf413e145d5e05a0" member_type: VOTER last_known_addr { host: "127.16.59.1" port: 33731 } } peers { permanent_uuid: "7b2721efb1fd4a69bef7e6b9c29e661b" member_type: VOTER last_known_addr { host: "127.16.59.2" port: 46111 } } peers { permanent_uuid: "3bb526c2c3754bb5b67790ac8243b3fa" member_type: VOTER last_known_addr { host: "127.16.59.3" port: 43107 } }
I20260710 13:21:01.145424 17863 leader_election.cc:304] T 6f3cbb48efb04148b95adbe74339d57f P 3bb526c2c3754bb5b67790ac8243b3fa [CANDIDATE]: Term 1 pre-election: Election decided. Result: candidate won. Election summary: received 2 responses out of 3 voters: 2 yes votes; 0 no votes. yes voters: 3bb526c2c3754bb5b67790ac8243b3fa, 79122600a1164098bf413e145d5e05a0; no voters: 
I20260710 13:21:01.145117 17823 raft_consensus.cc:2468] T 6f3cbb48efb04148b95adbe74339d57f P 7b2721efb1fd4a69bef7e6b9c29e661b [term 0 FOLLOWER]: Leader pre-election vote request: Granting yes vote for candidate 3bb526c2c3754bb5b67790ac8243b3fa in term 0.
I20260710 13:21:01.147397 17939 ts_tablet_manager.cc:1434] T fa5546384f8c43469536c3cfc90ce351 P 79122600a1164098bf413e145d5e05a0: Time spent starting tablet: real 0.007s	user 0.006s	sys 0.000s
I20260710 13:21:01.147022 17983 raft_consensus.cc:515] T ec8ac0189cb6425cb792602efd18d7e0 P 79122600a1164098bf413e145d5e05a0 [term 0 FOLLOWER]: Starting pre-election with config: opid_index: -1 OBSOLETE_local: false peers { permanent_uuid: "79122600a1164098bf413e145d5e05a0" member_type: VOTER last_known_addr { host: "127.16.59.1" port: 33731 } } peers { permanent_uuid: "7b2721efb1fd4a69bef7e6b9c29e661b" member_type: VOTER last_known_addr { host: "127.16.59.2" port: 46111 } } peers { permanent_uuid: "3bb526c2c3754bb5b67790ac8243b3fa" member_type: VOTER last_known_addr { host: "127.16.59.3" port: 43107 } }
I20260710 13:21:01.148447 17939 tablet_bootstrap.cc:492] T 904daba05de04cd2b6edfd09566eed4e P 79122600a1164098bf413e145d5e05a0: Bootstrap starting.
I20260710 13:21:01.152298 17983 leader_election.cc:290] T ec8ac0189cb6425cb792602efd18d7e0 P 79122600a1164098bf413e145d5e05a0 [CANDIDATE]: Term 1 pre-election: Requested pre-vote from peers 7b2721efb1fd4a69bef7e6b9c29e661b (127.16.59.2:46111), 3bb526c2c3754bb5b67790ac8243b3fa (127.16.59.3:43107)
I20260710 13:21:01.154407 17823 tablet_service.cc:1917] Received RequestConsensusVote() RPC: tablet_id: "ec8ac0189cb6425cb792602efd18d7e0" candidate_uuid: "79122600a1164098bf413e145d5e05a0" candidate_term: 1 candidate_status { last_received { term: 0 index: 0 } } ignore_live_leader: false dest_uuid: "7b2721efb1fd4a69bef7e6b9c29e661b" is_pre_election: true
I20260710 13:21:01.155346 17823 raft_consensus.cc:2468] T ec8ac0189cb6425cb792602efd18d7e0 P 7b2721efb1fd4a69bef7e6b9c29e661b [term 0 FOLLOWER]: Leader pre-election vote request: Granting yes vote for candidate 79122600a1164098bf413e145d5e05a0 in term 0.
I20260710 13:21:01.155761 17978 raft_consensus.cc:515] T f8f9c95fd69c4e19a10800ab33ca25a8 P 79122600a1164098bf413e145d5e05a0 [term 1 FOLLOWER]: Starting leader election with config: opid_index: -1 OBSOLETE_local: false peers { permanent_uuid: "79122600a1164098bf413e145d5e05a0" member_type: VOTER last_known_addr { host: "127.16.59.1" port: 33731 } } peers { permanent_uuid: "7b2721efb1fd4a69bef7e6b9c29e661b" member_type: VOTER last_known_addr { host: "127.16.59.2" port: 46111 } } peers { permanent_uuid: "3bb526c2c3754bb5b67790ac8243b3fa" member_type: VOTER last_known_addr { host: "127.16.59.3" port: 43107 } }
I20260710 13:21:01.156565 17896 raft_consensus.cc:2468] T 2b49a8e187034f61bb5f80a3fa92749e P 3bb526c2c3754bb5b67790ac8243b3fa [term 1 FOLLOWER]: Leader election vote request: Granting yes vote for candidate 79122600a1164098bf413e145d5e05a0 in term 1.
I20260710 13:21:01.157294 17983 raft_consensus.cc:493] T fd79a76203824c63a6b8b174b8324f5e P 79122600a1164098bf413e145d5e05a0 [term 0 FOLLOWER]: Starting pre-election (no leader contacted us within the election timeout)
I20260710 13:21:01.157743 17983 raft_consensus.cc:515] T fd79a76203824c63a6b8b174b8324f5e P 79122600a1164098bf413e145d5e05a0 [term 0 FOLLOWER]: Starting pre-election with config: opid_index: -1 OBSOLETE_local: false peers { permanent_uuid: "79122600a1164098bf413e145d5e05a0" member_type: VOTER last_known_addr { host: "127.16.59.1" port: 33731 } } peers { permanent_uuid: "7b2721efb1fd4a69bef7e6b9c29e661b" member_type: VOTER last_known_addr { host: "127.16.59.2" port: 46111 } } peers { permanent_uuid: "3bb526c2c3754bb5b67790ac8243b3fa" member_type: VOTER last_known_addr { host: "127.16.59.3" port: 43107 } }
I20260710 13:21:01.158049 17715 leader_election.cc:304] T ec8ac0189cb6425cb792602efd18d7e0 P 79122600a1164098bf413e145d5e05a0 [CANDIDATE]: Term 1 pre-election: Election decided. Result: candidate won. Election summary: received 2 responses out of 3 voters: 2 yes votes; 0 no votes. yes voters: 79122600a1164098bf413e145d5e05a0, 7b2721efb1fd4a69bef7e6b9c29e661b; no voters: 
I20260710 13:21:01.159152 17939 tablet_bootstrap.cc:654] T 904daba05de04cd2b6edfd09566eed4e P 79122600a1164098bf413e145d5e05a0: Neither blocks nor log segments found. Creating new log.
I20260710 13:21:01.159603 17945 raft_consensus.cc:2804] T ec8ac0189cb6425cb792602efd18d7e0 P 79122600a1164098bf413e145d5e05a0 [term 0 FOLLOWER]: Leader pre-election won for term 1
I20260710 13:21:01.153252 17947 raft_consensus.cc:2804] T 6f3cbb48efb04148b95adbe74339d57f P 3bb526c2c3754bb5b67790ac8243b3fa [term 0 FOLLOWER]: Leader pre-election won for term 1
I20260710 13:21:01.160729 17947 raft_consensus.cc:493] T 6f3cbb48efb04148b95adbe74339d57f P 3bb526c2c3754bb5b67790ac8243b3fa [term 0 FOLLOWER]: Starting leader election (no leader contacted us within the election timeout)
I20260710 13:21:01.160676 17898 tablet_service.cc:1917] Received RequestConsensusVote() RPC: tablet_id: "f8f9c95fd69c4e19a10800ab33ca25a8" candidate_uuid: "79122600a1164098bf413e145d5e05a0" candidate_term: 1 candidate_status { last_received { term: 0 index: 0 } } ignore_live_leader: false dest_uuid: "3bb526c2c3754bb5b67790ac8243b3fa"
I20260710 13:21:01.161202 17947 raft_consensus.cc:3060] T 6f3cbb48efb04148b95adbe74339d57f P 3bb526c2c3754bb5b67790ac8243b3fa [term 0 FOLLOWER]: Advancing to term 1
I20260710 13:21:01.161361 17898 raft_consensus.cc:3060] T f8f9c95fd69c4e19a10800ab33ca25a8 P 3bb526c2c3754bb5b67790ac8243b3fa [term 0 FOLLOWER]: Advancing to term 1
I20260710 13:21:01.162318 17940 tablet_bootstrap.cc:492] T fa5546384f8c43469536c3cfc90ce351 P 3bb526c2c3754bb5b67790ac8243b3fa: No bootstrap required, opened a new log
I20260710 13:21:01.162572 17897 tablet_service.cc:1917] Received RequestConsensusVote() RPC: tablet_id: "fd79a76203824c63a6b8b174b8324f5e" candidate_uuid: "79122600a1164098bf413e145d5e05a0" candidate_term: 1 candidate_status { last_received { term: 0 index: 0 } } ignore_live_leader: false dest_uuid: "3bb526c2c3754bb5b67790ac8243b3fa" is_pre_election: true
I20260710 13:21:01.163115 17940 ts_tablet_manager.cc:1403] T fa5546384f8c43469536c3cfc90ce351 P 3bb526c2c3754bb5b67790ac8243b3fa: Time spent bootstrapping tablet: real 0.100s	user 0.037s	sys 0.016s
I20260710 13:21:01.161147 17712 leader_election.cc:304] T 2b49a8e187034f61bb5f80a3fa92749e P 79122600a1164098bf413e145d5e05a0 [CANDIDATE]: Term 1 election: Election decided. Result: candidate won. Election summary: received 3 responses out of 3 voters: 2 yes votes; 1 no votes. yes voters: 3bb526c2c3754bb5b67790ac8243b3fa, 79122600a1164098bf413e145d5e05a0; no voters: 7b2721efb1fd4a69bef7e6b9c29e661b
I20260710 13:21:01.160421 17945 raft_consensus.cc:493] T ec8ac0189cb6425cb792602efd18d7e0 P 79122600a1164098bf413e145d5e05a0 [term 0 FOLLOWER]: Starting leader election (no leader contacted us within the election timeout)
I20260710 13:21:01.167395 17945 raft_consensus.cc:3060] T ec8ac0189cb6425cb792602efd18d7e0 P 79122600a1164098bf413e145d5e05a0 [term 0 FOLLOWER]: Advancing to term 1
I20260710 13:21:01.167482 17823 tablet_service.cc:1917] Received RequestConsensusVote() RPC: tablet_id: "f8f9c95fd69c4e19a10800ab33ca25a8" candidate_uuid: "79122600a1164098bf413e145d5e05a0" candidate_term: 1 candidate_status { last_received { term: 0 index: 0 } } ignore_live_leader: false dest_uuid: "7b2721efb1fd4a69bef7e6b9c29e661b"
I20260710 13:21:01.167477 17896 tablet_service.cc:1917] Received RequestConsensusVote() RPC: tablet_id: "ec8ac0189cb6425cb792602efd18d7e0" candidate_uuid: "79122600a1164098bf413e145d5e05a0" candidate_term: 1 candidate_status { last_received { term: 0 index: 0 } } ignore_live_leader: false dest_uuid: "3bb526c2c3754bb5b67790ac8243b3fa" is_pre_election: true
I20260710 13:21:01.168244 17823 raft_consensus.cc:3060] T f8f9c95fd69c4e19a10800ab33ca25a8 P 7b2721efb1fd4a69bef7e6b9c29e661b [term 0 FOLLOWER]: Advancing to term 1
W20260710 13:21:01.168397 17712 leader_election.cc:343] T fd79a76203824c63a6b8b174b8324f5e P 79122600a1164098bf413e145d5e05a0 [CANDIDATE]: Term 1 pre-election: Tablet error from VoteRequest() call to peer 3bb526c2c3754bb5b67790ac8243b3fa (127.16.59.3:43107): Illegal state: must be running to vote when last-logged opid is not known
I20260710 13:21:01.168313 17896 raft_consensus.cc:2468] T ec8ac0189cb6425cb792602efd18d7e0 P 3bb526c2c3754bb5b67790ac8243b3fa [term 0 FOLLOWER]: Leader pre-election vote request: Granting yes vote for candidate 79122600a1164098bf413e145d5e05a0 in term 0.
I20260710 13:21:01.159837 17983 leader_election.cc:290] T fd79a76203824c63a6b8b174b8324f5e P 79122600a1164098bf413e145d5e05a0 [CANDIDATE]: Term 1 pre-election: Requested pre-vote from peers 7b2721efb1fd4a69bef7e6b9c29e661b (127.16.59.2:46111), 3bb526c2c3754bb5b67790ac8243b3fa (127.16.59.3:43107)
I20260710 13:21:01.171378 17940 raft_consensus.cc:359] T fa5546384f8c43469536c3cfc90ce351 P 3bb526c2c3754bb5b67790ac8243b3fa [term 0 FOLLOWER]: Replica starting. Triggering 0 pending ops. Active config: opid_index: -1 OBSOLETE_local: false peers { permanent_uuid: "79122600a1164098bf413e145d5e05a0" member_type: VOTER last_known_addr { host: "127.16.59.1" port: 33731 } } peers { permanent_uuid: "7b2721efb1fd4a69bef7e6b9c29e661b" member_type: VOTER last_known_addr { host: "127.16.59.2" port: 46111 } } peers { permanent_uuid: "3bb526c2c3754bb5b67790ac8243b3fa" member_type: VOTER last_known_addr { host: "127.16.59.3" port: 43107 } }
I20260710 13:21:01.172075 17940 raft_consensus.cc:385] T fa5546384f8c43469536c3cfc90ce351 P 3bb526c2c3754bb5b67790ac8243b3fa [term 0 FOLLOWER]: Consensus starting up: Expiring failure detector timer to make a prompt election more likely
I20260710 13:21:01.172329 17940 raft_consensus.cc:740] T fa5546384f8c43469536c3cfc90ce351 P 3bb526c2c3754bb5b67790ac8243b3fa [term 0 FOLLOWER]: Becoming Follower/Learner. State: Replica: 3bb526c2c3754bb5b67790ac8243b3fa, State: Initialized, Role: FOLLOWER
I20260710 13:21:01.166325 17978 leader_election.cc:290] T f8f9c95fd69c4e19a10800ab33ca25a8 P 79122600a1164098bf413e145d5e05a0 [CANDIDATE]: Term 1 election: Requested vote from peers 7b2721efb1fd4a69bef7e6b9c29e661b (127.16.59.2:46111), 3bb526c2c3754bb5b67790ac8243b3fa (127.16.59.3:43107)
I20260710 13:21:01.174714 17982 raft_consensus.cc:2804] T 2b49a8e187034f61bb5f80a3fa92749e P 79122600a1164098bf413e145d5e05a0 [term 1 FOLLOWER]: Leader election won for term 1
I20260710 13:21:01.175482 17940 consensus_queue.cc:260] T fa5546384f8c43469536c3cfc90ce351 P 3bb526c2c3754bb5b67790ac8243b3fa [NON_LEADER]: Queue going to NON_LEADER mode. State: All replicated index: 0, Majority replicated index: 0, Committed index: 0, Last appended: 0.0, Last appended by leader: 0, Current term: 0, Majority size: -1, State: 0, Mode: NON_LEADER, active raft config: opid_index: -1 OBSOLETE_local: false peers { permanent_uuid: "79122600a1164098bf413e145d5e05a0" member_type: VOTER last_known_addr { host: "127.16.59.1" port: 33731 } } peers { permanent_uuid: "7b2721efb1fd4a69bef7e6b9c29e661b" member_type: VOTER last_known_addr { host: "127.16.59.2" port: 46111 } } peers { permanent_uuid: "3bb526c2c3754bb5b67790ac8243b3fa" member_type: VOTER last_known_addr { host: "127.16.59.3" port: 43107 } }
I20260710 13:21:01.175256 17982 raft_consensus.cc:697] T 2b49a8e187034f61bb5f80a3fa92749e P 79122600a1164098bf413e145d5e05a0 [term 1 LEADER]: Becoming Leader. State: Replica: 79122600a1164098bf413e145d5e05a0, State: Running, Role: LEADER
I20260710 13:21:01.177736 17822 tablet_service.cc:1917] Received RequestConsensusVote() RPC: tablet_id: "fd79a76203824c63a6b8b174b8324f5e" candidate_uuid: "79122600a1164098bf413e145d5e05a0" candidate_term: 1 candidate_status { last_received { term: 0 index: 0 } } ignore_live_leader: false dest_uuid: "7b2721efb1fd4a69bef7e6b9c29e661b" is_pre_election: true
I20260710 13:21:01.178386 17822 raft_consensus.cc:2468] T fd79a76203824c63a6b8b174b8324f5e P 7b2721efb1fd4a69bef7e6b9c29e661b [term 0 FOLLOWER]: Leader pre-election vote request: Granting yes vote for candidate 79122600a1164098bf413e145d5e05a0 in term 0.
I20260710 13:21:01.177892 17982 consensus_queue.cc:237] T 2b49a8e187034f61bb5f80a3fa92749e P 79122600a1164098bf413e145d5e05a0 [LEADER]: Queue going to LEADER mode. State: All replicated index: 0, Majority replicated index: 0, Committed index: 0, Last appended: 0.0, Last appended by leader: 0, Current term: 1, Majority size: 2, State: 0, Mode: LEADER, active raft config: opid_index: -1 OBSOLETE_local: false peers { permanent_uuid: "79122600a1164098bf413e145d5e05a0" member_type: VOTER last_known_addr { host: "127.16.59.1" port: 33731 } } peers { permanent_uuid: "7b2721efb1fd4a69bef7e6b9c29e661b" member_type: VOTER last_known_addr { host: "127.16.59.2" port: 46111 } } peers { permanent_uuid: "3bb526c2c3754bb5b67790ac8243b3fa" member_type: VOTER last_known_addr { host: "127.16.59.3" port: 43107 } }
I20260710 13:21:01.179733 17715 leader_election.cc:304] T fd79a76203824c63a6b8b174b8324f5e P 79122600a1164098bf413e145d5e05a0 [CANDIDATE]: Term 1 pre-election: Election decided. Result: candidate won. Election summary: received 3 responses out of 3 voters: 2 yes votes; 1 no votes. yes voters: 79122600a1164098bf413e145d5e05a0, 7b2721efb1fd4a69bef7e6b9c29e661b; no voters: 3bb526c2c3754bb5b67790ac8243b3fa
I20260710 13:21:01.181206 17898 raft_consensus.cc:2468] T f8f9c95fd69c4e19a10800ab33ca25a8 P 3bb526c2c3754bb5b67790ac8243b3fa [term 1 FOLLOWER]: Leader election vote request: Granting yes vote for candidate 79122600a1164098bf413e145d5e05a0 in term 1.
I20260710 13:21:01.181885 17978 raft_consensus.cc:2804] T fd79a76203824c63a6b8b174b8324f5e P 79122600a1164098bf413e145d5e05a0 [term 0 FOLLOWER]: Leader pre-election won for term 1
I20260710 13:21:01.182830 17978 raft_consensus.cc:493] T fd79a76203824c63a6b8b174b8324f5e P 79122600a1164098bf413e145d5e05a0 [term 0 FOLLOWER]: Starting leader election (no leader contacted us within the election timeout)
I20260710 13:21:01.183166 17978 raft_consensus.cc:3060] T fd79a76203824c63a6b8b174b8324f5e P 79122600a1164098bf413e145d5e05a0 [term 0 FOLLOWER]: Advancing to term 1
I20260710 13:21:01.182371 17945 raft_consensus.cc:515] T ec8ac0189cb6425cb792602efd18d7e0 P 79122600a1164098bf413e145d5e05a0 [term 1 FOLLOWER]: Starting leader election with config: opid_index: -1 OBSOLETE_local: false peers { permanent_uuid: "79122600a1164098bf413e145d5e05a0" member_type: VOTER last_known_addr { host: "127.16.59.1" port: 33731 } } peers { permanent_uuid: "7b2721efb1fd4a69bef7e6b9c29e661b" member_type: VOTER last_known_addr { host: "127.16.59.2" port: 46111 } } peers { permanent_uuid: "3bb526c2c3754bb5b67790ac8243b3fa" member_type: VOTER last_known_addr { host: "127.16.59.3" port: 43107 } }
I20260710 13:21:01.185127 17712 leader_election.cc:304] T f8f9c95fd69c4e19a10800ab33ca25a8 P 79122600a1164098bf413e145d5e05a0 [CANDIDATE]: Term 1 election: Election decided. Result: candidate won. Election summary: received 2 responses out of 3 voters: 2 yes votes; 0 no votes. yes voters: 3bb526c2c3754bb5b67790ac8243b3fa, 79122600a1164098bf413e145d5e05a0; no voters: 
I20260710 13:21:01.186359 17983 raft_consensus.cc:2804] T f8f9c95fd69c4e19a10800ab33ca25a8 P 79122600a1164098bf413e145d5e05a0 [term 1 FOLLOWER]: Leader election won for term 1
I20260710 13:21:01.187443 17822 tablet_service.cc:1917] Received RequestConsensusVote() RPC: tablet_id: "ec8ac0189cb6425cb792602efd18d7e0" candidate_uuid: "79122600a1164098bf413e145d5e05a0" candidate_term: 1 candidate_status { last_received { term: 0 index: 0 } } ignore_live_leader: false dest_uuid: "7b2721efb1fd4a69bef7e6b9c29e661b"
I20260710 13:21:01.188055 17822 raft_consensus.cc:3060] T ec8ac0189cb6425cb792602efd18d7e0 P 7b2721efb1fd4a69bef7e6b9c29e661b [term 0 FOLLOWER]: Advancing to term 1
I20260710 13:21:01.192456 17938 tablet_bootstrap.cc:492] T 2b49a8e187034f61bb5f80a3fa92749e P 7b2721efb1fd4a69bef7e6b9c29e661b: No bootstrap required, opened a new log
I20260710 13:21:01.193287 17938 ts_tablet_manager.cc:1403] T 2b49a8e187034f61bb5f80a3fa92749e P 7b2721efb1fd4a69bef7e6b9c29e661b: Time spent bootstrapping tablet: real 0.070s	user 0.017s	sys 0.010s
I20260710 13:21:01.197546 17823 raft_consensus.cc:2468] T f8f9c95fd69c4e19a10800ab33ca25a8 P 7b2721efb1fd4a69bef7e6b9c29e661b [term 1 FOLLOWER]: Leader election vote request: Granting yes vote for candidate 79122600a1164098bf413e145d5e05a0 in term 1.
I20260710 13:21:01.198702 17898 tablet_service.cc:1917] Received RequestConsensusVote() RPC: tablet_id: "ec8ac0189cb6425cb792602efd18d7e0" candidate_uuid: "79122600a1164098bf413e145d5e05a0" candidate_term: 1 candidate_status { last_received { term: 0 index: 0 } } ignore_live_leader: false dest_uuid: "3bb526c2c3754bb5b67790ac8243b3fa"
I20260710 13:21:01.199481 17898 raft_consensus.cc:3060] T ec8ac0189cb6425cb792602efd18d7e0 P 3bb526c2c3754bb5b67790ac8243b3fa [term 0 FOLLOWER]: Advancing to term 1
I20260710 13:21:01.199278 17938 raft_consensus.cc:359] T 2b49a8e187034f61bb5f80a3fa92749e P 7b2721efb1fd4a69bef7e6b9c29e661b [term 0 FOLLOWER]: Replica starting. Triggering 0 pending ops. Active config: opid_index: -1 OBSOLETE_local: false peers { permanent_uuid: "79122600a1164098bf413e145d5e05a0" member_type: VOTER last_known_addr { host: "127.16.59.1" port: 33731 } } peers { permanent_uuid: "7b2721efb1fd4a69bef7e6b9c29e661b" member_type: VOTER last_known_addr { host: "127.16.59.2" port: 46111 } } peers { permanent_uuid: "3bb526c2c3754bb5b67790ac8243b3fa" member_type: VOTER last_known_addr { host: "127.16.59.3" port: 43107 } }
I20260710 13:21:01.199983 17938 raft_consensus.cc:385] T 2b49a8e187034f61bb5f80a3fa92749e P 7b2721efb1fd4a69bef7e6b9c29e661b [term 0 FOLLOWER]: Consensus starting up: Expiring failure detector timer to make a prompt election more likely
I20260710 13:21:01.200276 17938 raft_consensus.cc:740] T 2b49a8e187034f61bb5f80a3fa92749e P 7b2721efb1fd4a69bef7e6b9c29e661b [term 0 FOLLOWER]: Becoming Follower/Learner. State: Replica: 7b2721efb1fd4a69bef7e6b9c29e661b, State: Initialized, Role: FOLLOWER
I20260710 13:21:01.202936 17945 leader_election.cc:290] T ec8ac0189cb6425cb792602efd18d7e0 P 79122600a1164098bf413e145d5e05a0 [CANDIDATE]: Term 1 election: Requested vote from peers 7b2721efb1fd4a69bef7e6b9c29e661b (127.16.59.2:46111), 3bb526c2c3754bb5b67790ac8243b3fa (127.16.59.3:43107)
I20260710 13:21:01.202786 17938 consensus_queue.cc:260] T 2b49a8e187034f61bb5f80a3fa92749e P 7b2721efb1fd4a69bef7e6b9c29e661b [NON_LEADER]: Queue going to NON_LEADER mode. State: All replicated index: 0, Majority replicated index: 0, Committed index: 0, Last appended: 0.0, Last appended by leader: 0, Current term: 0, Majority size: -1, State: 0, Mode: NON_LEADER, active raft config: opid_index: -1 OBSOLETE_local: false peers { permanent_uuid: "79122600a1164098bf413e145d5e05a0" member_type: VOTER last_known_addr { host: "127.16.59.1" port: 33731 } } peers { permanent_uuid: "7b2721efb1fd4a69bef7e6b9c29e661b" member_type: VOTER last_known_addr { host: "127.16.59.2" port: 46111 } } peers { permanent_uuid: "3bb526c2c3754bb5b67790ac8243b3fa" member_type: VOTER last_known_addr { host: "127.16.59.3" port: 43107 } }
I20260710 13:21:01.201932 17978 raft_consensus.cc:515] T fd79a76203824c63a6b8b174b8324f5e P 79122600a1164098bf413e145d5e05a0 [term 1 FOLLOWER]: Starting leader election with config: opid_index: -1 OBSOLETE_local: false peers { permanent_uuid: "79122600a1164098bf413e145d5e05a0" member_type: VOTER last_known_addr { host: "127.16.59.1" port: 33731 } } peers { permanent_uuid: "7b2721efb1fd4a69bef7e6b9c29e661b" member_type: VOTER last_known_addr { host: "127.16.59.2" port: 46111 } } peers { permanent_uuid: "3bb526c2c3754bb5b67790ac8243b3fa" member_type: VOTER last_known_addr { host: "127.16.59.3" port: 43107 } }
I20260710 13:21:01.206854 17978 leader_election.cc:290] T fd79a76203824c63a6b8b174b8324f5e P 79122600a1164098bf413e145d5e05a0 [CANDIDATE]: Term 1 election: Requested vote from peers 7b2721efb1fd4a69bef7e6b9c29e661b (127.16.59.2:46111), 3bb526c2c3754bb5b67790ac8243b3fa (127.16.59.3:43107)
I20260710 13:21:01.207973 17896 tablet_service.cc:1917] Received RequestConsensusVote() RPC: tablet_id: "fd79a76203824c63a6b8b174b8324f5e" candidate_uuid: "79122600a1164098bf413e145d5e05a0" candidate_term: 1 candidate_status { last_received { term: 0 index: 0 } } ignore_live_leader: false dest_uuid: "3bb526c2c3754bb5b67790ac8243b3fa"
W20260710 13:21:01.209575 17712 leader_election.cc:343] T fd79a76203824c63a6b8b174b8324f5e P 79122600a1164098bf413e145d5e05a0 [CANDIDATE]: Term 1 election: Tablet error from VoteRequest() call to peer 3bb526c2c3754bb5b67790ac8243b3fa (127.16.59.3:43107): Illegal state: must be running to vote when last-logged opid is not known
I20260710 13:21:01.207753 17947 raft_consensus.cc:515] T 6f3cbb48efb04148b95adbe74339d57f P 3bb526c2c3754bb5b67790ac8243b3fa [term 1 FOLLOWER]: Starting leader election with config: opid_index: -1 OBSOLETE_local: false peers { permanent_uuid: "79122600a1164098bf413e145d5e05a0" member_type: VOTER last_known_addr { host: "127.16.59.1" port: 33731 } } peers { permanent_uuid: "7b2721efb1fd4a69bef7e6b9c29e661b" member_type: VOTER last_known_addr { host: "127.16.59.2" port: 46111 } } peers { permanent_uuid: "3bb526c2c3754bb5b67790ac8243b3fa" member_type: VOTER last_known_addr { host: "127.16.59.3" port: 43107 } }
I20260710 13:21:01.212590 17955 raft_consensus.cc:493] T fa5546384f8c43469536c3cfc90ce351 P 7b2721efb1fd4a69bef7e6b9c29e661b [term 0 FOLLOWER]: Starting pre-election (no leader contacted us within the election timeout)
I20260710 13:21:01.216192 17955 raft_consensus.cc:515] T fa5546384f8c43469536c3cfc90ce351 P 7b2721efb1fd4a69bef7e6b9c29e661b [term 0 FOLLOWER]: Starting pre-election with config: opid_index: -1 OBSOLETE_local: false peers { permanent_uuid: "79122600a1164098bf413e145d5e05a0" member_type: VOTER last_known_addr { host: "127.16.59.1" port: 33731 } } peers { permanent_uuid: "7b2721efb1fd4a69bef7e6b9c29e661b" member_type: VOTER last_known_addr { host: "127.16.59.2" port: 46111 } } peers { permanent_uuid: "3bb526c2c3754bb5b67790ac8243b3fa" member_type: VOTER last_known_addr { host: "127.16.59.3" port: 43107 } }
I20260710 13:21:01.219399 17749 tablet_service.cc:1917] Received RequestConsensusVote() RPC: tablet_id: "fa5546384f8c43469536c3cfc90ce351" candidate_uuid: "7b2721efb1fd4a69bef7e6b9c29e661b" candidate_term: 1 candidate_status { last_received { term: 0 index: 0 } } ignore_live_leader: false dest_uuid: "79122600a1164098bf413e145d5e05a0" is_pre_election: true
I20260710 13:21:01.220024 17749 raft_consensus.cc:2468] T fa5546384f8c43469536c3cfc90ce351 P 79122600a1164098bf413e145d5e05a0 [term 0 FOLLOWER]: Leader pre-election vote request: Granting yes vote for candidate 7b2721efb1fd4a69bef7e6b9c29e661b in term 0.
I20260710 13:21:01.220116 17748 tablet_service.cc:1917] Received RequestConsensusVote() RPC: tablet_id: "6f3cbb48efb04148b95adbe74339d57f" candidate_uuid: "3bb526c2c3754bb5b67790ac8243b3fa" candidate_term: 1 candidate_status { last_received { term: 0 index: 0 } } ignore_live_leader: false dest_uuid: "79122600a1164098bf413e145d5e05a0"
I20260710 13:21:01.220703 17748 raft_consensus.cc:3060] T 6f3cbb48efb04148b95adbe74339d57f P 79122600a1164098bf413e145d5e05a0 [term 0 FOLLOWER]: Advancing to term 1
I20260710 13:21:01.221580 17824 tablet_service.cc:1917] Received RequestConsensusVote() RPC: tablet_id: "6f3cbb48efb04148b95adbe74339d57f" candidate_uuid: "3bb526c2c3754bb5b67790ac8243b3fa" candidate_term: 1 candidate_status { last_received { term: 0 index: 0 } } ignore_live_leader: false dest_uuid: "7b2721efb1fd4a69bef7e6b9c29e661b"
I20260710 13:21:01.222328 17824 raft_consensus.cc:3060] T 6f3cbb48efb04148b95adbe74339d57f P 7b2721efb1fd4a69bef7e6b9c29e661b [term 0 FOLLOWER]: Advancing to term 1
I20260710 13:21:01.222345 17789 leader_election.cc:304] T fa5546384f8c43469536c3cfc90ce351 P 7b2721efb1fd4a69bef7e6b9c29e661b [CANDIDATE]: Term 1 pre-election: Election decided. Result: candidate won. Election summary: received 2 responses out of 3 voters: 2 yes votes; 0 no votes. yes voters: 79122600a1164098bf413e145d5e05a0, 7b2721efb1fd4a69bef7e6b9c29e661b; no voters: 
I20260710 13:21:01.223564 17979 raft_consensus.cc:2804] T fa5546384f8c43469536c3cfc90ce351 P 7b2721efb1fd4a69bef7e6b9c29e661b [term 0 FOLLOWER]: Leader pre-election won for term 1
I20260710 13:21:01.224036 17979 raft_consensus.cc:493] T fa5546384f8c43469536c3cfc90ce351 P 7b2721efb1fd4a69bef7e6b9c29e661b [term 0 FOLLOWER]: Starting leader election (no leader contacted us within the election timeout)
I20260710 13:21:01.224390 17979 raft_consensus.cc:3060] T fa5546384f8c43469536c3cfc90ce351 P 7b2721efb1fd4a69bef7e6b9c29e661b [term 0 FOLLOWER]: Advancing to term 1
I20260710 13:21:01.227543 17955 leader_election.cc:290] T fa5546384f8c43469536c3cfc90ce351 P 7b2721efb1fd4a69bef7e6b9c29e661b [CANDIDATE]: Term 1 pre-election: Requested pre-vote from peers 79122600a1164098bf413e145d5e05a0 (127.16.59.1:33731), 3bb526c2c3754bb5b67790ac8243b3fa (127.16.59.3:43107)
I20260710 13:21:01.228183 17896 tablet_service.cc:1917] Received RequestConsensusVote() RPC: tablet_id: "fa5546384f8c43469536c3cfc90ce351" candidate_uuid: "7b2721efb1fd4a69bef7e6b9c29e661b" candidate_term: 1 candidate_status { last_received { term: 0 index: 0 } } ignore_live_leader: false dest_uuid: "3bb526c2c3754bb5b67790ac8243b3fa" is_pre_election: true
I20260710 13:21:01.228816 17896 raft_consensus.cc:2468] T fa5546384f8c43469536c3cfc90ce351 P 3bb526c2c3754bb5b67790ac8243b3fa [term 0 FOLLOWER]: Leader pre-election vote request: Granting yes vote for candidate 7b2721efb1fd4a69bef7e6b9c29e661b in term 0.
I20260710 13:21:01.230100 17748 raft_consensus.cc:2468] T 6f3cbb48efb04148b95adbe74339d57f P 79122600a1164098bf413e145d5e05a0 [term 1 FOLLOWER]: Leader election vote request: Granting yes vote for candidate 3bb526c2c3754bb5b67790ac8243b3fa in term 1.
I20260710 13:21:01.231104 17863 leader_election.cc:304] T 6f3cbb48efb04148b95adbe74339d57f P 3bb526c2c3754bb5b67790ac8243b3fa [CANDIDATE]: Term 1 election: Election decided. Result: candidate won. Election summary: received 2 responses out of 3 voters: 2 yes votes; 0 no votes. yes voters: 3bb526c2c3754bb5b67790ac8243b3fa, 79122600a1164098bf413e145d5e05a0; no voters: 
I20260710 13:21:01.232231 17938 ts_tablet_manager.cc:1434] T 2b49a8e187034f61bb5f80a3fa92749e P 7b2721efb1fd4a69bef7e6b9c29e661b: Time spent starting tablet: real 0.039s	user 0.005s	sys 0.001s
I20260710 13:21:01.232991 17823 tablet_service.cc:1917] Received RequestConsensusVote() RPC: tablet_id: "fd79a76203824c63a6b8b174b8324f5e" candidate_uuid: "79122600a1164098bf413e145d5e05a0" candidate_term: 1 candidate_status { last_received { term: 0 index: 0 } } ignore_live_leader: false dest_uuid: "7b2721efb1fd4a69bef7e6b9c29e661b"
I20260710 13:21:01.233568 17823 raft_consensus.cc:3060] T fd79a76203824c63a6b8b174b8324f5e P 7b2721efb1fd4a69bef7e6b9c29e661b [term 0 FOLLOWER]: Advancing to term 1
I20260710 13:21:01.236488 17979 raft_consensus.cc:515] T fa5546384f8c43469536c3cfc90ce351 P 7b2721efb1fd4a69bef7e6b9c29e661b [term 1 FOLLOWER]: Starting leader election with config: opid_index: -1 OBSOLETE_local: false peers { permanent_uuid: "79122600a1164098bf413e145d5e05a0" member_type: VOTER last_known_addr { host: "127.16.59.1" port: 33731 } } peers { permanent_uuid: "7b2721efb1fd4a69bef7e6b9c29e661b" member_type: VOTER last_known_addr { host: "127.16.59.2" port: 46111 } } peers { permanent_uuid: "3bb526c2c3754bb5b67790ac8243b3fa" member_type: VOTER last_known_addr { host: "127.16.59.3" port: 43107 } }
I20260710 13:21:01.239535 17749 tablet_service.cc:1917] Received RequestConsensusVote() RPC: tablet_id: "fa5546384f8c43469536c3cfc90ce351" candidate_uuid: "7b2721efb1fd4a69bef7e6b9c29e661b" candidate_term: 1 candidate_status { last_received { term: 0 index: 0 } } ignore_live_leader: false dest_uuid: "79122600a1164098bf413e145d5e05a0"
I20260710 13:21:01.240120 17749 raft_consensus.cc:3060] T fa5546384f8c43469536c3cfc90ce351 P 79122600a1164098bf413e145d5e05a0 [term 0 FOLLOWER]: Advancing to term 1
I20260710 13:21:01.240392 17823 raft_consensus.cc:2468] T fd79a76203824c63a6b8b174b8324f5e P 7b2721efb1fd4a69bef7e6b9c29e661b [term 1 FOLLOWER]: Leader election vote request: Granting yes vote for candidate 79122600a1164098bf413e145d5e05a0 in term 1.
I20260710 13:21:01.241596 17715 leader_election.cc:304] T fd79a76203824c63a6b8b174b8324f5e P 79122600a1164098bf413e145d5e05a0 [CANDIDATE]: Term 1 election: Election decided. Result: candidate won. Election summary: received 3 responses out of 3 voters: 2 yes votes; 1 no votes. yes voters: 79122600a1164098bf413e145d5e05a0, 7b2721efb1fd4a69bef7e6b9c29e661b; no voters: 3bb526c2c3754bb5b67790ac8243b3fa
I20260710 13:21:01.242154 17822 raft_consensus.cc:2468] T ec8ac0189cb6425cb792602efd18d7e0 P 7b2721efb1fd4a69bef7e6b9c29e661b [term 1 FOLLOWER]: Leader election vote request: Granting yes vote for candidate 79122600a1164098bf413e145d5e05a0 in term 1.
I20260710 13:21:01.242769 17978 raft_consensus.cc:2804] T fd79a76203824c63a6b8b174b8324f5e P 79122600a1164098bf413e145d5e05a0 [term 1 FOLLOWER]: Leader election won for term 1
I20260710 13:21:01.245420 17938 tablet_bootstrap.cc:492] T 357706adb8b748f69382cfe5aa0e8ceb P 7b2721efb1fd4a69bef7e6b9c29e661b: Bootstrap starting.
I20260710 13:21:01.255330 17940 ts_tablet_manager.cc:1434] T fa5546384f8c43469536c3cfc90ce351 P 3bb526c2c3754bb5b67790ac8243b3fa: Time spent starting tablet: real 0.092s	user 0.020s	sys 0.022s
I20260710 13:21:01.218254 17898 raft_consensus.cc:2468] T ec8ac0189cb6425cb792602efd18d7e0 P 3bb526c2c3754bb5b67790ac8243b3fa [term 1 FOLLOWER]: Leader election vote request: Granting yes vote for candidate 79122600a1164098bf413e145d5e05a0 in term 1.
I20260710 13:21:01.256861 17940 tablet_bootstrap.cc:492] T fd79a76203824c63a6b8b174b8324f5e P 3bb526c2c3754bb5b67790ac8243b3fa: Bootstrap starting.
I20260710 13:21:01.246965 17983 raft_consensus.cc:697] T f8f9c95fd69c4e19a10800ab33ca25a8 P 79122600a1164098bf413e145d5e05a0 [term 1 LEADER]: Becoming Leader. State: Replica: 79122600a1164098bf413e145d5e05a0, State: Running, Role: LEADER
I20260710 13:21:01.247710 17947 leader_election.cc:290] T 6f3cbb48efb04148b95adbe74339d57f P 3bb526c2c3754bb5b67790ac8243b3fa [CANDIDATE]: Term 1 election: Requested vote from peers 79122600a1164098bf413e145d5e05a0 (127.16.59.1:33731), 7b2721efb1fd4a69bef7e6b9c29e661b (127.16.59.2:46111)
I20260710 13:21:01.265009 17955 raft_consensus.cc:493] T 2b49a8e187034f61bb5f80a3fa92749e P 7b2721efb1fd4a69bef7e6b9c29e661b [term 0 FOLLOWER]: Starting pre-election (no leader contacted us within the election timeout)
I20260710 13:21:01.256155 17978 raft_consensus.cc:697] T fd79a76203824c63a6b8b174b8324f5e P 79122600a1164098bf413e145d5e05a0 [term 1 LEADER]: Becoming Leader. State: Replica: 79122600a1164098bf413e145d5e05a0, State: Running, Role: LEADER
I20260710 13:21:01.269583 17979 leader_election.cc:290] T fa5546384f8c43469536c3cfc90ce351 P 7b2721efb1fd4a69bef7e6b9c29e661b [CANDIDATE]: Term 1 election: Requested vote from peers 79122600a1164098bf413e145d5e05a0 (127.16.59.1:33731), 3bb526c2c3754bb5b67790ac8243b3fa (127.16.59.3:43107)
I20260710 13:21:01.257728 17945 raft_consensus.cc:493] T 9ce91bb2e04f4922ac76c145cf213e03 P 79122600a1164098bf413e145d5e05a0 [term 0 FOLLOWER]: Starting pre-election (no leader contacted us within the election timeout)
I20260710 13:21:01.271790 17947 raft_consensus.cc:2804] T 6f3cbb48efb04148b95adbe74339d57f P 3bb526c2c3754bb5b67790ac8243b3fa [term 1 FOLLOWER]: Leader election won for term 1
