I20260710 13:20:41.464984 11258 consensus_queue.cc:260] T 9323d9f4ae774f02baab85240db04794 P 4a4ac1edfbe543fda0f7d0a5653718ab [NON_LEADER]: Queue going to NON_LEADER mode. State: All replicated index: 0, Majority replicated index: 2, Committed index: 2, Last appended: 2.2, Last appended by leader: 2, Current term: 2, Majority size: -1, State: 0, Mode: NON_LEADER, active raft config: opid_index: -1 OBSOLETE_local: false peers { permanent_uuid: "31ccda0ccc5744288423386ffda0e408" member_type: VOTER last_known_addr { host: "127.10.202.65" port: 42627 } } peers { permanent_uuid: "4a4ac1edfbe543fda0f7d0a5653718ab" member_type: VOTER last_known_addr { host: "127.10.202.66" port: 33511 } } peers { permanent_uuid: "c518021caea54144adb016e37d9a7a23" member_type: VOTER last_known_addr { host: "127.10.202.67" port: 45539 } }
I20260710 13:20:41.466159 11258 raft_consensus.cc:3060] T 9323d9f4ae774f02baab85240db04794 P 4a4ac1edfbe543fda0f7d0a5653718ab [term 2 FOLLOWER]: Advancing to term 3
I20260710 13:20:41.470022 11184 raft_consensus.cc:2468] T 9323d9f4ae774f02baab85240db04794 P 31ccda0ccc5744288423386ffda0e408 [term 3 FOLLOWER]: Leader election vote request: Granting yes vote for candidate c518021caea54144adb016e37d9a7a23 in term 3.
I20260710 13:20:41.471216 11298 leader_election.cc:304] T 9323d9f4ae774f02baab85240db04794 P c518021caea54144adb016e37d9a7a23 [CANDIDATE]: Term 3 election: Election decided. Result: candidate won. Election summary: received 2 responses out of 3 voters: 2 yes votes; 0 no votes. yes voters: 31ccda0ccc5744288423386ffda0e408, c518021caea54144adb016e37d9a7a23; no voters: 
I20260710 13:20:41.471820 11382 raft_consensus.cc:2804] T 9323d9f4ae774f02baab85240db04794 P c518021caea54144adb016e37d9a7a23 [term 3 FOLLOWER]: Leader election won for term 3
I20260710 13:20:41.472144 11258 raft_consensus.cc:2468] T 9323d9f4ae774f02baab85240db04794 P 4a4ac1edfbe543fda0f7d0a5653718ab [term 3 FOLLOWER]: Leader election vote request: Granting yes vote for candidate c518021caea54144adb016e37d9a7a23 in term 3.
I20260710 13:20:41.472954 11382 raft_consensus.cc:697] T 9323d9f4ae774f02baab85240db04794 P c518021caea54144adb016e37d9a7a23 [term 3 LEADER]: Becoming Leader. State: Replica: c518021caea54144adb016e37d9a7a23, State: Running, Role: LEADER
I20260710 13:20:41.473698 11382 consensus_queue.cc:237] T 9323d9f4ae774f02baab85240db04794 P c518021caea54144adb016e37d9a7a23 [LEADER]: Queue going to LEADER mode. State: All replicated index: 0, Majority replicated index: 2, Committed index: 2, Last appended: 2.2, Last appended by leader: 2, Current term: 3, Majority size: 2, State: 0, Mode: LEADER, active raft config: opid_index: -1 OBSOLETE_local: false peers { permanent_uuid: "31ccda0ccc5744288423386ffda0e408" member_type: VOTER last_known_addr { host: "127.10.202.65" port: 42627 } } peers { permanent_uuid: "4a4ac1edfbe543fda0f7d0a5653718ab" member_type: VOTER last_known_addr { host: "127.10.202.66" port: 33511 } } peers { permanent_uuid: "c518021caea54144adb016e37d9a7a23" member_type: VOTER last_known_addr { host: "127.10.202.67" port: 45539 } }
I20260710 13:20:41.482215 11081 catalog_manager.cc:5697] T 9323d9f4ae774f02baab85240db04794 P c518021caea54144adb016e37d9a7a23 reported cstate change: term changed from 2 to 3, leader changed from 4a4ac1edfbe543fda0f7d0a5653718ab (127.10.202.66) to c518021caea54144adb016e37d9a7a23 (127.10.202.67). New cstate: current_term: 3 leader_uuid: "c518021caea54144adb016e37d9a7a23" committed_config { opid_index: -1 OBSOLETE_local: false peers { permanent_uuid: "31ccda0ccc5744288423386ffda0e408" member_type: VOTER last_known_addr { host: "127.10.202.65" port: 42627 } health_report { overall_health: UNKNOWN } } peers { permanent_uuid: "4a4ac1edfbe543fda0f7d0a5653718ab" member_type: VOTER last_known_addr { host: "127.10.202.66" port: 33511 } health_report { overall_health: UNKNOWN } } peers { permanent_uuid: "c518021caea54144adb016e37d9a7a23" member_type: VOTER last_known_addr { host: "127.10.202.67" port: 45539 } health_report { overall_health: HEALTHY } } }
I20260710 13:20:41.617782 11469 raft_consensus.cc:993] T 42bffa9f2fd14fc0b850fafef1a6fe89 P 31ccda0ccc5744288423386ffda0e408: : Instructing follower c518021caea54144adb016e37d9a7a23 to start an election
I20260710 13:20:41.618216 11480 raft_consensus.cc:1081] T 42bffa9f2fd14fc0b850fafef1a6fe89 P 31ccda0ccc5744288423386ffda0e408 [term 1 LEADER]: Signalling peer c518021caea54144adb016e37d9a7a23 to start an election
I20260710 13:20:41.619517 11332 tablet_service.cc:2044] Received Run Leader Election RPC: tablet_id: "42bffa9f2fd14fc0b850fafef1a6fe89"
dest_uuid: "c518021caea54144adb016e37d9a7a23"
 from {username='slave'} at 127.0.0.1:44796
I20260710 13:20:41.619899 11332 raft_consensus.cc:493] T 42bffa9f2fd14fc0b850fafef1a6fe89 P c518021caea54144adb016e37d9a7a23 [term 1 FOLLOWER]: Starting forced leader election (received explicit request)
I20260710 13:20:41.620112 11332 raft_consensus.cc:3060] T 42bffa9f2fd14fc0b850fafef1a6fe89 P c518021caea54144adb016e37d9a7a23 [term 1 FOLLOWER]: Advancing to term 2
I20260710 13:20:41.623628 11332 raft_consensus.cc:515] T 42bffa9f2fd14fc0b850fafef1a6fe89 P c518021caea54144adb016e37d9a7a23 [term 2 FOLLOWER]: Starting forced leader election with config: opid_index: -1 OBSOLETE_local: false peers { permanent_uuid: "31ccda0ccc5744288423386ffda0e408" member_type: VOTER last_known_addr { host: "127.10.202.65" port: 42627 } } peers { permanent_uuid: "4a4ac1edfbe543fda0f7d0a5653718ab" member_type: VOTER last_known_addr { host: "127.10.202.66" port: 33511 } } peers { permanent_uuid: "c518021caea54144adb016e37d9a7a23" member_type: VOTER last_known_addr { host: "127.10.202.67" port: 45539 } }
I20260710 13:20:41.624931 11332 leader_election.cc:290] T 42bffa9f2fd14fc0b850fafef1a6fe89 P c518021caea54144adb016e37d9a7a23 [CANDIDATE]: Term 2 election: Requested vote from peers 31ccda0ccc5744288423386ffda0e408 (127.10.202.65:42627), 4a4ac1edfbe543fda0f7d0a5653718ab (127.10.202.66:33511)
I20260710 13:20:41.625594 11184 tablet_service.cc:1917] Received RequestConsensusVote() RPC: tablet_id: "42bffa9f2fd14fc0b850fafef1a6fe89" candidate_uuid: "c518021caea54144adb016e37d9a7a23" candidate_term: 2 candidate_status { last_received { term: 1 index: 1 } } ignore_live_leader: true dest_uuid: "31ccda0ccc5744288423386ffda0e408"
I20260710 13:20:41.625860 11258 tablet_service.cc:1917] Received RequestConsensusVote() RPC: tablet_id: "42bffa9f2fd14fc0b850fafef1a6fe89" candidate_uuid: "c518021caea54144adb016e37d9a7a23" candidate_term: 2 candidate_status { last_received { term: 1 index: 1 } } ignore_live_leader: true dest_uuid: "4a4ac1edfbe543fda0f7d0a5653718ab"
I20260710 13:20:41.626072 11184 raft_consensus.cc:3055] T 42bffa9f2fd14fc0b850fafef1a6fe89 P 31ccda0ccc5744288423386ffda0e408 [term 1 LEADER]: Stepping down as leader of term 1
I20260710 13:20:41.626389 11258 raft_consensus.cc:3060] T 42bffa9f2fd14fc0b850fafef1a6fe89 P 4a4ac1edfbe543fda0f7d0a5653718ab [term 1 FOLLOWER]: Advancing to term 2
I20260710 13:20:41.626412 11184 raft_consensus.cc:740] T 42bffa9f2fd14fc0b850fafef1a6fe89 P 31ccda0ccc5744288423386ffda0e408 [term 1 LEADER]: Becoming Follower/Learner. State: Replica: 31ccda0ccc5744288423386ffda0e408, State: Running, Role: LEADER
I20260710 13:20:41.627211 11184 consensus_queue.cc:260] T 42bffa9f2fd14fc0b850fafef1a6fe89 P 31ccda0ccc5744288423386ffda0e408 [NON_LEADER]: Queue going to NON_LEADER mode. State: All replicated index: 0, Majority replicated index: 1, Committed index: 1, Last appended: 1.1, Last appended by leader: 1, Current term: 1, Majority size: -1, State: 0, Mode: NON_LEADER, active raft config: opid_index: -1 OBSOLETE_local: false peers { permanent_uuid: "31ccda0ccc5744288423386ffda0e408" member_type: VOTER last_known_addr { host: "127.10.202.65" port: 42627 } } peers { permanent_uuid: "4a4ac1edfbe543fda0f7d0a5653718ab" member_type: VOTER last_known_addr { host: "127.10.202.66" port: 33511 } } peers { permanent_uuid: "c518021caea54144adb016e37d9a7a23" member_type: VOTER last_known_addr { host: "127.10.202.67" port: 45539 } }
I20260710 13:20:41.628355 11184 raft_consensus.cc:3060] T 42bffa9f2fd14fc0b850fafef1a6fe89 P 31ccda0ccc5744288423386ffda0e408 [term 1 FOLLOWER]: Advancing to term 2
I20260710 13:20:41.630731 11258 raft_consensus.cc:2468] T 42bffa9f2fd14fc0b850fafef1a6fe89 P 4a4ac1edfbe543fda0f7d0a5653718ab [term 2 FOLLOWER]: Leader election vote request: Granting yes vote for candidate c518021caea54144adb016e37d9a7a23 in term 2.
I20260710 13:20:41.631625 11299 leader_election.cc:304] T 42bffa9f2fd14fc0b850fafef1a6fe89 P c518021caea54144adb016e37d9a7a23 [CANDIDATE]: Term 2 election: Election decided. Result: candidate won. Election summary: received 2 responses out of 3 voters: 2 yes votes; 0 no votes. yes voters: 4a4ac1edfbe543fda0f7d0a5653718ab, c518021caea54144adb016e37d9a7a23; no voters: 
I20260710 13:20:41.632339 11382 raft_consensus.cc:2804] T 42bffa9f2fd14fc0b850fafef1a6fe89 P c518021caea54144adb016e37d9a7a23 [term 2 FOLLOWER]: Leader election won for term 2
I20260710 13:20:41.632786 11382 raft_consensus.cc:697] T 42bffa9f2fd14fc0b850fafef1a6fe89 P c518021caea54144adb016e37d9a7a23 [term 2 LEADER]: Becoming Leader. State: Replica: c518021caea54144adb016e37d9a7a23, State: Running, Role: LEADER
I20260710 13:20:41.632809 11184 raft_consensus.cc:2468] T 42bffa9f2fd14fc0b850fafef1a6fe89 P 31ccda0ccc5744288423386ffda0e408 [term 2 FOLLOWER]: Leader election vote request: Granting yes vote for candidate c518021caea54144adb016e37d9a7a23 in term 2.
I20260710 13:20:41.633694 11382 consensus_queue.cc:237] T 42bffa9f2fd14fc0b850fafef1a6fe89 P c518021caea54144adb016e37d9a7a23 [LEADER]: Queue going to LEADER mode. State: All replicated index: 0, Majority replicated index: 1, Committed index: 1, Last appended: 1.1, Last appended by leader: 1, Current term: 2, Majority size: 2, State: 0, Mode: LEADER, active raft config: opid_index: -1 OBSOLETE_local: false peers { permanent_uuid: "31ccda0ccc5744288423386ffda0e408" member_type: VOTER last_known_addr { host: "127.10.202.65" port: 42627 } } peers { permanent_uuid: "4a4ac1edfbe543fda0f7d0a5653718ab" member_type: VOTER last_known_addr { host: "127.10.202.66" port: 33511 } } peers { permanent_uuid: "c518021caea54144adb016e37d9a7a23" member_type: VOTER last_known_addr { host: "127.10.202.67" port: 45539 } }
I20260710 13:20:41.639935 11081 catalog_manager.cc:5697] T 42bffa9f2fd14fc0b850fafef1a6fe89 P c518021caea54144adb016e37d9a7a23 reported cstate change: term changed from 1 to 2, leader changed from 31ccda0ccc5744288423386ffda0e408 (127.10.202.65) to c518021caea54144adb016e37d9a7a23 (127.10.202.67). New cstate: current_term: 2 leader_uuid: "c518021caea54144adb016e37d9a7a23" committed_config { opid_index: -1 OBSOLETE_local: false peers { permanent_uuid: "31ccda0ccc5744288423386ffda0e408" member_type: VOTER last_known_addr { host: "127.10.202.65" port: 42627 } health_report { overall_health: UNKNOWN } } peers { permanent_uuid: "4a4ac1edfbe543fda0f7d0a5653718ab" member_type: VOTER last_known_addr { host: "127.10.202.66" port: 33511 } health_report { overall_health: UNKNOWN } } peers { permanent_uuid: "c518021caea54144adb016e37d9a7a23" member_type: VOTER last_known_addr { host: "127.10.202.67" port: 45539 } health_report { overall_health: HEALTHY } } }
I20260710 13:20:41.976025 11258 raft_consensus.cc:1275] T 9323d9f4ae774f02baab85240db04794 P 4a4ac1edfbe543fda0f7d0a5653718ab [term 3 FOLLOWER]: Refusing update from remote peer c518021caea54144adb016e37d9a7a23: Log matching property violated. Preceding OpId in replica: term: 2 index: 2. Preceding OpId from leader: term: 3 index: 3. (index mismatch)
I20260710 13:20:41.977331 11382 consensus_queue.cc:1048] T 9323d9f4ae774f02baab85240db04794 P c518021caea54144adb016e37d9a7a23 [LEADER]: Connected to new peer: Peer: permanent_uuid: "4a4ac1edfbe543fda0f7d0a5653718ab" member_type: VOTER last_known_addr { host: "127.10.202.66" port: 33511 }, Status: LMP_MISMATCH, Last received: 0.0, Next index: 3, Last known committed idx: 2, Time since last communication: 0.000s
I20260710 13:20:41.988534 11184 raft_consensus.cc:1275] T 9323d9f4ae774f02baab85240db04794 P 31ccda0ccc5744288423386ffda0e408 [term 3 FOLLOWER]: Refusing update from remote peer c518021caea54144adb016e37d9a7a23: Log matching property violated. Preceding OpId in replica: term: 2 index: 2. Preceding OpId from leader: term: 3 index: 3. (index mismatch)
I20260710 13:20:41.991161 11382 consensus_queue.cc:1048] T 9323d9f4ae774f02baab85240db04794 P c518021caea54144adb016e37d9a7a23 [LEADER]: Connected to new peer: Peer: permanent_uuid: "31ccda0ccc5744288423386ffda0e408" member_type: VOTER last_known_addr { host: "127.10.202.65" port: 42627 }, Status: LMP_MISMATCH, Last received: 0.0, Next index: 3, Last known committed idx: 2, Time since last communication: 0.000s
I20260710 13:20:42.018467 11184 raft_consensus.cc:1275] T 42bffa9f2fd14fc0b850fafef1a6fe89 P 31ccda0ccc5744288423386ffda0e408 [term 2 FOLLOWER]: Refusing update from remote peer c518021caea54144adb016e37d9a7a23: Log matching property violated. Preceding OpId in replica: term: 1 index: 1. Preceding OpId from leader: term: 2 index: 2. (index mismatch)
I20260710 13:20:42.019584 11382 consensus_queue.cc:1048] T 42bffa9f2fd14fc0b850fafef1a6fe89 P c518021caea54144adb016e37d9a7a23 [LEADER]: Connected to new peer: Peer: permanent_uuid: "31ccda0ccc5744288423386ffda0e408" member_type: VOTER last_known_addr { host: "127.10.202.65" port: 42627 }, Status: LMP_MISMATCH, Last received: 0.0, Next index: 2, Last known committed idx: 1, Time since last communication: 0.000s
I20260710 13:20:42.029112 11258 raft_consensus.cc:1275] T 42bffa9f2fd14fc0b850fafef1a6fe89 P 4a4ac1edfbe543fda0f7d0a5653718ab [term 2 FOLLOWER]: Refusing update from remote peer c518021caea54144adb016e37d9a7a23: Log matching property violated. Preceding OpId in replica: term: 1 index: 1. Preceding OpId from leader: term: 2 index: 2. (index mismatch)
I20260710 13:20:42.030655 11382 consensus_queue.cc:1048] T 42bffa9f2fd14fc0b850fafef1a6fe89 P c518021caea54144adb016e37d9a7a23 [LEADER]: Connected to new peer: Peer: permanent_uuid: "4a4ac1edfbe543fda0f7d0a5653718ab" member_type: VOTER last_known_addr { host: "127.10.202.66" port: 33511 }, Status: LMP_MISMATCH, Last received: 0.0, Next index: 2, Last known committed idx: 1, Time since last communication: 0.000s
I20260710 13:20:42.052465 11049 auto_leader_rebalancer.cc:141] leader rebalance for table test-workload
I20260710 13:20:42.062685 11184 tablet_service.cc:2072] Received LeaderStepDown RPC: tablet_id: "bf095b54913c4ef0a08583820786573c"
dest_uuid: "31ccda0ccc5744288423386ffda0e408"
mode: GRACEFUL
new_leader_uuid: "4a4ac1edfbe543fda0f7d0a5653718ab"
 from {username='slave'} at 127.0.0.1:52602
I20260710 13:20:42.063189 11184 raft_consensus.cc:606] T bf095b54913c4ef0a08583820786573c P 31ccda0ccc5744288423386ffda0e408 [term 2 LEADER]: Received request to transfer leadership to TS 4a4ac1edfbe543fda0f7d0a5653718ab
I20260710 13:20:42.067606 11184 tablet_service.cc:2072] Received LeaderStepDown RPC: tablet_id: "e75c845205b4407c81f31b4e4b07500a"
dest_uuid: "31ccda0ccc5744288423386ffda0e408"
mode: GRACEFUL
new_leader_uuid: "4a4ac1edfbe543fda0f7d0a5653718ab"
 from {username='slave'} at 127.0.0.1:52602
I20260710 13:20:42.068069 11184 raft_consensus.cc:606] T e75c845205b4407c81f31b4e4b07500a P 31ccda0ccc5744288423386ffda0e408 [term 2 LEADER]: Received request to transfer leadership to TS 4a4ac1edfbe543fda0f7d0a5653718ab
I20260710 13:20:42.072422 11184 tablet_service.cc:2072] Received LeaderStepDown RPC: tablet_id: "24020e0559f3435dabf94c299d935fb5"
dest_uuid: "31ccda0ccc5744288423386ffda0e408"
mode: GRACEFUL
new_leader_uuid: "4a4ac1edfbe543fda0f7d0a5653718ab"
 from {username='slave'} at 127.0.0.1:52602
I20260710 13:20:42.072929 11184 raft_consensus.cc:606] T 24020e0559f3435dabf94c299d935fb5 P 31ccda0ccc5744288423386ffda0e408 [term 2 LEADER]: Received request to transfer leadership to TS 4a4ac1edfbe543fda0f7d0a5653718ab
I20260710 13:20:42.077387 11332 tablet_service.cc:2072] Received LeaderStepDown RPC: tablet_id: "42bffa9f2fd14fc0b850fafef1a6fe89"
dest_uuid: "c518021caea54144adb016e37d9a7a23"
mode: GRACEFUL
new_leader_uuid: "4a4ac1edfbe543fda0f7d0a5653718ab"
 from {username='slave'} at 127.0.0.1:44810
I20260710 13:20:42.077888 11332 raft_consensus.cc:606] T 42bffa9f2fd14fc0b850fafef1a6fe89 P c518021caea54144adb016e37d9a7a23 [term 2 LEADER]: Received request to transfer leadership to TS 4a4ac1edfbe543fda0f7d0a5653718ab
I20260710 13:20:42.089370 11332 tablet_service.cc:2072] Received LeaderStepDown RPC: tablet_id: "9323d9f4ae774f02baab85240db04794"
dest_uuid: "c518021caea54144adb016e37d9a7a23"
mode: GRACEFUL
new_leader_uuid: "4a4ac1edfbe543fda0f7d0a5653718ab"
 from {username='slave'} at 127.0.0.1:44810
I20260710 13:20:42.089821 11332 raft_consensus.cc:606] T 9323d9f4ae774f02baab85240db04794 P c518021caea54144adb016e37d9a7a23 [term 3 LEADER]: Received request to transfer leadership to TS 4a4ac1edfbe543fda0f7d0a5653718ab
I20260710 13:20:42.363584 11490 raft_consensus.cc:993] T 24020e0559f3435dabf94c299d935fb5 P 31ccda0ccc5744288423386ffda0e408: : Instructing follower 4a4ac1edfbe543fda0f7d0a5653718ab to start an election
I20260710 13:20:42.363987 11480 raft_consensus.cc:1081] T 24020e0559f3435dabf94c299d935fb5 P 31ccda0ccc5744288423386ffda0e408 [term 2 LEADER]: Signalling peer 4a4ac1edfbe543fda0f7d0a5653718ab to start an election
I20260710 13:20:42.365382 11258 tablet_service.cc:2044] Received Run Leader Election RPC: tablet_id: "24020e0559f3435dabf94c299d935fb5"
dest_uuid: "4a4ac1edfbe543fda0f7d0a5653718ab"
 from {username='slave'} at 127.0.0.1:56010
I20260710 13:20:42.365801 11258 raft_consensus.cc:493] T 24020e0559f3435dabf94c299d935fb5 P 4a4ac1edfbe543fda0f7d0a5653718ab [term 2 FOLLOWER]: Starting forced leader election (received explicit request)
I20260710 13:20:42.366041 11258 raft_consensus.cc:3060] T 24020e0559f3435dabf94c299d935fb5 P 4a4ac1edfbe543fda0f7d0a5653718ab [term 2 FOLLOWER]: Advancing to term 3
I20260710 13:20:42.369866 11258 raft_consensus.cc:515] T 24020e0559f3435dabf94c299d935fb5 P 4a4ac1edfbe543fda0f7d0a5653718ab [term 3 FOLLOWER]: Starting forced leader election with config: opid_index: -1 OBSOLETE_local: false peers { permanent_uuid: "31ccda0ccc5744288423386ffda0e408" member_type: VOTER last_known_addr { host: "127.10.202.65" port: 42627 } } peers { permanent_uuid: "4a4ac1edfbe543fda0f7d0a5653718ab" member_type: VOTER last_known_addr { host: "127.10.202.66" port: 33511 } } peers { permanent_uuid: "c518021caea54144adb016e37d9a7a23" member_type: VOTER last_known_addr { host: "127.10.202.67" port: 45539 } }
I20260710 13:20:42.371076 11258 leader_election.cc:290] T 24020e0559f3435dabf94c299d935fb5 P 4a4ac1edfbe543fda0f7d0a5653718ab [CANDIDATE]: Term 3 election: Requested vote from peers 31ccda0ccc5744288423386ffda0e408 (127.10.202.65:42627), c518021caea54144adb016e37d9a7a23 (127.10.202.67:45539)
I20260710 13:20:42.371850 11184 tablet_service.cc:1917] Received RequestConsensusVote() RPC: tablet_id: "24020e0559f3435dabf94c299d935fb5" candidate_uuid: "4a4ac1edfbe543fda0f7d0a5653718ab" candidate_term: 3 candidate_status { last_received { term: 2 index: 2 } } ignore_live_leader: true dest_uuid: "31ccda0ccc5744288423386ffda0e408"
I20260710 13:20:42.372087 11332 tablet_service.cc:1917] Received RequestConsensusVote() RPC: tablet_id: "24020e0559f3435dabf94c299d935fb5" candidate_uuid: "4a4ac1edfbe543fda0f7d0a5653718ab" candidate_term: 3 candidate_status { last_received { term: 2 index: 2 } } ignore_live_leader: true dest_uuid: "c518021caea54144adb016e37d9a7a23"
I20260710 13:20:42.372391 11184 raft_consensus.cc:3055] T 24020e0559f3435dabf94c299d935fb5 P 31ccda0ccc5744288423386ffda0e408 [term 2 LEADER]: Stepping down as leader of term 2
I20260710 13:20:42.372561 11332 raft_consensus.cc:3060] T 24020e0559f3435dabf94c299d935fb5 P c518021caea54144adb016e37d9a7a23 [term 2 FOLLOWER]: Advancing to term 3
I20260710 13:20:42.372785 11184 raft_consensus.cc:740] T 24020e0559f3435dabf94c299d935fb5 P 31ccda0ccc5744288423386ffda0e408 [term 2 LEADER]: Becoming Follower/Learner. State: Replica: 31ccda0ccc5744288423386ffda0e408, State: Running, Role: LEADER
I20260710 13:20:42.373477 11184 consensus_queue.cc:260] T 24020e0559f3435dabf94c299d935fb5 P 31ccda0ccc5744288423386ffda0e408 [NON_LEADER]: Queue going to NON_LEADER mode. State: All replicated index: 0, Majority replicated index: 2, Committed index: 2, Last appended: 2.2, Last appended by leader: 2, Current term: 2, Majority size: -1, State: 0, Mode: NON_LEADER, active raft config: opid_index: -1 OBSOLETE_local: false peers { permanent_uuid: "31ccda0ccc5744288423386ffda0e408" member_type: VOTER last_known_addr { host: "127.10.202.65" port: 42627 } } peers { permanent_uuid: "4a4ac1edfbe543fda0f7d0a5653718ab" member_type: VOTER last_known_addr { host: "127.10.202.66" port: 33511 } } peers { permanent_uuid: "c518021caea54144adb016e37d9a7a23" member_type: VOTER last_known_addr { host: "127.10.202.67" port: 45539 } }
I20260710 13:20:42.374336 11184 raft_consensus.cc:3060] T 24020e0559f3435dabf94c299d935fb5 P 31ccda0ccc5744288423386ffda0e408 [term 2 FOLLOWER]: Advancing to term 3
I20260710 13:20:42.376461 11332 raft_consensus.cc:2468] T 24020e0559f3435dabf94c299d935fb5 P c518021caea54144adb016e37d9a7a23 [term 3 FOLLOWER]: Leader election vote request: Granting yes vote for candidate 4a4ac1edfbe543fda0f7d0a5653718ab in term 3.
I20260710 13:20:42.377454 11223 leader_election.cc:304] T 24020e0559f3435dabf94c299d935fb5 P 4a4ac1edfbe543fda0f7d0a5653718ab [CANDIDATE]: Term 3 election: Election decided. Result: candidate won. Election summary: received 2 responses out of 3 voters: 2 yes votes; 0 no votes. yes voters: 4a4ac1edfbe543fda0f7d0a5653718ab, c518021caea54144adb016e37d9a7a23; no voters: 
I20260710 13:20:42.378172 11473 raft_consensus.cc:2804] T 24020e0559f3435dabf94c299d935fb5 P 4a4ac1edfbe543fda0f7d0a5653718ab [term 3 FOLLOWER]: Leader election won for term 3
I20260710 13:20:42.378911 11184 raft_consensus.cc:2468] T 24020e0559f3435dabf94c299d935fb5 P 31ccda0ccc5744288423386ffda0e408 [term 3 FOLLOWER]: Leader election vote request: Granting yes vote for candidate 4a4ac1edfbe543fda0f7d0a5653718ab in term 3.
I20260710 13:20:42.379209 11473 raft_consensus.cc:697] T 24020e0559f3435dabf94c299d935fb5 P 4a4ac1edfbe543fda0f7d0a5653718ab [term 3 LEADER]: Becoming Leader. State: Replica: 4a4ac1edfbe543fda0f7d0a5653718ab, State: Running, Role: LEADER
I20260710 13:20:42.380056 11473 consensus_queue.cc:237] T 24020e0559f3435dabf94c299d935fb5 P 4a4ac1edfbe543fda0f7d0a5653718ab [LEADER]: Queue going to LEADER mode. State: All replicated index: 0, Majority replicated index: 2, Committed index: 2, Last appended: 2.2, Last appended by leader: 2, Current term: 3, Majority size: 2, State: 0, Mode: LEADER, active raft config: opid_index: -1 OBSOLETE_local: false peers { permanent_uuid: "31ccda0ccc5744288423386ffda0e408" member_type: VOTER last_known_addr { host: "127.10.202.65" port: 42627 } } peers { permanent_uuid: "4a4ac1edfbe543fda0f7d0a5653718ab" member_type: VOTER last_known_addr { host: "127.10.202.66" port: 33511 } } peers { permanent_uuid: "c518021caea54144adb016e37d9a7a23" member_type: VOTER last_known_addr { host: "127.10.202.67" port: 45539 } }
I20260710 13:20:42.385694 11079 catalog_manager.cc:5697] T 24020e0559f3435dabf94c299d935fb5 P 4a4ac1edfbe543fda0f7d0a5653718ab reported cstate change: term changed from 2 to 3, leader changed from 31ccda0ccc5744288423386ffda0e408 (127.10.202.65) to 4a4ac1edfbe543fda0f7d0a5653718ab (127.10.202.66). New cstate: current_term: 3 leader_uuid: "4a4ac1edfbe543fda0f7d0a5653718ab" committed_config { opid_index: -1 OBSOLETE_local: false peers { permanent_uuid: "31ccda0ccc5744288423386ffda0e408" member_type: VOTER last_known_addr { host: "127.10.202.65" port: 42627 } health_report { overall_health: UNKNOWN } } peers { permanent_uuid: "4a4ac1edfbe543fda0f7d0a5653718ab" member_type: VOTER last_known_addr { host: "127.10.202.66" port: 33511 } health_report { overall_health: HEALTHY } } peers { permanent_uuid: "c518021caea54144adb016e37d9a7a23" member_type: VOTER last_known_addr { host: "127.10.202.67" port: 45539 } health_report { overall_health: UNKNOWN } } }
I20260710 13:20:42.490056 11490 raft_consensus.cc:993] T bf095b54913c4ef0a08583820786573c P 31ccda0ccc5744288423386ffda0e408: : Instructing follower 4a4ac1edfbe543fda0f7d0a5653718ab to start an election
I20260710 13:20:42.490444 11480 raft_consensus.cc:1081] T bf095b54913c4ef0a08583820786573c P 31ccda0ccc5744288423386ffda0e408 [term 2 LEADER]: Signalling peer 4a4ac1edfbe543fda0f7d0a5653718ab to start an election
I20260710 13:20:42.491634 11258 tablet_service.cc:2044] Received Run Leader Election RPC: tablet_id: "bf095b54913c4ef0a08583820786573c"
dest_uuid: "4a4ac1edfbe543fda0f7d0a5653718ab"
 from {username='slave'} at 127.0.0.1:56010
I20260710 13:20:42.492043 11258 raft_consensus.cc:493] T bf095b54913c4ef0a08583820786573c P 4a4ac1edfbe543fda0f7d0a5653718ab [term 2 FOLLOWER]: Starting forced leader election (received explicit request)
I20260710 13:20:42.492309 11258 raft_consensus.cc:3060] T bf095b54913c4ef0a08583820786573c P 4a4ac1edfbe543fda0f7d0a5653718ab [term 2 FOLLOWER]: Advancing to term 3
I20260710 13:20:42.496277 11258 raft_consensus.cc:515] T bf095b54913c4ef0a08583820786573c P 4a4ac1edfbe543fda0f7d0a5653718ab [term 3 FOLLOWER]: Starting forced leader election with config: opid_index: -1 OBSOLETE_local: false peers { permanent_uuid: "4a4ac1edfbe543fda0f7d0a5653718ab" member_type: VOTER last_known_addr { host: "127.10.202.66" port: 33511 } } peers { permanent_uuid: "c518021caea54144adb016e37d9a7a23" member_type: VOTER last_known_addr { host: "127.10.202.67" port: 45539 } } peers { permanent_uuid: "31ccda0ccc5744288423386ffda0e408" member_type: VOTER last_known_addr { host: "127.10.202.65" port: 42627 } }
I20260710 13:20:42.497737 11258 leader_election.cc:290] T bf095b54913c4ef0a08583820786573c P 4a4ac1edfbe543fda0f7d0a5653718ab [CANDIDATE]: Term 3 election: Requested vote from peers c518021caea54144adb016e37d9a7a23 (127.10.202.67:45539), 31ccda0ccc5744288423386ffda0e408 (127.10.202.65:42627)
I20260710 13:20:42.498454 11484 raft_consensus.cc:993] T 9323d9f4ae774f02baab85240db04794 P c518021caea54144adb016e37d9a7a23: : Instructing follower 4a4ac1edfbe543fda0f7d0a5653718ab to start an election
I20260710 13:20:42.498440 11332 tablet_service.cc:1917] Received RequestConsensusVote() RPC: tablet_id: "bf095b54913c4ef0a08583820786573c" candidate_uuid: "4a4ac1edfbe543fda0f7d0a5653718ab" candidate_term: 3 candidate_status { last_received { term: 2 index: 2 } } ignore_live_leader: true dest_uuid: "c518021caea54144adb016e37d9a7a23"
I20260710 13:20:42.498692 11184 tablet_service.cc:1917] Received RequestConsensusVote() RPC: tablet_id: "bf095b54913c4ef0a08583820786573c" candidate_uuid: "4a4ac1edfbe543fda0f7d0a5653718ab" candidate_term: 3 candidate_status { last_received { term: 2 index: 2 } } ignore_live_leader: true dest_uuid: "31ccda0ccc5744288423386ffda0e408"
I20260710 13:20:42.499032 11484 raft_consensus.cc:1081] T 9323d9f4ae774f02baab85240db04794 P c518021caea54144adb016e37d9a7a23 [term 3 LEADER]: Signalling peer 4a4ac1edfbe543fda0f7d0a5653718ab to start an election
I20260710 13:20:42.499099 11332 raft_consensus.cc:3060] T bf095b54913c4ef0a08583820786573c P c518021caea54144adb016e37d9a7a23 [term 2 FOLLOWER]: Advancing to term 3
I20260710 13:20:42.499307 11184 raft_consensus.cc:3055] T bf095b54913c4ef0a08583820786573c P 31ccda0ccc5744288423386ffda0e408 [term 2 LEADER]: Stepping down as leader of term 2
I20260710 13:20:42.499717 11184 raft_consensus.cc:740] T bf095b54913c4ef0a08583820786573c P 31ccda0ccc5744288423386ffda0e408 [term 2 LEADER]: Becoming Follower/Learner. State: Replica: 31ccda0ccc5744288423386ffda0e408, State: Running, Role: LEADER
I20260710 13:20:42.500700 11258 tablet_service.cc:2044] Received Run Leader Election RPC: tablet_id: "9323d9f4ae774f02baab85240db04794"
dest_uuid: "4a4ac1edfbe543fda0f7d0a5653718ab"
 from {username='slave'} at 127.0.0.1:56024
I20260710 13:20:42.500447 11184 consensus_queue.cc:260] T bf095b54913c4ef0a08583820786573c P 31ccda0ccc5744288423386ffda0e408 [NON_LEADER]: Queue going to NON_LEADER mode. State: All replicated index: 0, Majority replicated index: 2, Committed index: 2, Last appended: 2.2, Last appended by leader: 2, Current term: 2, Majority size: -1, State: 0, Mode: NON_LEADER, active raft config: opid_index: -1 OBSOLETE_local: false peers { permanent_uuid: "4a4ac1edfbe543fda0f7d0a5653718ab" member_type: VOTER last_known_addr { host: "127.10.202.66" port: 33511 } } peers { permanent_uuid: "c518021caea54144adb016e37d9a7a23" member_type: VOTER last_known_addr { host: "127.10.202.67" port: 45539 } } peers { permanent_uuid: "31ccda0ccc5744288423386ffda0e408" member_type: VOTER last_known_addr { host: "127.10.202.65" port: 42627 } }
I20260710 13:20:42.501149 11258 raft_consensus.cc:493] T 9323d9f4ae774f02baab85240db04794 P 4a4ac1edfbe543fda0f7d0a5653718ab [term 3 FOLLOWER]: Starting forced leader election (received explicit request)
I20260710 13:20:42.501468 11258 raft_consensus.cc:3060] T 9323d9f4ae774f02baab85240db04794 P 4a4ac1edfbe543fda0f7d0a5653718ab [term 3 FOLLOWER]: Advancing to term 4
I20260710 13:20:42.501562 11184 raft_consensus.cc:3060] T bf095b54913c4ef0a08583820786573c P 31ccda0ccc5744288423386ffda0e408 [term 2 FOLLOWER]: Advancing to term 3
I20260710 13:20:42.503469 11332 raft_consensus.cc:2468] T bf095b54913c4ef0a08583820786573c P c518021caea54144adb016e37d9a7a23 [term 3 FOLLOWER]: Leader election vote request: Granting yes vote for candidate 4a4ac1edfbe543fda0f7d0a5653718ab in term 3.
I20260710 13:20:42.504310 11223 leader_election.cc:304] T bf095b54913c4ef0a08583820786573c P 4a4ac1edfbe543fda0f7d0a5653718ab [CANDIDATE]: Term 3 election: Election decided. Result: candidate won. Election summary: received 2 responses out of 3 voters: 2 yes votes; 0 no votes. yes voters: 4a4ac1edfbe543fda0f7d0a5653718ab, c518021caea54144adb016e37d9a7a23; no voters: 
I20260710 13:20:42.505097 11491 raft_consensus.cc:2804] T bf095b54913c4ef0a08583820786573c P 4a4ac1edfbe543fda0f7d0a5653718ab [term 3 FOLLOWER]: Leader election won for term 3
I20260710 13:20:42.506783 11491 raft_consensus.cc:697] T bf095b54913c4ef0a08583820786573c P 4a4ac1edfbe543fda0f7d0a5653718ab [term 3 LEADER]: Becoming Leader. State: Replica: 4a4ac1edfbe543fda0f7d0a5653718ab, State: Running, Role: LEADER
I20260710 13:20:42.507256 11258 raft_consensus.cc:515] T 9323d9f4ae774f02baab85240db04794 P 4a4ac1edfbe543fda0f7d0a5653718ab [term 4 FOLLOWER]: Starting forced leader election with config: opid_index: -1 OBSOLETE_local: false peers { permanent_uuid: "31ccda0ccc5744288423386ffda0e408" member_type: VOTER last_known_addr { host: "127.10.202.65" port: 42627 } } peers { permanent_uuid: "4a4ac1edfbe543fda0f7d0a5653718ab" member_type: VOTER last_known_addr { host: "127.10.202.66" port: 33511 } } peers { permanent_uuid: "c518021caea54144adb016e37d9a7a23" member_type: VOTER last_known_addr { host: "127.10.202.67" port: 45539 } }
I20260710 13:20:42.507477 11491 consensus_queue.cc:237] T bf095b54913c4ef0a08583820786573c P 4a4ac1edfbe543fda0f7d0a5653718ab [LEADER]: Queue going to LEADER mode. State: All replicated index: 0, Majority replicated index: 2, Committed index: 2, Last appended: 2.2, Last appended by leader: 2, Current term: 3, Majority size: 2, State: 0, Mode: LEADER, active raft config: opid_index: -1 OBSOLETE_local: false peers { permanent_uuid: "4a4ac1edfbe543fda0f7d0a5653718ab" member_type: VOTER last_known_addr { host: "127.10.202.66" port: 33511 } } peers { permanent_uuid: "c518021caea54144adb016e37d9a7a23" member_type: VOTER last_known_addr { host: "127.10.202.67" port: 45539 } } peers { permanent_uuid: "31ccda0ccc5744288423386ffda0e408" member_type: VOTER last_known_addr { host: "127.10.202.65" port: 42627 } }
I20260710 13:20:42.508219 11184 raft_consensus.cc:2468] T bf095b54913c4ef0a08583820786573c P 31ccda0ccc5744288423386ffda0e408 [term 3 FOLLOWER]: Leader election vote request: Granting yes vote for candidate 4a4ac1edfbe543fda0f7d0a5653718ab in term 3.
I20260710 13:20:42.509117 11258 leader_election.cc:290] T 9323d9f4ae774f02baab85240db04794 P 4a4ac1edfbe543fda0f7d0a5653718ab [CANDIDATE]: Term 4 election: Requested vote from peers 31ccda0ccc5744288423386ffda0e408 (127.10.202.65:42627), c518021caea54144adb016e37d9a7a23 (127.10.202.67:45539)
I20260710 13:20:42.509709 11183 tablet_service.cc:1917] Received RequestConsensusVote() RPC: tablet_id: "9323d9f4ae774f02baab85240db04794" candidate_uuid: "4a4ac1edfbe543fda0f7d0a5653718ab" candidate_term: 4 candidate_status { last_received { term: 3 index: 3 } } ignore_live_leader: true dest_uuid: "31ccda0ccc5744288423386ffda0e408"
I20260710 13:20:42.510020 11332 tablet_service.cc:1917] Received RequestConsensusVote() RPC: tablet_id: "9323d9f4ae774f02baab85240db04794" candidate_uuid: "4a4ac1edfbe543fda0f7d0a5653718ab" candidate_term: 4 candidate_status { last_received { term: 3 index: 3 } } ignore_live_leader: true dest_uuid: "c518021caea54144adb016e37d9a7a23"
I20260710 13:20:42.510262 11183 raft_consensus.cc:3060] T 9323d9f4ae774f02baab85240db04794 P 31ccda0ccc5744288423386ffda0e408 [term 3 FOLLOWER]: Advancing to term 4
I20260710 13:20:42.510385 11332 raft_consensus.cc:3055] T 9323d9f4ae774f02baab85240db04794 P c518021caea54144adb016e37d9a7a23 [term 3 LEADER]: Stepping down as leader of term 3
I20260710 13:20:42.510619 11332 raft_consensus.cc:740] T 9323d9f4ae774f02baab85240db04794 P c518021caea54144adb016e37d9a7a23 [term 3 LEADER]: Becoming Follower/Learner. State: Replica: c518021caea54144adb016e37d9a7a23, State: Running, Role: LEADER
I20260710 13:20:42.511075 11332 consensus_queue.cc:260] T 9323d9f4ae774f02baab85240db04794 P c518021caea54144adb016e37d9a7a23 [NON_LEADER]: Queue going to NON_LEADER mode. State: All replicated index: 0, Majority replicated index: 3, Committed index: 3, Last appended: 3.3, Last appended by leader: 3, Current term: 3, Majority size: -1, State: 0, Mode: NON_LEADER, active raft config: opid_index: -1 OBSOLETE_local: false peers { permanent_uuid: "31ccda0ccc5744288423386ffda0e408" member_type: VOTER last_known_addr { host: "127.10.202.65" port: 42627 } } peers { permanent_uuid: "4a4ac1edfbe543fda0f7d0a5653718ab" member_type: VOTER last_known_addr { host: "127.10.202.66" port: 33511 } } peers { permanent_uuid: "c518021caea54144adb016e37d9a7a23" member_type: VOTER last_known_addr { host: "127.10.202.67" port: 45539 } }
I20260710 13:20:42.511756 11332 raft_consensus.cc:3060] T 9323d9f4ae774f02baab85240db04794 P c518021caea54144adb016e37d9a7a23 [term 3 FOLLOWER]: Advancing to term 4
I20260710 13:20:42.514729 11183 raft_consensus.cc:2468] T 9323d9f4ae774f02baab85240db04794 P 31ccda0ccc5744288423386ffda0e408 [term 4 FOLLOWER]: Leader election vote request: Granting yes vote for candidate 4a4ac1edfbe543fda0f7d0a5653718ab in term 4.
I20260710 13:20:42.515957 11224 leader_election.cc:304] T 9323d9f4ae774f02baab85240db04794 P 4a4ac1edfbe543fda0f7d0a5653718ab [CANDIDATE]: Term 4 election: Election decided. Result: candidate won. Election summary: received 2 responses out of 3 voters: 2 yes votes; 0 no votes. yes voters: 31ccda0ccc5744288423386ffda0e408, 4a4ac1edfbe543fda0f7d0a5653718ab; no voters: 
I20260710 13:20:42.516798 11491 raft_consensus.cc:2804] T 9323d9f4ae774f02baab85240db04794 P 4a4ac1edfbe543fda0f7d0a5653718ab [term 4 FOLLOWER]: Leader election won for term 4
I20260710 13:20:42.517274 11491 raft_consensus.cc:697] T 9323d9f4ae774f02baab85240db04794 P 4a4ac1edfbe543fda0f7d0a5653718ab [term 4 LEADER]: Becoming Leader. State: Replica: 4a4ac1edfbe543fda0f7d0a5653718ab, State: Running, Role: LEADER
I20260710 13:20:42.517283 11332 raft_consensus.cc:2468] T 9323d9f4ae774f02baab85240db04794 P c518021caea54144adb016e37d9a7a23 [term 4 FOLLOWER]: Leader election vote request: Granting yes vote for candidate 4a4ac1edfbe543fda0f7d0a5653718ab in term 4.
I20260710 13:20:42.518141 11491 consensus_queue.cc:237] T 9323d9f4ae774f02baab85240db04794 P 4a4ac1edfbe543fda0f7d0a5653718ab [LEADER]: Queue going to LEADER mode. State: All replicated index: 0, Majority replicated index: 3, Committed index: 3, Last appended: 3.3, Last appended by leader: 3, Current term: 4, Majority size: 2, State: 0, Mode: LEADER, active raft config: opid_index: -1 OBSOLETE_local: false peers { permanent_uuid: "31ccda0ccc5744288423386ffda0e408" member_type: VOTER last_known_addr { host: "127.10.202.65" port: 42627 } } peers { permanent_uuid: "4a4ac1edfbe543fda0f7d0a5653718ab" member_type: VOTER last_known_addr { host: "127.10.202.66" port: 33511 } } peers { permanent_uuid: "c518021caea54144adb016e37d9a7a23" member_type: VOTER last_known_addr { host: "127.10.202.67" port: 45539 } }
I20260710 13:20:42.518952 11079 catalog_manager.cc:5697] T bf095b54913c4ef0a08583820786573c P 4a4ac1edfbe543fda0f7d0a5653718ab reported cstate change: term changed from 2 to 3, leader changed from 31ccda0ccc5744288423386ffda0e408 (127.10.202.65) to 4a4ac1edfbe543fda0f7d0a5653718ab (127.10.202.66). New cstate: current_term: 3 leader_uuid: "4a4ac1edfbe543fda0f7d0a5653718ab" committed_config { opid_index: -1 OBSOLETE_local: false peers { permanent_uuid: "4a4ac1edfbe543fda0f7d0a5653718ab" member_type: VOTER last_known_addr { host: "127.10.202.66" port: 33511 } health_report { overall_health: HEALTHY } } peers { permanent_uuid: "c518021caea54144adb016e37d9a7a23" member_type: VOTER last_known_addr { host: "127.10.202.67" port: 45539 } health_report { overall_health: UNKNOWN } } peers { permanent_uuid: "31ccda0ccc5744288423386ffda0e408" member_type: VOTER last_known_addr { host: "127.10.202.65" port: 42627 } health_report { overall_health: UNKNOWN } } }
I20260710 13:20:42.528227 11490 raft_consensus.cc:993] T e75c845205b4407c81f31b4e4b07500a P 31ccda0ccc5744288423386ffda0e408: : Instructing follower 4a4ac1edfbe543fda0f7d0a5653718ab to start an election
I20260710 13:20:42.528632 11480 raft_consensus.cc:1081] T e75c845205b4407c81f31b4e4b07500a P 31ccda0ccc5744288423386ffda0e408 [term 2 LEADER]: Signalling peer 4a4ac1edfbe543fda0f7d0a5653718ab to start an election
I20260710 13:20:42.529265 11079 catalog_manager.cc:5697] T 9323d9f4ae774f02baab85240db04794 P 4a4ac1edfbe543fda0f7d0a5653718ab reported cstate change: term changed from 3 to 4, leader changed from c518021caea54144adb016e37d9a7a23 (127.10.202.67) to 4a4ac1edfbe543fda0f7d0a5653718ab (127.10.202.66). New cstate: current_term: 4 leader_uuid: "4a4ac1edfbe543fda0f7d0a5653718ab" committed_config { opid_index: -1 OBSOLETE_local: false peers { permanent_uuid: "31ccda0ccc5744288423386ffda0e408" member_type: VOTER last_known_addr { host: "127.10.202.65" port: 42627 } health_report { overall_health: UNKNOWN } } peers { permanent_uuid: "4a4ac1edfbe543fda0f7d0a5653718ab" member_type: VOTER last_known_addr { host: "127.10.202.66" port: 33511 } health_report { overall_health: HEALTHY } } peers { permanent_uuid: "c518021caea54144adb016e37d9a7a23" member_type: VOTER last_known_addr { host: "127.10.202.67" port: 45539 } health_report { overall_health: UNKNOWN } } }
I20260710 13:20:42.530019 11258 tablet_service.cc:2044] Received Run Leader Election RPC: tablet_id: "e75c845205b4407c81f31b4e4b07500a"
dest_uuid: "4a4ac1edfbe543fda0f7d0a5653718ab"
 from {username='slave'} at 127.0.0.1:56010
I20260710 13:20:42.530470 11258 raft_consensus.cc:493] T e75c845205b4407c81f31b4e4b07500a P 4a4ac1edfbe543fda0f7d0a5653718ab [term 2 FOLLOWER]: Starting forced leader election (received explicit request)
I20260710 13:20:42.530773 11258 raft_consensus.cc:3060] T e75c845205b4407c81f31b4e4b07500a P 4a4ac1edfbe543fda0f7d0a5653718ab [term 2 FOLLOWER]: Advancing to term 3
I20260710 13:20:42.535259 11258 raft_consensus.cc:515] T e75c845205b4407c81f31b4e4b07500a P 4a4ac1edfbe543fda0f7d0a5653718ab [term 3 FOLLOWER]: Starting forced leader election with config: opid_index: -1 OBSOLETE_local: false peers { permanent_uuid: "31ccda0ccc5744288423386ffda0e408" member_type: VOTER last_known_addr { host: "127.10.202.65" port: 42627 } } peers { permanent_uuid: "4a4ac1edfbe543fda0f7d0a5653718ab" member_type: VOTER last_known_addr { host: "127.10.202.66" port: 33511 } } peers { permanent_uuid: "c518021caea54144adb016e37d9a7a23" member_type: VOTER last_known_addr { host: "127.10.202.67" port: 45539 } }
I20260710 13:20:42.537205 11258 leader_election.cc:290] T e75c845205b4407c81f31b4e4b07500a P 4a4ac1edfbe543fda0f7d0a5653718ab [CANDIDATE]: Term 3 election: Requested vote from peers 31ccda0ccc5744288423386ffda0e408 (127.10.202.65:42627), c518021caea54144adb016e37d9a7a23 (127.10.202.67:45539)
I20260710 13:20:42.537796 11184 tablet_service.cc:1917] Received RequestConsensusVote() RPC: tablet_id: "e75c845205b4407c81f31b4e4b07500a" candidate_uuid: "4a4ac1edfbe543fda0f7d0a5653718ab" candidate_term: 3 candidate_status { last_received { term: 2 index: 2 } } ignore_live_leader: true dest_uuid: "31ccda0ccc5744288423386ffda0e408"
I20260710 13:20:42.538230 11332 tablet_service.cc:1917] Received RequestConsensusVote() RPC: tablet_id: "e75c845205b4407c81f31b4e4b07500a" candidate_uuid: "4a4ac1edfbe543fda0f7d0a5653718ab" candidate_term: 3 candidate_status { last_received { term: 2 index: 2 } } ignore_live_leader: true dest_uuid: "c518021caea54144adb016e37d9a7a23"
I20260710 13:20:42.538311 11184 raft_consensus.cc:3055] T e75c845205b4407c81f31b4e4b07500a P 31ccda0ccc5744288423386ffda0e408 [term 2 LEADER]: Stepping down as leader of term 2
I20260710 13:20:42.538707 11184 raft_consensus.cc:740] T e75c845205b4407c81f31b4e4b07500a P 31ccda0ccc5744288423386ffda0e408 [term 2 LEADER]: Becoming Follower/Learner. State: Replica: 31ccda0ccc5744288423386ffda0e408, State: Running, Role: LEADER
I20260710 13:20:42.538708 11332 raft_consensus.cc:3060] T e75c845205b4407c81f31b4e4b07500a P c518021caea54144adb016e37d9a7a23 [term 2 FOLLOWER]: Advancing to term 3
I20260710 13:20:42.539315 11184 consensus_queue.cc:260] T e75c845205b4407c81f31b4e4b07500a P 31ccda0ccc5744288423386ffda0e408 [NON_LEADER]: Queue going to NON_LEADER mode. State: All replicated index: 0, Majority replicated index: 2, Committed index: 2, Last appended: 2.2, Last appended by leader: 2, Current term: 2, Majority size: -1, State: 0, Mode: NON_LEADER, active raft config: opid_index: -1 OBSOLETE_local: false peers { permanent_uuid: "31ccda0ccc5744288423386ffda0e408" member_type: VOTER last_known_addr { host: "127.10.202.65" port: 42627 } } peers { permanent_uuid: "4a4ac1edfbe543fda0f7d0a5653718ab" member_type: VOTER last_known_addr { host: "127.10.202.66" port: 33511 } } peers { permanent_uuid: "c518021caea54144adb016e37d9a7a23" member_type: VOTER last_known_addr { host: "127.10.202.67" port: 45539 } }
I20260710 13:20:42.540103 11184 raft_consensus.cc:3060] T e75c845205b4407c81f31b4e4b07500a P 31ccda0ccc5744288423386ffda0e408 [term 2 FOLLOWER]: Advancing to term 3
I20260710 13:20:42.543632 11332 raft_consensus.cc:2468] T e75c845205b4407c81f31b4e4b07500a P c518021caea54144adb016e37d9a7a23 [term 3 FOLLOWER]: Leader election vote request: Granting yes vote for candidate 4a4ac1edfbe543fda0f7d0a5653718ab in term 3.
I20260710 13:20:42.544489 11223 leader_election.cc:304] T e75c845205b4407c81f31b4e4b07500a P 4a4ac1edfbe543fda0f7d0a5653718ab [CANDIDATE]: Term 3 election: Election decided. Result: candidate won. Election summary: received 2 responses out of 3 voters: 2 yes votes; 0 no votes. yes voters: 4a4ac1edfbe543fda0f7d0a5653718ab, c518021caea54144adb016e37d9a7a23; no voters: 
I20260710 13:20:42.544646 11184 raft_consensus.cc:2468] T e75c845205b4407c81f31b4e4b07500a P 31ccda0ccc5744288423386ffda0e408 [term 3 FOLLOWER]: Leader election vote request: Granting yes vote for candidate 4a4ac1edfbe543fda0f7d0a5653718ab in term 3.
I20260710 13:20:42.545239 11491 raft_consensus.cc:2804] T e75c845205b4407c81f31b4e4b07500a P 4a4ac1edfbe543fda0f7d0a5653718ab [term 3 FOLLOWER]: Leader election won for term 3
I20260710 13:20:42.545665 11491 raft_consensus.cc:697] T e75c845205b4407c81f31b4e4b07500a P 4a4ac1edfbe543fda0f7d0a5653718ab [term 3 LEADER]: Becoming Leader. State: Replica: 4a4ac1edfbe543fda0f7d0a5653718ab, State: Running, Role: LEADER
I20260710 13:20:42.546366 11491 consensus_queue.cc:237] T e75c845205b4407c81f31b4e4b07500a P 4a4ac1edfbe543fda0f7d0a5653718ab [LEADER]: Queue going to LEADER mode. State: All replicated index: 0, Majority replicated index: 2, Committed index: 2, Last appended: 2.2, Last appended by leader: 2, Current term: 3, Majority size: 2, State: 0, Mode: LEADER, active raft config: opid_index: -1 OBSOLETE_local: false peers { permanent_uuid: "31ccda0ccc5744288423386ffda0e408" member_type: VOTER last_known_addr { host: "127.10.202.65" port: 42627 } } peers { permanent_uuid: "4a4ac1edfbe543fda0f7d0a5653718ab" member_type: VOTER last_known_addr { host: "127.10.202.66" port: 33511 } } peers { permanent_uuid: "c518021caea54144adb016e37d9a7a23" member_type: VOTER last_known_addr { host: "127.10.202.67" port: 45539 } }
I20260710 13:20:42.551697 11079 catalog_manager.cc:5697] T e75c845205b4407c81f31b4e4b07500a P 4a4ac1edfbe543fda0f7d0a5653718ab reported cstate change: term changed from 2 to 3, leader changed from 31ccda0ccc5744288423386ffda0e408 (127.10.202.65) to 4a4ac1edfbe543fda0f7d0a5653718ab (127.10.202.66). New cstate: current_term: 3 leader_uuid: "4a4ac1edfbe543fda0f7d0a5653718ab" committed_config { opid_index: -1 OBSOLETE_local: false peers { permanent_uuid: "31ccda0ccc5744288423386ffda0e408" member_type: VOTER last_known_addr { host: "127.10.202.65" port: 42627 } health_report { overall_health: UNKNOWN } } peers { permanent_uuid: "4a4ac1edfbe543fda0f7d0a5653718ab" member_type: VOTER last_known_addr { host: "127.10.202.66" port: 33511 } health_report { overall_health: HEALTHY } } peers { permanent_uuid: "c518021caea54144adb016e37d9a7a23" member_type: VOTER last_known_addr { host: "127.10.202.67" port: 45539 } health_report { overall_health: UNKNOWN } } }
I20260710 13:20:42.646471 11382 raft_consensus.cc:993] T 42bffa9f2fd14fc0b850fafef1a6fe89 P c518021caea54144adb016e37d9a7a23: : Instructing follower 4a4ac1edfbe543fda0f7d0a5653718ab to start an election
I20260710 13:20:42.646941 11484 raft_consensus.cc:1081] T 42bffa9f2fd14fc0b850fafef1a6fe89 P c518021caea54144adb016e37d9a7a23 [term 2 LEADER]: Signalling peer 4a4ac1edfbe543fda0f7d0a5653718ab to start an election
I20260710 13:20:42.648236 11258 tablet_service.cc:2044] Received Run Leader Election RPC: tablet_id: "42bffa9f2fd14fc0b850fafef1a6fe89"
dest_uuid: "4a4ac1edfbe543fda0f7d0a5653718ab"
 from {username='slave'} at 127.0.0.1:56024
I20260710 13:20:42.648758 11258 raft_consensus.cc:493] T 42bffa9f2fd14fc0b850fafef1a6fe89 P 4a4ac1edfbe543fda0f7d0a5653718ab [term 2 FOLLOWER]: Starting forced leader election (received explicit request)
I20260710 13:20:42.649104 11258 raft_consensus.cc:3060] T 42bffa9f2fd14fc0b850fafef1a6fe89 P 4a4ac1edfbe543fda0f7d0a5653718ab [term 2 FOLLOWER]: Advancing to term 3
I20260710 13:20:42.652885 11258 raft_consensus.cc:515] T 42bffa9f2fd14fc0b850fafef1a6fe89 P 4a4ac1edfbe543fda0f7d0a5653718ab [term 3 FOLLOWER]: Starting forced leader election with config: opid_index: -1 OBSOLETE_local: false peers { permanent_uuid: "31ccda0ccc5744288423386ffda0e408" member_type: VOTER last_known_addr { host: "127.10.202.65" port: 42627 } } peers { permanent_uuid: "4a4ac1edfbe543fda0f7d0a5653718ab" member_type: VOTER last_known_addr { host: "127.10.202.66" port: 33511 } } peers { permanent_uuid: "c518021caea54144adb016e37d9a7a23" member_type: VOTER last_known_addr { host: "127.10.202.67" port: 45539 } }
I20260710 13:20:42.654306 11258 leader_election.cc:290] T 42bffa9f2fd14fc0b850fafef1a6fe89 P 4a4ac1edfbe543fda0f7d0a5653718ab [CANDIDATE]: Term 3 election: Requested vote from peers 31ccda0ccc5744288423386ffda0e408 (127.10.202.65:42627), c518021caea54144adb016e37d9a7a23 (127.10.202.67:45539)
I20260710 13:20:42.655085 11184 tablet_service.cc:1917] Received RequestConsensusVote() RPC: tablet_id: "42bffa9f2fd14fc0b850fafef1a6fe89" candidate_uuid: "4a4ac1edfbe543fda0f7d0a5653718ab" candidate_term: 3 candidate_status { last_received { term: 2 index: 2 } } ignore_live_leader: true dest_uuid: "31ccda0ccc5744288423386ffda0e408"
I20260710 13:20:42.655258 11332 tablet_service.cc:1917] Received RequestConsensusVote() RPC: tablet_id: "42bffa9f2fd14fc0b850fafef1a6fe89" candidate_uuid: "4a4ac1edfbe543fda0f7d0a5653718ab" candidate_term: 3 candidate_status { last_received { term: 2 index: 2 } } ignore_live_leader: true dest_uuid: "c518021caea54144adb016e37d9a7a23"
I20260710 13:20:42.655599 11184 raft_consensus.cc:3060] T 42bffa9f2fd14fc0b850fafef1a6fe89 P 31ccda0ccc5744288423386ffda0e408 [term 2 FOLLOWER]: Advancing to term 3
I20260710 13:20:42.655788 11332 raft_consensus.cc:3055] T 42bffa9f2fd14fc0b850fafef1a6fe89 P c518021caea54144adb016e37d9a7a23 [term 2 LEADER]: Stepping down as leader of term 2
I20260710 13:20:42.656132 11332 raft_consensus.cc:740] T 42bffa9f2fd14fc0b850fafef1a6fe89 P c518021caea54144adb016e37d9a7a23 [term 2 LEADER]: Becoming Follower/Learner. State: Replica: c518021caea54144adb016e37d9a7a23, State: Running, Role: LEADER
I20260710 13:20:42.656762 11332 consensus_queue.cc:260] T 42bffa9f2fd14fc0b850fafef1a6fe89 P c518021caea54144adb016e37d9a7a23 [NON_LEADER]: Queue going to NON_LEADER mode. State: All replicated index: 0, Majority replicated index: 2, Committed index: 2, Last appended: 2.2, Last appended by leader: 2, Current term: 2, Majority size: -1, State: 0, Mode: NON_LEADER, active raft config: opid_index: -1 OBSOLETE_local: false peers { permanent_uuid: "31ccda0ccc5744288423386ffda0e408" member_type: VOTER last_known_addr { host: "127.10.202.65" port: 42627 } } peers { permanent_uuid: "4a4ac1edfbe543fda0f7d0a5653718ab" member_type: VOTER last_known_addr { host: "127.10.202.66" port: 33511 } } peers { permanent_uuid: "c518021caea54144adb016e37d9a7a23" member_type: VOTER last_known_addr { host: "127.10.202.67" port: 45539 } }
