I20260710 13:20:47.526156 17078 raft_consensus.cc:2393] T 5cd01de841334cdf84ec3e8f3d2526c8 P 774c8eb67c8e44b0877fe86ecd91f1fb [term 1 FOLLOWER]: Leader pre-election vote request: Denying vote to candidate 14d8176eb7b64b49b7dab7fa65e6dbb3 in current term 1: Already voted for candidate fc0894f7946149d7b7d7f97adf1e519d in this term.
I20260710 13:20:47.527055 16894 leader_election.cc:304] T 5cd01de841334cdf84ec3e8f3d2526c8 P 14d8176eb7b64b49b7dab7fa65e6dbb3 [CANDIDATE]: Term 1 pre-election: Election decided. Result: candidate lost. Election summary: received 3 responses out of 3 voters: 1 yes votes; 2 no votes. yes voters: 14d8176eb7b64b49b7dab7fa65e6dbb3; no voters: 774c8eb67c8e44b0877fe86ecd91f1fb, fc0894f7946149d7b7d7f97adf1e519d
I20260710 13:20:47.527784 17148 raft_consensus.cc:3060] T 5cd01de841334cdf84ec3e8f3d2526c8 P 14d8176eb7b64b49b7dab7fa65e6dbb3 [term 0 FOLLOWER]: Advancing to term 1
I20260710 13:20:47.532204 17148 raft_consensus.cc:2749] T 5cd01de841334cdf84ec3e8f3d2526c8 P 14d8176eb7b64b49b7dab7fa65e6dbb3 [term 1 FOLLOWER]: Leader pre-election lost for term 1. Reason: could not achieve majority
I20260710 13:20:47.537161 17148 consensus_queue.cc:1048] T 3e12b139d412422f9b9c16c02525e9be P 14d8176eb7b64b49b7dab7fa65e6dbb3 [LEADER]: Connected to new peer: Peer: permanent_uuid: "774c8eb67c8e44b0877fe86ecd91f1fb" member_type: VOTER last_known_addr { host: "127.15.235.131" port: 38007 }, Status: LMP_MISMATCH, Last received: 0.0, Next index: 1, Last known committed idx: 0, Time since last communication: 0.000s
I20260710 13:20:47.546377 17148 consensus_queue.cc:1048] T 3e12b139d412422f9b9c16c02525e9be P 14d8176eb7b64b49b7dab7fa65e6dbb3 [LEADER]: Connected to new peer: Peer: permanent_uuid: "fc0894f7946149d7b7d7f97adf1e519d" member_type: VOTER last_known_addr { host: "127.15.235.130" port: 42353 }, Status: LMP_MISMATCH, Last received: 0.0, Next index: 1, Last known committed idx: 0, Time since last communication: 0.000s
I20260710 13:20:47.562652 17127 consensus_queue.cc:1048] T 5cd01de841334cdf84ec3e8f3d2526c8 P fc0894f7946149d7b7d7f97adf1e519d [LEADER]: Connected to new peer: Peer: permanent_uuid: "14d8176eb7b64b49b7dab7fa65e6dbb3" member_type: VOTER last_known_addr { host: "127.15.235.129" port: 42545 }, Status: LMP_MISMATCH, Last received: 0.0, Next index: 1, Last known committed idx: 0, Time since last communication: 0.000s
I20260710 13:20:47.571930 17143 consensus_queue.cc:1048] T 5cd01de841334cdf84ec3e8f3d2526c8 P fc0894f7946149d7b7d7f97adf1e519d [LEADER]: Connected to new peer: Peer: permanent_uuid: "774c8eb67c8e44b0877fe86ecd91f1fb" member_type: VOTER last_known_addr { host: "127.15.235.131" port: 38007 }, Status: LMP_MISMATCH, Last received: 0.0, Next index: 1, Last known committed idx: 0, Time since last communication: 0.000s
I20260710 13:20:47.619829 17078 tablet_service.cc:2072] Received LeaderStepDown RPC: tablet_id: "5b094caf020d47f7a2ca1c145b539321"
dest_uuid: "774c8eb67c8e44b0877fe86ecd91f1fb"
mode: GRACEFUL
new_leader_uuid: "14d8176eb7b64b49b7dab7fa65e6dbb3"
 from {username='slave'} at 127.0.0.1:56650
I20260710 13:20:47.620370 17078 raft_consensus.cc:606] T 5b094caf020d47f7a2ca1c145b539321 P 774c8eb67c8e44b0877fe86ecd91f1fb [term 1 LEADER]: Received request to transfer leadership to TS 14d8176eb7b64b49b7dab7fa65e6dbb3
I20260710 13:20:47.634512 17003 tablet_service.cc:2072] Received LeaderStepDown RPC: tablet_id: "05d06a500d5b4acd9c18ad139167cff0"
dest_uuid: "fc0894f7946149d7b7d7f97adf1e519d"
mode: GRACEFUL
new_leader_uuid: "14d8176eb7b64b49b7dab7fa65e6dbb3"
 from {username='slave'} at 127.0.0.1:54060
I20260710 13:20:47.635032 17003 raft_consensus.cc:606] T 05d06a500d5b4acd9c18ad139167cff0 P fc0894f7946149d7b7d7f97adf1e519d [term 1 LEADER]: Received request to transfer leadership to TS 14d8176eb7b64b49b7dab7fa65e6dbb3
I20260710 13:20:47.639631 17078 tablet_service.cc:2072] Received LeaderStepDown RPC: tablet_id: "c4c403047d9c43fb92f5a92162a0e8fc"
dest_uuid: "774c8eb67c8e44b0877fe86ecd91f1fb"
mode: GRACEFUL
new_leader_uuid: "14d8176eb7b64b49b7dab7fa65e6dbb3"
 from {username='slave'} at 127.0.0.1:56650
I20260710 13:20:47.640130 17078 raft_consensus.cc:606] T c4c403047d9c43fb92f5a92162a0e8fc P 774c8eb67c8e44b0877fe86ecd91f1fb [term 1 LEADER]: Received request to transfer leadership to TS 14d8176eb7b64b49b7dab7fa65e6dbb3
I20260710 13:20:47.644578 17078 tablet_service.cc:2072] Received LeaderStepDown RPC: tablet_id: "bdb83962a40448a6bedc511823ba681e"
dest_uuid: "774c8eb67c8e44b0877fe86ecd91f1fb"
mode: GRACEFUL
new_leader_uuid: "fc0894f7946149d7b7d7f97adf1e519d"
 from {username='slave'} at 127.0.0.1:56650
I20260710 13:20:47.645041 17078 raft_consensus.cc:606] T bdb83962a40448a6bedc511823ba681e P 774c8eb67c8e44b0877fe86ecd91f1fb [term 1 LEADER]: Received request to transfer leadership to TS fc0894f7946149d7b7d7f97adf1e519d
I20260710 13:20:47.649161 17078 tablet_service.cc:2072] Received LeaderStepDown RPC: tablet_id: "d29f5a73abb14004947da763f6ba605f"
dest_uuid: "774c8eb67c8e44b0877fe86ecd91f1fb"
mode: GRACEFUL
new_leader_uuid: "fc0894f7946149d7b7d7f97adf1e519d"
 from {username='slave'} at 127.0.0.1:56650
I20260710 13:20:47.649646 17078 raft_consensus.cc:606] T d29f5a73abb14004947da763f6ba605f P 774c8eb67c8e44b0877fe86ecd91f1fb [term 1 LEADER]: Received request to transfer leadership to TS fc0894f7946149d7b7d7f97adf1e519d
I20260710 13:20:47.658663 17003 tablet_service.cc:2072] Received LeaderStepDown RPC: tablet_id: "3a66f662d8434d82b05634ddea619305"
dest_uuid: "fc0894f7946149d7b7d7f97adf1e519d"
mode: GRACEFUL
new_leader_uuid: "774c8eb67c8e44b0877fe86ecd91f1fb"
 from {username='slave'} at 127.0.0.1:54060
I20260710 13:20:47.659169 17003 raft_consensus.cc:606] T 3a66f662d8434d82b05634ddea619305 P fc0894f7946149d7b7d7f97adf1e519d [term 1 LEADER]: Received request to transfer leadership to TS 774c8eb67c8e44b0877fe86ecd91f1fb
I20260710 13:20:47.756702 17143 consensus_queue.cc:1048] T e803f1ebd76f418583c8eb6f86727452 P fc0894f7946149d7b7d7f97adf1e519d [LEADER]: Connected to new peer: Peer: permanent_uuid: "14d8176eb7b64b49b7dab7fa65e6dbb3" member_type: VOTER last_known_addr { host: "127.15.235.129" port: 42545 }, Status: LMP_MISMATCH, Last received: 0.0, Next index: 1, Last known committed idx: 0, Time since last communication: 0.000s
I20260710 13:20:47.761075 17187 consensus_queue.cc:1048] T bdb83962a40448a6bedc511823ba681e P 774c8eb67c8e44b0877fe86ecd91f1fb [LEADER]: Connected to new peer: Peer: permanent_uuid: "14d8176eb7b64b49b7dab7fa65e6dbb3" member_type: VOTER last_known_addr { host: "127.15.235.129" port: 42545 }, Status: LMP_MISMATCH, Last received: 0.0, Next index: 1, Last known committed idx: 0, Time since last communication: 0.000s
I20260710 13:20:47.767899 17127 consensus_queue.cc:1048] T e803f1ebd76f418583c8eb6f86727452 P fc0894f7946149d7b7d7f97adf1e519d [LEADER]: Connected to new peer: Peer: permanent_uuid: "774c8eb67c8e44b0877fe86ecd91f1fb" member_type: VOTER last_known_addr { host: "127.15.235.131" port: 38007 }, Status: LMP_MISMATCH, Last received: 0.0, Next index: 1, Last known committed idx: 0, Time since last communication: 0.000s
I20260710 13:20:47.778766 17187 consensus_queue.cc:1048] T bdb83962a40448a6bedc511823ba681e P 774c8eb67c8e44b0877fe86ecd91f1fb [LEADER]: Connected to new peer: Peer: permanent_uuid: "fc0894f7946149d7b7d7f97adf1e519d" member_type: VOTER last_known_addr { host: "127.15.235.130" port: 42353 }, Status: LMP_MISMATCH, Last received: 0.0, Next index: 1, Last known committed idx: 0, Time since last communication: 0.000s
I20260710 13:20:47.787734 17160 raft_consensus.cc:993] T bdb83962a40448a6bedc511823ba681e P 774c8eb67c8e44b0877fe86ecd91f1fb: : Instructing follower fc0894f7946149d7b7d7f97adf1e519d to start an election
I20260710 13:20:47.788178 17160 raft_consensus.cc:1081] T bdb83962a40448a6bedc511823ba681e P 774c8eb67c8e44b0877fe86ecd91f1fb [term 1 LEADER]: Signalling peer fc0894f7946149d7b7d7f97adf1e519d to start an election
I20260710 13:20:47.789759 17003 tablet_service.cc:2044] Received Run Leader Election RPC: tablet_id: "bdb83962a40448a6bedc511823ba681e"
dest_uuid: "fc0894f7946149d7b7d7f97adf1e519d"
 from {username='slave'} at 127.0.0.1:54044
I20260710 13:20:47.790392 17003 raft_consensus.cc:493] T bdb83962a40448a6bedc511823ba681e P fc0894f7946149d7b7d7f97adf1e519d [term 1 FOLLOWER]: Starting forced leader election (received explicit request)
I20260710 13:20:47.790750 17003 raft_consensus.cc:3060] T bdb83962a40448a6bedc511823ba681e P fc0894f7946149d7b7d7f97adf1e519d [term 1 FOLLOWER]: Advancing to term 2
I20260710 13:20:47.795614 17003 raft_consensus.cc:515] T bdb83962a40448a6bedc511823ba681e P fc0894f7946149d7b7d7f97adf1e519d [term 2 FOLLOWER]: Starting forced leader election with config: opid_index: -1 OBSOLETE_local: false peers { permanent_uuid: "14d8176eb7b64b49b7dab7fa65e6dbb3" member_type: VOTER last_known_addr { host: "127.15.235.129" port: 42545 } } peers { permanent_uuid: "fc0894f7946149d7b7d7f97adf1e519d" member_type: VOTER last_known_addr { host: "127.15.235.130" port: 42353 } } peers { permanent_uuid: "774c8eb67c8e44b0877fe86ecd91f1fb" member_type: VOTER last_known_addr { host: "127.15.235.131" port: 38007 } }
I20260710 13:20:47.797832 17003 leader_election.cc:290] T bdb83962a40448a6bedc511823ba681e P fc0894f7946149d7b7d7f97adf1e519d [CANDIDATE]: Term 2 election: Requested vote from peers 14d8176eb7b64b49b7dab7fa65e6dbb3 (127.15.235.129:42545), 774c8eb67c8e44b0877fe86ecd91f1fb (127.15.235.131:38007)
I20260710 13:20:47.798448 17077 tablet_service.cc:1917] Received RequestConsensusVote() RPC: tablet_id: "bdb83962a40448a6bedc511823ba681e" candidate_uuid: "fc0894f7946149d7b7d7f97adf1e519d" candidate_term: 2 candidate_status { last_received { term: 1 index: 1 } } ignore_live_leader: true dest_uuid: "774c8eb67c8e44b0877fe86ecd91f1fb"
I20260710 13:20:47.798854 16928 tablet_service.cc:1917] Received RequestConsensusVote() RPC: tablet_id: "bdb83962a40448a6bedc511823ba681e" candidate_uuid: "fc0894f7946149d7b7d7f97adf1e519d" candidate_term: 2 candidate_status { last_received { term: 1 index: 1 } } ignore_live_leader: true dest_uuid: "14d8176eb7b64b49b7dab7fa65e6dbb3"
I20260710 13:20:47.799090 17077 raft_consensus.cc:3055] T bdb83962a40448a6bedc511823ba681e P 774c8eb67c8e44b0877fe86ecd91f1fb [term 1 LEADER]: Stepping down as leader of term 1
I20260710 13:20:47.799378 16928 raft_consensus.cc:3060] T bdb83962a40448a6bedc511823ba681e P 14d8176eb7b64b49b7dab7fa65e6dbb3 [term 1 FOLLOWER]: Advancing to term 2
I20260710 13:20:47.799456 17077 raft_consensus.cc:740] T bdb83962a40448a6bedc511823ba681e P 774c8eb67c8e44b0877fe86ecd91f1fb [term 1 LEADER]: Becoming Follower/Learner. State: Replica: 774c8eb67c8e44b0877fe86ecd91f1fb, State: Running, Role: LEADER
I20260710 13:20:47.800390 17077 consensus_queue.cc:260] T bdb83962a40448a6bedc511823ba681e P 774c8eb67c8e44b0877fe86ecd91f1fb [NON_LEADER]: Queue going to NON_LEADER mode. State: All replicated index: 0, Majority replicated index: 1, Committed index: 1, Last appended: 1.1, Last appended by leader: 1, Current term: 1, Majority size: -1, State: 0, Mode: NON_LEADER, active raft config: opid_index: -1 OBSOLETE_local: false peers { permanent_uuid: "14d8176eb7b64b49b7dab7fa65e6dbb3" member_type: VOTER last_known_addr { host: "127.15.235.129" port: 42545 } } peers { permanent_uuid: "fc0894f7946149d7b7d7f97adf1e519d" member_type: VOTER last_known_addr { host: "127.15.235.130" port: 42353 } } peers { permanent_uuid: "774c8eb67c8e44b0877fe86ecd91f1fb" member_type: VOTER last_known_addr { host: "127.15.235.131" port: 38007 } }
I20260710 13:20:47.801620 17077 raft_consensus.cc:3060] T bdb83962a40448a6bedc511823ba681e P 774c8eb67c8e44b0877fe86ecd91f1fb [term 1 FOLLOWER]: Advancing to term 2
I20260710 13:20:47.804253 16928 raft_consensus.cc:2468] T bdb83962a40448a6bedc511823ba681e P 14d8176eb7b64b49b7dab7fa65e6dbb3 [term 2 FOLLOWER]: Leader election vote request: Granting yes vote for candidate fc0894f7946149d7b7d7f97adf1e519d in term 2.
I20260710 13:20:47.805213 16970 leader_election.cc:304] T bdb83962a40448a6bedc511823ba681e P fc0894f7946149d7b7d7f97adf1e519d [CANDIDATE]: Term 2 election: Election decided. Result: candidate won. Election summary: received 2 responses out of 3 voters: 2 yes votes; 0 no votes. yes voters: 14d8176eb7b64b49b7dab7fa65e6dbb3, fc0894f7946149d7b7d7f97adf1e519d; no voters: 
I20260710 13:20:47.805995 17127 raft_consensus.cc:2804] T bdb83962a40448a6bedc511823ba681e P fc0894f7946149d7b7d7f97adf1e519d [term 2 FOLLOWER]: Leader election won for term 2
I20260710 13:20:47.806450 17127 raft_consensus.cc:697] T bdb83962a40448a6bedc511823ba681e P fc0894f7946149d7b7d7f97adf1e519d [term 2 LEADER]: Becoming Leader. State: Replica: fc0894f7946149d7b7d7f97adf1e519d, State: Running, Role: LEADER
I20260710 13:20:47.807121 17127 consensus_queue.cc:237] T bdb83962a40448a6bedc511823ba681e P fc0894f7946149d7b7d7f97adf1e519d [LEADER]: Queue going to LEADER mode. State: All replicated index: 0, Majority replicated index: 1, Committed index: 1, Last appended: 1.1, Last appended by leader: 1, Current term: 2, Majority size: 2, State: 0, Mode: LEADER, active raft config: opid_index: -1 OBSOLETE_local: false peers { permanent_uuid: "14d8176eb7b64b49b7dab7fa65e6dbb3" member_type: VOTER last_known_addr { host: "127.15.235.129" port: 42545 } } peers { permanent_uuid: "fc0894f7946149d7b7d7f97adf1e519d" member_type: VOTER last_known_addr { host: "127.15.235.130" port: 42353 } } peers { permanent_uuid: "774c8eb67c8e44b0877fe86ecd91f1fb" member_type: VOTER last_known_addr { host: "127.15.235.131" port: 38007 } }
I20260710 13:20:47.807614 17077 raft_consensus.cc:2468] T bdb83962a40448a6bedc511823ba681e P 774c8eb67c8e44b0877fe86ecd91f1fb [term 2 FOLLOWER]: Leader election vote request: Granting yes vote for candidate fc0894f7946149d7b7d7f97adf1e519d in term 2.
I20260710 13:20:47.812413 17187 consensus_queue.cc:1048] T c4c403047d9c43fb92f5a92162a0e8fc P 774c8eb67c8e44b0877fe86ecd91f1fb [LEADER]: Connected to new peer: Peer: permanent_uuid: "14d8176eb7b64b49b7dab7fa65e6dbb3" member_type: VOTER last_known_addr { host: "127.15.235.129" port: 42545 }, Status: LMP_MISMATCH, Last received: 0.0, Next index: 1, Last known committed idx: 0, Time since last communication: 0.000s
I20260710 13:20:47.814059 16825 catalog_manager.cc:5697] T bdb83962a40448a6bedc511823ba681e P fc0894f7946149d7b7d7f97adf1e519d reported cstate change: term changed from 1 to 2, leader changed from 774c8eb67c8e44b0877fe86ecd91f1fb (127.15.235.131) to fc0894f7946149d7b7d7f97adf1e519d (127.15.235.130). New cstate: current_term: 2 leader_uuid: "fc0894f7946149d7b7d7f97adf1e519d" committed_config { opid_index: -1 OBSOLETE_local: false peers { permanent_uuid: "14d8176eb7b64b49b7dab7fa65e6dbb3" member_type: VOTER last_known_addr { host: "127.15.235.129" port: 42545 } health_report { overall_health: UNKNOWN } } peers { permanent_uuid: "fc0894f7946149d7b7d7f97adf1e519d" member_type: VOTER last_known_addr { host: "127.15.235.130" port: 42353 } health_report { overall_health: HEALTHY } } peers { permanent_uuid: "774c8eb67c8e44b0877fe86ecd91f1fb" member_type: VOTER last_known_addr { host: "127.15.235.131" port: 38007 } health_report { overall_health: UNKNOWN } } }
I20260710 13:20:47.816428 17127 consensus_queue.cc:1048] T 3a66f662d8434d82b05634ddea619305 P fc0894f7946149d7b7d7f97adf1e519d [LEADER]: Connected to new peer: Peer: permanent_uuid: "14d8176eb7b64b49b7dab7fa65e6dbb3" member_type: VOTER last_known_addr { host: "127.15.235.129" port: 42545 }, Status: LMP_MISMATCH, Last received: 0.0, Next index: 1, Last known committed idx: 0, Time since last communication: 0.000s
I20260710 13:20:47.819500 17123 raft_consensus.cc:993] T c4c403047d9c43fb92f5a92162a0e8fc P 774c8eb67c8e44b0877fe86ecd91f1fb: : Instructing follower 14d8176eb7b64b49b7dab7fa65e6dbb3 to start an election
I20260710 13:20:47.819895 17123 raft_consensus.cc:1081] T c4c403047d9c43fb92f5a92162a0e8fc P 774c8eb67c8e44b0877fe86ecd91f1fb [term 1 LEADER]: Signalling peer 14d8176eb7b64b49b7dab7fa65e6dbb3 to start an election
I20260710 13:20:47.825129 16927 tablet_service.cc:2044] Received Run Leader Election RPC: tablet_id: "c4c403047d9c43fb92f5a92162a0e8fc"
dest_uuid: "14d8176eb7b64b49b7dab7fa65e6dbb3"
 from {username='slave'} at 127.0.0.1:36178
I20260710 13:20:47.825706 16927 raft_consensus.cc:493] T c4c403047d9c43fb92f5a92162a0e8fc P 14d8176eb7b64b49b7dab7fa65e6dbb3 [term 1 FOLLOWER]: Starting forced leader election (received explicit request)
I20260710 13:20:47.826056 16927 raft_consensus.cc:3060] T c4c403047d9c43fb92f5a92162a0e8fc P 14d8176eb7b64b49b7dab7fa65e6dbb3 [term 1 FOLLOWER]: Advancing to term 2
I20260710 13:20:47.831439 16927 raft_consensus.cc:515] T c4c403047d9c43fb92f5a92162a0e8fc P 14d8176eb7b64b49b7dab7fa65e6dbb3 [term 2 FOLLOWER]: Starting forced leader election with config: opid_index: -1 OBSOLETE_local: false peers { permanent_uuid: "14d8176eb7b64b49b7dab7fa65e6dbb3" member_type: VOTER last_known_addr { host: "127.15.235.129" port: 42545 } } peers { permanent_uuid: "fc0894f7946149d7b7d7f97adf1e519d" member_type: VOTER last_known_addr { host: "127.15.235.130" port: 42353 } } peers { permanent_uuid: "774c8eb67c8e44b0877fe86ecd91f1fb" member_type: VOTER last_known_addr { host: "127.15.235.131" port: 38007 } }
I20260710 13:20:47.832315 16926 raft_consensus.cc:1240] T c4c403047d9c43fb92f5a92162a0e8fc P 14d8176eb7b64b49b7dab7fa65e6dbb3 [term 2 FOLLOWER]: Rejecting Update request from peer 774c8eb67c8e44b0877fe86ecd91f1fb for earlier term 1. Current term is 2. Ops: []
I20260710 13:20:47.834623 17148 consensus_queue.cc:1048] T 97e7b35932d24f6380ca994855cbb221 P 14d8176eb7b64b49b7dab7fa65e6dbb3 [LEADER]: Connected to new peer: Peer: permanent_uuid: "fc0894f7946149d7b7d7f97adf1e519d" member_type: VOTER last_known_addr { host: "127.15.235.130" port: 42353 }, Status: LMP_MISMATCH, Last received: 0.0, Next index: 1, Last known committed idx: 0, Time since last communication: 0.000s
I20260710 13:20:47.836437 17187 consensus_queue.cc:1059] T c4c403047d9c43fb92f5a92162a0e8fc P 774c8eb67c8e44b0877fe86ecd91f1fb [LEADER]: Peer responded invalid term: Peer: permanent_uuid: "14d8176eb7b64b49b7dab7fa65e6dbb3" member_type: VOTER last_known_addr { host: "127.15.235.129" port: 42545 }, Status: INVALID_TERM, Last received: 1.1, Next index: 2, Last known committed idx: 0, Time since last communication: 0.000s
I20260710 13:20:47.837278 17177 raft_consensus.cc:3055] T c4c403047d9c43fb92f5a92162a0e8fc P 774c8eb67c8e44b0877fe86ecd91f1fb [term 1 LEADER]: Stepping down as leader of term 1
I20260710 13:20:47.837634 17177 raft_consensus.cc:740] T c4c403047d9c43fb92f5a92162a0e8fc P 774c8eb67c8e44b0877fe86ecd91f1fb [term 1 LEADER]: Becoming Follower/Learner. State: Replica: 774c8eb67c8e44b0877fe86ecd91f1fb, State: Running, Role: LEADER
I20260710 13:20:47.838589 17177 consensus_queue.cc:260] T c4c403047d9c43fb92f5a92162a0e8fc P 774c8eb67c8e44b0877fe86ecd91f1fb [NON_LEADER]: Queue going to NON_LEADER mode. State: All replicated index: 0, Majority replicated index: 1, Committed index: 1, Last appended: 1.1, Last appended by leader: 1, Current term: 1, Majority size: -1, State: 0, Mode: NON_LEADER, active raft config: opid_index: -1 OBSOLETE_local: false peers { permanent_uuid: "14d8176eb7b64b49b7dab7fa65e6dbb3" member_type: VOTER last_known_addr { host: "127.15.235.129" port: 42545 } } peers { permanent_uuid: "fc0894f7946149d7b7d7f97adf1e519d" member_type: VOTER last_known_addr { host: "127.15.235.130" port: 42353 } } peers { permanent_uuid: "774c8eb67c8e44b0877fe86ecd91f1fb" member_type: VOTER last_known_addr { host: "127.15.235.131" port: 38007 } }
I20260710 13:20:47.844519 17177 raft_consensus.cc:3060] T c4c403047d9c43fb92f5a92162a0e8fc P 774c8eb67c8e44b0877fe86ecd91f1fb [term 1 FOLLOWER]: Advancing to term 2
I20260710 13:20:47.845012 16927 leader_election.cc:290] T c4c403047d9c43fb92f5a92162a0e8fc P 14d8176eb7b64b49b7dab7fa65e6dbb3 [CANDIDATE]: Term 2 election: Requested vote from peers fc0894f7946149d7b7d7f97adf1e519d (127.15.235.130:42353), 774c8eb67c8e44b0877fe86ecd91f1fb (127.15.235.131:38007)
I20260710 13:20:47.846426 17078 tablet_service.cc:1917] Received RequestConsensusVote() RPC: tablet_id: "c4c403047d9c43fb92f5a92162a0e8fc" candidate_uuid: "14d8176eb7b64b49b7dab7fa65e6dbb3" candidate_term: 2 candidate_status { last_received { term: 1 index: 1 } } ignore_live_leader: true dest_uuid: "774c8eb67c8e44b0877fe86ecd91f1fb"
I20260710 13:20:47.849951 17004 tablet_service.cc:1917] Received RequestConsensusVote() RPC: tablet_id: "c4c403047d9c43fb92f5a92162a0e8fc" candidate_uuid: "14d8176eb7b64b49b7dab7fa65e6dbb3" candidate_term: 2 candidate_status { last_received { term: 1 index: 1 } } ignore_live_leader: true dest_uuid: "fc0894f7946149d7b7d7f97adf1e519d"
I20260710 13:20:47.850703 17004 raft_consensus.cc:3060] T c4c403047d9c43fb92f5a92162a0e8fc P fc0894f7946149d7b7d7f97adf1e519d [term 1 FOLLOWER]: Advancing to term 2
I20260710 13:20:47.851238 17127 consensus_queue.cc:1048] T 3a66f662d8434d82b05634ddea619305 P fc0894f7946149d7b7d7f97adf1e519d [LEADER]: Connected to new peer: Peer: permanent_uuid: "774c8eb67c8e44b0877fe86ecd91f1fb" member_type: VOTER last_known_addr { host: "127.15.235.131" port: 38007 }, Status: LMP_MISMATCH, Last received: 0.0, Next index: 1, Last known committed idx: 0, Time since last communication: 0.000s
I20260710 13:20:47.864223 17004 raft_consensus.cc:2468] T c4c403047d9c43fb92f5a92162a0e8fc P fc0894f7946149d7b7d7f97adf1e519d [term 2 FOLLOWER]: Leader election vote request: Granting yes vote for candidate 14d8176eb7b64b49b7dab7fa65e6dbb3 in term 2.
I20260710 13:20:47.867264 17078 raft_consensus.cc:2468] T c4c403047d9c43fb92f5a92162a0e8fc P 774c8eb67c8e44b0877fe86ecd91f1fb [term 2 FOLLOWER]: Leader election vote request: Granting yes vote for candidate 14d8176eb7b64b49b7dab7fa65e6dbb3 in term 2.
I20260710 13:20:47.869019 16895 leader_election.cc:304] T c4c403047d9c43fb92f5a92162a0e8fc P 14d8176eb7b64b49b7dab7fa65e6dbb3 [CANDIDATE]: Term 2 election: Election decided. Result: candidate won. Election summary: received 2 responses out of 3 voters: 2 yes votes; 0 no votes. yes voters: 14d8176eb7b64b49b7dab7fa65e6dbb3, fc0894f7946149d7b7d7f97adf1e519d; no voters: 
I20260710 13:20:47.870343 17190 raft_consensus.cc:2804] T c4c403047d9c43fb92f5a92162a0e8fc P 14d8176eb7b64b49b7dab7fa65e6dbb3 [term 2 FOLLOWER]: Leader election won for term 2
I20260710 13:20:47.870837 17190 raft_consensus.cc:697] T c4c403047d9c43fb92f5a92162a0e8fc P 14d8176eb7b64b49b7dab7fa65e6dbb3 [term 2 LEADER]: Becoming Leader. State: Replica: 14d8176eb7b64b49b7dab7fa65e6dbb3, State: Running, Role: LEADER
I20260710 13:20:47.871626 17190 consensus_queue.cc:237] T c4c403047d9c43fb92f5a92162a0e8fc P 14d8176eb7b64b49b7dab7fa65e6dbb3 [LEADER]: Queue going to LEADER mode. State: All replicated index: 0, Majority replicated index: 0, Committed index: 0, Last appended: 1.1, Last appended by leader: 1, Current term: 2, Majority size: 2, State: 0, Mode: LEADER, active raft config: opid_index: -1 OBSOLETE_local: false peers { permanent_uuid: "14d8176eb7b64b49b7dab7fa65e6dbb3" member_type: VOTER last_known_addr { host: "127.15.235.129" port: 42545 } } peers { permanent_uuid: "fc0894f7946149d7b7d7f97adf1e519d" member_type: VOTER last_known_addr { host: "127.15.235.130" port: 42353 } } peers { permanent_uuid: "774c8eb67c8e44b0877fe86ecd91f1fb" member_type: VOTER last_known_addr { host: "127.15.235.131" port: 38007 } }
I20260710 13:20:47.873921 17148 consensus_queue.cc:1048] T 97e7b35932d24f6380ca994855cbb221 P 14d8176eb7b64b49b7dab7fa65e6dbb3 [LEADER]: Connected to new peer: Peer: permanent_uuid: "774c8eb67c8e44b0877fe86ecd91f1fb" member_type: VOTER last_known_addr { host: "127.15.235.131" port: 38007 }, Status: LMP_MISMATCH, Last received: 0.0, Next index: 1, Last known committed idx: 0, Time since last communication: 0.000s
I20260710 13:20:47.881440 17177 consensus_queue.cc:1048] T d29f5a73abb14004947da763f6ba605f P 774c8eb67c8e44b0877fe86ecd91f1fb [LEADER]: Connected to new peer: Peer: permanent_uuid: "fc0894f7946149d7b7d7f97adf1e519d" member_type: VOTER last_known_addr { host: "127.15.235.130" port: 42353 }, Status: LMP_MISMATCH, Last received: 0.0, Next index: 1, Last known committed idx: 0, Time since last communication: 0.000s
I20260710 13:20:47.885020 17147 raft_consensus.cc:993] T 3a66f662d8434d82b05634ddea619305 P fc0894f7946149d7b7d7f97adf1e519d: : Instructing follower 774c8eb67c8e44b0877fe86ecd91f1fb to start an election
I20260710 13:20:47.887809 17143 raft_consensus.cc:1081] T 3a66f662d8434d82b05634ddea619305 P fc0894f7946149d7b7d7f97adf1e519d [term 1 LEADER]: Signalling peer 774c8eb67c8e44b0877fe86ecd91f1fb to start an election
I20260710 13:20:47.886327 16827 catalog_manager.cc:5697] T c4c403047d9c43fb92f5a92162a0e8fc P 14d8176eb7b64b49b7dab7fa65e6dbb3 reported cstate change: term changed from 1 to 2, leader changed from 774c8eb67c8e44b0877fe86ecd91f1fb (127.15.235.131) to 14d8176eb7b64b49b7dab7fa65e6dbb3 (127.15.235.129). New cstate: current_term: 2 leader_uuid: "14d8176eb7b64b49b7dab7fa65e6dbb3" committed_config { opid_index: -1 OBSOLETE_local: false peers { permanent_uuid: "14d8176eb7b64b49b7dab7fa65e6dbb3" member_type: VOTER last_known_addr { host: "127.15.235.129" port: 42545 } health_report { overall_health: HEALTHY } } peers { permanent_uuid: "fc0894f7946149d7b7d7f97adf1e519d" member_type: VOTER last_known_addr { host: "127.15.235.130" port: 42353 } health_report { overall_health: UNKNOWN } } peers { permanent_uuid: "774c8eb67c8e44b0877fe86ecd91f1fb" member_type: VOTER last_known_addr { host: "127.15.235.131" port: 38007 } health_report { overall_health: UNKNOWN } } }
I20260710 13:20:47.889652 17077 tablet_service.cc:2044] Received Run Leader Election RPC: tablet_id: "3a66f662d8434d82b05634ddea619305"
dest_uuid: "774c8eb67c8e44b0877fe86ecd91f1fb"
 from {username='slave'} at 127.0.0.1:56646
I20260710 13:20:47.890298 17077 raft_consensus.cc:493] T 3a66f662d8434d82b05634ddea619305 P 774c8eb67c8e44b0877fe86ecd91f1fb [term 1 FOLLOWER]: Starting forced leader election (received explicit request)
I20260710 13:20:47.890730 17077 raft_consensus.cc:3060] T 3a66f662d8434d82b05634ddea619305 P 774c8eb67c8e44b0877fe86ecd91f1fb [term 1 FOLLOWER]: Advancing to term 2
I20260710 13:20:47.910183 17160 raft_consensus.cc:993] T d29f5a73abb14004947da763f6ba605f P 774c8eb67c8e44b0877fe86ecd91f1fb: : Instructing follower fc0894f7946149d7b7d7f97adf1e519d to start an election
I20260710 13:20:47.910712 17160 raft_consensus.cc:1081] T d29f5a73abb14004947da763f6ba605f P 774c8eb67c8e44b0877fe86ecd91f1fb [term 1 LEADER]: Signalling peer fc0894f7946149d7b7d7f97adf1e519d to start an election
I20260710 13:20:47.912389 17003 tablet_service.cc:2044] Received Run Leader Election RPC: tablet_id: "d29f5a73abb14004947da763f6ba605f"
dest_uuid: "fc0894f7946149d7b7d7f97adf1e519d"
 from {username='slave'} at 127.0.0.1:54044
I20260710 13:20:47.913723 17077 raft_consensus.cc:515] T 3a66f662d8434d82b05634ddea619305 P 774c8eb67c8e44b0877fe86ecd91f1fb [term 2 FOLLOWER]: Starting forced leader election with config: opid_index: -1 OBSOLETE_local: false peers { permanent_uuid: "14d8176eb7b64b49b7dab7fa65e6dbb3" member_type: VOTER last_known_addr { host: "127.15.235.129" port: 42545 } } peers { permanent_uuid: "fc0894f7946149d7b7d7f97adf1e519d" member_type: VOTER last_known_addr { host: "127.15.235.130" port: 42353 } } peers { permanent_uuid: "774c8eb67c8e44b0877fe86ecd91f1fb" member_type: VOTER last_known_addr { host: "127.15.235.131" port: 38007 } }
I20260710 13:20:47.914549 17003 raft_consensus.cc:493] T d29f5a73abb14004947da763f6ba605f P fc0894f7946149d7b7d7f97adf1e519d [term 1 FOLLOWER]: Starting forced leader election (received explicit request)
I20260710 13:20:47.914965 17003 raft_consensus.cc:3060] T d29f5a73abb14004947da763f6ba605f P fc0894f7946149d7b7d7f97adf1e519d [term 1 FOLLOWER]: Advancing to term 2
I20260710 13:20:47.918529 17160 consensus_queue.cc:1048] T d29f5a73abb14004947da763f6ba605f P 774c8eb67c8e44b0877fe86ecd91f1fb [LEADER]: Connected to new peer: Peer: permanent_uuid: "14d8176eb7b64b49b7dab7fa65e6dbb3" member_type: VOTER last_known_addr { host: "127.15.235.129" port: 42545 }, Status: LMP_MISMATCH, Last received: 0.0, Next index: 1, Last known committed idx: 0, Time since last communication: 0.000s
I20260710 13:20:47.919764 17123 raft_consensus.cc:993] T 5b094caf020d47f7a2ca1c145b539321 P 774c8eb67c8e44b0877fe86ecd91f1fb: : Instructing follower 14d8176eb7b64b49b7dab7fa65e6dbb3 to start an election
I20260710 13:20:47.920193 17123 raft_consensus.cc:1081] T 5b094caf020d47f7a2ca1c145b539321 P 774c8eb67c8e44b0877fe86ecd91f1fb [term 1 LEADER]: Signalling peer 14d8176eb7b64b49b7dab7fa65e6dbb3 to start an election
I20260710 13:20:47.921490 17077 leader_election.cc:290] T 3a66f662d8434d82b05634ddea619305 P 774c8eb67c8e44b0877fe86ecd91f1fb [CANDIDATE]: Term 2 election: Requested vote from peers 14d8176eb7b64b49b7dab7fa65e6dbb3 (127.15.235.129:42545), fc0894f7946149d7b7d7f97adf1e519d (127.15.235.130:42353)
I20260710 13:20:47.921897 16927 tablet_service.cc:2044] Received Run Leader Election RPC: tablet_id: "5b094caf020d47f7a2ca1c145b539321"
dest_uuid: "14d8176eb7b64b49b7dab7fa65e6dbb3"
 from {username='slave'} at 127.0.0.1:36178
I20260710 13:20:47.922456 16927 raft_consensus.cc:493] T 5b094caf020d47f7a2ca1c145b539321 P 14d8176eb7b64b49b7dab7fa65e6dbb3 [term 1 FOLLOWER]: Starting forced leader election (received explicit request)
I20260710 13:20:47.922163 17003 raft_consensus.cc:515] T d29f5a73abb14004947da763f6ba605f P fc0894f7946149d7b7d7f97adf1e519d [term 2 FOLLOWER]: Starting forced leader election with config: opid_index: -1 OBSOLETE_local: false peers { permanent_uuid: "14d8176eb7b64b49b7dab7fa65e6dbb3" member_type: VOTER last_known_addr { host: "127.15.235.129" port: 42545 } } peers { permanent_uuid: "fc0894f7946149d7b7d7f97adf1e519d" member_type: VOTER last_known_addr { host: "127.15.235.130" port: 42353 } } peers { permanent_uuid: "774c8eb67c8e44b0877fe86ecd91f1fb" member_type: VOTER last_known_addr { host: "127.15.235.131" port: 38007 } }
I20260710 13:20:47.922861 16927 raft_consensus.cc:3060] T 5b094caf020d47f7a2ca1c145b539321 P 14d8176eb7b64b49b7dab7fa65e6dbb3 [term 1 FOLLOWER]: Advancing to term 2
I20260710 13:20:47.923508 16926 tablet_service.cc:1917] Received RequestConsensusVote() RPC: tablet_id: "3a66f662d8434d82b05634ddea619305" candidate_uuid: "774c8eb67c8e44b0877fe86ecd91f1fb" candidate_term: 2 candidate_status { last_received { term: 1 index: 1 } } ignore_live_leader: true dest_uuid: "14d8176eb7b64b49b7dab7fa65e6dbb3"
I20260710 13:20:47.924072 16926 raft_consensus.cc:3060] T 3a66f662d8434d82b05634ddea619305 P 14d8176eb7b64b49b7dab7fa65e6dbb3 [term 1 FOLLOWER]: Advancing to term 2
I20260710 13:20:47.924933 17004 tablet_service.cc:1917] Received RequestConsensusVote() RPC: tablet_id: "3a66f662d8434d82b05634ddea619305" candidate_uuid: "774c8eb67c8e44b0877fe86ecd91f1fb" candidate_term: 2 candidate_status { last_received { term: 1 index: 1 } } ignore_live_leader: true dest_uuid: "fc0894f7946149d7b7d7f97adf1e519d"
I20260710 13:20:47.925544 17004 raft_consensus.cc:3055] T 3a66f662d8434d82b05634ddea619305 P fc0894f7946149d7b7d7f97adf1e519d [term 1 LEADER]: Stepping down as leader of term 1
I20260710 13:20:47.925990 17004 raft_consensus.cc:740] T 3a66f662d8434d82b05634ddea619305 P fc0894f7946149d7b7d7f97adf1e519d [term 1 LEADER]: Becoming Follower/Learner. State: Replica: fc0894f7946149d7b7d7f97adf1e519d, State: Running, Role: LEADER
I20260710 13:20:47.926831 17004 consensus_queue.cc:260] T 3a66f662d8434d82b05634ddea619305 P fc0894f7946149d7b7d7f97adf1e519d [NON_LEADER]: Queue going to NON_LEADER mode. State: All replicated index: 0, Majority replicated index: 1, Committed index: 1, Last appended: 1.1, Last appended by leader: 1, Current term: 1, Majority size: -1, State: 0, Mode: NON_LEADER, active raft config: opid_index: -1 OBSOLETE_local: false peers { permanent_uuid: "14d8176eb7b64b49b7dab7fa65e6dbb3" member_type: VOTER last_known_addr { host: "127.15.235.129" port: 42545 } } peers { permanent_uuid: "fc0894f7946149d7b7d7f97adf1e519d" member_type: VOTER last_known_addr { host: "127.15.235.130" port: 42353 } } peers { permanent_uuid: "774c8eb67c8e44b0877fe86ecd91f1fb" member_type: VOTER last_known_addr { host: "127.15.235.131" port: 38007 } }
I20260710 13:20:47.928092 17004 raft_consensus.cc:3060] T 3a66f662d8434d82b05634ddea619305 P fc0894f7946149d7b7d7f97adf1e519d [term 1 FOLLOWER]: Advancing to term 2
I20260710 13:20:47.929761 16927 raft_consensus.cc:515] T 5b094caf020d47f7a2ca1c145b539321 P 14d8176eb7b64b49b7dab7fa65e6dbb3 [term 2 FOLLOWER]: Starting forced leader election with config: opid_index: -1 OBSOLETE_local: false peers { permanent_uuid: "14d8176eb7b64b49b7dab7fa65e6dbb3" member_type: VOTER last_known_addr { host: "127.15.235.129" port: 42545 } } peers { permanent_uuid: "fc0894f7946149d7b7d7f97adf1e519d" member_type: VOTER last_known_addr { host: "127.15.235.130" port: 42353 } } peers { permanent_uuid: "774c8eb67c8e44b0877fe86ecd91f1fb" member_type: VOTER last_known_addr { host: "127.15.235.131" port: 38007 } }
I20260710 13:20:47.935846 16928 tablet_service.cc:1917] Received RequestConsensusVote() RPC: tablet_id: "d29f5a73abb14004947da763f6ba605f" candidate_uuid: "fc0894f7946149d7b7d7f97adf1e519d" candidate_term: 2 candidate_status { last_received { term: 1 index: 1 } } ignore_live_leader: true dest_uuid: "14d8176eb7b64b49b7dab7fa65e6dbb3"
I20260710 13:20:47.936508 16927 leader_election.cc:290] T 5b094caf020d47f7a2ca1c145b539321 P 14d8176eb7b64b49b7dab7fa65e6dbb3 [CANDIDATE]: Term 2 election: Requested vote from peers fc0894f7946149d7b7d7f97adf1e519d (127.15.235.130:42353), 774c8eb67c8e44b0877fe86ecd91f1fb (127.15.235.131:38007)
I20260710 13:20:47.937302 17004 raft_consensus.cc:2468] T 3a66f662d8434d82b05634ddea619305 P fc0894f7946149d7b7d7f97adf1e519d [term 2 FOLLOWER]: Leader election vote request: Granting yes vote for candidate 774c8eb67c8e44b0877fe86ecd91f1fb in term 2.
I20260710 13:20:47.937489 17077 tablet_service.cc:1917] Received RequestConsensusVote() RPC: tablet_id: "5b094caf020d47f7a2ca1c145b539321" candidate_uuid: "14d8176eb7b64b49b7dab7fa65e6dbb3" candidate_term: 2 candidate_status { last_received { term: 1 index: 1 } } ignore_live_leader: true dest_uuid: "774c8eb67c8e44b0877fe86ecd91f1fb"
I20260710 13:20:47.938134 17077 raft_consensus.cc:3055] T 5b094caf020d47f7a2ca1c145b539321 P 774c8eb67c8e44b0877fe86ecd91f1fb [term 1 LEADER]: Stepping down as leader of term 1
I20260710 13:20:47.938506 17077 raft_consensus.cc:740] T 5b094caf020d47f7a2ca1c145b539321 P 774c8eb67c8e44b0877fe86ecd91f1fb [term 1 LEADER]: Becoming Follower/Learner. State: Replica: 774c8eb67c8e44b0877fe86ecd91f1fb, State: Running, Role: LEADER
I20260710 13:20:47.938387 17044 leader_election.cc:304] T 3a66f662d8434d82b05634ddea619305 P 774c8eb67c8e44b0877fe86ecd91f1fb [CANDIDATE]: Term 2 election: Election decided. Result: candidate won. Election summary: received 2 responses out of 3 voters: 2 yes votes; 0 no votes. yes voters: 774c8eb67c8e44b0877fe86ecd91f1fb, fc0894f7946149d7b7d7f97adf1e519d; no voters: 
I20260710 13:20:47.939563 16926 raft_consensus.cc:2468] T 3a66f662d8434d82b05634ddea619305 P 14d8176eb7b64b49b7dab7fa65e6dbb3 [term 2 FOLLOWER]: Leader election vote request: Granting yes vote for candidate 774c8eb67c8e44b0877fe86ecd91f1fb in term 2.
I20260710 13:20:47.939502 17160 raft_consensus.cc:2804] T 3a66f662d8434d82b05634ddea619305 P 774c8eb67c8e44b0877fe86ecd91f1fb [term 2 FOLLOWER]: Leader election won for term 2
I20260710 13:20:47.939445 17077 consensus_queue.cc:260] T 5b094caf020d47f7a2ca1c145b539321 P 774c8eb67c8e44b0877fe86ecd91f1fb [NON_LEADER]: Queue going to NON_LEADER mode. State: All replicated index: 0, Majority replicated index: 1, Committed index: 1, Last appended: 1.1, Last appended by leader: 1, Current term: 1, Majority size: -1, State: 0, Mode: NON_LEADER, active raft config: opid_index: -1 OBSOLETE_local: false peers { permanent_uuid: "14d8176eb7b64b49b7dab7fa65e6dbb3" member_type: VOTER last_known_addr { host: "127.15.235.129" port: 42545 } } peers { permanent_uuid: "fc0894f7946149d7b7d7f97adf1e519d" member_type: VOTER last_known_addr { host: "127.15.235.130" port: 42353 } } peers { permanent_uuid: "774c8eb67c8e44b0877fe86ecd91f1fb" member_type: VOTER last_known_addr { host: "127.15.235.131" port: 38007 } }
I20260710 13:20:47.940234 17003 leader_election.cc:290] T d29f5a73abb14004947da763f6ba605f P fc0894f7946149d7b7d7f97adf1e519d [CANDIDATE]: Term 2 election: Requested vote from peers 14d8176eb7b64b49b7dab7fa65e6dbb3 (127.15.235.129:42545), 774c8eb67c8e44b0877fe86ecd91f1fb (127.15.235.131:38007)
I20260710 13:20:47.940289 17160 raft_consensus.cc:697] T 3a66f662d8434d82b05634ddea619305 P 774c8eb67c8e44b0877fe86ecd91f1fb [term 2 LEADER]: Becoming Leader. State: Replica: 774c8eb67c8e44b0877fe86ecd91f1fb, State: Running, Role: LEADER
I20260710 13:20:47.941042 17077 raft_consensus.cc:3060] T 5b094caf020d47f7a2ca1c145b539321 P 774c8eb67c8e44b0877fe86ecd91f1fb [term 1 FOLLOWER]: Advancing to term 2
I20260710 13:20:47.941241 17160 consensus_queue.cc:237] T 3a66f662d8434d82b05634ddea619305 P 774c8eb67c8e44b0877fe86ecd91f1fb [LEADER]: Queue going to LEADER mode. State: All replicated index: 0, Majority replicated index: 1, Committed index: 1, Last appended: 1.1, Last appended by leader: 1, Current term: 2, Majority size: 2, State: 0, Mode: LEADER, active raft config: opid_index: -1 OBSOLETE_local: false peers { permanent_uuid: "14d8176eb7b64b49b7dab7fa65e6dbb3" member_type: VOTER last_known_addr { host: "127.15.235.129" port: 42545 } } peers { permanent_uuid: "fc0894f7946149d7b7d7f97adf1e519d" member_type: VOTER last_known_addr { host: "127.15.235.130" port: 42353 } } peers { permanent_uuid: "774c8eb67c8e44b0877fe86ecd91f1fb" member_type: VOTER last_known_addr { host: "127.15.235.131" port: 38007 } }
I20260710 13:20:47.943938 17076 tablet_service.cc:1917] Received RequestConsensusVote() RPC: tablet_id: "d29f5a73abb14004947da763f6ba605f" candidate_uuid: "fc0894f7946149d7b7d7f97adf1e519d" candidate_term: 2 candidate_status { last_received { term: 1 index: 1 } } ignore_live_leader: true dest_uuid: "774c8eb67c8e44b0877fe86ecd91f1fb"
I20260710 13:20:47.944484 17076 raft_consensus.cc:3055] T d29f5a73abb14004947da763f6ba605f P 774c8eb67c8e44b0877fe86ecd91f1fb [term 1 LEADER]: Stepping down as leader of term 1
I20260710 13:20:47.944770 17076 raft_consensus.cc:740] T d29f5a73abb14004947da763f6ba605f P 774c8eb67c8e44b0877fe86ecd91f1fb [term 1 LEADER]: Becoming Follower/Learner. State: Replica: 774c8eb67c8e44b0877fe86ecd91f1fb, State: Running, Role: LEADER
I20260710 13:20:47.945529 17076 consensus_queue.cc:260] T d29f5a73abb14004947da763f6ba605f P 774c8eb67c8e44b0877fe86ecd91f1fb [NON_LEADER]: Queue going to NON_LEADER mode. State: All replicated index: 0, Majority replicated index: 1, Committed index: 1, Last appended: 1.1, Last appended by leader: 1, Current term: 1, Majority size: -1, State: 0, Mode: NON_LEADER, active raft config: opid_index: -1 OBSOLETE_local: false peers { permanent_uuid: "14d8176eb7b64b49b7dab7fa65e6dbb3" member_type: VOTER last_known_addr { host: "127.15.235.129" port: 42545 } } peers { permanent_uuid: "fc0894f7946149d7b7d7f97adf1e519d" member_type: VOTER last_known_addr { host: "127.15.235.130" port: 42353 } } peers { permanent_uuid: "774c8eb67c8e44b0877fe86ecd91f1fb" member_type: VOTER last_known_addr { host: "127.15.235.131" port: 38007 } }
I20260710 13:20:47.946535 17203 raft_consensus.cc:993] T 05d06a500d5b4acd9c18ad139167cff0 P fc0894f7946149d7b7d7f97adf1e519d: : Instructing follower 14d8176eb7b64b49b7dab7fa65e6dbb3 to start an election
I20260710 13:20:47.946576 17076 raft_consensus.cc:3060] T d29f5a73abb14004947da763f6ba605f P 774c8eb67c8e44b0877fe86ecd91f1fb [term 1 FOLLOWER]: Advancing to term 2
I20260710 13:20:47.947062 17203 raft_consensus.cc:1081] T 05d06a500d5b4acd9c18ad139167cff0 P fc0894f7946149d7b7d7f97adf1e519d [term 1 LEADER]: Signalling peer 14d8176eb7b64b49b7dab7fa65e6dbb3 to start an election
I20260710 13:20:47.947430 17077 raft_consensus.cc:2468] T 5b094caf020d47f7a2ca1c145b539321 P 774c8eb67c8e44b0877fe86ecd91f1fb [term 2 FOLLOWER]: Leader election vote request: Granting yes vote for candidate 14d8176eb7b64b49b7dab7fa65e6dbb3 in term 2.
I20260710 13:20:47.948607 16894 leader_election.cc:304] T 5b094caf020d47f7a2ca1c145b539321 P 14d8176eb7b64b49b7dab7fa65e6dbb3 [CANDIDATE]: Term 2 election: Election decided. Result: candidate won. Election summary: received 2 responses out of 3 voters: 2 yes votes; 0 no votes. yes voters: 14d8176eb7b64b49b7dab7fa65e6dbb3, 774c8eb67c8e44b0877fe86ecd91f1fb; no voters: 
I20260710 13:20:47.948922 16926 tablet_service.cc:2044] Received Run Leader Election RPC: tablet_id: "05d06a500d5b4acd9c18ad139167cff0"
dest_uuid: "14d8176eb7b64b49b7dab7fa65e6dbb3"
 from {username='slave'} at 127.0.0.1:36162
I20260710 13:20:47.949505 17148 raft_consensus.cc:2804] T 5b094caf020d47f7a2ca1c145b539321 P 14d8176eb7b64b49b7dab7fa65e6dbb3 [term 2 FOLLOWER]: Leader election won for term 2
I20260710 13:20:47.949612 16926 raft_consensus.cc:493] T 05d06a500d5b4acd9c18ad139167cff0 P 14d8176eb7b64b49b7dab7fa65e6dbb3 [term 1 FOLLOWER]: Starting forced leader election (received explicit request)
I20260710 13:20:47.949999 17148 raft_consensus.cc:697] T 5b094caf020d47f7a2ca1c145b539321 P 14d8176eb7b64b49b7dab7fa65e6dbb3 [term 2 LEADER]: Becoming Leader. State: Replica: 14d8176eb7b64b49b7dab7fa65e6dbb3, State: Running, Role: LEADER
I20260710 13:20:47.950091 16926 raft_consensus.cc:3060] T 05d06a500d5b4acd9c18ad139167cff0 P 14d8176eb7b64b49b7dab7fa65e6dbb3 [term 1 FOLLOWER]: Advancing to term 2
I20260710 13:20:47.950860 17148 consensus_queue.cc:237] T 5b094caf020d47f7a2ca1c145b539321 P 14d8176eb7b64b49b7dab7fa65e6dbb3 [LEADER]: Queue going to LEADER mode. State: All replicated index: 0, Majority replicated index: 1, Committed index: 1, Last appended: 1.1, Last appended by leader: 1, Current term: 2, Majority size: 2, State: 0, Mode: LEADER, active raft config: opid_index: -1 OBSOLETE_local: false peers { permanent_uuid: "14d8176eb7b64b49b7dab7fa65e6dbb3" member_type: VOTER last_known_addr { host: "127.15.235.129" port: 42545 } } peers { permanent_uuid: "fc0894f7946149d7b7d7f97adf1e519d" member_type: VOTER last_known_addr { host: "127.15.235.130" port: 42353 } } peers { permanent_uuid: "774c8eb67c8e44b0877fe86ecd91f1fb" member_type: VOTER last_known_addr { host: "127.15.235.131" port: 38007 } }
I20260710 13:20:47.954541 17076 raft_consensus.cc:2468] T d29f5a73abb14004947da763f6ba605f P 774c8eb67c8e44b0877fe86ecd91f1fb [term 2 FOLLOWER]: Leader election vote request: Granting yes vote for candidate fc0894f7946149d7b7d7f97adf1e519d in term 2.
I20260710 13:20:47.955559 17004 tablet_service.cc:1917] Received RequestConsensusVote() RPC: tablet_id: "5b094caf020d47f7a2ca1c145b539321" candidate_uuid: "14d8176eb7b64b49b7dab7fa65e6dbb3" candidate_term: 2 candidate_status { last_received { term: 1 index: 1 } } ignore_live_leader: true dest_uuid: "fc0894f7946149d7b7d7f97adf1e519d"
I20260710 13:20:47.956108 17004 raft_consensus.cc:3060] T 5b094caf020d47f7a2ca1c145b539321 P fc0894f7946149d7b7d7f97adf1e519d [term 1 FOLLOWER]: Advancing to term 2
I20260710 13:20:47.957264 16926 raft_consensus.cc:515] T 05d06a500d5b4acd9c18ad139167cff0 P 14d8176eb7b64b49b7dab7fa65e6dbb3 [term 2 FOLLOWER]: Starting forced leader election with config: opid_index: -1 OBSOLETE_local: false peers { permanent_uuid: "14d8176eb7b64b49b7dab7fa65e6dbb3" member_type: VOTER last_known_addr { host: "127.15.235.129" port: 42545 } } peers { permanent_uuid: "fc0894f7946149d7b7d7f97adf1e519d" member_type: VOTER last_known_addr { host: "127.15.235.130" port: 42353 } } peers { permanent_uuid: "774c8eb67c8e44b0877fe86ecd91f1fb" member_type: VOTER last_known_addr { host: "127.15.235.131" port: 38007 } }
I20260710 13:20:47.957531 16969 leader_election.cc:304] T d29f5a73abb14004947da763f6ba605f P fc0894f7946149d7b7d7f97adf1e519d [CANDIDATE]: Term 2 election: Election decided. Result: candidate won. Election summary: received 3 responses out of 3 voters: 2 yes votes; 1 no votes. yes voters: 774c8eb67c8e44b0877fe86ecd91f1fb, fc0894f7946149d7b7d7f97adf1e519d; no voters: 14d8176eb7b64b49b7dab7fa65e6dbb3
I20260710 13:20:47.958752 17127 raft_consensus.cc:2804] T d29f5a73abb14004947da763f6ba605f P fc0894f7946149d7b7d7f97adf1e519d [term 2 FOLLOWER]: Leader election won for term 2
I20260710 13:20:47.959218 17127 raft_consensus.cc:697] T d29f5a73abb14004947da763f6ba605f P fc0894f7946149d7b7d7f97adf1e519d [term 2 LEADER]: Becoming Leader. State: Replica: fc0894f7946149d7b7d7f97adf1e519d, State: Running, Role: LEADER
I20260710 13:20:47.960000 17127 consensus_queue.cc:237] T d29f5a73abb14004947da763f6ba605f P fc0894f7946149d7b7d7f97adf1e519d [LEADER]: Queue going to LEADER mode. State: All replicated index: 0, Majority replicated index: 1, Committed index: 1, Last appended: 1.1, Last appended by leader: 1, Current term: 2, Majority size: 2, State: 0, Mode: LEADER, active raft config: opid_index: -1 OBSOLETE_local: false peers { permanent_uuid: "14d8176eb7b64b49b7dab7fa65e6dbb3" member_type: VOTER last_known_addr { host: "127.15.235.129" port: 42545 } } peers { permanent_uuid: "fc0894f7946149d7b7d7f97adf1e519d" member_type: VOTER last_known_addr { host: "127.15.235.130" port: 42353 } } peers { permanent_uuid: "774c8eb67c8e44b0877fe86ecd91f1fb" member_type: VOTER last_known_addr { host: "127.15.235.131" port: 38007 } }
I20260710 13:20:47.960325 17003 tablet_service.cc:1917] Received RequestConsensusVote() RPC: tablet_id: "05d06a500d5b4acd9c18ad139167cff0" candidate_uuid: "14d8176eb7b64b49b7dab7fa65e6dbb3" candidate_term: 2 candidate_status { last_received { term: 1 index: 1 } } ignore_live_leader: true dest_uuid: "fc0894f7946149d7b7d7f97adf1e519d"
I20260710 13:20:47.961045 17003 raft_consensus.cc:3055] T 05d06a500d5b4acd9c18ad139167cff0 P fc0894f7946149d7b7d7f97adf1e519d [term 1 LEADER]: Stepping down as leader of term 1
I20260710 13:20:47.964679 17003 raft_consensus.cc:740] T 05d06a500d5b4acd9c18ad139167cff0 P fc0894f7946149d7b7d7f97adf1e519d [term 1 LEADER]: Becoming Follower/Learner. State: Replica: fc0894f7946149d7b7d7f97adf1e519d, State: Running, Role: LEADER
I20260710 13:20:47.964617 16827 catalog_manager.cc:5697] T 3a66f662d8434d82b05634ddea619305 P 774c8eb67c8e44b0877fe86ecd91f1fb reported cstate change: term changed from 1 to 2, leader changed from fc0894f7946149d7b7d7f97adf1e519d (127.15.235.130) to 774c8eb67c8e44b0877fe86ecd91f1fb (127.15.235.131). New cstate: current_term: 2 leader_uuid: "774c8eb67c8e44b0877fe86ecd91f1fb" committed_config { opid_index: -1 OBSOLETE_local: false peers { permanent_uuid: "14d8176eb7b64b49b7dab7fa65e6dbb3" member_type: VOTER last_known_addr { host: "127.15.235.129" port: 42545 } health_report { overall_health: UNKNOWN } } peers { permanent_uuid: "fc0894f7946149d7b7d7f97adf1e519d" member_type: VOTER last_known_addr { host: "127.15.235.130" port: 42353 } health_report { overall_health: UNKNOWN } } peers { permanent_uuid: "774c8eb67c8e44b0877fe86ecd91f1fb" member_type: VOTER last_known_addr { host: "127.15.235.131" port: 38007 } health_report { overall_health: HEALTHY } } }
I20260710 13:20:47.965632 17003 consensus_queue.cc:260] T 05d06a500d5b4acd9c18ad139167cff0 P fc0894f7946149d7b7d7f97adf1e519d [NON_LEADER]: Queue going to NON_LEADER mode. State: All replicated index: 0, Majority replicated index: 1, Committed index: 1, Last appended: 1.1, Last appended by leader: 1, Current term: 1, Majority size: -1, State: 0, Mode: NON_LEADER, active raft config: opid_index: -1 OBSOLETE_local: false peers { permanent_uuid: "14d8176eb7b64b49b7dab7fa65e6dbb3" member_type: VOTER last_known_addr { host: "127.15.235.129" port: 42545 } } peers { permanent_uuid: "fc0894f7946149d7b7d7f97adf1e519d" member_type: VOTER last_known_addr { host: "127.15.235.130" port: 42353 } } peers { permanent_uuid: "774c8eb67c8e44b0877fe86ecd91f1fb" member_type: VOTER last_known_addr { host: "127.15.235.131" port: 38007 } }
I20260710 13:20:47.966842 17003 raft_consensus.cc:3060] T 05d06a500d5b4acd9c18ad139167cff0 P fc0894f7946149d7b7d7f97adf1e519d [term 1 FOLLOWER]: Advancing to term 2
I20260710 13:20:47.967761 16825 catalog_manager.cc:5697] T 5b094caf020d47f7a2ca1c145b539321 P 14d8176eb7b64b49b7dab7fa65e6dbb3 reported cstate change: term changed from 1 to 2, leader changed from 774c8eb67c8e44b0877fe86ecd91f1fb (127.15.235.131) to 14d8176eb7b64b49b7dab7fa65e6dbb3 (127.15.235.129). New cstate: current_term: 2 leader_uuid: "14d8176eb7b64b49b7dab7fa65e6dbb3" committed_config { opid_index: -1 OBSOLETE_local: false peers { permanent_uuid: "14d8176eb7b64b49b7dab7fa65e6dbb3" member_type: VOTER last_known_addr { host: "127.15.235.129" port: 42545 } health_report { overall_health: HEALTHY } } peers { permanent_uuid: "fc0894f7946149d7b7d7f97adf1e519d" member_type: VOTER last_known_addr { host: "127.15.235.130" port: 42353 } health_report { overall_health: UNKNOWN } } peers { permanent_uuid: "774c8eb67c8e44b0877fe86ecd91f1fb" member_type: VOTER last_known_addr { host: "127.15.235.131" port: 38007 } health_report { overall_health: UNKNOWN } } }
I20260710 13:20:47.962616 17004 raft_consensus.cc:2468] T 5b094caf020d47f7a2ca1c145b539321 P fc0894f7946149d7b7d7f97adf1e519d [term 2 FOLLOWER]: Leader election vote request: Granting yes vote for candidate 14d8176eb7b64b49b7dab7fa65e6dbb3 in term 2.
I20260710 13:20:47.970855 16926 leader_election.cc:290] T 05d06a500d5b4acd9c18ad139167cff0 P 14d8176eb7b64b49b7dab7fa65e6dbb3 [CANDIDATE]: Term 2 election: Requested vote from peers fc0894f7946149d7b7d7f97adf1e519d (127.15.235.130:42353), 774c8eb67c8e44b0877fe86ecd91f1fb (127.15.235.131:38007)
