I20260710 13:20:52.411599 18217 consensus_queue.cc:237] T 34907d6cb8ba4f44ac883effe01b9d35 P b112565341af4f588bdbfe2051754c12 [LEADER]: Queue going to LEADER mode. State: All replicated index: 0, Majority replicated index: 0, Committed index: 0, Last appended: 0.0, Last appended by leader: 0, Current term: 1, Majority size: 2, State: 0, Mode: LEADER, active raft config: opid_index: -1 OBSOLETE_local: false peers { permanent_uuid: "cf114695645c43519e5f132a252524bf" member_type: VOTER last_known_addr { host: "127.16.134.1" port: 35709 } } peers { permanent_uuid: "b112565341af4f588bdbfe2051754c12" member_type: VOTER last_known_addr { host: "127.16.134.2" port: 38361 } } peers { permanent_uuid: "d746ba210afd47dca65bd92827f09ffa" member_type: VOTER last_known_addr { host: "127.16.134.3" port: 46165 } }
I20260710 13:20:52.423775 18212 tablet_bootstrap.cc:492] T 73f91f3885c542c887d441e547843709 P d746ba210afd47dca65bd92827f09ffa: No bootstrap required, opened a new log
I20260710 13:20:52.424273 18212 ts_tablet_manager.cc:1403] T 73f91f3885c542c887d441e547843709 P d746ba210afd47dca65bd92827f09ffa: Time spent bootstrapping tablet: real 0.069s	user 0.009s	sys 0.015s
I20260710 13:20:52.431700 18023 raft_consensus.cc:2468] T 34907d6cb8ba4f44ac883effe01b9d35 P cf114695645c43519e5f132a252524bf [term 1 FOLLOWER]: Leader election vote request: Granting yes vote for candidate b112565341af4f588bdbfe2051754c12 in term 1.
I20260710 13:20:52.434795 18306 consensus_queue.cc:1048] T 879e14dd8547493e84ed347d152dd8d4 P b112565341af4f588bdbfe2051754c12 [LEADER]: Connected to new peer: Peer: permanent_uuid: "d746ba210afd47dca65bd92827f09ffa" member_type: VOTER last_known_addr { host: "127.16.134.3" port: 46165 }, Status: LMP_MISMATCH, Last received: 0.0, Next index: 1, Last known committed idx: 0, Time since last communication: 0.000s
W20260710 13:20:52.437999 18064 leader_election.cc:343] T 4877019dd9b0468ea4b32a29e3424eab P b112565341af4f588bdbfe2051754c12 [CANDIDATE]: Term 1 election: Tablet error from VoteRequest() call to peer cf114695645c43519e5f132a252524bf (127.16.134.1:35709): Illegal state: must be running to vote when last-logged opid is not known
I20260710 13:20:52.439039 18215 raft_consensus.cc:359] T 4877019dd9b0468ea4b32a29e3424eab P cf114695645c43519e5f132a252524bf [term 0 FOLLOWER]: Replica starting. Triggering 0 pending ops. Active config: opid_index: -1 OBSOLETE_local: false peers { permanent_uuid: "cf114695645c43519e5f132a252524bf" member_type: VOTER last_known_addr { host: "127.16.134.1" port: 35709 } } peers { permanent_uuid: "b112565341af4f588bdbfe2051754c12" member_type: VOTER last_known_addr { host: "127.16.134.2" port: 38361 } } peers { permanent_uuid: "d746ba210afd47dca65bd92827f09ffa" member_type: VOTER last_known_addr { host: "127.16.134.3" port: 46165 } }
I20260710 13:20:52.433168 18212 raft_consensus.cc:359] T 73f91f3885c542c887d441e547843709 P d746ba210afd47dca65bd92827f09ffa [term 0 FOLLOWER]: Replica starting. Triggering 0 pending ops. Active config: opid_index: -1 OBSOLETE_local: false peers { permanent_uuid: "cf114695645c43519e5f132a252524bf" member_type: VOTER last_known_addr { host: "127.16.134.1" port: 35709 } } peers { permanent_uuid: "b112565341af4f588bdbfe2051754c12" member_type: VOTER last_known_addr { host: "127.16.134.2" port: 38361 } } peers { permanent_uuid: "d746ba210afd47dca65bd92827f09ffa" member_type: VOTER last_known_addr { host: "127.16.134.3" port: 46165 } }
I20260710 13:20:52.439920 18215 raft_consensus.cc:385] T 4877019dd9b0468ea4b32a29e3424eab P cf114695645c43519e5f132a252524bf [term 0 FOLLOWER]: Consensus starting up: Expiring failure detector timer to make a prompt election more likely
I20260710 13:20:52.440038 18212 raft_consensus.cc:385] T 73f91f3885c542c887d441e547843709 P d746ba210afd47dca65bd92827f09ffa [term 0 FOLLOWER]: Consensus starting up: Expiring failure detector timer to make a prompt election more likely
I20260710 13:20:52.440320 18215 raft_consensus.cc:740] T 4877019dd9b0468ea4b32a29e3424eab P cf114695645c43519e5f132a252524bf [term 0 FOLLOWER]: Becoming Follower/Learner. State: Replica: cf114695645c43519e5f132a252524bf, State: Initialized, Role: FOLLOWER
I20260710 13:20:52.440408 18212 raft_consensus.cc:740] T 73f91f3885c542c887d441e547843709 P d746ba210afd47dca65bd92827f09ffa [term 0 FOLLOWER]: Becoming Follower/Learner. State: Replica: d746ba210afd47dca65bd92827f09ffa, State: Initialized, Role: FOLLOWER
I20260710 13:20:52.441722 18215 consensus_queue.cc:260] T 4877019dd9b0468ea4b32a29e3424eab P cf114695645c43519e5f132a252524bf [NON_LEADER]: Queue going to NON_LEADER mode. State: All replicated index: 0, Majority replicated index: 0, Committed index: 0, Last appended: 0.0, Last appended by leader: 0, Current term: 0, Majority size: -1, State: 0, Mode: NON_LEADER, active raft config: opid_index: -1 OBSOLETE_local: false peers { permanent_uuid: "cf114695645c43519e5f132a252524bf" member_type: VOTER last_known_addr { host: "127.16.134.1" port: 35709 } } peers { permanent_uuid: "b112565341af4f588bdbfe2051754c12" member_type: VOTER last_known_addr { host: "127.16.134.2" port: 38361 } } peers { permanent_uuid: "d746ba210afd47dca65bd92827f09ffa" member_type: VOTER last_known_addr { host: "127.16.134.3" port: 46165 } }
I20260710 13:20:52.449379 18220 consensus_queue.cc:1048] T 6fb4a1f13649479187e322fb1f5021bc P cf114695645c43519e5f132a252524bf [LEADER]: Connected to new peer: Peer: permanent_uuid: "d746ba210afd47dca65bd92827f09ffa" member_type: VOTER last_known_addr { host: "127.16.134.3" port: 46165 }, Status: LMP_MISMATCH, Last received: 0.0, Next index: 1, Last known committed idx: 0, Time since last communication: 0.001s
I20260710 13:20:52.456041 18215 ts_tablet_manager.cc:1434] T 4877019dd9b0468ea4b32a29e3424eab P cf114695645c43519e5f132a252524bf: Time spent starting tablet: real 0.112s	user 0.006s	sys 0.002s
I20260710 13:20:52.457160 18215 tablet_bootstrap.cc:492] T 86fb9bcfdae14a9e9a427fac7e484655 P cf114695645c43519e5f132a252524bf: Bootstrap starting.
I20260710 13:20:52.466882 18212 consensus_queue.cc:260] T 73f91f3885c542c887d441e547843709 P d746ba210afd47dca65bd92827f09ffa [NON_LEADER]: Queue going to NON_LEADER mode. State: All replicated index: 0, Majority replicated index: 0, Committed index: 0, Last appended: 0.0, Last appended by leader: 0, Current term: 0, Majority size: -1, State: 0, Mode: NON_LEADER, active raft config: opid_index: -1 OBSOLETE_local: false peers { permanent_uuid: "cf114695645c43519e5f132a252524bf" member_type: VOTER last_known_addr { host: "127.16.134.1" port: 35709 } } peers { permanent_uuid: "b112565341af4f588bdbfe2051754c12" member_type: VOTER last_known_addr { host: "127.16.134.2" port: 38361 } } peers { permanent_uuid: "d746ba210afd47dca65bd92827f09ffa" member_type: VOTER last_known_addr { host: "127.16.134.3" port: 46165 } }
I20260710 13:20:52.469064 18212 ts_tablet_manager.cc:1434] T 73f91f3885c542c887d441e547843709 P d746ba210afd47dca65bd92827f09ffa: Time spent starting tablet: real 0.044s	user 0.005s	sys 0.000s
I20260710 13:20:52.469929 18212 tablet_bootstrap.cc:492] T c59ba8dc7e00416184e5c41a6a1d8bd0 P d746ba210afd47dca65bd92827f09ffa: Bootstrap starting.
I20260710 13:20:52.469657 17920 catalog_manager.cc:5697] T 34907d6cb8ba4f44ac883effe01b9d35 P b112565341af4f588bdbfe2051754c12 reported cstate change: term changed from 0 to 1, leader changed from <none> to b112565341af4f588bdbfe2051754c12 (127.16.134.2). New cstate: current_term: 1 leader_uuid: "b112565341af4f588bdbfe2051754c12" committed_config { opid_index: -1 OBSOLETE_local: false peers { permanent_uuid: "cf114695645c43519e5f132a252524bf" member_type: VOTER last_known_addr { host: "127.16.134.1" port: 35709 } health_report { overall_health: UNKNOWN } } peers { permanent_uuid: "b112565341af4f588bdbfe2051754c12" member_type: VOTER last_known_addr { host: "127.16.134.2" port: 38361 } health_report { overall_health: HEALTHY } } peers { permanent_uuid: "d746ba210afd47dca65bd92827f09ffa" member_type: VOTER last_known_addr { host: "127.16.134.3" port: 46165 } health_report { overall_health: UNKNOWN } } }
I20260710 13:20:52.475159 18215 tablet_bootstrap.cc:654] T 86fb9bcfdae14a9e9a427fac7e484655 P cf114695645c43519e5f132a252524bf: Neither blocks nor log segments found. Creating new log.
I20260710 13:20:52.491274 18212 tablet_bootstrap.cc:654] T c59ba8dc7e00416184e5c41a6a1d8bd0 P d746ba210afd47dca65bd92827f09ffa: Neither blocks nor log segments found. Creating new log.
I20260710 13:20:52.498162 18215 tablet_bootstrap.cc:492] T 86fb9bcfdae14a9e9a427fac7e484655 P cf114695645c43519e5f132a252524bf: No bootstrap required, opened a new log
I20260710 13:20:52.498615 18215 ts_tablet_manager.cc:1403] T 86fb9bcfdae14a9e9a427fac7e484655 P cf114695645c43519e5f132a252524bf: Time spent bootstrapping tablet: real 0.042s	user 0.009s	sys 0.001s
I20260710 13:20:52.501636 18215 raft_consensus.cc:359] T 86fb9bcfdae14a9e9a427fac7e484655 P cf114695645c43519e5f132a252524bf [term 0 FOLLOWER]: Replica starting. Triggering 0 pending ops. Active config: opid_index: -1 OBSOLETE_local: false peers { permanent_uuid: "cf114695645c43519e5f132a252524bf" member_type: VOTER last_known_addr { host: "127.16.134.1" port: 35709 } } peers { permanent_uuid: "b112565341af4f588bdbfe2051754c12" member_type: VOTER last_known_addr { host: "127.16.134.2" port: 38361 } } peers { permanent_uuid: "d746ba210afd47dca65bd92827f09ffa" member_type: VOTER last_known_addr { host: "127.16.134.3" port: 46165 } }
I20260710 13:20:52.502274 18215 raft_consensus.cc:385] T 86fb9bcfdae14a9e9a427fac7e484655 P cf114695645c43519e5f132a252524bf [term 0 FOLLOWER]: Consensus starting up: Expiring failure detector timer to make a prompt election more likely
I20260710 13:20:52.502534 18215 raft_consensus.cc:740] T 86fb9bcfdae14a9e9a427fac7e484655 P cf114695645c43519e5f132a252524bf [term 0 FOLLOWER]: Becoming Follower/Learner. State: Replica: cf114695645c43519e5f132a252524bf, State: Initialized, Role: FOLLOWER
I20260710 13:20:52.502426 18220 consensus_queue.cc:1048] T 6fb4a1f13649479187e322fb1f5021bc P cf114695645c43519e5f132a252524bf [LEADER]: Connected to new peer: Peer: permanent_uuid: "b112565341af4f588bdbfe2051754c12" member_type: VOTER last_known_addr { host: "127.16.134.2" port: 38361 }, Status: LMP_MISMATCH, Last received: 0.0, Next index: 1, Last known committed idx: 0, Time since last communication: 0.000s
I20260710 13:20:52.503338 18215 consensus_queue.cc:260] T 86fb9bcfdae14a9e9a427fac7e484655 P cf114695645c43519e5f132a252524bf [NON_LEADER]: Queue going to NON_LEADER mode. State: All replicated index: 0, Majority replicated index: 0, Committed index: 0, Last appended: 0.0, Last appended by leader: 0, Current term: 0, Majority size: -1, State: 0, Mode: NON_LEADER, active raft config: opid_index: -1 OBSOLETE_local: false peers { permanent_uuid: "cf114695645c43519e5f132a252524bf" member_type: VOTER last_known_addr { host: "127.16.134.1" port: 35709 } } peers { permanent_uuid: "b112565341af4f588bdbfe2051754c12" member_type: VOTER last_known_addr { host: "127.16.134.2" port: 38361 } } peers { permanent_uuid: "d746ba210afd47dca65bd92827f09ffa" member_type: VOTER last_known_addr { host: "127.16.134.3" port: 46165 } }
I20260710 13:20:52.505787 18215 ts_tablet_manager.cc:1434] T 86fb9bcfdae14a9e9a427fac7e484655 P cf114695645c43519e5f132a252524bf: Time spent starting tablet: real 0.007s	user 0.007s	sys 0.000s
I20260710 13:20:52.508396 18215 tablet_bootstrap.cc:492] T c59ba8dc7e00416184e5c41a6a1d8bd0 P cf114695645c43519e5f132a252524bf: Bootstrap starting.
I20260710 13:20:52.514298 18215 tablet_bootstrap.cc:654] T c59ba8dc7e00416184e5c41a6a1d8bd0 P cf114695645c43519e5f132a252524bf: Neither blocks nor log segments found. Creating new log.
I20260710 13:20:52.507012 17919 catalog_manager.cc:5697] T 4877019dd9b0468ea4b32a29e3424eab P b112565341af4f588bdbfe2051754c12 reported cstate change: term changed from 0 to 1, leader changed from <none> to b112565341af4f588bdbfe2051754c12 (127.16.134.2). New cstate: current_term: 1 leader_uuid: "b112565341af4f588bdbfe2051754c12" committed_config { opid_index: -1 OBSOLETE_local: false peers { permanent_uuid: "cf114695645c43519e5f132a252524bf" member_type: VOTER last_known_addr { host: "127.16.134.1" port: 35709 } health_report { overall_health: UNKNOWN } } peers { permanent_uuid: "b112565341af4f588bdbfe2051754c12" member_type: VOTER last_known_addr { host: "127.16.134.2" port: 38361 } health_report { overall_health: HEALTHY } } peers { permanent_uuid: "d746ba210afd47dca65bd92827f09ffa" member_type: VOTER last_known_addr { host: "127.16.134.3" port: 46165 } health_report { overall_health: UNKNOWN } } }
I20260710 13:20:52.525898 18215 tablet_bootstrap.cc:492] T c59ba8dc7e00416184e5c41a6a1d8bd0 P cf114695645c43519e5f132a252524bf: No bootstrap required, opened a new log
I20260710 13:20:52.526351 18215 ts_tablet_manager.cc:1403] T c59ba8dc7e00416184e5c41a6a1d8bd0 P cf114695645c43519e5f132a252524bf: Time spent bootstrapping tablet: real 0.018s	user 0.009s	sys 0.000s
I20260710 13:20:52.527514 18212 tablet_bootstrap.cc:492] T c59ba8dc7e00416184e5c41a6a1d8bd0 P d746ba210afd47dca65bd92827f09ffa: No bootstrap required, opened a new log
I20260710 13:20:52.527945 18212 ts_tablet_manager.cc:1403] T c59ba8dc7e00416184e5c41a6a1d8bd0 P d746ba210afd47dca65bd92827f09ffa: Time spent bootstrapping tablet: real 0.058s	user 0.010s	sys 0.007s
I20260710 13:20:52.528820 18215 raft_consensus.cc:359] T c59ba8dc7e00416184e5c41a6a1d8bd0 P cf114695645c43519e5f132a252524bf [term 0 FOLLOWER]: Replica starting. Triggering 0 pending ops. Active config: opid_index: -1 OBSOLETE_local: false peers { permanent_uuid: "cf114695645c43519e5f132a252524bf" member_type: VOTER last_known_addr { host: "127.16.134.1" port: 35709 } } peers { permanent_uuid: "b112565341af4f588bdbfe2051754c12" member_type: VOTER last_known_addr { host: "127.16.134.2" port: 38361 } } peers { permanent_uuid: "d746ba210afd47dca65bd92827f09ffa" member_type: VOTER last_known_addr { host: "127.16.134.3" port: 46165 } }
I20260710 13:20:52.529479 18215 raft_consensus.cc:385] T c59ba8dc7e00416184e5c41a6a1d8bd0 P cf114695645c43519e5f132a252524bf [term 0 FOLLOWER]: Consensus starting up: Expiring failure detector timer to make a prompt election more likely
I20260710 13:20:52.529727 18215 raft_consensus.cc:740] T c59ba8dc7e00416184e5c41a6a1d8bd0 P cf114695645c43519e5f132a252524bf [term 0 FOLLOWER]: Becoming Follower/Learner. State: Replica: cf114695645c43519e5f132a252524bf, State: Initialized, Role: FOLLOWER
I20260710 13:20:52.530244 18212 raft_consensus.cc:359] T c59ba8dc7e00416184e5c41a6a1d8bd0 P d746ba210afd47dca65bd92827f09ffa [term 0 FOLLOWER]: Replica starting. Triggering 0 pending ops. Active config: opid_index: -1 OBSOLETE_local: false peers { permanent_uuid: "cf114695645c43519e5f132a252524bf" member_type: VOTER last_known_addr { host: "127.16.134.1" port: 35709 } } peers { permanent_uuid: "b112565341af4f588bdbfe2051754c12" member_type: VOTER last_known_addr { host: "127.16.134.2" port: 38361 } } peers { permanent_uuid: "d746ba210afd47dca65bd92827f09ffa" member_type: VOTER last_known_addr { host: "127.16.134.3" port: 46165 } }
I20260710 13:20:52.530333 18215 consensus_queue.cc:260] T c59ba8dc7e00416184e5c41a6a1d8bd0 P cf114695645c43519e5f132a252524bf [NON_LEADER]: Queue going to NON_LEADER mode. State: All replicated index: 0, Majority replicated index: 0, Committed index: 0, Last appended: 0.0, Last appended by leader: 0, Current term: 0, Majority size: -1, State: 0, Mode: NON_LEADER, active raft config: opid_index: -1 OBSOLETE_local: false peers { permanent_uuid: "cf114695645c43519e5f132a252524bf" member_type: VOTER last_known_addr { host: "127.16.134.1" port: 35709 } } peers { permanent_uuid: "b112565341af4f588bdbfe2051754c12" member_type: VOTER last_known_addr { host: "127.16.134.2" port: 38361 } } peers { permanent_uuid: "d746ba210afd47dca65bd92827f09ffa" member_type: VOTER last_known_addr { host: "127.16.134.3" port: 46165 } }
I20260710 13:20:52.530908 18212 raft_consensus.cc:385] T c59ba8dc7e00416184e5c41a6a1d8bd0 P d746ba210afd47dca65bd92827f09ffa [term 0 FOLLOWER]: Consensus starting up: Expiring failure detector timer to make a prompt election more likely
I20260710 13:20:52.531172 18212 raft_consensus.cc:740] T c59ba8dc7e00416184e5c41a6a1d8bd0 P d746ba210afd47dca65bd92827f09ffa [term 0 FOLLOWER]: Becoming Follower/Learner. State: Replica: d746ba210afd47dca65bd92827f09ffa, State: Initialized, Role: FOLLOWER
I20260710 13:20:52.531752 18212 consensus_queue.cc:260] T c59ba8dc7e00416184e5c41a6a1d8bd0 P d746ba210afd47dca65bd92827f09ffa [NON_LEADER]: Queue going to NON_LEADER mode. State: All replicated index: 0, Majority replicated index: 0, Committed index: 0, Last appended: 0.0, Last appended by leader: 0, Current term: 0, Majority size: -1, State: 0, Mode: NON_LEADER, active raft config: opid_index: -1 OBSOLETE_local: false peers { permanent_uuid: "cf114695645c43519e5f132a252524bf" member_type: VOTER last_known_addr { host: "127.16.134.1" port: 35709 } } peers { permanent_uuid: "b112565341af4f588bdbfe2051754c12" member_type: VOTER last_known_addr { host: "127.16.134.2" port: 38361 } } peers { permanent_uuid: "d746ba210afd47dca65bd92827f09ffa" member_type: VOTER last_known_addr { host: "127.16.134.3" port: 46165 } }
I20260710 13:20:52.533553 18212 ts_tablet_manager.cc:1434] T c59ba8dc7e00416184e5c41a6a1d8bd0 P d746ba210afd47dca65bd92827f09ffa: Time spent starting tablet: real 0.005s	user 0.005s	sys 0.002s
I20260710 13:20:52.534651 18215 ts_tablet_manager.cc:1434] T c59ba8dc7e00416184e5c41a6a1d8bd0 P cf114695645c43519e5f132a252524bf: Time spent starting tablet: real 0.008s	user 0.006s	sys 0.000s
I20260710 13:20:52.535445 18212 tablet_bootstrap.cc:492] T 35b2ca7eca8943f78f533eb53e88f64a P d746ba210afd47dca65bd92827f09ffa: Bootstrap starting.
I20260710 13:20:52.535445 18215 tablet_bootstrap.cc:492] T f1a98869fb89420daa9d5037e71160fa P cf114695645c43519e5f132a252524bf: Bootstrap starting.
I20260710 13:20:52.541697 18212 tablet_bootstrap.cc:654] T 35b2ca7eca8943f78f533eb53e88f64a P d746ba210afd47dca65bd92827f09ffa: Neither blocks nor log segments found. Creating new log.
I20260710 13:20:52.544359 18215 tablet_bootstrap.cc:654] T f1a98869fb89420daa9d5037e71160fa P cf114695645c43519e5f132a252524bf: Neither blocks nor log segments found. Creating new log.
I20260710 13:20:52.548280 18212 tablet_bootstrap.cc:492] T 35b2ca7eca8943f78f533eb53e88f64a P d746ba210afd47dca65bd92827f09ffa: No bootstrap required, opened a new log
I20260710 13:20:52.548678 18212 ts_tablet_manager.cc:1403] T 35b2ca7eca8943f78f533eb53e88f64a P d746ba210afd47dca65bd92827f09ffa: Time spent bootstrapping tablet: real 0.013s	user 0.007s	sys 0.003s
I20260710 13:20:52.549026 18215 tablet_bootstrap.cc:492] T f1a98869fb89420daa9d5037e71160fa P cf114695645c43519e5f132a252524bf: No bootstrap required, opened a new log
I20260710 13:20:52.549783 18215 ts_tablet_manager.cc:1403] T f1a98869fb89420daa9d5037e71160fa P cf114695645c43519e5f132a252524bf: Time spent bootstrapping tablet: real 0.015s	user 0.010s	sys 0.000s
I20260710 13:20:52.551116 18212 raft_consensus.cc:359] T 35b2ca7eca8943f78f533eb53e88f64a P d746ba210afd47dca65bd92827f09ffa [term 0 FOLLOWER]: Replica starting. Triggering 0 pending ops. Active config: opid_index: -1 OBSOLETE_local: false peers { permanent_uuid: "cf114695645c43519e5f132a252524bf" member_type: VOTER last_known_addr { host: "127.16.134.1" port: 35709 } } peers { permanent_uuid: "b112565341af4f588bdbfe2051754c12" member_type: VOTER last_known_addr { host: "127.16.134.2" port: 38361 } } peers { permanent_uuid: "d746ba210afd47dca65bd92827f09ffa" member_type: VOTER last_known_addr { host: "127.16.134.3" port: 46165 } }
I20260710 13:20:52.551798 18212 raft_consensus.cc:385] T 35b2ca7eca8943f78f533eb53e88f64a P d746ba210afd47dca65bd92827f09ffa [term 0 FOLLOWER]: Consensus starting up: Expiring failure detector timer to make a prompt election more likely
I20260710 13:20:52.551614 18215 raft_consensus.cc:359] T f1a98869fb89420daa9d5037e71160fa P cf114695645c43519e5f132a252524bf [term 0 FOLLOWER]: Replica starting. Triggering 0 pending ops. Active config: opid_index: -1 OBSOLETE_local: false peers { permanent_uuid: "cf114695645c43519e5f132a252524bf" member_type: VOTER last_known_addr { host: "127.16.134.1" port: 35709 } } peers { permanent_uuid: "b112565341af4f588bdbfe2051754c12" member_type: VOTER last_known_addr { host: "127.16.134.2" port: 38361 } } peers { permanent_uuid: "d746ba210afd47dca65bd92827f09ffa" member_type: VOTER last_known_addr { host: "127.16.134.3" port: 46165 } }
I20260710 13:20:52.552088 18212 raft_consensus.cc:740] T 35b2ca7eca8943f78f533eb53e88f64a P d746ba210afd47dca65bd92827f09ffa [term 0 FOLLOWER]: Becoming Follower/Learner. State: Replica: d746ba210afd47dca65bd92827f09ffa, State: Initialized, Role: FOLLOWER
I20260710 13:20:52.552274 18215 raft_consensus.cc:385] T f1a98869fb89420daa9d5037e71160fa P cf114695645c43519e5f132a252524bf [term 0 FOLLOWER]: Consensus starting up: Expiring failure detector timer to make a prompt election more likely
I20260710 13:20:52.552577 18215 raft_consensus.cc:740] T f1a98869fb89420daa9d5037e71160fa P cf114695645c43519e5f132a252524bf [term 0 FOLLOWER]: Becoming Follower/Learner. State: Replica: cf114695645c43519e5f132a252524bf, State: Initialized, Role: FOLLOWER
I20260710 13:20:52.552726 18212 consensus_queue.cc:260] T 35b2ca7eca8943f78f533eb53e88f64a P d746ba210afd47dca65bd92827f09ffa [NON_LEADER]: Queue going to NON_LEADER mode. State: All replicated index: 0, Majority replicated index: 0, Committed index: 0, Last appended: 0.0, Last appended by leader: 0, Current term: 0, Majority size: -1, State: 0, Mode: NON_LEADER, active raft config: opid_index: -1 OBSOLETE_local: false peers { permanent_uuid: "cf114695645c43519e5f132a252524bf" member_type: VOTER last_known_addr { host: "127.16.134.1" port: 35709 } } peers { permanent_uuid: "b112565341af4f588bdbfe2051754c12" member_type: VOTER last_known_addr { host: "127.16.134.2" port: 38361 } } peers { permanent_uuid: "d746ba210afd47dca65bd92827f09ffa" member_type: VOTER last_known_addr { host: "127.16.134.3" port: 46165 } }
I20260710 13:20:52.553285 18215 consensus_queue.cc:260] T f1a98869fb89420daa9d5037e71160fa P cf114695645c43519e5f132a252524bf [NON_LEADER]: Queue going to NON_LEADER mode. State: All replicated index: 0, Majority replicated index: 0, Committed index: 0, Last appended: 0.0, Last appended by leader: 0, Current term: 0, Majority size: -1, State: 0, Mode: NON_LEADER, active raft config: opid_index: -1 OBSOLETE_local: false peers { permanent_uuid: "cf114695645c43519e5f132a252524bf" member_type: VOTER last_known_addr { host: "127.16.134.1" port: 35709 } } peers { permanent_uuid: "b112565341af4f588bdbfe2051754c12" member_type: VOTER last_known_addr { host: "127.16.134.2" port: 38361 } } peers { permanent_uuid: "d746ba210afd47dca65bd92827f09ffa" member_type: VOTER last_known_addr { host: "127.16.134.3" port: 46165 } }
I20260710 13:20:52.554756 18212 ts_tablet_manager.cc:1434] T 35b2ca7eca8943f78f533eb53e88f64a P d746ba210afd47dca65bd92827f09ffa: Time spent starting tablet: real 0.006s	user 0.006s	sys 0.000s
I20260710 13:20:52.555545 18212 tablet_bootstrap.cc:492] T f1a98869fb89420daa9d5037e71160fa P d746ba210afd47dca65bd92827f09ffa: Bootstrap starting.
I20260710 13:20:52.558622 18215 ts_tablet_manager.cc:1434] T f1a98869fb89420daa9d5037e71160fa P cf114695645c43519e5f132a252524bf: Time spent starting tablet: real 0.009s	user 0.005s	sys 0.000s
I20260710 13:20:52.559464 18215 tablet_bootstrap.cc:492] T 35b2ca7eca8943f78f533eb53e88f64a P cf114695645c43519e5f132a252524bf: Bootstrap starting.
I20260710 13:20:52.560144 18212 tablet_bootstrap.cc:654] T f1a98869fb89420daa9d5037e71160fa P d746ba210afd47dca65bd92827f09ffa: Neither blocks nor log segments found. Creating new log.
I20260710 13:20:52.561190 18306 raft_consensus.cc:493] T f1a98869fb89420daa9d5037e71160fa P b112565341af4f588bdbfe2051754c12 [term 0 FOLLOWER]: Starting pre-election (no leader contacted us within the election timeout)
I20260710 13:20:52.561661 18306 raft_consensus.cc:515] T f1a98869fb89420daa9d5037e71160fa P b112565341af4f588bdbfe2051754c12 [term 0 FOLLOWER]: Starting pre-election with config: opid_index: -1 OBSOLETE_local: false peers { permanent_uuid: "cf114695645c43519e5f132a252524bf" member_type: VOTER last_known_addr { host: "127.16.134.1" port: 35709 } } peers { permanent_uuid: "b112565341af4f588bdbfe2051754c12" member_type: VOTER last_known_addr { host: "127.16.134.2" port: 38361 } } peers { permanent_uuid: "d746ba210afd47dca65bd92827f09ffa" member_type: VOTER last_known_addr { host: "127.16.134.3" port: 46165 } }
I20260710 13:20:52.563642 18306 leader_election.cc:290] T f1a98869fb89420daa9d5037e71160fa P b112565341af4f588bdbfe2051754c12 [CANDIDATE]: Term 1 pre-election: Requested pre-vote from peers cf114695645c43519e5f132a252524bf (127.16.134.1:35709), d746ba210afd47dca65bd92827f09ffa (127.16.134.3:46165)
I20260710 13:20:52.564764 18172 tablet_service.cc:1917] Received RequestConsensusVote() RPC: tablet_id: "f1a98869fb89420daa9d5037e71160fa" candidate_uuid: "b112565341af4f588bdbfe2051754c12" candidate_term: 1 candidate_status { last_received { term: 0 index: 0 } } ignore_live_leader: false dest_uuid: "d746ba210afd47dca65bd92827f09ffa" is_pre_election: true
I20260710 13:20:52.565353 18019 tablet_service.cc:1917] Received RequestConsensusVote() RPC: tablet_id: "f1a98869fb89420daa9d5037e71160fa" candidate_uuid: "b112565341af4f588bdbfe2051754c12" candidate_term: 1 candidate_status { last_received { term: 0 index: 0 } } ignore_live_leader: false dest_uuid: "cf114695645c43519e5f132a252524bf" is_pre_election: true
I20260710 13:20:52.565927 18019 raft_consensus.cc:2468] T f1a98869fb89420daa9d5037e71160fa P cf114695645c43519e5f132a252524bf [term 0 FOLLOWER]: Leader pre-election vote request: Granting yes vote for candidate b112565341af4f588bdbfe2051754c12 in term 0.
W20260710 13:20:52.566879 18061 leader_election.cc:343] T f1a98869fb89420daa9d5037e71160fa P b112565341af4f588bdbfe2051754c12 [CANDIDATE]: Term 1 pre-election: Tablet error from VoteRequest() call to peer d746ba210afd47dca65bd92827f09ffa (127.16.134.3:46165): Illegal state: must be running to vote when last-logged opid is not known
I20260710 13:20:52.567433 18064 leader_election.cc:304] T f1a98869fb89420daa9d5037e71160fa P b112565341af4f588bdbfe2051754c12 [CANDIDATE]: Term 1 pre-election: Election decided. Result: candidate won. Election summary: received 3 responses out of 3 voters: 2 yes votes; 1 no votes. yes voters: b112565341af4f588bdbfe2051754c12, cf114695645c43519e5f132a252524bf; no voters: d746ba210afd47dca65bd92827f09ffa
I20260710 13:20:52.568513 18306 raft_consensus.cc:2804] T f1a98869fb89420daa9d5037e71160fa P b112565341af4f588bdbfe2051754c12 [term 0 FOLLOWER]: Leader pre-election won for term 1
I20260710 13:20:52.568871 18306 raft_consensus.cc:493] T f1a98869fb89420daa9d5037e71160fa P b112565341af4f588bdbfe2051754c12 [term 0 FOLLOWER]: Starting leader election (no leader contacted us within the election timeout)
I20260710 13:20:52.569216 18306 raft_consensus.cc:3060] T f1a98869fb89420daa9d5037e71160fa P b112565341af4f588bdbfe2051754c12 [term 0 FOLLOWER]: Advancing to term 1
I20260710 13:20:52.571889 18215 tablet_bootstrap.cc:654] T 35b2ca7eca8943f78f533eb53e88f64a P cf114695645c43519e5f132a252524bf: Neither blocks nor log segments found. Creating new log.
I20260710 13:20:52.575183 18306 raft_consensus.cc:515] T f1a98869fb89420daa9d5037e71160fa P b112565341af4f588bdbfe2051754c12 [term 1 FOLLOWER]: Starting leader election with config: opid_index: -1 OBSOLETE_local: false peers { permanent_uuid: "cf114695645c43519e5f132a252524bf" member_type: VOTER last_known_addr { host: "127.16.134.1" port: 35709 } } peers { permanent_uuid: "b112565341af4f588bdbfe2051754c12" member_type: VOTER last_known_addr { host: "127.16.134.2" port: 38361 } } peers { permanent_uuid: "d746ba210afd47dca65bd92827f09ffa" member_type: VOTER last_known_addr { host: "127.16.134.3" port: 46165 } }
I20260710 13:20:52.578154 18215 tablet_bootstrap.cc:492] T 35b2ca7eca8943f78f533eb53e88f64a P cf114695645c43519e5f132a252524bf: No bootstrap required, opened a new log
I20260710 13:20:52.578506 18212 tablet_bootstrap.cc:492] T f1a98869fb89420daa9d5037e71160fa P d746ba210afd47dca65bd92827f09ffa: No bootstrap required, opened a new log
I20260710 13:20:52.578616 18215 ts_tablet_manager.cc:1403] T 35b2ca7eca8943f78f533eb53e88f64a P cf114695645c43519e5f132a252524bf: Time spent bootstrapping tablet: real 0.019s	user 0.012s	sys 0.000s
I20260710 13:20:52.578416 18019 tablet_service.cc:1917] Received RequestConsensusVote() RPC: tablet_id: "f1a98869fb89420daa9d5037e71160fa" candidate_uuid: "b112565341af4f588bdbfe2051754c12" candidate_term: 1 candidate_status { last_received { term: 0 index: 0 } } ignore_live_leader: false dest_uuid: "cf114695645c43519e5f132a252524bf"
I20260710 13:20:52.578574 18172 tablet_service.cc:1917] Received RequestConsensusVote() RPC: tablet_id: "f1a98869fb89420daa9d5037e71160fa" candidate_uuid: "b112565341af4f588bdbfe2051754c12" candidate_term: 1 candidate_status { last_received { term: 0 index: 0 } } ignore_live_leader: false dest_uuid: "d746ba210afd47dca65bd92827f09ffa"
I20260710 13:20:52.579282 18212 ts_tablet_manager.cc:1403] T f1a98869fb89420daa9d5037e71160fa P d746ba210afd47dca65bd92827f09ffa: Time spent bootstrapping tablet: real 0.024s	user 0.012s	sys 0.006s
I20260710 13:20:52.579391 18019 raft_consensus.cc:3060] T f1a98869fb89420daa9d5037e71160fa P cf114695645c43519e5f132a252524bf [term 0 FOLLOWER]: Advancing to term 1
W20260710 13:20:52.580389 18061 leader_election.cc:343] T f1a98869fb89420daa9d5037e71160fa P b112565341af4f588bdbfe2051754c12 [CANDIDATE]: Term 1 election: Tablet error from VoteRequest() call to peer d746ba210afd47dca65bd92827f09ffa (127.16.134.3:46165): Illegal state: must be running to vote when last-logged opid is not known
I20260710 13:20:52.581537 18306 leader_election.cc:290] T f1a98869fb89420daa9d5037e71160fa P b112565341af4f588bdbfe2051754c12 [CANDIDATE]: Term 1 election: Requested vote from peers cf114695645c43519e5f132a252524bf (127.16.134.1:35709), d746ba210afd47dca65bd92827f09ffa (127.16.134.3:46165)
I20260710 13:20:52.581658 18215 raft_consensus.cc:359] T 35b2ca7eca8943f78f533eb53e88f64a P cf114695645c43519e5f132a252524bf [term 0 FOLLOWER]: Replica starting. Triggering 0 pending ops. Active config: opid_index: -1 OBSOLETE_local: false peers { permanent_uuid: "cf114695645c43519e5f132a252524bf" member_type: VOTER last_known_addr { host: "127.16.134.1" port: 35709 } } peers { permanent_uuid: "b112565341af4f588bdbfe2051754c12" member_type: VOTER last_known_addr { host: "127.16.134.2" port: 38361 } } peers { permanent_uuid: "d746ba210afd47dca65bd92827f09ffa" member_type: VOTER last_known_addr { host: "127.16.134.3" port: 46165 } }
I20260710 13:20:52.582360 18215 raft_consensus.cc:385] T 35b2ca7eca8943f78f533eb53e88f64a P cf114695645c43519e5f132a252524bf [term 0 FOLLOWER]: Consensus starting up: Expiring failure detector timer to make a prompt election more likely
I20260710 13:20:52.582104 18212 raft_consensus.cc:359] T f1a98869fb89420daa9d5037e71160fa P d746ba210afd47dca65bd92827f09ffa [term 0 FOLLOWER]: Replica starting. Triggering 0 pending ops. Active config: opid_index: -1 OBSOLETE_local: false peers { permanent_uuid: "cf114695645c43519e5f132a252524bf" member_type: VOTER last_known_addr { host: "127.16.134.1" port: 35709 } } peers { permanent_uuid: "b112565341af4f588bdbfe2051754c12" member_type: VOTER last_known_addr { host: "127.16.134.2" port: 38361 } } peers { permanent_uuid: "d746ba210afd47dca65bd92827f09ffa" member_type: VOTER last_known_addr { host: "127.16.134.3" port: 46165 } }
I20260710 13:20:52.582621 18215 raft_consensus.cc:740] T 35b2ca7eca8943f78f533eb53e88f64a P cf114695645c43519e5f132a252524bf [term 0 FOLLOWER]: Becoming Follower/Learner. State: Replica: cf114695645c43519e5f132a252524bf, State: Initialized, Role: FOLLOWER
I20260710 13:20:52.582712 18212 raft_consensus.cc:385] T f1a98869fb89420daa9d5037e71160fa P d746ba210afd47dca65bd92827f09ffa [term 0 FOLLOWER]: Consensus starting up: Expiring failure detector timer to make a prompt election more likely
I20260710 13:20:52.582988 18212 raft_consensus.cc:740] T f1a98869fb89420daa9d5037e71160fa P d746ba210afd47dca65bd92827f09ffa [term 0 FOLLOWER]: Becoming Follower/Learner. State: Replica: d746ba210afd47dca65bd92827f09ffa, State: Initialized, Role: FOLLOWER
I20260710 13:20:52.583371 18215 consensus_queue.cc:260] T 35b2ca7eca8943f78f533eb53e88f64a P cf114695645c43519e5f132a252524bf [NON_LEADER]: Queue going to NON_LEADER mode. State: All replicated index: 0, Majority replicated index: 0, Committed index: 0, Last appended: 0.0, Last appended by leader: 0, Current term: 0, Majority size: -1, State: 0, Mode: NON_LEADER, active raft config: opid_index: -1 OBSOLETE_local: false peers { permanent_uuid: "cf114695645c43519e5f132a252524bf" member_type: VOTER last_known_addr { host: "127.16.134.1" port: 35709 } } peers { permanent_uuid: "b112565341af4f588bdbfe2051754c12" member_type: VOTER last_known_addr { host: "127.16.134.2" port: 38361 } } peers { permanent_uuid: "d746ba210afd47dca65bd92827f09ffa" member_type: VOTER last_known_addr { host: "127.16.134.3" port: 46165 } }
I20260710 13:20:52.583577 18212 consensus_queue.cc:260] T f1a98869fb89420daa9d5037e71160fa P d746ba210afd47dca65bd92827f09ffa [NON_LEADER]: Queue going to NON_LEADER mode. State: All replicated index: 0, Majority replicated index: 0, Committed index: 0, Last appended: 0.0, Last appended by leader: 0, Current term: 0, Majority size: -1, State: 0, Mode: NON_LEADER, active raft config: opid_index: -1 OBSOLETE_local: false peers { permanent_uuid: "cf114695645c43519e5f132a252524bf" member_type: VOTER last_known_addr { host: "127.16.134.1" port: 35709 } } peers { permanent_uuid: "b112565341af4f588bdbfe2051754c12" member_type: VOTER last_known_addr { host: "127.16.134.2" port: 38361 } } peers { permanent_uuid: "d746ba210afd47dca65bd92827f09ffa" member_type: VOTER last_known_addr { host: "127.16.134.3" port: 46165 } }
I20260710 13:20:52.585491 18212 ts_tablet_manager.cc:1434] T f1a98869fb89420daa9d5037e71160fa P d746ba210afd47dca65bd92827f09ffa: Time spent starting tablet: real 0.006s	user 0.006s	sys 0.001s
I20260710 13:20:52.585492 18019 raft_consensus.cc:2468] T f1a98869fb89420daa9d5037e71160fa P cf114695645c43519e5f132a252524bf [term 1 FOLLOWER]: Leader election vote request: Granting yes vote for candidate b112565341af4f588bdbfe2051754c12 in term 1.
I20260710 13:20:52.586721 18215 ts_tablet_manager.cc:1434] T 35b2ca7eca8943f78f533eb53e88f64a P cf114695645c43519e5f132a252524bf: Time spent starting tablet: real 0.008s	user 0.005s	sys 0.000s
I20260710 13:20:52.587371 18064 leader_election.cc:304] T f1a98869fb89420daa9d5037e71160fa P b112565341af4f588bdbfe2051754c12 [CANDIDATE]: Term 1 election: Election decided. Result: candidate won. Election summary: received 3 responses out of 3 voters: 2 yes votes; 1 no votes. yes voters: b112565341af4f588bdbfe2051754c12, cf114695645c43519e5f132a252524bf; no voters: d746ba210afd47dca65bd92827f09ffa
I20260710 13:20:52.587697 18215 tablet_bootstrap.cc:492] T 73f91f3885c542c887d441e547843709 P cf114695645c43519e5f132a252524bf: Bootstrap starting.
I20260710 13:20:52.588518 18306 raft_consensus.cc:2804] T f1a98869fb89420daa9d5037e71160fa P b112565341af4f588bdbfe2051754c12 [term 1 FOLLOWER]: Leader election won for term 1
I20260710 13:20:52.588991 18306 raft_consensus.cc:697] T f1a98869fb89420daa9d5037e71160fa P b112565341af4f588bdbfe2051754c12 [term 1 LEADER]: Becoming Leader. State: Replica: b112565341af4f588bdbfe2051754c12, State: Running, Role: LEADER
I20260710 13:20:52.589807 18306 consensus_queue.cc:237] T f1a98869fb89420daa9d5037e71160fa P b112565341af4f588bdbfe2051754c12 [LEADER]: Queue going to LEADER mode. State: All replicated index: 0, Majority replicated index: 0, Committed index: 0, Last appended: 0.0, Last appended by leader: 0, Current term: 1, Majority size: 2, State: 0, Mode: LEADER, active raft config: opid_index: -1 OBSOLETE_local: false peers { permanent_uuid: "cf114695645c43519e5f132a252524bf" member_type: VOTER last_known_addr { host: "127.16.134.1" port: 35709 } } peers { permanent_uuid: "b112565341af4f588bdbfe2051754c12" member_type: VOTER last_known_addr { host: "127.16.134.2" port: 38361 } } peers { permanent_uuid: "d746ba210afd47dca65bd92827f09ffa" member_type: VOTER last_known_addr { host: "127.16.134.3" port: 46165 } }
I20260710 13:20:52.593593 18215 tablet_bootstrap.cc:654] T 73f91f3885c542c887d441e547843709 P cf114695645c43519e5f132a252524bf: Neither blocks nor log segments found. Creating new log.
I20260710 13:20:52.601046 18215 tablet_bootstrap.cc:492] T 73f91f3885c542c887d441e547843709 P cf114695645c43519e5f132a252524bf: No bootstrap required, opened a new log
I20260710 13:20:52.601491 18215 ts_tablet_manager.cc:1403] T 73f91f3885c542c887d441e547843709 P cf114695645c43519e5f132a252524bf: Time spent bootstrapping tablet: real 0.014s	user 0.011s	sys 0.000s
I20260710 13:20:52.603222 17919 catalog_manager.cc:5697] T f1a98869fb89420daa9d5037e71160fa P b112565341af4f588bdbfe2051754c12 reported cstate change: term changed from 0 to 1, leader changed from <none> to b112565341af4f588bdbfe2051754c12 (127.16.134.2). New cstate: current_term: 1 leader_uuid: "b112565341af4f588bdbfe2051754c12" committed_config { opid_index: -1 OBSOLETE_local: false peers { permanent_uuid: "cf114695645c43519e5f132a252524bf" member_type: VOTER last_known_addr { host: "127.16.134.1" port: 35709 } health_report { overall_health: UNKNOWN } } peers { permanent_uuid: "b112565341af4f588bdbfe2051754c12" member_type: VOTER last_known_addr { host: "127.16.134.2" port: 38361 } health_report { overall_health: HEALTHY } } peers { permanent_uuid: "d746ba210afd47dca65bd92827f09ffa" member_type: VOTER last_known_addr { host: "127.16.134.3" port: 46165 } health_report { overall_health: UNKNOWN } } }
I20260710 13:20:52.603979 18215 raft_consensus.cc:359] T 73f91f3885c542c887d441e547843709 P cf114695645c43519e5f132a252524bf [term 0 FOLLOWER]: Replica starting. Triggering 0 pending ops. Active config: opid_index: -1 OBSOLETE_local: false peers { permanent_uuid: "cf114695645c43519e5f132a252524bf" member_type: VOTER last_known_addr { host: "127.16.134.1" port: 35709 } } peers { permanent_uuid: "b112565341af4f588bdbfe2051754c12" member_type: VOTER last_known_addr { host: "127.16.134.2" port: 38361 } } peers { permanent_uuid: "d746ba210afd47dca65bd92827f09ffa" member_type: VOTER last_known_addr { host: "127.16.134.3" port: 46165 } }
I20260710 13:20:52.604616 18215 raft_consensus.cc:385] T 73f91f3885c542c887d441e547843709 P cf114695645c43519e5f132a252524bf [term 0 FOLLOWER]: Consensus starting up: Expiring failure detector timer to make a prompt election more likely
I20260710 13:20:52.604882 18215 raft_consensus.cc:740] T 73f91f3885c542c887d441e547843709 P cf114695645c43519e5f132a252524bf [term 0 FOLLOWER]: Becoming Follower/Learner. State: Replica: cf114695645c43519e5f132a252524bf, State: Initialized, Role: FOLLOWER
I20260710 13:20:52.605504 18215 consensus_queue.cc:260] T 73f91f3885c542c887d441e547843709 P cf114695645c43519e5f132a252524bf [NON_LEADER]: Queue going to NON_LEADER mode. State: All replicated index: 0, Majority replicated index: 0, Committed index: 0, Last appended: 0.0, Last appended by leader: 0, Current term: 0, Majority size: -1, State: 0, Mode: NON_LEADER, active raft config: opid_index: -1 OBSOLETE_local: false peers { permanent_uuid: "cf114695645c43519e5f132a252524bf" member_type: VOTER last_known_addr { host: "127.16.134.1" port: 35709 } } peers { permanent_uuid: "b112565341af4f588bdbfe2051754c12" member_type: VOTER last_known_addr { host: "127.16.134.2" port: 38361 } } peers { permanent_uuid: "d746ba210afd47dca65bd92827f09ffa" member_type: VOTER last_known_addr { host: "127.16.134.3" port: 46165 } }
I20260710 13:20:52.607255 18215 ts_tablet_manager.cc:1434] T 73f91f3885c542c887d441e547843709 P cf114695645c43519e5f132a252524bf: Time spent starting tablet: real 0.005s	user 0.002s	sys 0.002s
I20260710 13:20:52.619227 18220 raft_consensus.cc:493] T c59ba8dc7e00416184e5c41a6a1d8bd0 P cf114695645c43519e5f132a252524bf [term 0 FOLLOWER]: Starting pre-election (no leader contacted us within the election timeout)
I20260710 13:20:52.619644 18220 raft_consensus.cc:515] T c59ba8dc7e00416184e5c41a6a1d8bd0 P cf114695645c43519e5f132a252524bf [term 0 FOLLOWER]: Starting pre-election with config: opid_index: -1 OBSOLETE_local: false peers { permanent_uuid: "cf114695645c43519e5f132a252524bf" member_type: VOTER last_known_addr { host: "127.16.134.1" port: 35709 } } peers { permanent_uuid: "b112565341af4f588bdbfe2051754c12" member_type: VOTER last_known_addr { host: "127.16.134.2" port: 38361 } } peers { permanent_uuid: "d746ba210afd47dca65bd92827f09ffa" member_type: VOTER last_known_addr { host: "127.16.134.3" port: 46165 } }
I20260710 13:20:52.621358 18220 leader_election.cc:290] T c59ba8dc7e00416184e5c41a6a1d8bd0 P cf114695645c43519e5f132a252524bf [CANDIDATE]: Term 1 pre-election: Requested pre-vote from peers b112565341af4f588bdbfe2051754c12 (127.16.134.2:38361), d746ba210afd47dca65bd92827f09ffa (127.16.134.3:46165)
I20260710 13:20:52.622033 18097 tablet_service.cc:1917] Received RequestConsensusVote() RPC: tablet_id: "c59ba8dc7e00416184e5c41a6a1d8bd0" candidate_uuid: "cf114695645c43519e5f132a252524bf" candidate_term: 1 candidate_status { last_received { term: 0 index: 0 } } ignore_live_leader: false dest_uuid: "b112565341af4f588bdbfe2051754c12" is_pre_election: true
I20260710 13:20:52.622346 18172 tablet_service.cc:1917] Received RequestConsensusVote() RPC: tablet_id: "c59ba8dc7e00416184e5c41a6a1d8bd0" candidate_uuid: "cf114695645c43519e5f132a252524bf" candidate_term: 1 candidate_status { last_received { term: 0 index: 0 } } ignore_live_leader: false dest_uuid: "d746ba210afd47dca65bd92827f09ffa" is_pre_election: true
I20260710 13:20:52.622834 18097 raft_consensus.cc:2468] T c59ba8dc7e00416184e5c41a6a1d8bd0 P b112565341af4f588bdbfe2051754c12 [term 0 FOLLOWER]: Leader pre-election vote request: Granting yes vote for candidate cf114695645c43519e5f132a252524bf in term 0.
I20260710 13:20:52.623126 18172 raft_consensus.cc:2468] T c59ba8dc7e00416184e5c41a6a1d8bd0 P d746ba210afd47dca65bd92827f09ffa [term 0 FOLLOWER]: Leader pre-election vote request: Granting yes vote for candidate cf114695645c43519e5f132a252524bf in term 0.
I20260710 13:20:52.623884 17987 leader_election.cc:304] T c59ba8dc7e00416184e5c41a6a1d8bd0 P cf114695645c43519e5f132a252524bf [CANDIDATE]: Term 1 pre-election: Election decided. Result: candidate won. Election summary: received 2 responses out of 3 voters: 2 yes votes; 0 no votes. yes voters: b112565341af4f588bdbfe2051754c12, cf114695645c43519e5f132a252524bf; no voters: 
I20260710 13:20:52.624444 18220 raft_consensus.cc:2804] T c59ba8dc7e00416184e5c41a6a1d8bd0 P cf114695645c43519e5f132a252524bf [term 0 FOLLOWER]: Leader pre-election won for term 1
I20260710 13:20:52.624688 18220 raft_consensus.cc:493] T c59ba8dc7e00416184e5c41a6a1d8bd0 P cf114695645c43519e5f132a252524bf [term 0 FOLLOWER]: Starting leader election (no leader contacted us within the election timeout)
I20260710 13:20:52.624893 18220 raft_consensus.cc:3060] T c59ba8dc7e00416184e5c41a6a1d8bd0 P cf114695645c43519e5f132a252524bf [term 0 FOLLOWER]: Advancing to term 1
I20260710 13:20:52.629060 18220 raft_consensus.cc:515] T c59ba8dc7e00416184e5c41a6a1d8bd0 P cf114695645c43519e5f132a252524bf [term 1 FOLLOWER]: Starting leader election with config: opid_index: -1 OBSOLETE_local: false peers { permanent_uuid: "cf114695645c43519e5f132a252524bf" member_type: VOTER last_known_addr { host: "127.16.134.1" port: 35709 } } peers { permanent_uuid: "b112565341af4f588bdbfe2051754c12" member_type: VOTER last_known_addr { host: "127.16.134.2" port: 38361 } } peers { permanent_uuid: "d746ba210afd47dca65bd92827f09ffa" member_type: VOTER last_known_addr { host: "127.16.134.3" port: 46165 } }
I20260710 13:20:52.630833 18220 leader_election.cc:290] T c59ba8dc7e00416184e5c41a6a1d8bd0 P cf114695645c43519e5f132a252524bf [CANDIDATE]: Term 1 election: Requested vote from peers b112565341af4f588bdbfe2051754c12 (127.16.134.2:38361), d746ba210afd47dca65bd92827f09ffa (127.16.134.3:46165)
I20260710 13:20:52.631492 18097 tablet_service.cc:1917] Received RequestConsensusVote() RPC: tablet_id: "c59ba8dc7e00416184e5c41a6a1d8bd0" candidate_uuid: "cf114695645c43519e5f132a252524bf" candidate_term: 1 candidate_status { last_received { term: 0 index: 0 } } ignore_live_leader: false dest_uuid: "b112565341af4f588bdbfe2051754c12"
I20260710 13:20:52.631714 18172 tablet_service.cc:1917] Received RequestConsensusVote() RPC: tablet_id: "c59ba8dc7e00416184e5c41a6a1d8bd0" candidate_uuid: "cf114695645c43519e5f132a252524bf" candidate_term: 1 candidate_status { last_received { term: 0 index: 0 } } ignore_live_leader: false dest_uuid: "d746ba210afd47dca65bd92827f09ffa"
I20260710 13:20:52.631960 18097 raft_consensus.cc:3060] T c59ba8dc7e00416184e5c41a6a1d8bd0 P b112565341af4f588bdbfe2051754c12 [term 0 FOLLOWER]: Advancing to term 1
I20260710 13:20:52.632200 18172 raft_consensus.cc:3060] T c59ba8dc7e00416184e5c41a6a1d8bd0 P d746ba210afd47dca65bd92827f09ffa [term 0 FOLLOWER]: Advancing to term 1
I20260710 13:20:52.635063 18219 raft_consensus.cc:493] T 73f91f3885c542c887d441e547843709 P d746ba210afd47dca65bd92827f09ffa [term 0 FOLLOWER]: Starting pre-election (no leader contacted us within the election timeout)
I20260710 13:20:52.635541 18219 raft_consensus.cc:515] T 73f91f3885c542c887d441e547843709 P d746ba210afd47dca65bd92827f09ffa [term 0 FOLLOWER]: Starting pre-election with config: opid_index: -1 OBSOLETE_local: false peers { permanent_uuid: "cf114695645c43519e5f132a252524bf" member_type: VOTER last_known_addr { host: "127.16.134.1" port: 35709 } } peers { permanent_uuid: "b112565341af4f588bdbfe2051754c12" member_type: VOTER last_known_addr { host: "127.16.134.2" port: 38361 } } peers { permanent_uuid: "d746ba210afd47dca65bd92827f09ffa" member_type: VOTER last_known_addr { host: "127.16.134.3" port: 46165 } }
I20260710 13:20:52.637171 18172 raft_consensus.cc:2468] T c59ba8dc7e00416184e5c41a6a1d8bd0 P d746ba210afd47dca65bd92827f09ffa [term 1 FOLLOWER]: Leader election vote request: Granting yes vote for candidate cf114695645c43519e5f132a252524bf in term 1.
I20260710 13:20:52.637243 18097 raft_consensus.cc:2468] T c59ba8dc7e00416184e5c41a6a1d8bd0 P b112565341af4f588bdbfe2051754c12 [term 1 FOLLOWER]: Leader election vote request: Granting yes vote for candidate cf114695645c43519e5f132a252524bf in term 1.
I20260710 13:20:52.637616 18219 leader_election.cc:290] T 73f91f3885c542c887d441e547843709 P d746ba210afd47dca65bd92827f09ffa [CANDIDATE]: Term 1 pre-election: Requested pre-vote from peers cf114695645c43519e5f132a252524bf (127.16.134.1:35709), b112565341af4f588bdbfe2051754c12 (127.16.134.2:38361)
I20260710 13:20:52.638067 18219 raft_consensus.cc:493] T 86fb9bcfdae14a9e9a427fac7e484655 P d746ba210afd47dca65bd92827f09ffa [term 0 FOLLOWER]: Starting pre-election (no leader contacted us within the election timeout)
I20260710 13:20:52.638475 18219 raft_consensus.cc:515] T 86fb9bcfdae14a9e9a427fac7e484655 P d746ba210afd47dca65bd92827f09ffa [term 0 FOLLOWER]: Starting pre-election with config: opid_index: -1 OBSOLETE_local: false peers { permanent_uuid: "cf114695645c43519e5f132a252524bf" member_type: VOTER last_known_addr { host: "127.16.134.1" port: 35709 } } peers { permanent_uuid: "b112565341af4f588bdbfe2051754c12" member_type: VOTER last_known_addr { host: "127.16.134.2" port: 38361 } } peers { permanent_uuid: "d746ba210afd47dca65bd92827f09ffa" member_type: VOTER last_known_addr { host: "127.16.134.3" port: 46165 } }
I20260710 13:20:52.640347 17987 leader_election.cc:304] T c59ba8dc7e00416184e5c41a6a1d8bd0 P cf114695645c43519e5f132a252524bf [CANDIDATE]: Term 1 election: Election decided. Result: candidate won. Election summary: received 2 responses out of 3 voters: 2 yes votes; 0 no votes. yes voters: b112565341af4f588bdbfe2051754c12, cf114695645c43519e5f132a252524bf; no voters: 
I20260710 13:20:52.643959 18219 leader_election.cc:290] T 86fb9bcfdae14a9e9a427fac7e484655 P d746ba210afd47dca65bd92827f09ffa [CANDIDATE]: Term 1 pre-election: Requested pre-vote from peers cf114695645c43519e5f132a252524bf (127.16.134.1:35709), b112565341af4f588bdbfe2051754c12 (127.16.134.2:38361)
I20260710 13:20:52.647429 18235 consensus_queue.cc:1048] T 6937da71a2a24c0f8b54c927652a4664 P b112565341af4f588bdbfe2051754c12 [LEADER]: Connected to new peer: Peer: permanent_uuid: "cf114695645c43519e5f132a252524bf" member_type: VOTER last_known_addr { host: "127.16.134.1" port: 35709 }, Status: LMP_MISMATCH, Last received: 0.0, Next index: 1, Last known committed idx: 0, Time since last communication: 0.000s
I20260710 13:20:52.649178 18098 tablet_service.cc:1917] Received RequestConsensusVote() RPC: tablet_id: "86fb9bcfdae14a9e9a427fac7e484655" candidate_uuid: "d746ba210afd47dca65bd92827f09ffa" candidate_term: 1 candidate_status { last_received { term: 0 index: 0 } } ignore_live_leader: false dest_uuid: "b112565341af4f588bdbfe2051754c12" is_pre_election: true
I20260710 13:20:52.648933 18220 raft_consensus.cc:2804] T c59ba8dc7e00416184e5c41a6a1d8bd0 P cf114695645c43519e5f132a252524bf [term 1 FOLLOWER]: Leader election won for term 1
I20260710 13:20:52.649866 18098 raft_consensus.cc:2468] T 86fb9bcfdae14a9e9a427fac7e484655 P b112565341af4f588bdbfe2051754c12 [term 0 FOLLOWER]: Leader pre-election vote request: Granting yes vote for candidate d746ba210afd47dca65bd92827f09ffa in term 0.
