I20260710 13:20:50.822371 18212 tablet_bootstrap.cc:654] T 55bdbccc90e04672bad98579adf78f79 P d746ba210afd47dca65bd92827f09ffa: Neither blocks nor log segments found. Creating new log.
I20260710 13:20:50.841763 18023 tablet_service.cc:1917] Received RequestConsensusVote() RPC: tablet_id: "45bb0450bcc04459bc89b2b2ca94e3d9" candidate_uuid: "b112565341af4f588bdbfe2051754c12" candidate_term: 1 candidate_status { last_received { term: 0 index: 0 } } ignore_live_leader: false dest_uuid: "cf114695645c43519e5f132a252524bf"
I20260710 13:20:50.842058 18251 raft_consensus.cc:515] T 9c8c9cd0f8a3496a968b04ab684b4b41 P d746ba210afd47dca65bd92827f09ffa [term 1 FOLLOWER]: Starting leader election with config: opid_index: -1 OBSOLETE_local: false peers { permanent_uuid: "d746ba210afd47dca65bd92827f09ffa" member_type: VOTER last_known_addr { host: "127.16.134.3" port: 46165 } } peers { permanent_uuid: "b112565341af4f588bdbfe2051754c12" member_type: VOTER last_known_addr { host: "127.16.134.2" port: 38361 } } peers { permanent_uuid: "cf114695645c43519e5f132a252524bf" member_type: VOTER last_known_addr { host: "127.16.134.1" port: 35709 } }
W20260710 13:20:50.843207 18064 leader_election.cc:343] T 45bb0450bcc04459bc89b2b2ca94e3d9 P b112565341af4f588bdbfe2051754c12 [CANDIDATE]: Term 1 election: Tablet error from VoteRequest() call to peer cf114695645c43519e5f132a252524bf (127.16.134.1:35709): Illegal state: must be running to vote when last-logged opid is not known
I20260710 13:20:50.843161 18171 tablet_service.cc:1917] Received RequestConsensusVote() RPC: tablet_id: "45bb0450bcc04459bc89b2b2ca94e3d9" candidate_uuid: "b112565341af4f588bdbfe2051754c12" candidate_term: 1 candidate_status { last_received { term: 0 index: 0 } } ignore_live_leader: false dest_uuid: "d746ba210afd47dca65bd92827f09ffa"
I20260710 13:20:50.844174 18251 leader_election.cc:290] T 9c8c9cd0f8a3496a968b04ab684b4b41 P d746ba210afd47dca65bd92827f09ffa [CANDIDATE]: Term 1 election: Requested vote from peers b112565341af4f588bdbfe2051754c12 (127.16.134.2:38361), cf114695645c43519e5f132a252524bf (127.16.134.1:35709)
I20260710 13:20:50.844275 18171 raft_consensus.cc:3060] T 45bb0450bcc04459bc89b2b2ca94e3d9 P d746ba210afd47dca65bd92827f09ffa [term 0 FOLLOWER]: Advancing to term 1
I20260710 13:20:50.847936 18097 tablet_service.cc:1917] Received RequestConsensusVote() RPC: tablet_id: "9c8c9cd0f8a3496a968b04ab684b4b41" candidate_uuid: "d746ba210afd47dca65bd92827f09ffa" candidate_term: 1 candidate_status { last_received { term: 0 index: 0 } } ignore_live_leader: false dest_uuid: "b112565341af4f588bdbfe2051754c12"
I20260710 13:20:50.848135 18023 tablet_service.cc:1917] Received RequestConsensusVote() RPC: tablet_id: "9c8c9cd0f8a3496a968b04ab684b4b41" candidate_uuid: "d746ba210afd47dca65bd92827f09ffa" candidate_term: 1 candidate_status { last_received { term: 0 index: 0 } } ignore_live_leader: false dest_uuid: "cf114695645c43519e5f132a252524bf"
I20260710 13:20:50.848706 18023 raft_consensus.cc:3060] T 9c8c9cd0f8a3496a968b04ab684b4b41 P cf114695645c43519e5f132a252524bf [term 0 FOLLOWER]: Advancing to term 1
W20260710 13:20:50.849217 18136 leader_election.cc:343] T 9c8c9cd0f8a3496a968b04ab684b4b41 P d746ba210afd47dca65bd92827f09ffa [CANDIDATE]: Term 1 election: Tablet error from VoteRequest() call to peer b112565341af4f588bdbfe2051754c12 (127.16.134.2:38361): Illegal state: must be running to vote when last-logged opid is not known
I20260710 13:20:50.849218 17919 catalog_manager.cc:5697] T c467ee5a4ea54c708a8ee3e5bd53778c P cf114695645c43519e5f132a252524bf reported cstate change: term changed from 0 to 1, leader changed from <none> to cf114695645c43519e5f132a252524bf (127.16.134.1). New cstate: current_term: 1 leader_uuid: "cf114695645c43519e5f132a252524bf" committed_config { opid_index: -1 OBSOLETE_local: false peers { permanent_uuid: "cf114695645c43519e5f132a252524bf" member_type: VOTER last_known_addr { host: "127.16.134.1" port: 35709 } health_report { overall_health: HEALTHY } } peers { permanent_uuid: "b112565341af4f588bdbfe2051754c12" member_type: VOTER last_known_addr { host: "127.16.134.2" port: 38361 } health_report { overall_health: UNKNOWN } } peers { permanent_uuid: "d746ba210afd47dca65bd92827f09ffa" member_type: VOTER last_known_addr { host: "127.16.134.3" port: 46165 } health_report { overall_health: UNKNOWN } } }
I20260710 13:20:50.852327 18213 tablet_bootstrap.cc:492] T 6247fe9e35f94ff2af9fe1c400a1d0b1 P b112565341af4f588bdbfe2051754c12: No bootstrap required, opened a new log
I20260710 13:20:50.852763 18213 ts_tablet_manager.cc:1403] T 6247fe9e35f94ff2af9fe1c400a1d0b1 P b112565341af4f588bdbfe2051754c12: Time spent bootstrapping tablet: real 0.113s	user 0.019s	sys 0.018s
I20260710 13:20:50.853252 18171 raft_consensus.cc:2468] T 45bb0450bcc04459bc89b2b2ca94e3d9 P d746ba210afd47dca65bd92827f09ffa [term 1 FOLLOWER]: Leader election vote request: Granting yes vote for candidate b112565341af4f588bdbfe2051754c12 in term 1.
I20260710 13:20:50.854628 18061 leader_election.cc:304] T 45bb0450bcc04459bc89b2b2ca94e3d9 P b112565341af4f588bdbfe2051754c12 [CANDIDATE]: Term 1 election: Election decided. Result: candidate won. Election summary: received 3 responses out of 3 voters: 2 yes votes; 1 no votes. yes voters: b112565341af4f588bdbfe2051754c12, d746ba210afd47dca65bd92827f09ffa; no voters: cf114695645c43519e5f132a252524bf
I20260710 13:20:50.855460 18252 raft_consensus.cc:2804] T 45bb0450bcc04459bc89b2b2ca94e3d9 P b112565341af4f588bdbfe2051754c12 [term 1 FOLLOWER]: Leader election won for term 1
I20260710 13:20:50.855312 18213 raft_consensus.cc:359] T 6247fe9e35f94ff2af9fe1c400a1d0b1 P b112565341af4f588bdbfe2051754c12 [term 0 FOLLOWER]: Replica starting. Triggering 0 pending ops. Active config: opid_index: -1 OBSOLETE_local: false peers { permanent_uuid: "cf114695645c43519e5f132a252524bf" member_type: VOTER last_known_addr { host: "127.16.134.1" port: 35709 } } peers { permanent_uuid: "b112565341af4f588bdbfe2051754c12" member_type: VOTER last_known_addr { host: "127.16.134.2" port: 38361 } } peers { permanent_uuid: "d746ba210afd47dca65bd92827f09ffa" member_type: VOTER last_known_addr { host: "127.16.134.3" port: 46165 } }
I20260710 13:20:50.855996 18213 raft_consensus.cc:385] T 6247fe9e35f94ff2af9fe1c400a1d0b1 P b112565341af4f588bdbfe2051754c12 [term 0 FOLLOWER]: Consensus starting up: Expiring failure detector timer to make a prompt election more likely
I20260710 13:20:50.856307 18213 raft_consensus.cc:740] T 6247fe9e35f94ff2af9fe1c400a1d0b1 P b112565341af4f588bdbfe2051754c12 [term 0 FOLLOWER]: Becoming Follower/Learner. State: Replica: b112565341af4f588bdbfe2051754c12, State: Initialized, Role: FOLLOWER
I20260710 13:20:50.855741 18023 raft_consensus.cc:2468] T 9c8c9cd0f8a3496a968b04ab684b4b41 P cf114695645c43519e5f132a252524bf [term 1 FOLLOWER]: Leader election vote request: Granting yes vote for candidate d746ba210afd47dca65bd92827f09ffa in term 1.
I20260710 13:20:50.856091 18252 raft_consensus.cc:697] T 45bb0450bcc04459bc89b2b2ca94e3d9 P b112565341af4f588bdbfe2051754c12 [term 1 LEADER]: Becoming Leader. State: Replica: b112565341af4f588bdbfe2051754c12, State: Running, Role: LEADER
W20260710 13:20:50.857374 18258 log.cc:927] Time spent T b71adfc22e5d4e109b8129f9533fdd80 P d746ba210afd47dca65bd92827f09ffa: Append to log took a long time: real 0.062s	user 0.001s	sys 0.000s
I20260710 13:20:50.857959 18213 consensus_queue.cc:260] T 6247fe9e35f94ff2af9fe1c400a1d0b1 P b112565341af4f588bdbfe2051754c12 [NON_LEADER]: Queue going to NON_LEADER mode. State: All replicated index: 0, Majority replicated index: 0, Committed index: 0, Last appended: 0.0, Last appended by leader: 0, Current term: 0, Majority size: -1, State: 0, Mode: NON_LEADER, active raft config: opid_index: -1 OBSOLETE_local: false peers { permanent_uuid: "cf114695645c43519e5f132a252524bf" member_type: VOTER last_known_addr { host: "127.16.134.1" port: 35709 } } peers { permanent_uuid: "b112565341af4f588bdbfe2051754c12" member_type: VOTER last_known_addr { host: "127.16.134.2" port: 38361 } } peers { permanent_uuid: "d746ba210afd47dca65bd92827f09ffa" member_type: VOTER last_known_addr { host: "127.16.134.3" port: 46165 } }
I20260710 13:20:50.858386 18252 consensus_queue.cc:237] T 45bb0450bcc04459bc89b2b2ca94e3d9 P b112565341af4f588bdbfe2051754c12 [LEADER]: Queue going to LEADER mode. State: All replicated index: 0, Majority replicated index: 0, Committed index: 0, Last appended: 0.0, Last appended by leader: 0, Current term: 1, Majority size: 2, State: 0, Mode: LEADER, active raft config: opid_index: -1 OBSOLETE_local: false peers { permanent_uuid: "cf114695645c43519e5f132a252524bf" member_type: VOTER last_known_addr { host: "127.16.134.1" port: 35709 } } peers { permanent_uuid: "b112565341af4f588bdbfe2051754c12" member_type: VOTER last_known_addr { host: "127.16.134.2" port: 38361 } } peers { permanent_uuid: "d746ba210afd47dca65bd92827f09ffa" member_type: VOTER last_known_addr { host: "127.16.134.3" port: 46165 } }
I20260710 13:20:50.859753 18215 tablet_bootstrap.cc:492] T a34e2b6ed4be4562a8f0e5535e87c029 P cf114695645c43519e5f132a252524bf: No bootstrap required, opened a new log
I20260710 13:20:50.860363 18215 ts_tablet_manager.cc:1403] T a34e2b6ed4be4562a8f0e5535e87c029 P cf114695645c43519e5f132a252524bf: Time spent bootstrapping tablet: real 0.104s	user 0.033s	sys 0.011s
I20260710 13:20:50.860342 18213 ts_tablet_manager.cc:1434] T 6247fe9e35f94ff2af9fe1c400a1d0b1 P b112565341af4f588bdbfe2051754c12: Time spent starting tablet: real 0.007s	user 0.006s	sys 0.001s
I20260710 13:20:50.861581 18213 tablet_bootstrap.cc:492] T 9c8c9cd0f8a3496a968b04ab684b4b41 P b112565341af4f588bdbfe2051754c12: Bootstrap starting.
I20260710 13:20:50.861470 18138 leader_election.cc:304] T 9c8c9cd0f8a3496a968b04ab684b4b41 P d746ba210afd47dca65bd92827f09ffa [CANDIDATE]: Term 1 election: Election decided. Result: candidate won. Election summary: received 3 responses out of 3 voters: 2 yes votes; 1 no votes. yes voters: cf114695645c43519e5f132a252524bf, d746ba210afd47dca65bd92827f09ffa; no voters: b112565341af4f588bdbfe2051754c12
I20260710 13:20:50.849635 18217 leader_election.cc:290] T 45bb0450bcc04459bc89b2b2ca94e3d9 P b112565341af4f588bdbfe2051754c12 [CANDIDATE]: Term 1 election: Requested vote from peers cf114695645c43519e5f132a252524bf (127.16.134.1:35709), d746ba210afd47dca65bd92827f09ffa (127.16.134.3:46165)
I20260710 13:20:50.865273 18215 raft_consensus.cc:359] T a34e2b6ed4be4562a8f0e5535e87c029 P cf114695645c43519e5f132a252524bf [term 0 FOLLOWER]: Replica starting. Triggering 0 pending ops. Active config: opid_index: -1 OBSOLETE_local: false peers { permanent_uuid: "cf114695645c43519e5f132a252524bf" member_type: VOTER last_known_addr { host: "127.16.134.1" port: 35709 } } peers { permanent_uuid: "b112565341af4f588bdbfe2051754c12" member_type: VOTER last_known_addr { host: "127.16.134.2" port: 38361 } } peers { permanent_uuid: "d746ba210afd47dca65bd92827f09ffa" member_type: VOTER last_known_addr { host: "127.16.134.3" port: 46165 } }
I20260710 13:20:50.867956 18215 raft_consensus.cc:385] T a34e2b6ed4be4562a8f0e5535e87c029 P cf114695645c43519e5f132a252524bf [term 0 FOLLOWER]: Consensus starting up: Expiring failure detector timer to make a prompt election more likely
I20260710 13:20:50.867182 18213 tablet_bootstrap.cc:654] T 9c8c9cd0f8a3496a968b04ab684b4b41 P b112565341af4f588bdbfe2051754c12: Neither blocks nor log segments found. Creating new log.
I20260710 13:20:50.868281 18215 raft_consensus.cc:740] T a34e2b6ed4be4562a8f0e5535e87c029 P cf114695645c43519e5f132a252524bf [term 0 FOLLOWER]: Becoming Follower/Learner. State: Replica: cf114695645c43519e5f132a252524bf, State: Initialized, Role: FOLLOWER
I20260710 13:20:50.870167 18215 consensus_queue.cc:260] T a34e2b6ed4be4562a8f0e5535e87c029 P cf114695645c43519e5f132a252524bf [NON_LEADER]: Queue going to NON_LEADER mode. State: All replicated index: 0, Majority replicated index: 0, Committed index: 0, Last appended: 0.0, Last appended by leader: 0, Current term: 0, Majority size: -1, State: 0, Mode: NON_LEADER, active raft config: opid_index: -1 OBSOLETE_local: false peers { permanent_uuid: "cf114695645c43519e5f132a252524bf" member_type: VOTER last_known_addr { host: "127.16.134.1" port: 35709 } } peers { permanent_uuid: "b112565341af4f588bdbfe2051754c12" member_type: VOTER last_known_addr { host: "127.16.134.2" port: 38361 } } peers { permanent_uuid: "d746ba210afd47dca65bd92827f09ffa" member_type: VOTER last_known_addr { host: "127.16.134.3" port: 46165 } }
I20260710 13:20:50.873668 18215 ts_tablet_manager.cc:1434] T a34e2b6ed4be4562a8f0e5535e87c029 P cf114695645c43519e5f132a252524bf: Time spent starting tablet: real 0.013s	user 0.008s	sys 0.000s
I20260710 13:20:50.875281 18215 tablet_bootstrap.cc:492] T 6247fe9e35f94ff2af9fe1c400a1d0b1 P cf114695645c43519e5f132a252524bf: Bootstrap starting.
I20260710 13:20:50.882022 17920 catalog_manager.cc:5697] T a197c915be124c45b3e53a074986b185 P b112565341af4f588bdbfe2051754c12 reported cstate change: term changed from 0 to 1, leader changed from <none> to b112565341af4f588bdbfe2051754c12 (127.16.134.2). New cstate: current_term: 1 leader_uuid: "b112565341af4f588bdbfe2051754c12" committed_config { opid_index: -1 OBSOLETE_local: false peers { permanent_uuid: "cf114695645c43519e5f132a252524bf" member_type: VOTER last_known_addr { host: "127.16.134.1" port: 35709 } health_report { overall_health: UNKNOWN } } peers { permanent_uuid: "b112565341af4f588bdbfe2051754c12" member_type: VOTER last_known_addr { host: "127.16.134.2" port: 38361 } health_report { overall_health: HEALTHY } } peers { permanent_uuid: "d746ba210afd47dca65bd92827f09ffa" member_type: VOTER last_known_addr { host: "127.16.134.3" port: 46165 } health_report { overall_health: UNKNOWN } } }
I20260710 13:20:50.885102 18215 tablet_bootstrap.cc:654] T 6247fe9e35f94ff2af9fe1c400a1d0b1 P cf114695645c43519e5f132a252524bf: Neither blocks nor log segments found. Creating new log.
I20260710 13:20:50.905992 18251 raft_consensus.cc:2804] T 9c8c9cd0f8a3496a968b04ab684b4b41 P d746ba210afd47dca65bd92827f09ffa [term 1 FOLLOWER]: Leader election won for term 1
I20260710 13:20:50.907029 18212 tablet_bootstrap.cc:492] T 55bdbccc90e04672bad98579adf78f79 P d746ba210afd47dca65bd92827f09ffa: No bootstrap required, opened a new log
I20260710 13:20:50.907544 18212 ts_tablet_manager.cc:1403] T 55bdbccc90e04672bad98579adf78f79 P d746ba210afd47dca65bd92827f09ffa: Time spent bootstrapping tablet: real 0.143s	user 0.009s	sys 0.007s
I20260710 13:20:50.910939 18251 raft_consensus.cc:697] T 9c8c9cd0f8a3496a968b04ab684b4b41 P d746ba210afd47dca65bd92827f09ffa [term 1 LEADER]: Becoming Leader. State: Replica: d746ba210afd47dca65bd92827f09ffa, State: Running, Role: LEADER
I20260710 13:20:50.911929 18212 raft_consensus.cc:359] T 55bdbccc90e04672bad98579adf78f79 P d746ba210afd47dca65bd92827f09ffa [term 0 FOLLOWER]: Replica starting. Triggering 0 pending ops. Active config: opid_index: -1 OBSOLETE_local: false peers { permanent_uuid: "cf114695645c43519e5f132a252524bf" member_type: VOTER last_known_addr { host: "127.16.134.1" port: 35709 } } peers { permanent_uuid: "b112565341af4f588bdbfe2051754c12" member_type: VOTER last_known_addr { host: "127.16.134.2" port: 38361 } } peers { permanent_uuid: "d746ba210afd47dca65bd92827f09ffa" member_type: VOTER last_known_addr { host: "127.16.134.3" port: 46165 } }
I20260710 13:20:50.912600 18212 raft_consensus.cc:385] T 55bdbccc90e04672bad98579adf78f79 P d746ba210afd47dca65bd92827f09ffa [term 0 FOLLOWER]: Consensus starting up: Expiring failure detector timer to make a prompt election more likely
I20260710 13:20:50.912931 18212 raft_consensus.cc:740] T 55bdbccc90e04672bad98579adf78f79 P d746ba210afd47dca65bd92827f09ffa [term 0 FOLLOWER]: Becoming Follower/Learner. State: Replica: d746ba210afd47dca65bd92827f09ffa, State: Initialized, Role: FOLLOWER
I20260710 13:20:50.913877 18212 consensus_queue.cc:260] T 55bdbccc90e04672bad98579adf78f79 P d746ba210afd47dca65bd92827f09ffa [NON_LEADER]: Queue going to NON_LEADER mode. State: All replicated index: 0, Majority replicated index: 0, Committed index: 0, Last appended: 0.0, Last appended by leader: 0, Current term: 0, Majority size: -1, State: 0, Mode: NON_LEADER, active raft config: opid_index: -1 OBSOLETE_local: false peers { permanent_uuid: "cf114695645c43519e5f132a252524bf" member_type: VOTER last_known_addr { host: "127.16.134.1" port: 35709 } } peers { permanent_uuid: "b112565341af4f588bdbfe2051754c12" member_type: VOTER last_known_addr { host: "127.16.134.2" port: 38361 } } peers { permanent_uuid: "d746ba210afd47dca65bd92827f09ffa" member_type: VOTER last_known_addr { host: "127.16.134.3" port: 46165 } }
I20260710 13:20:50.911829 18251 consensus_queue.cc:237] T 9c8c9cd0f8a3496a968b04ab684b4b41 P d746ba210afd47dca65bd92827f09ffa [LEADER]: Queue going to LEADER mode. State: All replicated index: 0, Majority replicated index: 0, Committed index: 0, Last appended: 0.0, Last appended by leader: 0, Current term: 1, Majority size: 2, State: 0, Mode: LEADER, active raft config: opid_index: -1 OBSOLETE_local: false peers { permanent_uuid: "d746ba210afd47dca65bd92827f09ffa" member_type: VOTER last_known_addr { host: "127.16.134.3" port: 46165 } } peers { permanent_uuid: "b112565341af4f588bdbfe2051754c12" member_type: VOTER last_known_addr { host: "127.16.134.2" port: 38361 } } peers { permanent_uuid: "cf114695645c43519e5f132a252524bf" member_type: VOTER last_known_addr { host: "127.16.134.1" port: 35709 } }
I20260710 13:20:50.917541 18213 tablet_bootstrap.cc:492] T 9c8c9cd0f8a3496a968b04ab684b4b41 P b112565341af4f588bdbfe2051754c12: No bootstrap required, opened a new log
I20260710 13:20:50.917968 18213 ts_tablet_manager.cc:1403] T 9c8c9cd0f8a3496a968b04ab684b4b41 P b112565341af4f588bdbfe2051754c12: Time spent bootstrapping tablet: real 0.057s	user 0.026s	sys 0.027s
I20260710 13:20:50.918210 18212 ts_tablet_manager.cc:1434] T 55bdbccc90e04672bad98579adf78f79 P d746ba210afd47dca65bd92827f09ffa: Time spent starting tablet: real 0.010s	user 0.007s	sys 0.001s
I20260710 13:20:50.918651 18215 tablet_bootstrap.cc:492] T 6247fe9e35f94ff2af9fe1c400a1d0b1 P cf114695645c43519e5f132a252524bf: No bootstrap required, opened a new log
I20260710 13:20:50.919119 18215 ts_tablet_manager.cc:1403] T 6247fe9e35f94ff2af9fe1c400a1d0b1 P cf114695645c43519e5f132a252524bf: Time spent bootstrapping tablet: real 0.044s	user 0.022s	sys 0.019s
I20260710 13:20:50.920485 18213 raft_consensus.cc:359] T 9c8c9cd0f8a3496a968b04ab684b4b41 P b112565341af4f588bdbfe2051754c12 [term 0 FOLLOWER]: Replica starting. Triggering 0 pending ops. Active config: opid_index: -1 OBSOLETE_local: false peers { permanent_uuid: "d746ba210afd47dca65bd92827f09ffa" member_type: VOTER last_known_addr { host: "127.16.134.3" port: 46165 } } peers { permanent_uuid: "b112565341af4f588bdbfe2051754c12" member_type: VOTER last_known_addr { host: "127.16.134.2" port: 38361 } } peers { permanent_uuid: "cf114695645c43519e5f132a252524bf" member_type: VOTER last_known_addr { host: "127.16.134.1" port: 35709 } }
I20260710 13:20:50.921164 18213 raft_consensus.cc:385] T 9c8c9cd0f8a3496a968b04ab684b4b41 P b112565341af4f588bdbfe2051754c12 [term 0 FOLLOWER]: Consensus starting up: Expiring failure detector timer to make a prompt election more likely
I20260710 13:20:50.921473 18213 raft_consensus.cc:740] T 9c8c9cd0f8a3496a968b04ab684b4b41 P b112565341af4f588bdbfe2051754c12 [term 0 FOLLOWER]: Becoming Follower/Learner. State: Replica: b112565341af4f588bdbfe2051754c12, State: Initialized, Role: FOLLOWER
I20260710 13:20:50.922093 18215 raft_consensus.cc:359] T 6247fe9e35f94ff2af9fe1c400a1d0b1 P cf114695645c43519e5f132a252524bf [term 0 FOLLOWER]: Replica starting. Triggering 0 pending ops. Active config: opid_index: -1 OBSOLETE_local: false peers { permanent_uuid: "cf114695645c43519e5f132a252524bf" member_type: VOTER last_known_addr { host: "127.16.134.1" port: 35709 } } peers { permanent_uuid: "b112565341af4f588bdbfe2051754c12" member_type: VOTER last_known_addr { host: "127.16.134.2" port: 38361 } } peers { permanent_uuid: "d746ba210afd47dca65bd92827f09ffa" member_type: VOTER last_known_addr { host: "127.16.134.3" port: 46165 } }
I20260710 13:20:50.922811 18215 raft_consensus.cc:385] T 6247fe9e35f94ff2af9fe1c400a1d0b1 P cf114695645c43519e5f132a252524bf [term 0 FOLLOWER]: Consensus starting up: Expiring failure detector timer to make a prompt election more likely
I20260710 13:20:50.923146 18215 raft_consensus.cc:740] T 6247fe9e35f94ff2af9fe1c400a1d0b1 P cf114695645c43519e5f132a252524bf [term 0 FOLLOWER]: Becoming Follower/Learner. State: Replica: cf114695645c43519e5f132a252524bf, State: Initialized, Role: FOLLOWER
I20260710 13:20:50.924026 18215 consensus_queue.cc:260] T 6247fe9e35f94ff2af9fe1c400a1d0b1 P cf114695645c43519e5f132a252524bf [NON_LEADER]: Queue going to NON_LEADER mode. State: All replicated index: 0, Majority replicated index: 0, Committed index: 0, Last appended: 0.0, Last appended by leader: 0, Current term: 0, Majority size: -1, State: 0, Mode: NON_LEADER, active raft config: opid_index: -1 OBSOLETE_local: false peers { permanent_uuid: "cf114695645c43519e5f132a252524bf" member_type: VOTER last_known_addr { host: "127.16.134.1" port: 35709 } } peers { permanent_uuid: "b112565341af4f588bdbfe2051754c12" member_type: VOTER last_known_addr { host: "127.16.134.2" port: 38361 } } peers { permanent_uuid: "d746ba210afd47dca65bd92827f09ffa" member_type: VOTER last_known_addr { host: "127.16.134.3" port: 46165 } }
I20260710 13:20:50.922035 18213 consensus_queue.cc:260] T 9c8c9cd0f8a3496a968b04ab684b4b41 P b112565341af4f588bdbfe2051754c12 [NON_LEADER]: Queue going to NON_LEADER mode. State: All replicated index: 0, Majority replicated index: 0, Committed index: 0, Last appended: 0.0, Last appended by leader: 0, Current term: 0, Majority size: -1, State: 0, Mode: NON_LEADER, active raft config: opid_index: -1 OBSOLETE_local: false peers { permanent_uuid: "d746ba210afd47dca65bd92827f09ffa" member_type: VOTER last_known_addr { host: "127.16.134.3" port: 46165 } } peers { permanent_uuid: "b112565341af4f588bdbfe2051754c12" member_type: VOTER last_known_addr { host: "127.16.134.2" port: 38361 } } peers { permanent_uuid: "cf114695645c43519e5f132a252524bf" member_type: VOTER last_known_addr { host: "127.16.134.1" port: 35709 } }
I20260710 13:20:50.926188 18213 ts_tablet_manager.cc:1434] T 9c8c9cd0f8a3496a968b04ab684b4b41 P b112565341af4f588bdbfe2051754c12: Time spent starting tablet: real 0.008s	user 0.006s	sys 0.000s
I20260710 13:20:50.927052 18213 tablet_bootstrap.cc:492] T b71adfc22e5d4e109b8129f9533fdd80 P b112565341af4f588bdbfe2051754c12: Bootstrap starting.
I20260710 13:20:50.926095 17920 catalog_manager.cc:5697] T 45bb0450bcc04459bc89b2b2ca94e3d9 P b112565341af4f588bdbfe2051754c12 reported cstate change: term changed from 0 to 1, leader changed from <none> to b112565341af4f588bdbfe2051754c12 (127.16.134.2). New cstate: current_term: 1 leader_uuid: "b112565341af4f588bdbfe2051754c12" committed_config { opid_index: -1 OBSOLETE_local: false peers { permanent_uuid: "cf114695645c43519e5f132a252524bf" member_type: VOTER last_known_addr { host: "127.16.134.1" port: 35709 } health_report { overall_health: UNKNOWN } } peers { permanent_uuid: "b112565341af4f588bdbfe2051754c12" member_type: VOTER last_known_addr { host: "127.16.134.2" port: 38361 } health_report { overall_health: HEALTHY } } peers { permanent_uuid: "d746ba210afd47dca65bd92827f09ffa" member_type: VOTER last_known_addr { host: "127.16.134.3" port: 46165 } health_report { overall_health: UNKNOWN } } }
I20260710 13:20:50.928368 18215 ts_tablet_manager.cc:1434] T 6247fe9e35f94ff2af9fe1c400a1d0b1 P cf114695645c43519e5f132a252524bf: Time spent starting tablet: real 0.009s	user 0.004s	sys 0.001s
I20260710 13:20:50.929272 18215 tablet_bootstrap.cc:492] T 658a12362e2f4798b4288e5d83fb86e5 P cf114695645c43519e5f132a252524bf: Bootstrap starting.
I20260710 13:20:50.932920 18213 tablet_bootstrap.cc:654] T b71adfc22e5d4e109b8129f9533fdd80 P b112565341af4f588bdbfe2051754c12: Neither blocks nor log segments found. Creating new log.
I20260710 13:20:50.935125 18215 tablet_bootstrap.cc:654] T 658a12362e2f4798b4288e5d83fb86e5 P cf114695645c43519e5f132a252524bf: Neither blocks nor log segments found. Creating new log.
I20260710 13:20:50.935287 17919 catalog_manager.cc:5697] T 9c8c9cd0f8a3496a968b04ab684b4b41 P d746ba210afd47dca65bd92827f09ffa reported cstate change: term changed from 0 to 1, leader changed from <none> to d746ba210afd47dca65bd92827f09ffa (127.16.134.3). New cstate: current_term: 1 leader_uuid: "d746ba210afd47dca65bd92827f09ffa" committed_config { opid_index: -1 OBSOLETE_local: false peers { permanent_uuid: "d746ba210afd47dca65bd92827f09ffa" member_type: VOTER last_known_addr { host: "127.16.134.3" port: 46165 } health_report { overall_health: HEALTHY } } peers { permanent_uuid: "b112565341af4f588bdbfe2051754c12" member_type: VOTER last_known_addr { host: "127.16.134.2" port: 38361 } health_report { overall_health: UNKNOWN } } peers { permanent_uuid: "cf114695645c43519e5f132a252524bf" member_type: VOTER last_known_addr { host: "127.16.134.1" port: 35709 } health_report { overall_health: UNKNOWN } } }
I20260710 13:20:50.945267 18252 consensus_queue.cc:1048] T 9b7a5801ef154b3caf4b2af34b6147f0 P b112565341af4f588bdbfe2051754c12 [LEADER]: Connected to new peer: Peer: permanent_uuid: "cf114695645c43519e5f132a252524bf" member_type: VOTER last_known_addr { host: "127.16.134.1" port: 35709 }, Status: LMP_MISMATCH, Last received: 0.0, Next index: 1, Last known committed idx: 0, Time since last communication: 0.001s
I20260710 13:20:50.948541 18212 tablet_bootstrap.cc:492] T a197c915be124c45b3e53a074986b185 P d746ba210afd47dca65bd92827f09ffa: Bootstrap starting.
I20260710 13:20:50.954950 18212 tablet_bootstrap.cc:654] T a197c915be124c45b3e53a074986b185 P d746ba210afd47dca65bd92827f09ffa: Neither blocks nor log segments found. Creating new log.
I20260710 13:20:50.967679 18257 raft_consensus.cc:493] T 6247fe9e35f94ff2af9fe1c400a1d0b1 P b112565341af4f588bdbfe2051754c12 [term 0 FOLLOWER]: Starting pre-election (no leader contacted us within the election timeout)
I20260710 13:20:50.968212 18257 raft_consensus.cc:515] T 6247fe9e35f94ff2af9fe1c400a1d0b1 P b112565341af4f588bdbfe2051754c12 [term 0 FOLLOWER]: Starting pre-election with config: opid_index: -1 OBSOLETE_local: false peers { permanent_uuid: "cf114695645c43519e5f132a252524bf" member_type: VOTER last_known_addr { host: "127.16.134.1" port: 35709 } } peers { permanent_uuid: "b112565341af4f588bdbfe2051754c12" member_type: VOTER last_known_addr { host: "127.16.134.2" port: 38361 } } peers { permanent_uuid: "d746ba210afd47dca65bd92827f09ffa" member_type: VOTER last_known_addr { host: "127.16.134.3" port: 46165 } }
I20260710 13:20:50.977838 18171 tablet_service.cc:1917] Received RequestConsensusVote() RPC: tablet_id: "6247fe9e35f94ff2af9fe1c400a1d0b1" candidate_uuid: "b112565341af4f588bdbfe2051754c12" candidate_term: 1 candidate_status { last_received { term: 0 index: 0 } } ignore_live_leader: false dest_uuid: "d746ba210afd47dca65bd92827f09ffa" is_pre_election: true
I20260710 13:20:50.979312 18251 raft_consensus.cc:493] T 9b7a5801ef154b3caf4b2af34b6147f0 P d746ba210afd47dca65bd92827f09ffa [term 0 FOLLOWER]: Starting pre-election (no leader contacted us within the election timeout)
I20260710 13:20:50.979966 18251 raft_consensus.cc:515] T 9b7a5801ef154b3caf4b2af34b6147f0 P d746ba210afd47dca65bd92827f09ffa [term 0 FOLLOWER]: Starting pre-election with config: opid_index: -1 OBSOLETE_local: false peers { permanent_uuid: "cf114695645c43519e5f132a252524bf" member_type: VOTER last_known_addr { host: "127.16.134.1" port: 35709 } } peers { permanent_uuid: "b112565341af4f588bdbfe2051754c12" member_type: VOTER last_known_addr { host: "127.16.134.2" port: 38361 } } peers { permanent_uuid: "d746ba210afd47dca65bd92827f09ffa" member_type: VOTER last_known_addr { host: "127.16.134.3" port: 46165 } }
I20260710 13:20:50.982672 18251 leader_election.cc:290] T 9b7a5801ef154b3caf4b2af34b6147f0 P d746ba210afd47dca65bd92827f09ffa [CANDIDATE]: Term 1 pre-election: Requested pre-vote from peers cf114695645c43519e5f132a252524bf (127.16.134.1:35709), b112565341af4f588bdbfe2051754c12 (127.16.134.2:38361)
I20260710 13:20:50.984916 18022 tablet_service.cc:1917] Received RequestConsensusVote() RPC: tablet_id: "9b7a5801ef154b3caf4b2af34b6147f0" candidate_uuid: "d746ba210afd47dca65bd92827f09ffa" candidate_term: 1 candidate_status { last_received { term: 0 index: 0 } } ignore_live_leader: false dest_uuid: "cf114695645c43519e5f132a252524bf" is_pre_election: true
W20260710 13:20:50.987609 18061 leader_election.cc:343] T 6247fe9e35f94ff2af9fe1c400a1d0b1 P b112565341af4f588bdbfe2051754c12 [CANDIDATE]: Term 1 pre-election: Tablet error from VoteRequest() call to peer d746ba210afd47dca65bd92827f09ffa (127.16.134.3:46165): Illegal state: must be running to vote when last-logged opid is not known
I20260710 13:20:50.989687 18097 tablet_service.cc:1917] Received RequestConsensusVote() RPC: tablet_id: "9b7a5801ef154b3caf4b2af34b6147f0" candidate_uuid: "d746ba210afd47dca65bd92827f09ffa" candidate_term: 1 candidate_status { last_received { term: 0 index: 0 } } ignore_live_leader: false dest_uuid: "b112565341af4f588bdbfe2051754c12" is_pre_election: true
I20260710 13:20:50.990291 18257 leader_election.cc:290] T 6247fe9e35f94ff2af9fe1c400a1d0b1 P b112565341af4f588bdbfe2051754c12 [CANDIDATE]: Term 1 pre-election: Requested pre-vote from peers cf114695645c43519e5f132a252524bf (127.16.134.1:35709), d746ba210afd47dca65bd92827f09ffa (127.16.134.3:46165)
I20260710 13:20:50.992009 18136 leader_election.cc:304] T 9b7a5801ef154b3caf4b2af34b6147f0 P d746ba210afd47dca65bd92827f09ffa [CANDIDATE]: Term 1 pre-election: Election decided. Result: candidate lost. Election summary: received 3 responses out of 3 voters: 1 yes votes; 2 no votes. yes voters: d746ba210afd47dca65bd92827f09ffa; no voters: b112565341af4f588bdbfe2051754c12, cf114695645c43519e5f132a252524bf
I20260710 13:20:50.989741 18022 tablet_service.cc:1917] Received RequestConsensusVote() RPC: tablet_id: "6247fe9e35f94ff2af9fe1c400a1d0b1" candidate_uuid: "b112565341af4f588bdbfe2051754c12" candidate_term: 1 candidate_status { last_received { term: 0 index: 0 } } ignore_live_leader: false dest_uuid: "cf114695645c43519e5f132a252524bf" is_pre_election: true
I20260710 13:20:50.992929 18022 raft_consensus.cc:2468] T 6247fe9e35f94ff2af9fe1c400a1d0b1 P cf114695645c43519e5f132a252524bf [term 0 FOLLOWER]: Leader pre-election vote request: Granting yes vote for candidate b112565341af4f588bdbfe2051754c12 in term 0.
I20260710 13:20:50.993140 18251 raft_consensus.cc:2749] T 9b7a5801ef154b3caf4b2af34b6147f0 P d746ba210afd47dca65bd92827f09ffa [term 0 FOLLOWER]: Leader pre-election lost for term 1. Reason: could not achieve majority
I20260710 13:20:50.994000 18064 leader_election.cc:304] T 6247fe9e35f94ff2af9fe1c400a1d0b1 P b112565341af4f588bdbfe2051754c12 [CANDIDATE]: Term 1 pre-election: Election decided. Result: candidate won. Election summary: received 3 responses out of 3 voters: 2 yes votes; 1 no votes. yes voters: b112565341af4f588bdbfe2051754c12, cf114695645c43519e5f132a252524bf; no voters: d746ba210afd47dca65bd92827f09ffa
I20260710 13:20:50.994316 18215 tablet_bootstrap.cc:492] T 658a12362e2f4798b4288e5d83fb86e5 P cf114695645c43519e5f132a252524bf: No bootstrap required, opened a new log
I20260710 13:20:50.994670 18257 raft_consensus.cc:2804] T 6247fe9e35f94ff2af9fe1c400a1d0b1 P b112565341af4f588bdbfe2051754c12 [term 0 FOLLOWER]: Leader pre-election won for term 1
I20260710 13:20:50.994853 18215 ts_tablet_manager.cc:1403] T 658a12362e2f4798b4288e5d83fb86e5 P cf114695645c43519e5f132a252524bf: Time spent bootstrapping tablet: real 0.066s	user 0.010s	sys 0.026s
I20260710 13:20:50.995090 18257 raft_consensus.cc:493] T 6247fe9e35f94ff2af9fe1c400a1d0b1 P b112565341af4f588bdbfe2051754c12 [term 0 FOLLOWER]: Starting leader election (no leader contacted us within the election timeout)
I20260710 13:20:50.995488 18257 raft_consensus.cc:3060] T 6247fe9e35f94ff2af9fe1c400a1d0b1 P b112565341af4f588bdbfe2051754c12 [term 0 FOLLOWER]: Advancing to term 1
I20260710 13:20:50.997594 18213 tablet_bootstrap.cc:492] T b71adfc22e5d4e109b8129f9533fdd80 P b112565341af4f588bdbfe2051754c12: No bootstrap required, opened a new log
I20260710 13:20:50.998073 18213 ts_tablet_manager.cc:1403] T b71adfc22e5d4e109b8129f9533fdd80 P b112565341af4f588bdbfe2051754c12: Time spent bootstrapping tablet: real 0.071s	user 0.017s	sys 0.026s
I20260710 13:20:50.998775 18215 raft_consensus.cc:359] T 658a12362e2f4798b4288e5d83fb86e5 P cf114695645c43519e5f132a252524bf [term 0 FOLLOWER]: Replica starting. Triggering 0 pending ops. Active config: opid_index: -1 OBSOLETE_local: false peers { permanent_uuid: "cf114695645c43519e5f132a252524bf" member_type: VOTER last_known_addr { host: "127.16.134.1" port: 35709 } } peers { permanent_uuid: "b112565341af4f588bdbfe2051754c12" member_type: VOTER last_known_addr { host: "127.16.134.2" port: 38361 } } peers { permanent_uuid: "d746ba210afd47dca65bd92827f09ffa" member_type: VOTER last_known_addr { host: "127.16.134.3" port: 46165 } }
I20260710 13:20:50.999487 18215 raft_consensus.cc:385] T 658a12362e2f4798b4288e5d83fb86e5 P cf114695645c43519e5f132a252524bf [term 0 FOLLOWER]: Consensus starting up: Expiring failure detector timer to make a prompt election more likely
I20260710 13:20:50.999766 18215 raft_consensus.cc:740] T 658a12362e2f4798b4288e5d83fb86e5 P cf114695645c43519e5f132a252524bf [term 0 FOLLOWER]: Becoming Follower/Learner. State: Replica: cf114695645c43519e5f132a252524bf, State: Initialized, Role: FOLLOWER
I20260710 13:20:51.000380 18215 consensus_queue.cc:260] T 658a12362e2f4798b4288e5d83fb86e5 P cf114695645c43519e5f132a252524bf [NON_LEADER]: Queue going to NON_LEADER mode. State: All replicated index: 0, Majority replicated index: 0, Committed index: 0, Last appended: 0.0, Last appended by leader: 0, Current term: 0, Majority size: -1, State: 0, Mode: NON_LEADER, active raft config: opid_index: -1 OBSOLETE_local: false peers { permanent_uuid: "cf114695645c43519e5f132a252524bf" member_type: VOTER last_known_addr { host: "127.16.134.1" port: 35709 } } peers { permanent_uuid: "b112565341af4f588bdbfe2051754c12" member_type: VOTER last_known_addr { host: "127.16.134.2" port: 38361 } } peers { permanent_uuid: "d746ba210afd47dca65bd92827f09ffa" member_type: VOTER last_known_addr { host: "127.16.134.3" port: 46165 } }
I20260710 13:20:51.002301 18215 ts_tablet_manager.cc:1434] T 658a12362e2f4798b4288e5d83fb86e5 P cf114695645c43519e5f132a252524bf: Time spent starting tablet: real 0.007s	user 0.007s	sys 0.001s
I20260710 13:20:51.002697 18212 tablet_bootstrap.cc:492] T a197c915be124c45b3e53a074986b185 P d746ba210afd47dca65bd92827f09ffa: No bootstrap required, opened a new log
I20260710 13:20:51.003120 18212 ts_tablet_manager.cc:1403] T a197c915be124c45b3e53a074986b185 P d746ba210afd47dca65bd92827f09ffa: Time spent bootstrapping tablet: real 0.055s	user 0.005s	sys 0.030s
I20260710 13:20:51.003499 18215 tablet_bootstrap.cc:492] T 45bb0450bcc04459bc89b2b2ca94e3d9 P cf114695645c43519e5f132a252524bf: Bootstrap starting.
I20260710 13:20:51.000630 18213 raft_consensus.cc:359] T b71adfc22e5d4e109b8129f9533fdd80 P b112565341af4f588bdbfe2051754c12 [term 0 FOLLOWER]: Replica starting. Triggering 0 pending ops. Active config: opid_index: -1 OBSOLETE_local: false peers { permanent_uuid: "cf114695645c43519e5f132a252524bf" member_type: VOTER last_known_addr { host: "127.16.134.1" port: 35709 } } peers { permanent_uuid: "b112565341af4f588bdbfe2051754c12" member_type: VOTER last_known_addr { host: "127.16.134.2" port: 38361 } } peers { permanent_uuid: "d746ba210afd47dca65bd92827f09ffa" member_type: VOTER last_known_addr { host: "127.16.134.3" port: 46165 } }
I20260710 13:20:51.005909 18213 raft_consensus.cc:385] T b71adfc22e5d4e109b8129f9533fdd80 P b112565341af4f588bdbfe2051754c12 [term 0 FOLLOWER]: Consensus starting up: Expiring failure detector timer to make a prompt election more likely
I20260710 13:20:51.006345 18213 raft_consensus.cc:740] T b71adfc22e5d4e109b8129f9533fdd80 P b112565341af4f588bdbfe2051754c12 [term 0 FOLLOWER]: Becoming Follower/Learner. State: Replica: b112565341af4f588bdbfe2051754c12, State: Initialized, Role: FOLLOWER
I20260710 13:20:51.005966 18212 raft_consensus.cc:359] T a197c915be124c45b3e53a074986b185 P d746ba210afd47dca65bd92827f09ffa [term 0 FOLLOWER]: Replica starting. Triggering 0 pending ops. Active config: opid_index: -1 OBSOLETE_local: false peers { permanent_uuid: "cf114695645c43519e5f132a252524bf" member_type: VOTER last_known_addr { host: "127.16.134.1" port: 35709 } } peers { permanent_uuid: "b112565341af4f588bdbfe2051754c12" member_type: VOTER last_known_addr { host: "127.16.134.2" port: 38361 } } peers { permanent_uuid: "d746ba210afd47dca65bd92827f09ffa" member_type: VOTER last_known_addr { host: "127.16.134.3" port: 46165 } }
I20260710 13:20:51.007253 18212 raft_consensus.cc:385] T a197c915be124c45b3e53a074986b185 P d746ba210afd47dca65bd92827f09ffa [term 0 FOLLOWER]: Consensus starting up: Expiring failure detector timer to make a prompt election more likely
I20260710 13:20:51.008440 18212 raft_consensus.cc:740] T a197c915be124c45b3e53a074986b185 P d746ba210afd47dca65bd92827f09ffa [term 0 FOLLOWER]: Becoming Follower/Learner. State: Replica: d746ba210afd47dca65bd92827f09ffa, State: Initialized, Role: FOLLOWER
I20260710 13:20:51.009586 18212 consensus_queue.cc:260] T a197c915be124c45b3e53a074986b185 P d746ba210afd47dca65bd92827f09ffa [NON_LEADER]: Queue going to NON_LEADER mode. State: All replicated index: 0, Majority replicated index: 0, Committed index: 0, Last appended: 0.0, Last appended by leader: 0, Current term: 0, Majority size: -1, State: 0, Mode: NON_LEADER, active raft config: opid_index: -1 OBSOLETE_local: false peers { permanent_uuid: "cf114695645c43519e5f132a252524bf" member_type: VOTER last_known_addr { host: "127.16.134.1" port: 35709 } } peers { permanent_uuid: "b112565341af4f588bdbfe2051754c12" member_type: VOTER last_known_addr { host: "127.16.134.2" port: 38361 } } peers { permanent_uuid: "d746ba210afd47dca65bd92827f09ffa" member_type: VOTER last_known_addr { host: "127.16.134.3" port: 46165 } }
I20260710 13:20:51.010412 18215 tablet_bootstrap.cc:654] T 45bb0450bcc04459bc89b2b2ca94e3d9 P cf114695645c43519e5f132a252524bf: Neither blocks nor log segments found. Creating new log.
I20260710 13:20:51.012146 18212 ts_tablet_manager.cc:1434] T a197c915be124c45b3e53a074986b185 P d746ba210afd47dca65bd92827f09ffa: Time spent starting tablet: real 0.009s	user 0.007s	sys 0.000s
I20260710 13:20:51.007863 18213 consensus_queue.cc:260] T b71adfc22e5d4e109b8129f9533fdd80 P b112565341af4f588bdbfe2051754c12 [NON_LEADER]: Queue going to NON_LEADER mode. State: All replicated index: 0, Majority replicated index: 0, Committed index: 0, Last appended: 0.0, Last appended by leader: 0, Current term: 0, Majority size: -1, State: 0, Mode: NON_LEADER, active raft config: opid_index: -1 OBSOLETE_local: false peers { permanent_uuid: "cf114695645c43519e5f132a252524bf" member_type: VOTER last_known_addr { host: "127.16.134.1" port: 35709 } } peers { permanent_uuid: "b112565341af4f588bdbfe2051754c12" member_type: VOTER last_known_addr { host: "127.16.134.2" port: 38361 } } peers { permanent_uuid: "d746ba210afd47dca65bd92827f09ffa" member_type: VOTER last_known_addr { host: "127.16.134.3" port: 46165 } }
I20260710 13:20:51.013337 18212 tablet_bootstrap.cc:492] T 47eb6e82a17c400a878c862ab76f3a10 P d746ba210afd47dca65bd92827f09ffa: Bootstrap starting.
I20260710 13:20:51.014211 18213 ts_tablet_manager.cc:1434] T b71adfc22e5d4e109b8129f9533fdd80 P b112565341af4f588bdbfe2051754c12: Time spent starting tablet: real 0.016s	user 0.005s	sys 0.001s
I20260710 13:20:51.015065 18213 tablet_bootstrap.cc:492] T 658a12362e2f4798b4288e5d83fb86e5 P b112565341af4f588bdbfe2051754c12: Bootstrap starting.
I20260710 13:20:51.019586 18212 tablet_bootstrap.cc:654] T 47eb6e82a17c400a878c862ab76f3a10 P d746ba210afd47dca65bd92827f09ffa: Neither blocks nor log segments found. Creating new log.
I20260710 13:20:51.020481 18213 tablet_bootstrap.cc:654] T 658a12362e2f4798b4288e5d83fb86e5 P b112565341af4f588bdbfe2051754c12: Neither blocks nor log segments found. Creating new log.
I20260710 13:20:51.022218 18219 raft_consensus.cc:493] T a34e2b6ed4be4562a8f0e5535e87c029 P d746ba210afd47dca65bd92827f09ffa [term 0 FOLLOWER]: Starting pre-election (no leader contacted us within the election timeout)
I20260710 13:20:51.022761 18219 raft_consensus.cc:515] T a34e2b6ed4be4562a8f0e5535e87c029 P d746ba210afd47dca65bd92827f09ffa [term 0 FOLLOWER]: Starting pre-election with config: opid_index: -1 OBSOLETE_local: false peers { permanent_uuid: "cf114695645c43519e5f132a252524bf" member_type: VOTER last_known_addr { host: "127.16.134.1" port: 35709 } } peers { permanent_uuid: "b112565341af4f588bdbfe2051754c12" member_type: VOTER last_known_addr { host: "127.16.134.2" port: 38361 } } peers { permanent_uuid: "d746ba210afd47dca65bd92827f09ffa" member_type: VOTER last_known_addr { host: "127.16.134.3" port: 46165 } }
I20260710 13:20:51.024968 18219 leader_election.cc:290] T a34e2b6ed4be4562a8f0e5535e87c029 P d746ba210afd47dca65bd92827f09ffa [CANDIDATE]: Term 1 pre-election: Requested pre-vote from peers cf114695645c43519e5f132a252524bf (127.16.134.1:35709), b112565341af4f588bdbfe2051754c12 (127.16.134.2:38361)
I20260710 13:20:51.026755 18171 raft_consensus.cc:3060] T 9b7a5801ef154b3caf4b2af34b6147f0 P d746ba210afd47dca65bd92827f09ffa [term 0 FOLLOWER]: Advancing to term 1
I20260710 13:20:51.029369 18097 tablet_service.cc:1917] Received RequestConsensusVote() RPC: tablet_id: "a34e2b6ed4be4562a8f0e5535e87c029" candidate_uuid: "d746ba210afd47dca65bd92827f09ffa" candidate_term: 1 candidate_status { last_received { term: 0 index: 0 } } ignore_live_leader: false dest_uuid: "b112565341af4f588bdbfe2051754c12" is_pre_election: true
I20260710 13:20:51.030030 18097 raft_consensus.cc:2468] T a34e2b6ed4be4562a8f0e5535e87c029 P b112565341af4f588bdbfe2051754c12 [term 0 FOLLOWER]: Leader pre-election vote request: Granting yes vote for candidate d746ba210afd47dca65bd92827f09ffa in term 0.
I20260710 13:20:51.031894 18136 leader_election.cc:304] T a34e2b6ed4be4562a8f0e5535e87c029 P d746ba210afd47dca65bd92827f09ffa [CANDIDATE]: Term 1 pre-election: Election decided. Result: candidate won. Election summary: received 2 responses out of 3 voters: 2 yes votes; 0 no votes. yes voters: b112565341af4f588bdbfe2051754c12, d746ba210afd47dca65bd92827f09ffa; no voters: 
I20260710 13:20:51.032790 18219 raft_consensus.cc:2804] T a34e2b6ed4be4562a8f0e5535e87c029 P d746ba210afd47dca65bd92827f09ffa [term 0 FOLLOWER]: Leader pre-election won for term 1
I20260710 13:20:51.027406 18023 tablet_service.cc:1917] Received RequestConsensusVote() RPC: tablet_id: "a34e2b6ed4be4562a8f0e5535e87c029" candidate_uuid: "d746ba210afd47dca65bd92827f09ffa" candidate_term: 1 candidate_status { last_received { term: 0 index: 0 } } ignore_live_leader: false dest_uuid: "cf114695645c43519e5f132a252524bf" is_pre_election: true
I20260710 13:20:51.033209 18219 raft_consensus.cc:493] T a34e2b6ed4be4562a8f0e5535e87c029 P d746ba210afd47dca65bd92827f09ffa [term 0 FOLLOWER]: Starting leader election (no leader contacted us within the election timeout)
I20260710 13:20:51.033603 18219 raft_consensus.cc:3060] T a34e2b6ed4be4562a8f0e5535e87c029 P d746ba210afd47dca65bd92827f09ffa [term 0 FOLLOWER]: Advancing to term 1
I20260710 13:20:51.033656 18023 raft_consensus.cc:2468] T a34e2b6ed4be4562a8f0e5535e87c029 P cf114695645c43519e5f132a252524bf [term 0 FOLLOWER]: Leader pre-election vote request: Granting yes vote for candidate d746ba210afd47dca65bd92827f09ffa in term 0.
I20260710 13:20:51.047631 18219 raft_consensus.cc:515] T a34e2b6ed4be4562a8f0e5535e87c029 P d746ba210afd47dca65bd92827f09ffa [term 1 FOLLOWER]: Starting leader election with config: opid_index: -1 OBSOLETE_local: false peers { permanent_uuid: "cf114695645c43519e5f132a252524bf" member_type: VOTER last_known_addr { host: "127.16.134.1" port: 35709 } } peers { permanent_uuid: "b112565341af4f588bdbfe2051754c12" member_type: VOTER last_known_addr { host: "127.16.134.2" port: 38361 } } peers { permanent_uuid: "d746ba210afd47dca65bd92827f09ffa" member_type: VOTER last_known_addr { host: "127.16.134.3" port: 46165 } }
I20260710 13:20:51.051599 18217 consensus_queue.cc:1048] T 9b7a5801ef154b3caf4b2af34b6147f0 P b112565341af4f588bdbfe2051754c12 [LEADER]: Connected to new peer: Peer: permanent_uuid: "d746ba210afd47dca65bd92827f09ffa" member_type: VOTER last_known_addr { host: "127.16.134.3" port: 46165 }, Status: LMP_MISMATCH, Last received: 0.0, Next index: 1, Last known committed idx: 0, Time since last communication: 0.000s
I20260710 13:20:51.052081 18257 raft_consensus.cc:515] T 6247fe9e35f94ff2af9fe1c400a1d0b1 P b112565341af4f588bdbfe2051754c12 [term 1 FOLLOWER]: Starting leader election with config: opid_index: -1 OBSOLETE_local: false peers { permanent_uuid: "cf114695645c43519e5f132a252524bf" member_type: VOTER last_known_addr { host: "127.16.134.1" port: 35709 } } peers { permanent_uuid: "b112565341af4f588bdbfe2051754c12" member_type: VOTER last_known_addr { host: "127.16.134.2" port: 38361 } } peers { permanent_uuid: "d746ba210afd47dca65bd92827f09ffa" member_type: VOTER last_known_addr { host: "127.16.134.3" port: 46165 } }
I20260710 13:20:51.050602 18023 tablet_service.cc:1917] Received RequestConsensusVote() RPC: tablet_id: "a34e2b6ed4be4562a8f0e5535e87c029" candidate_uuid: "d746ba210afd47dca65bd92827f09ffa" candidate_term: 1 candidate_status { last_received { term: 0 index: 0 } } ignore_live_leader: false dest_uuid: "cf114695645c43519e5f132a252524bf"
I20260710 13:20:51.054347 18023 raft_consensus.cc:3060] T a34e2b6ed4be4562a8f0e5535e87c029 P cf114695645c43519e5f132a252524bf [term 0 FOLLOWER]: Advancing to term 1
I20260710 13:20:51.054978 18022 tablet_service.cc:1917] Received RequestConsensusVote() RPC: tablet_id: "6247fe9e35f94ff2af9fe1c400a1d0b1" candidate_uuid: "b112565341af4f588bdbfe2051754c12" candidate_term: 1 candidate_status { last_received { term: 0 index: 0 } } ignore_live_leader: false dest_uuid: "cf114695645c43519e5f132a252524bf"
I20260710 13:20:51.055606 18022 raft_consensus.cc:3060] T 6247fe9e35f94ff2af9fe1c400a1d0b1 P cf114695645c43519e5f132a252524bf [term 0 FOLLOWER]: Advancing to term 1
I20260710 13:20:51.063285 18022 raft_consensus.cc:2468] T 6247fe9e35f94ff2af9fe1c400a1d0b1 P cf114695645c43519e5f132a252524bf [term 1 FOLLOWER]: Leader election vote request: Granting yes vote for candidate b112565341af4f588bdbfe2051754c12 in term 1.
I20260710 13:20:51.064344 18219 leader_election.cc:290] T a34e2b6ed4be4562a8f0e5535e87c029 P d746ba210afd47dca65bd92827f09ffa [CANDIDATE]: Term 1 election: Requested vote from peers cf114695645c43519e5f132a252524bf (127.16.134.1:35709), b112565341af4f588bdbfe2051754c12 (127.16.134.2:38361)
I20260710 13:20:51.064524 18064 leader_election.cc:304] T 6247fe9e35f94ff2af9fe1c400a1d0b1 P b112565341af4f588bdbfe2051754c12 [CANDIDATE]: Term 1 election: Election decided. Result: candidate won. Election summary: received 2 responses out of 3 voters: 2 yes votes; 0 no votes. yes voters: b112565341af4f588bdbfe2051754c12, cf114695645c43519e5f132a252524bf; no voters: 
I20260710 13:20:51.065259 18023 raft_consensus.cc:2468] T a34e2b6ed4be4562a8f0e5535e87c029 P cf114695645c43519e5f132a252524bf [term 1 FOLLOWER]: Leader election vote request: Granting yes vote for candidate d746ba210afd47dca65bd92827f09ffa in term 1.
I20260710 13:20:51.066042 18097 tablet_service.cc:1917] Received RequestConsensusVote() RPC: tablet_id: "a34e2b6ed4be4562a8f0e5535e87c029" candidate_uuid: "d746ba210afd47dca65bd92827f09ffa" candidate_term: 1 candidate_status { last_received { term: 0 index: 0 } } ignore_live_leader: false dest_uuid: "b112565341af4f588bdbfe2051754c12"
I20260710 13:20:51.066481 18138 leader_election.cc:304] T a34e2b6ed4be4562a8f0e5535e87c029 P d746ba210afd47dca65bd92827f09ffa [CANDIDATE]: Term 1 election: Election decided. Result: candidate won. Election summary: received 2 responses out of 3 voters: 2 yes votes; 0 no votes. yes voters: cf114695645c43519e5f132a252524bf, d746ba210afd47dca65bd92827f09ffa; no voters: 
I20260710 13:20:51.067202 18220 raft_consensus.cc:493] T 134c7d27f99f44a4a9e43457cf2b85eb P cf114695645c43519e5f132a252524bf [term 0 FOLLOWER]: Starting pre-election (no leader contacted us within the election timeout)
I20260710 13:20:51.067397 18219 raft_consensus.cc:2804] T a34e2b6ed4be4562a8f0e5535e87c029 P d746ba210afd47dca65bd92827f09ffa [term 1 FOLLOWER]: Leader election won for term 1
I20260710 13:20:51.067723 18220 raft_consensus.cc:515] T 134c7d27f99f44a4a9e43457cf2b85eb P cf114695645c43519e5f132a252524bf [term 0 FOLLOWER]: Starting pre-election with config: opid_index: -1 OBSOLETE_local: false peers { permanent_uuid: "cf114695645c43519e5f132a252524bf" member_type: VOTER last_known_addr { host: "127.16.134.1" port: 35709 } } peers { permanent_uuid: "b112565341af4f588bdbfe2051754c12" member_type: VOTER last_known_addr { host: "127.16.134.2" port: 38361 } } peers { permanent_uuid: "d746ba210afd47dca65bd92827f09ffa" member_type: VOTER last_known_addr { host: "127.16.134.3" port: 46165 } }
I20260710 13:20:51.068107 18219 raft_consensus.cc:697] T a34e2b6ed4be4562a8f0e5535e87c029 P d746ba210afd47dca65bd92827f09ffa [term 1 LEADER]: Becoming Leader. State: Replica: d746ba210afd47dca65bd92827f09ffa, State: Running, Role: LEADER
