I20260710 13:20:37.386967 17376 raft_consensus.cc:993] T 15c334c42c794af8b0624c8e71442151 P 8786a3a1d68c4ebb86b69b81473fe2d3: : Instructing follower 33debc2e675940fa86343fa5a9d04478 to start an election
I20260710 13:20:37.387383 17354 raft_consensus.cc:1081] T 15c334c42c794af8b0624c8e71442151 P 8786a3a1d68c4ebb86b69b81473fe2d3 [term 4 LEADER]: Signalling peer 33debc2e675940fa86343fa5a9d04478 to start an election
I20260710 13:20:37.388759 17204 tablet_service.cc:2044] Received Run Leader Election RPC: tablet_id: "15c334c42c794af8b0624c8e71442151"
dest_uuid: "33debc2e675940fa86343fa5a9d04478"
 from {username='slave'} at 127.0.0.1:53782
I20260710 13:20:37.389122 17204 raft_consensus.cc:493] T 15c334c42c794af8b0624c8e71442151 P 33debc2e675940fa86343fa5a9d04478 [term 4 FOLLOWER]: Starting forced leader election (received explicit request)
I20260710 13:20:37.389384 17204 raft_consensus.cc:3060] T 15c334c42c794af8b0624c8e71442151 P 33debc2e675940fa86343fa5a9d04478 [term 4 FOLLOWER]: Advancing to term 5
I20260710 13:20:37.393422 17204 raft_consensus.cc:515] T 15c334c42c794af8b0624c8e71442151 P 33debc2e675940fa86343fa5a9d04478 [term 5 FOLLOWER]: Starting forced leader election with config: opid_index: -1 OBSOLETE_local: false peers { permanent_uuid: "802ca8b538a84820b7f4d39f0ea9f7b8" member_type: VOTER last_known_addr { host: "127.16.134.1" port: 44009 } } peers { permanent_uuid: "8786a3a1d68c4ebb86b69b81473fe2d3" member_type: VOTER last_known_addr { host: "127.16.134.2" port: 38521 } } peers { permanent_uuid: "33debc2e675940fa86343fa5a9d04478" member_type: VOTER last_known_addr { host: "127.16.134.3" port: 42815 } }
I20260710 13:20:37.394861 17204 leader_election.cc:290] T 15c334c42c794af8b0624c8e71442151 P 33debc2e675940fa86343fa5a9d04478 [CANDIDATE]: Term 5 election: Requested vote from peers 802ca8b538a84820b7f4d39f0ea9f7b8 (127.16.134.1:44009), 8786a3a1d68c4ebb86b69b81473fe2d3 (127.16.134.2:38521)
I20260710 13:20:37.395714 17055 tablet_service.cc:1917] Received RequestConsensusVote() RPC: tablet_id: "15c334c42c794af8b0624c8e71442151" candidate_uuid: "33debc2e675940fa86343fa5a9d04478" candidate_term: 5 candidate_status { last_received { term: 4 index: 4 } } ignore_live_leader: true dest_uuid: "802ca8b538a84820b7f4d39f0ea9f7b8"
I20260710 13:20:37.395850 17130 tablet_service.cc:1917] Received RequestConsensusVote() RPC: tablet_id: "15c334c42c794af8b0624c8e71442151" candidate_uuid: "33debc2e675940fa86343fa5a9d04478" candidate_term: 5 candidate_status { last_received { term: 4 index: 4 } } ignore_live_leader: true dest_uuid: "8786a3a1d68c4ebb86b69b81473fe2d3"
I20260710 13:20:37.396271 17055 raft_consensus.cc:3060] T 15c334c42c794af8b0624c8e71442151 P 802ca8b538a84820b7f4d39f0ea9f7b8 [term 4 FOLLOWER]: Advancing to term 5
I20260710 13:20:37.396471 17130 raft_consensus.cc:3055] T 15c334c42c794af8b0624c8e71442151 P 8786a3a1d68c4ebb86b69b81473fe2d3 [term 4 LEADER]: Stepping down as leader of term 4
I20260710 13:20:37.396814 17130 raft_consensus.cc:740] T 15c334c42c794af8b0624c8e71442151 P 8786a3a1d68c4ebb86b69b81473fe2d3 [term 4 LEADER]: Becoming Follower/Learner. State: Replica: 8786a3a1d68c4ebb86b69b81473fe2d3, State: Running, Role: LEADER
I20260710 13:20:37.397514 17130 consensus_queue.cc:260] T 15c334c42c794af8b0624c8e71442151 P 8786a3a1d68c4ebb86b69b81473fe2d3 [NON_LEADER]: Queue going to NON_LEADER mode. State: All replicated index: 0, Majority replicated index: 4, Committed index: 4, Last appended: 4.4, Last appended by leader: 4, Current term: 4, Majority size: -1, State: 0, Mode: NON_LEADER, active raft config: opid_index: -1 OBSOLETE_local: false peers { permanent_uuid: "802ca8b538a84820b7f4d39f0ea9f7b8" member_type: VOTER last_known_addr { host: "127.16.134.1" port: 44009 } } peers { permanent_uuid: "8786a3a1d68c4ebb86b69b81473fe2d3" member_type: VOTER last_known_addr { host: "127.16.134.2" port: 38521 } } peers { permanent_uuid: "33debc2e675940fa86343fa5a9d04478" member_type: VOTER last_known_addr { host: "127.16.134.3" port: 42815 } }
I20260710 13:20:37.398525 17130 raft_consensus.cc:3060] T 15c334c42c794af8b0624c8e71442151 P 8786a3a1d68c4ebb86b69b81473fe2d3 [term 4 FOLLOWER]: Advancing to term 5
I20260710 13:20:37.400413 17055 raft_consensus.cc:2468] T 15c334c42c794af8b0624c8e71442151 P 802ca8b538a84820b7f4d39f0ea9f7b8 [term 5 FOLLOWER]: Leader election vote request: Granting yes vote for candidate 33debc2e675940fa86343fa5a9d04478 in term 5.
I20260710 13:20:37.401515 17168 leader_election.cc:304] T 15c334c42c794af8b0624c8e71442151 P 33debc2e675940fa86343fa5a9d04478 [CANDIDATE]: Term 5 election: Election decided. Result: candidate won. Election summary: received 2 responses out of 3 voters: 2 yes votes; 0 no votes. yes voters: 33debc2e675940fa86343fa5a9d04478, 802ca8b538a84820b7f4d39f0ea9f7b8; no voters: 
I20260710 13:20:37.402333 17347 raft_consensus.cc:2804] T 15c334c42c794af8b0624c8e71442151 P 33debc2e675940fa86343fa5a9d04478 [term 5 FOLLOWER]: Leader election won for term 5
I20260710 13:20:37.403167 17130 raft_consensus.cc:2468] T 15c334c42c794af8b0624c8e71442151 P 8786a3a1d68c4ebb86b69b81473fe2d3 [term 5 FOLLOWER]: Leader election vote request: Granting yes vote for candidate 33debc2e675940fa86343fa5a9d04478 in term 5.
I20260710 13:20:37.403544 17347 raft_consensus.cc:697] T 15c334c42c794af8b0624c8e71442151 P 33debc2e675940fa86343fa5a9d04478 [term 5 LEADER]: Becoming Leader. State: Replica: 33debc2e675940fa86343fa5a9d04478, State: Running, Role: LEADER
I20260710 13:20:37.404511 17347 consensus_queue.cc:237] T 15c334c42c794af8b0624c8e71442151 P 33debc2e675940fa86343fa5a9d04478 [LEADER]: Queue going to LEADER mode. State: All replicated index: 0, Majority replicated index: 4, Committed index: 4, Last appended: 4.4, Last appended by leader: 4, Current term: 5, Majority size: 2, State: 0, Mode: LEADER, active raft config: opid_index: -1 OBSOLETE_local: false peers { permanent_uuid: "802ca8b538a84820b7f4d39f0ea9f7b8" member_type: VOTER last_known_addr { host: "127.16.134.1" port: 44009 } } peers { permanent_uuid: "8786a3a1d68c4ebb86b69b81473fe2d3" member_type: VOTER last_known_addr { host: "127.16.134.2" port: 38521 } } peers { permanent_uuid: "33debc2e675940fa86343fa5a9d04478" member_type: VOTER last_known_addr { host: "127.16.134.3" port: 42815 } }
I20260710 13:20:37.410977 16949 catalog_manager.cc:5697] T 15c334c42c794af8b0624c8e71442151 P 33debc2e675940fa86343fa5a9d04478 reported cstate change: term changed from 4 to 5, leader changed from 8786a3a1d68c4ebb86b69b81473fe2d3 (127.16.134.2) to 33debc2e675940fa86343fa5a9d04478 (127.16.134.3). New cstate: current_term: 5 leader_uuid: "33debc2e675940fa86343fa5a9d04478" committed_config { opid_index: -1 OBSOLETE_local: false peers { permanent_uuid: "802ca8b538a84820b7f4d39f0ea9f7b8" member_type: VOTER last_known_addr { host: "127.16.134.1" port: 44009 } health_report { overall_health: UNKNOWN } } peers { permanent_uuid: "8786a3a1d68c4ebb86b69b81473fe2d3" member_type: VOTER last_known_addr { host: "127.16.134.2" port: 38521 } health_report { overall_health: UNKNOWN } } peers { permanent_uuid: "33debc2e675940fa86343fa5a9d04478" member_type: VOTER last_known_addr { host: "127.16.134.3" port: 42815 } health_report { overall_health: HEALTHY } } }
I20260710 13:20:37.510425 17376 raft_consensus.cc:993] T 8747e2a1cf3c4841ae7a1ad2f1e59bf3 P 8786a3a1d68c4ebb86b69b81473fe2d3: : Instructing follower 802ca8b538a84820b7f4d39f0ea9f7b8 to start an election
I20260710 13:20:37.510835 17354 raft_consensus.cc:1081] T 8747e2a1cf3c4841ae7a1ad2f1e59bf3 P 8786a3a1d68c4ebb86b69b81473fe2d3 [term 1 LEADER]: Signalling peer 802ca8b538a84820b7f4d39f0ea9f7b8 to start an election
I20260710 13:20:37.512130 17055 tablet_service.cc:2044] Received Run Leader Election RPC: tablet_id: "8747e2a1cf3c4841ae7a1ad2f1e59bf3"
dest_uuid: "802ca8b538a84820b7f4d39f0ea9f7b8"
 from {username='slave'} at 127.0.0.1:45248
I20260710 13:20:37.512593 17055 raft_consensus.cc:493] T 8747e2a1cf3c4841ae7a1ad2f1e59bf3 P 802ca8b538a84820b7f4d39f0ea9f7b8 [term 1 FOLLOWER]: Starting forced leader election (received explicit request)
I20260710 13:20:37.512856 17055 raft_consensus.cc:3060] T 8747e2a1cf3c4841ae7a1ad2f1e59bf3 P 802ca8b538a84820b7f4d39f0ea9f7b8 [term 1 FOLLOWER]: Advancing to term 2
I20260710 13:20:37.516913 17055 raft_consensus.cc:515] T 8747e2a1cf3c4841ae7a1ad2f1e59bf3 P 802ca8b538a84820b7f4d39f0ea9f7b8 [term 2 FOLLOWER]: Starting forced leader election with config: opid_index: -1 OBSOLETE_local: false peers { permanent_uuid: "802ca8b538a84820b7f4d39f0ea9f7b8" member_type: VOTER last_known_addr { host: "127.16.134.1" port: 44009 } } peers { permanent_uuid: "8786a3a1d68c4ebb86b69b81473fe2d3" member_type: VOTER last_known_addr { host: "127.16.134.2" port: 38521 } } peers { permanent_uuid: "33debc2e675940fa86343fa5a9d04478" member_type: VOTER last_known_addr { host: "127.16.134.3" port: 42815 } }
I20260710 13:20:37.518329 17055 leader_election.cc:290] T 8747e2a1cf3c4841ae7a1ad2f1e59bf3 P 802ca8b538a84820b7f4d39f0ea9f7b8 [CANDIDATE]: Term 2 election: Requested vote from peers 8786a3a1d68c4ebb86b69b81473fe2d3 (127.16.134.2:38521), 33debc2e675940fa86343fa5a9d04478 (127.16.134.3:42815)
I20260710 13:20:37.519240 17130 tablet_service.cc:1917] Received RequestConsensusVote() RPC: tablet_id: "8747e2a1cf3c4841ae7a1ad2f1e59bf3" candidate_uuid: "802ca8b538a84820b7f4d39f0ea9f7b8" candidate_term: 2 candidate_status { last_received { term: 1 index: 1 } } ignore_live_leader: true dest_uuid: "8786a3a1d68c4ebb86b69b81473fe2d3"
I20260710 13:20:37.519495 17204 tablet_service.cc:1917] Received RequestConsensusVote() RPC: tablet_id: "8747e2a1cf3c4841ae7a1ad2f1e59bf3" candidate_uuid: "802ca8b538a84820b7f4d39f0ea9f7b8" candidate_term: 2 candidate_status { last_received { term: 1 index: 1 } } ignore_live_leader: true dest_uuid: "33debc2e675940fa86343fa5a9d04478"
I20260710 13:20:37.519744 17130 raft_consensus.cc:3055] T 8747e2a1cf3c4841ae7a1ad2f1e59bf3 P 8786a3a1d68c4ebb86b69b81473fe2d3 [term 1 LEADER]: Stepping down as leader of term 1
I20260710 13:20:37.520058 17130 raft_consensus.cc:740] T 8747e2a1cf3c4841ae7a1ad2f1e59bf3 P 8786a3a1d68c4ebb86b69b81473fe2d3 [term 1 LEADER]: Becoming Follower/Learner. State: Replica: 8786a3a1d68c4ebb86b69b81473fe2d3, State: Running, Role: LEADER
I20260710 13:20:37.520089 17204 raft_consensus.cc:3060] T 8747e2a1cf3c4841ae7a1ad2f1e59bf3 P 33debc2e675940fa86343fa5a9d04478 [term 1 FOLLOWER]: Advancing to term 2
I20260710 13:20:37.520793 17130 consensus_queue.cc:260] T 8747e2a1cf3c4841ae7a1ad2f1e59bf3 P 8786a3a1d68c4ebb86b69b81473fe2d3 [NON_LEADER]: Queue going to NON_LEADER mode. State: All replicated index: 0, Majority replicated index: 1, Committed index: 1, Last appended: 1.1, Last appended by leader: 1, Current term: 1, Majority size: -1, State: 0, Mode: NON_LEADER, active raft config: opid_index: -1 OBSOLETE_local: false peers { permanent_uuid: "802ca8b538a84820b7f4d39f0ea9f7b8" member_type: VOTER last_known_addr { host: "127.16.134.1" port: 44009 } } peers { permanent_uuid: "8786a3a1d68c4ebb86b69b81473fe2d3" member_type: VOTER last_known_addr { host: "127.16.134.2" port: 38521 } } peers { permanent_uuid: "33debc2e675940fa86343fa5a9d04478" member_type: VOTER last_known_addr { host: "127.16.134.3" port: 42815 } }
I20260710 13:20:37.521723 17130 raft_consensus.cc:3060] T 8747e2a1cf3c4841ae7a1ad2f1e59bf3 P 8786a3a1d68c4ebb86b69b81473fe2d3 [term 1 FOLLOWER]: Advancing to term 2
I20260710 13:20:37.524431 17204 raft_consensus.cc:2468] T 8747e2a1cf3c4841ae7a1ad2f1e59bf3 P 33debc2e675940fa86343fa5a9d04478 [term 2 FOLLOWER]: Leader election vote request: Granting yes vote for candidate 802ca8b538a84820b7f4d39f0ea9f7b8 in term 2.
I20260710 13:20:37.525434 17021 leader_election.cc:304] T 8747e2a1cf3c4841ae7a1ad2f1e59bf3 P 802ca8b538a84820b7f4d39f0ea9f7b8 [CANDIDATE]: Term 2 election: Election decided. Result: candidate won. Election summary: received 2 responses out of 3 voters: 2 yes votes; 0 no votes. yes voters: 33debc2e675940fa86343fa5a9d04478, 802ca8b538a84820b7f4d39f0ea9f7b8; no voters: 
I20260710 13:20:37.525941 17130 raft_consensus.cc:2468] T 8747e2a1cf3c4841ae7a1ad2f1e59bf3 P 8786a3a1d68c4ebb86b69b81473fe2d3 [term 2 FOLLOWER]: Leader election vote request: Granting yes vote for candidate 802ca8b538a84820b7f4d39f0ea9f7b8 in term 2.
I20260710 13:20:37.526147 17377 raft_consensus.cc:2804] T 8747e2a1cf3c4841ae7a1ad2f1e59bf3 P 802ca8b538a84820b7f4d39f0ea9f7b8 [term 2 FOLLOWER]: Leader election won for term 2
I20260710 13:20:37.526688 17377 raft_consensus.cc:697] T 8747e2a1cf3c4841ae7a1ad2f1e59bf3 P 802ca8b538a84820b7f4d39f0ea9f7b8 [term 2 LEADER]: Becoming Leader. State: Replica: 802ca8b538a84820b7f4d39f0ea9f7b8, State: Running, Role: LEADER
I20260710 13:20:37.527575 17377 consensus_queue.cc:237] T 8747e2a1cf3c4841ae7a1ad2f1e59bf3 P 802ca8b538a84820b7f4d39f0ea9f7b8 [LEADER]: Queue going to LEADER mode. State: All replicated index: 0, Majority replicated index: 1, Committed index: 1, Last appended: 1.1, Last appended by leader: 1, Current term: 2, Majority size: 2, State: 0, Mode: LEADER, active raft config: opid_index: -1 OBSOLETE_local: false peers { permanent_uuid: "802ca8b538a84820b7f4d39f0ea9f7b8" member_type: VOTER last_known_addr { host: "127.16.134.1" port: 44009 } } peers { permanent_uuid: "8786a3a1d68c4ebb86b69b81473fe2d3" member_type: VOTER last_known_addr { host: "127.16.134.2" port: 38521 } } peers { permanent_uuid: "33debc2e675940fa86343fa5a9d04478" member_type: VOTER last_known_addr { host: "127.16.134.3" port: 42815 } }
I20260710 13:20:37.534763 16949 catalog_manager.cc:5697] T 8747e2a1cf3c4841ae7a1ad2f1e59bf3 P 802ca8b538a84820b7f4d39f0ea9f7b8 reported cstate change: term changed from 1 to 2, leader changed from 8786a3a1d68c4ebb86b69b81473fe2d3 (127.16.134.2) to 802ca8b538a84820b7f4d39f0ea9f7b8 (127.16.134.1). New cstate: current_term: 2 leader_uuid: "802ca8b538a84820b7f4d39f0ea9f7b8" committed_config { opid_index: -1 OBSOLETE_local: false peers { permanent_uuid: "802ca8b538a84820b7f4d39f0ea9f7b8" member_type: VOTER last_known_addr { host: "127.16.134.1" port: 44009 } health_report { overall_health: HEALTHY } } peers { permanent_uuid: "8786a3a1d68c4ebb86b69b81473fe2d3" member_type: VOTER last_known_addr { host: "127.16.134.2" port: 38521 } health_report { overall_health: UNKNOWN } } peers { permanent_uuid: "33debc2e675940fa86343fa5a9d04478" member_type: VOTER last_known_addr { host: "127.16.134.3" port: 42815 } health_report { overall_health: UNKNOWN } } }
I20260710 13:20:37.632032 17376 raft_consensus.cc:993] T 07d3b53e8d5b4795a7f79755976c258e P 8786a3a1d68c4ebb86b69b81473fe2d3: : Instructing follower 802ca8b538a84820b7f4d39f0ea9f7b8 to start an election
I20260710 13:20:37.632243 17387 raft_consensus.cc:993] T e7ea8669fbea4d1f965a51118895b1ec P 8786a3a1d68c4ebb86b69b81473fe2d3: : Instructing follower 33debc2e675940fa86343fa5a9d04478 to start an election
I20260710 13:20:37.632575 17354 raft_consensus.cc:1081] T 07d3b53e8d5b4795a7f79755976c258e P 8786a3a1d68c4ebb86b69b81473fe2d3 [term 1 LEADER]: Signalling peer 802ca8b538a84820b7f4d39f0ea9f7b8 to start an election
I20260710 13:20:37.632783 17388 raft_consensus.cc:1081] T e7ea8669fbea4d1f965a51118895b1ec P 8786a3a1d68c4ebb86b69b81473fe2d3 [term 3 LEADER]: Signalling peer 33debc2e675940fa86343fa5a9d04478 to start an election
I20260710 13:20:37.634394 17055 tablet_service.cc:2044] Received Run Leader Election RPC: tablet_id: "07d3b53e8d5b4795a7f79755976c258e"
dest_uuid: "802ca8b538a84820b7f4d39f0ea9f7b8"
 from {username='slave'} at 127.0.0.1:45248
I20260710 13:20:37.634887 17055 raft_consensus.cc:493] T 07d3b53e8d5b4795a7f79755976c258e P 802ca8b538a84820b7f4d39f0ea9f7b8 [term 1 FOLLOWER]: Starting forced leader election (received explicit request)
I20260710 13:20:37.635210 17055 raft_consensus.cc:3060] T 07d3b53e8d5b4795a7f79755976c258e P 802ca8b538a84820b7f4d39f0ea9f7b8 [term 1 FOLLOWER]: Advancing to term 2
I20260710 13:20:37.637665 17204 tablet_service.cc:2044] Received Run Leader Election RPC: tablet_id: "e7ea8669fbea4d1f965a51118895b1ec"
dest_uuid: "33debc2e675940fa86343fa5a9d04478"
 from {username='slave'} at 127.0.0.1:53782
I20260710 13:20:37.638099 17204 raft_consensus.cc:493] T e7ea8669fbea4d1f965a51118895b1ec P 33debc2e675940fa86343fa5a9d04478 [term 3 FOLLOWER]: Starting forced leader election (received explicit request)
I20260710 13:20:37.638348 17204 raft_consensus.cc:3060] T e7ea8669fbea4d1f965a51118895b1ec P 33debc2e675940fa86343fa5a9d04478 [term 3 FOLLOWER]: Advancing to term 4
I20260710 13:20:37.639902 17055 raft_consensus.cc:515] T 07d3b53e8d5b4795a7f79755976c258e P 802ca8b538a84820b7f4d39f0ea9f7b8 [term 2 FOLLOWER]: Starting forced leader election with config: opid_index: -1 OBSOLETE_local: false peers { permanent_uuid: "802ca8b538a84820b7f4d39f0ea9f7b8" member_type: VOTER last_known_addr { host: "127.16.134.1" port: 44009 } } peers { permanent_uuid: "8786a3a1d68c4ebb86b69b81473fe2d3" member_type: VOTER last_known_addr { host: "127.16.134.2" port: 38521 } } peers { permanent_uuid: "33debc2e675940fa86343fa5a9d04478" member_type: VOTER last_known_addr { host: "127.16.134.3" port: 42815 } }
I20260710 13:20:37.641563 17055 leader_election.cc:290] T 07d3b53e8d5b4795a7f79755976c258e P 802ca8b538a84820b7f4d39f0ea9f7b8 [CANDIDATE]: Term 2 election: Requested vote from peers 8786a3a1d68c4ebb86b69b81473fe2d3 (127.16.134.2:38521), 33debc2e675940fa86343fa5a9d04478 (127.16.134.3:42815)
I20260710 13:20:37.642233 17130 tablet_service.cc:1917] Received RequestConsensusVote() RPC: tablet_id: "07d3b53e8d5b4795a7f79755976c258e" candidate_uuid: "802ca8b538a84820b7f4d39f0ea9f7b8" candidate_term: 2 candidate_status { last_received { term: 1 index: 1 } } ignore_live_leader: true dest_uuid: "8786a3a1d68c4ebb86b69b81473fe2d3"
I20260710 13:20:37.642812 17130 raft_consensus.cc:3055] T 07d3b53e8d5b4795a7f79755976c258e P 8786a3a1d68c4ebb86b69b81473fe2d3 [term 1 LEADER]: Stepping down as leader of term 1
I20260710 13:20:37.642967 17203 tablet_service.cc:1917] Received RequestConsensusVote() RPC: tablet_id: "07d3b53e8d5b4795a7f79755976c258e" candidate_uuid: "802ca8b538a84820b7f4d39f0ea9f7b8" candidate_term: 2 candidate_status { last_received { term: 1 index: 1 } } ignore_live_leader: true dest_uuid: "33debc2e675940fa86343fa5a9d04478"
I20260710 13:20:37.643162 17130 raft_consensus.cc:740] T 07d3b53e8d5b4795a7f79755976c258e P 8786a3a1d68c4ebb86b69b81473fe2d3 [term 1 LEADER]: Becoming Follower/Learner. State: Replica: 8786a3a1d68c4ebb86b69b81473fe2d3, State: Running, Role: LEADER
I20260710 13:20:37.642820 17204 raft_consensus.cc:515] T e7ea8669fbea4d1f965a51118895b1ec P 33debc2e675940fa86343fa5a9d04478 [term 4 FOLLOWER]: Starting forced leader election with config: opid_index: -1 OBSOLETE_local: false peers { permanent_uuid: "802ca8b538a84820b7f4d39f0ea9f7b8" member_type: VOTER last_known_addr { host: "127.16.134.1" port: 44009 } } peers { permanent_uuid: "8786a3a1d68c4ebb86b69b81473fe2d3" member_type: VOTER last_known_addr { host: "127.16.134.2" port: 38521 } } peers { permanent_uuid: "33debc2e675940fa86343fa5a9d04478" member_type: VOTER last_known_addr { host: "127.16.134.3" port: 42815 } }
I20260710 13:20:37.643666 17203 raft_consensus.cc:3060] T 07d3b53e8d5b4795a7f79755976c258e P 33debc2e675940fa86343fa5a9d04478 [term 1 FOLLOWER]: Advancing to term 2
I20260710 13:20:37.644094 17130 consensus_queue.cc:260] T 07d3b53e8d5b4795a7f79755976c258e P 8786a3a1d68c4ebb86b69b81473fe2d3 [NON_LEADER]: Queue going to NON_LEADER mode. State: All replicated index: 0, Majority replicated index: 1, Committed index: 1, Last appended: 1.1, Last appended by leader: 1, Current term: 1, Majority size: -1, State: 0, Mode: NON_LEADER, active raft config: opid_index: -1 OBSOLETE_local: false peers { permanent_uuid: "802ca8b538a84820b7f4d39f0ea9f7b8" member_type: VOTER last_known_addr { host: "127.16.134.1" port: 44009 } } peers { permanent_uuid: "8786a3a1d68c4ebb86b69b81473fe2d3" member_type: VOTER last_known_addr { host: "127.16.134.2" port: 38521 } } peers { permanent_uuid: "33debc2e675940fa86343fa5a9d04478" member_type: VOTER last_known_addr { host: "127.16.134.3" port: 42815 } }
I20260710 13:20:37.645128 17204 leader_election.cc:290] T e7ea8669fbea4d1f965a51118895b1ec P 33debc2e675940fa86343fa5a9d04478 [CANDIDATE]: Term 4 election: Requested vote from peers 802ca8b538a84820b7f4d39f0ea9f7b8 (127.16.134.1:44009), 8786a3a1d68c4ebb86b69b81473fe2d3 (127.16.134.2:38521)
I20260710 13:20:37.646112 17130 raft_consensus.cc:3060] T 07d3b53e8d5b4795a7f79755976c258e P 8786a3a1d68c4ebb86b69b81473fe2d3 [term 1 FOLLOWER]: Advancing to term 2
I20260710 13:20:37.646358 17129 tablet_service.cc:1917] Received RequestConsensusVote() RPC: tablet_id: "e7ea8669fbea4d1f965a51118895b1ec" candidate_uuid: "33debc2e675940fa86343fa5a9d04478" candidate_term: 4 candidate_status { last_received { term: 3 index: 3 } } ignore_live_leader: true dest_uuid: "8786a3a1d68c4ebb86b69b81473fe2d3"
I20260710 13:20:37.646965 17129 raft_consensus.cc:3055] T e7ea8669fbea4d1f965a51118895b1ec P 8786a3a1d68c4ebb86b69b81473fe2d3 [term 3 LEADER]: Stepping down as leader of term 3
I20260710 13:20:37.647264 17129 raft_consensus.cc:740] T e7ea8669fbea4d1f965a51118895b1ec P 8786a3a1d68c4ebb86b69b81473fe2d3 [term 3 LEADER]: Becoming Follower/Learner. State: Replica: 8786a3a1d68c4ebb86b69b81473fe2d3, State: Running, Role: LEADER
I20260710 13:20:37.648231 17055 tablet_service.cc:1917] Received RequestConsensusVote() RPC: tablet_id: "e7ea8669fbea4d1f965a51118895b1ec" candidate_uuid: "33debc2e675940fa86343fa5a9d04478" candidate_term: 4 candidate_status { last_received { term: 3 index: 3 } } ignore_live_leader: true dest_uuid: "802ca8b538a84820b7f4d39f0ea9f7b8"
I20260710 13:20:37.648068 17129 consensus_queue.cc:260] T e7ea8669fbea4d1f965a51118895b1ec P 8786a3a1d68c4ebb86b69b81473fe2d3 [NON_LEADER]: Queue going to NON_LEADER mode. State: All replicated index: 0, Majority replicated index: 3, Committed index: 3, Last appended: 3.3, Last appended by leader: 3, Current term: 3, Majority size: -1, State: 0, Mode: NON_LEADER, active raft config: opid_index: -1 OBSOLETE_local: false peers { permanent_uuid: "802ca8b538a84820b7f4d39f0ea9f7b8" member_type: VOTER last_known_addr { host: "127.16.134.1" port: 44009 } } peers { permanent_uuid: "8786a3a1d68c4ebb86b69b81473fe2d3" member_type: VOTER last_known_addr { host: "127.16.134.2" port: 38521 } } peers { permanent_uuid: "33debc2e675940fa86343fa5a9d04478" member_type: VOTER last_known_addr { host: "127.16.134.3" port: 42815 } }
I20260710 13:20:37.648752 17055 raft_consensus.cc:3060] T e7ea8669fbea4d1f965a51118895b1ec P 802ca8b538a84820b7f4d39f0ea9f7b8 [term 3 FOLLOWER]: Advancing to term 4
I20260710 13:20:37.649449 17129 raft_consensus.cc:3060] T e7ea8669fbea4d1f965a51118895b1ec P 8786a3a1d68c4ebb86b69b81473fe2d3 [term 3 FOLLOWER]: Advancing to term 4
I20260710 13:20:37.650923 17203 raft_consensus.cc:2468] T 07d3b53e8d5b4795a7f79755976c258e P 33debc2e675940fa86343fa5a9d04478 [term 2 FOLLOWER]: Leader election vote request: Granting yes vote for candidate 802ca8b538a84820b7f4d39f0ea9f7b8 in term 2.
I20260710 13:20:37.652155 17130 raft_consensus.cc:2468] T 07d3b53e8d5b4795a7f79755976c258e P 8786a3a1d68c4ebb86b69b81473fe2d3 [term 2 FOLLOWER]: Leader election vote request: Granting yes vote for candidate 802ca8b538a84820b7f4d39f0ea9f7b8 in term 2.
I20260710 13:20:37.653195 17021 leader_election.cc:304] T 07d3b53e8d5b4795a7f79755976c258e P 802ca8b538a84820b7f4d39f0ea9f7b8 [CANDIDATE]: Term 2 election: Election decided. Result: candidate won. Election summary: received 2 responses out of 3 voters: 2 yes votes; 0 no votes. yes voters: 33debc2e675940fa86343fa5a9d04478, 802ca8b538a84820b7f4d39f0ea9f7b8; no voters: 
I20260710 13:20:37.654208 17377 raft_consensus.cc:2804] T 07d3b53e8d5b4795a7f79755976c258e P 802ca8b538a84820b7f4d39f0ea9f7b8 [term 2 FOLLOWER]: Leader election won for term 2
I20260710 13:20:37.654400 17055 raft_consensus.cc:2468] T e7ea8669fbea4d1f965a51118895b1ec P 802ca8b538a84820b7f4d39f0ea9f7b8 [term 4 FOLLOWER]: Leader election vote request: Granting yes vote for candidate 33debc2e675940fa86343fa5a9d04478 in term 4.
I20260710 13:20:37.654690 17377 raft_consensus.cc:697] T 07d3b53e8d5b4795a7f79755976c258e P 802ca8b538a84820b7f4d39f0ea9f7b8 [term 2 LEADER]: Becoming Leader. State: Replica: 802ca8b538a84820b7f4d39f0ea9f7b8, State: Running, Role: LEADER
I20260710 13:20:37.655674 17377 consensus_queue.cc:237] T 07d3b53e8d5b4795a7f79755976c258e P 802ca8b538a84820b7f4d39f0ea9f7b8 [LEADER]: Queue going to LEADER mode. State: All replicated index: 0, Majority replicated index: 1, Committed index: 1, Last appended: 1.1, Last appended by leader: 1, Current term: 2, Majority size: 2, State: 0, Mode: LEADER, active raft config: opid_index: -1 OBSOLETE_local: false peers { permanent_uuid: "802ca8b538a84820b7f4d39f0ea9f7b8" member_type: VOTER last_known_addr { host: "127.16.134.1" port: 44009 } } peers { permanent_uuid: "8786a3a1d68c4ebb86b69b81473fe2d3" member_type: VOTER last_known_addr { host: "127.16.134.2" port: 38521 } } peers { permanent_uuid: "33debc2e675940fa86343fa5a9d04478" member_type: VOTER last_known_addr { host: "127.16.134.3" port: 42815 } }
I20260710 13:20:37.655851 17168 leader_election.cc:304] T e7ea8669fbea4d1f965a51118895b1ec P 33debc2e675940fa86343fa5a9d04478 [CANDIDATE]: Term 4 election: Election decided. Result: candidate won. Election summary: received 2 responses out of 3 voters: 2 yes votes; 0 no votes. yes voters: 33debc2e675940fa86343fa5a9d04478, 802ca8b538a84820b7f4d39f0ea9f7b8; no voters: 
I20260710 13:20:37.655994 17129 raft_consensus.cc:2468] T e7ea8669fbea4d1f965a51118895b1ec P 8786a3a1d68c4ebb86b69b81473fe2d3 [term 4 FOLLOWER]: Leader election vote request: Granting yes vote for candidate 33debc2e675940fa86343fa5a9d04478 in term 4.
I20260710 13:20:37.656760 17347 raft_consensus.cc:2804] T e7ea8669fbea4d1f965a51118895b1ec P 33debc2e675940fa86343fa5a9d04478 [term 4 FOLLOWER]: Leader election won for term 4
I20260710 13:20:37.657287 17347 raft_consensus.cc:697] T e7ea8669fbea4d1f965a51118895b1ec P 33debc2e675940fa86343fa5a9d04478 [term 4 LEADER]: Becoming Leader. State: Replica: 33debc2e675940fa86343fa5a9d04478, State: Running, Role: LEADER
I20260710 13:20:37.658059 17347 consensus_queue.cc:237] T e7ea8669fbea4d1f965a51118895b1ec P 33debc2e675940fa86343fa5a9d04478 [LEADER]: Queue going to LEADER mode. State: All replicated index: 0, Majority replicated index: 3, Committed index: 3, Last appended: 3.3, Last appended by leader: 3, Current term: 4, Majority size: 2, State: 0, Mode: LEADER, active raft config: opid_index: -1 OBSOLETE_local: false peers { permanent_uuid: "802ca8b538a84820b7f4d39f0ea9f7b8" member_type: VOTER last_known_addr { host: "127.16.134.1" port: 44009 } } peers { permanent_uuid: "8786a3a1d68c4ebb86b69b81473fe2d3" member_type: VOTER last_known_addr { host: "127.16.134.2" port: 38521 } } peers { permanent_uuid: "33debc2e675940fa86343fa5a9d04478" member_type: VOTER last_known_addr { host: "127.16.134.3" port: 42815 } }
I20260710 13:20:37.665217 16949 catalog_manager.cc:5697] T 07d3b53e8d5b4795a7f79755976c258e P 802ca8b538a84820b7f4d39f0ea9f7b8 reported cstate change: term changed from 1 to 2, leader changed from 8786a3a1d68c4ebb86b69b81473fe2d3 (127.16.134.2) to 802ca8b538a84820b7f4d39f0ea9f7b8 (127.16.134.1). New cstate: current_term: 2 leader_uuid: "802ca8b538a84820b7f4d39f0ea9f7b8" committed_config { opid_index: -1 OBSOLETE_local: false peers { permanent_uuid: "802ca8b538a84820b7f4d39f0ea9f7b8" member_type: VOTER last_known_addr { host: "127.16.134.1" port: 44009 } health_report { overall_health: HEALTHY } } peers { permanent_uuid: "8786a3a1d68c4ebb86b69b81473fe2d3" member_type: VOTER last_known_addr { host: "127.16.134.2" port: 38521 } health_report { overall_health: UNKNOWN } } peers { permanent_uuid: "33debc2e675940fa86343fa5a9d04478" member_type: VOTER last_known_addr { host: "127.16.134.3" port: 42815 } health_report { overall_health: UNKNOWN } } }
I20260710 13:20:37.668376 16952 catalog_manager.cc:5697] T e7ea8669fbea4d1f965a51118895b1ec P 33debc2e675940fa86343fa5a9d04478 reported cstate change: term changed from 3 to 4, leader changed from 8786a3a1d68c4ebb86b69b81473fe2d3 (127.16.134.2) to 33debc2e675940fa86343fa5a9d04478 (127.16.134.3). New cstate: current_term: 4 leader_uuid: "33debc2e675940fa86343fa5a9d04478" committed_config { opid_index: -1 OBSOLETE_local: false peers { permanent_uuid: "802ca8b538a84820b7f4d39f0ea9f7b8" member_type: VOTER last_known_addr { host: "127.16.134.1" port: 44009 } health_report { overall_health: UNKNOWN } } peers { permanent_uuid: "8786a3a1d68c4ebb86b69b81473fe2d3" member_type: VOTER last_known_addr { host: "127.16.134.2" port: 38521 } health_report { overall_health: UNKNOWN } } peers { permanent_uuid: "33debc2e675940fa86343fa5a9d04478" member_type: VOTER last_known_addr { host: "127.16.134.3" port: 42815 } health_report { overall_health: HEALTHY } } }
I20260710 13:20:37.803535 17055 raft_consensus.cc:1275] T 15c334c42c794af8b0624c8e71442151 P 802ca8b538a84820b7f4d39f0ea9f7b8 [term 5 FOLLOWER]: Refusing update from remote peer 33debc2e675940fa86343fa5a9d04478: Log matching property violated. Preceding OpId in replica: term: 4 index: 4. Preceding OpId from leader: term: 5 index: 5. (index mismatch)
I20260710 13:20:37.804606 17347 consensus_queue.cc:1048] T 15c334c42c794af8b0624c8e71442151 P 33debc2e675940fa86343fa5a9d04478 [LEADER]: Connected to new peer: Peer: permanent_uuid: "802ca8b538a84820b7f4d39f0ea9f7b8" member_type: VOTER last_known_addr { host: "127.16.134.1" port: 44009 }, Status: LMP_MISMATCH, Last received: 0.0, Next index: 5, Last known committed idx: 4, Time since last communication: 0.000s
I20260710 13:20:37.817627 17129 raft_consensus.cc:1275] T 15c334c42c794af8b0624c8e71442151 P 8786a3a1d68c4ebb86b69b81473fe2d3 [term 5 FOLLOWER]: Refusing update from remote peer 33debc2e675940fa86343fa5a9d04478: Log matching property violated. Preceding OpId in replica: term: 4 index: 4. Preceding OpId from leader: term: 5 index: 5. (index mismatch)
I20260710 13:20:37.823393 17395 consensus_queue.cc:1048] T 15c334c42c794af8b0624c8e71442151 P 33debc2e675940fa86343fa5a9d04478 [LEADER]: Connected to new peer: Peer: permanent_uuid: "8786a3a1d68c4ebb86b69b81473fe2d3" member_type: VOTER last_known_addr { host: "127.16.134.2" port: 38521 }, Status: LMP_MISMATCH, Last received: 0.0, Next index: 5, Last known committed idx: 4, Time since last communication: 0.001s
I20260710 13:20:37.829269 17130 raft_consensus.cc:1275] T 7c1b44af34584122a7dd002e037d7f75 P 8786a3a1d68c4ebb86b69b81473fe2d3 [term 2 FOLLOWER]: Refusing update from remote peer 802ca8b538a84820b7f4d39f0ea9f7b8: Log matching property violated. Preceding OpId in replica: term: 1 index: 1. Preceding OpId from leader: term: 2 index: 2. (index mismatch)
I20260710 13:20:37.830830 17377 consensus_queue.cc:1048] T 7c1b44af34584122a7dd002e037d7f75 P 802ca8b538a84820b7f4d39f0ea9f7b8 [LEADER]: Connected to new peer: Peer: permanent_uuid: "8786a3a1d68c4ebb86b69b81473fe2d3" member_type: VOTER last_known_addr { host: "127.16.134.2" port: 38521 }, Status: LMP_MISMATCH, Last received: 0.0, Next index: 2, Last known committed idx: 1, Time since last communication: 0.000s
I20260710 13:20:37.839108 17203 raft_consensus.cc:1275] T 7c1b44af34584122a7dd002e037d7f75 P 33debc2e675940fa86343fa5a9d04478 [term 2 FOLLOWER]: Refusing update from remote peer 802ca8b538a84820b7f4d39f0ea9f7b8: Log matching property violated. Preceding OpId in replica: term: 1 index: 1. Preceding OpId from leader: term: 2 index: 2. (index mismatch)
I20260710 13:20:37.840889 17378 consensus_queue.cc:1048] T 7c1b44af34584122a7dd002e037d7f75 P 802ca8b538a84820b7f4d39f0ea9f7b8 [LEADER]: Connected to new peer: Peer: permanent_uuid: "33debc2e675940fa86343fa5a9d04478" member_type: VOTER last_known_addr { host: "127.16.134.3" port: 42815 }, Status: LMP_MISMATCH, Last received: 0.0, Next index: 2, Last known committed idx: 1, Time since last communication: 0.001s
I20260710 13:20:38.040832 17130 raft_consensus.cc:1275] T e7ea8669fbea4d1f965a51118895b1ec P 8786a3a1d68c4ebb86b69b81473fe2d3 [term 4 FOLLOWER]: Refusing update from remote peer 33debc2e675940fa86343fa5a9d04478: Log matching property violated. Preceding OpId in replica: term: 3 index: 3. Preceding OpId from leader: term: 4 index: 4. (index mismatch)
I20260710 13:20:38.042032 17384 consensus_queue.cc:1048] T e7ea8669fbea4d1f965a51118895b1ec P 33debc2e675940fa86343fa5a9d04478 [LEADER]: Connected to new peer: Peer: permanent_uuid: "8786a3a1d68c4ebb86b69b81473fe2d3" member_type: VOTER last_known_addr { host: "127.16.134.2" port: 38521 }, Status: LMP_MISMATCH, Last received: 0.0, Next index: 4, Last known committed idx: 3, Time since last communication: 0.000s
I20260710 13:20:38.050841 17055 raft_consensus.cc:1275] T e7ea8669fbea4d1f965a51118895b1ec P 802ca8b538a84820b7f4d39f0ea9f7b8 [term 4 FOLLOWER]: Refusing update from remote peer 33debc2e675940fa86343fa5a9d04478: Log matching property violated. Preceding OpId in replica: term: 3 index: 3. Preceding OpId from leader: term: 4 index: 4. (index mismatch)
I20260710 13:20:38.052170 17395 consensus_queue.cc:1048] T e7ea8669fbea4d1f965a51118895b1ec P 33debc2e675940fa86343fa5a9d04478 [LEADER]: Connected to new peer: Peer: permanent_uuid: "802ca8b538a84820b7f4d39f0ea9f7b8" member_type: VOTER last_known_addr { host: "127.16.134.1" port: 44009 }, Status: LMP_MISMATCH, Last received: 0.0, Next index: 4, Last known committed idx: 3, Time since last communication: 0.000s
I20260710 13:20:38.115216 17130 raft_consensus.cc:1275] T 8747e2a1cf3c4841ae7a1ad2f1e59bf3 P 8786a3a1d68c4ebb86b69b81473fe2d3 [term 2 FOLLOWER]: Refusing update from remote peer 802ca8b538a84820b7f4d39f0ea9f7b8: Log matching property violated. Preceding OpId in replica: term: 1 index: 1. Preceding OpId from leader: term: 2 index: 2. (index mismatch)
I20260710 13:20:38.116250 17378 consensus_queue.cc:1048] T 8747e2a1cf3c4841ae7a1ad2f1e59bf3 P 802ca8b538a84820b7f4d39f0ea9f7b8 [LEADER]: Connected to new peer: Peer: permanent_uuid: "8786a3a1d68c4ebb86b69b81473fe2d3" member_type: VOTER last_known_addr { host: "127.16.134.2" port: 38521 }, Status: LMP_MISMATCH, Last received: 0.0, Next index: 2, Last known committed idx: 1, Time since last communication: 0.000s
I20260710 13:20:38.124341 17203 raft_consensus.cc:1275] T 8747e2a1cf3c4841ae7a1ad2f1e59bf3 P 33debc2e675940fa86343fa5a9d04478 [term 2 FOLLOWER]: Refusing update from remote peer 802ca8b538a84820b7f4d39f0ea9f7b8: Log matching property violated. Preceding OpId in replica: term: 1 index: 1. Preceding OpId from leader: term: 2 index: 2. (index mismatch)
I20260710 13:20:38.125730 17377 consensus_queue.cc:1048] T 8747e2a1cf3c4841ae7a1ad2f1e59bf3 P 802ca8b538a84820b7f4d39f0ea9f7b8 [LEADER]: Connected to new peer: Peer: permanent_uuid: "33debc2e675940fa86343fa5a9d04478" member_type: VOTER last_known_addr { host: "127.16.134.3" port: 42815 }, Status: LMP_MISMATCH, Last received: 0.0, Next index: 2, Last known committed idx: 1, Time since last communication: 0.000s
I20260710 13:20:38.135257 17203 raft_consensus.cc:1275] T 07d3b53e8d5b4795a7f79755976c258e P 33debc2e675940fa86343fa5a9d04478 [term 2 FOLLOWER]: Refusing update from remote peer 802ca8b538a84820b7f4d39f0ea9f7b8: Log matching property violated. Preceding OpId in replica: term: 1 index: 1. Preceding OpId from leader: term: 2 index: 2. (index mismatch)
I20260710 13:20:38.136354 17377 consensus_queue.cc:1048] T 07d3b53e8d5b4795a7f79755976c258e P 802ca8b538a84820b7f4d39f0ea9f7b8 [LEADER]: Connected to new peer: Peer: permanent_uuid: "33debc2e675940fa86343fa5a9d04478" member_type: VOTER last_known_addr { host: "127.16.134.3" port: 42815 }, Status: LMP_MISMATCH, Last received: 0.0, Next index: 2, Last known committed idx: 1, Time since last communication: 0.000s
I20260710 13:20:38.145195 17130 raft_consensus.cc:1275] T 07d3b53e8d5b4795a7f79755976c258e P 8786a3a1d68c4ebb86b69b81473fe2d3 [term 2 FOLLOWER]: Refusing update from remote peer 802ca8b538a84820b7f4d39f0ea9f7b8: Log matching property violated. Preceding OpId in replica: term: 1 index: 1. Preceding OpId from leader: term: 2 index: 2. (index mismatch)
I20260710 13:20:38.147514 17377 consensus_queue.cc:1048] T 07d3b53e8d5b4795a7f79755976c258e P 802ca8b538a84820b7f4d39f0ea9f7b8 [LEADER]: Connected to new peer: Peer: permanent_uuid: "8786a3a1d68c4ebb86b69b81473fe2d3" member_type: VOTER last_known_addr { host: "127.16.134.2" port: 38521 }, Status: LMP_MISMATCH, Last received: 0.0, Next index: 2, Last known committed idx: 1, Time since last communication: 0.000s
I20260710 13:20:38.263252 16920 auto_leader_rebalancer.cc:141] leader rebalance for table test-workload
I20260710 13:20:38.268718 16920 tablet_server.cc:179] TabletServer@127.16.134.1:0 shutting down...
W20260710 13:20:38.275224 17094 proxy.cc:239] Call had error, refreshing address and retrying: Remote error: Service unavailable: service kudu.consensus.ConsensusService not registered on TabletServer
W20260710 13:20:38.281371 17094 consensus_peers.cc:597] T e798dbc84aba4dff90b40b33fa1c1cf0 P 8786a3a1d68c4ebb86b69b81473fe2d3 -> Peer 802ca8b538a84820b7f4d39f0ea9f7b8 (127.16.134.1:44009): Couldn't send request to peer 802ca8b538a84820b7f4d39f0ea9f7b8. Status: Remote error: Service unavailable: service kudu.consensus.ConsensusService not registered on TabletServer. This is attempt 1: this message will repeat every 5th retry.
I20260710 13:20:38.304209 16920 ts_tablet_manager.cc:1507] Shutting down tablet manager...
I20260710 13:20:38.305018 16920 tablet_replica.cc:333] T 006a693a78b742b0ba65e1b90c0de209 P 802ca8b538a84820b7f4d39f0ea9f7b8: stopping tablet replica
W20260710 13:20:38.305017 17094 consensus_peers.cc:597] T 3d29c2770ec14d3aa0bb58174eaffc23 P 8786a3a1d68c4ebb86b69b81473fe2d3 -> Peer 802ca8b538a84820b7f4d39f0ea9f7b8 (127.16.134.1:44009): Couldn't send request to peer 802ca8b538a84820b7f4d39f0ea9f7b8. Status: Remote error: Service unavailable: service kudu.consensus.ConsensusService not registered on TabletServer. This is attempt 1: this message will repeat every 5th retry.
I20260710 13:20:38.306046 16920 raft_consensus.cc:2243] T 006a693a78b742b0ba65e1b90c0de209 P 802ca8b538a84820b7f4d39f0ea9f7b8 [term 4 FOLLOWER]: Raft consensus shutting down.
I20260710 13:20:38.306565 16920 raft_consensus.cc:2272] T 006a693a78b742b0ba65e1b90c0de209 P 802ca8b538a84820b7f4d39f0ea9f7b8 [term 4 FOLLOWER]: Raft consensus is shut down!
I20260710 13:20:38.308707 16920 tablet_replica.cc:333] T e798dbc84aba4dff90b40b33fa1c1cf0 P 802ca8b538a84820b7f4d39f0ea9f7b8: stopping tablet replica
I20260710 13:20:38.309146 16920 raft_consensus.cc:2243] T e798dbc84aba4dff90b40b33fa1c1cf0 P 802ca8b538a84820b7f4d39f0ea9f7b8 [term 3 FOLLOWER]: Raft consensus shutting down.
I20260710 13:20:38.309589 16920 raft_consensus.cc:2272] T e798dbc84aba4dff90b40b33fa1c1cf0 P 802ca8b538a84820b7f4d39f0ea9f7b8 [term 3 FOLLOWER]: Raft consensus is shut down!
I20260710 13:20:38.311134 16920 tablet_replica.cc:333] T 7c1b44af34584122a7dd002e037d7f75 P 802ca8b538a84820b7f4d39f0ea9f7b8: stopping tablet replica
I20260710 13:20:38.311621 16920 raft_consensus.cc:2243] T 7c1b44af34584122a7dd002e037d7f75 P 802ca8b538a84820b7f4d39f0ea9f7b8 [term 2 LEADER]: Raft consensus shutting down.
I20260710 13:20:38.312282 16920 raft_consensus.cc:2272] T 7c1b44af34584122a7dd002e037d7f75 P 802ca8b538a84820b7f4d39f0ea9f7b8 [term 2 FOLLOWER]: Raft consensus is shut down!
I20260710 13:20:38.314100 16920 tablet_replica.cc:333] T f2a96aae4fa247899a63da88d39968ea P 802ca8b538a84820b7f4d39f0ea9f7b8: stopping tablet replica
I20260710 13:20:38.314584 16920 raft_consensus.cc:2243] T f2a96aae4fa247899a63da88d39968ea P 802ca8b538a84820b7f4d39f0ea9f7b8 [term 2 FOLLOWER]: Raft consensus shutting down.
I20260710 13:20:38.314967 16920 raft_consensus.cc:2272] T f2a96aae4fa247899a63da88d39968ea P 802ca8b538a84820b7f4d39f0ea9f7b8 [term 2 FOLLOWER]: Raft consensus is shut down!
I20260710 13:20:38.316429 16920 tablet_replica.cc:333] T 07d3b53e8d5b4795a7f79755976c258e P 802ca8b538a84820b7f4d39f0ea9f7b8: stopping tablet replica
I20260710 13:20:38.316882 16920 raft_consensus.cc:2243] T 07d3b53e8d5b4795a7f79755976c258e P 802ca8b538a84820b7f4d39f0ea9f7b8 [term 2 LEADER]: Raft consensus shutting down.
I20260710 13:20:38.317621 16920 raft_consensus.cc:2272] T 07d3b53e8d5b4795a7f79755976c258e P 802ca8b538a84820b7f4d39f0ea9f7b8 [term 2 FOLLOWER]: Raft consensus is shut down!
I20260710 13:20:38.319808 16920 tablet_replica.cc:333] T e7ea8669fbea4d1f965a51118895b1ec P 802ca8b538a84820b7f4d39f0ea9f7b8: stopping tablet replica
I20260710 13:20:38.320254 16920 raft_consensus.cc:2243] T e7ea8669fbea4d1f965a51118895b1ec P 802ca8b538a84820b7f4d39f0ea9f7b8 [term 4 FOLLOWER]: Raft consensus shutting down.
I20260710 13:20:38.320598 16920 raft_consensus.cc:2272] T e7ea8669fbea4d1f965a51118895b1ec P 802ca8b538a84820b7f4d39f0ea9f7b8 [term 4 FOLLOWER]: Raft consensus is shut down!
I20260710 13:20:38.322501 16920 tablet_replica.cc:333] T 3d29c2770ec14d3aa0bb58174eaffc23 P 802ca8b538a84820b7f4d39f0ea9f7b8: stopping tablet replica
I20260710 13:20:38.322901 16920 raft_consensus.cc:2243] T 3d29c2770ec14d3aa0bb58174eaffc23 P 802ca8b538a84820b7f4d39f0ea9f7b8 [term 3 FOLLOWER]: Raft consensus shutting down.
I20260710 13:20:38.323215 16920 raft_consensus.cc:2272] T 3d29c2770ec14d3aa0bb58174eaffc23 P 802ca8b538a84820b7f4d39f0ea9f7b8 [term 3 FOLLOWER]: Raft consensus is shut down!
I20260710 13:20:38.324736 16920 tablet_replica.cc:333] T 8747e2a1cf3c4841ae7a1ad2f1e59bf3 P 802ca8b538a84820b7f4d39f0ea9f7b8: stopping tablet replica
I20260710 13:20:38.325127 16920 raft_consensus.cc:2243] T 8747e2a1cf3c4841ae7a1ad2f1e59bf3 P 802ca8b538a84820b7f4d39f0ea9f7b8 [term 2 LEADER]: Raft consensus shutting down.
I20260710 13:20:38.325803 16920 raft_consensus.cc:2272] T 8747e2a1cf3c4841ae7a1ad2f1e59bf3 P 802ca8b538a84820b7f4d39f0ea9f7b8 [term 2 FOLLOWER]: Raft consensus is shut down!
I20260710 13:20:38.327404 16920 tablet_replica.cc:333] T 15c334c42c794af8b0624c8e71442151 P 802ca8b538a84820b7f4d39f0ea9f7b8: stopping tablet replica
I20260710 13:20:38.327765 16920 raft_consensus.cc:2243] T 15c334c42c794af8b0624c8e71442151 P 802ca8b538a84820b7f4d39f0ea9f7b8 [term 5 FOLLOWER]: Raft consensus shutting down.
I20260710 13:20:38.328135 16920 raft_consensus.cc:2272] T 15c334c42c794af8b0624c8e71442151 P 802ca8b538a84820b7f4d39f0ea9f7b8 [term 5 FOLLOWER]: Raft consensus is shut down!
I20260710 13:20:38.447515 16920 tablet_server.cc:196] TabletServer@127.16.134.1:0 shutdown complete.
W20260710 13:20:38.449378 17168 consensus_peers.cc:597] T f2a96aae4fa247899a63da88d39968ea P 33debc2e675940fa86343fa5a9d04478 -> Peer 802ca8b538a84820b7f4d39f0ea9f7b8 (127.16.134.1:44009): Couldn't send request to peer 802ca8b538a84820b7f4d39f0ea9f7b8. Status: Network error: Client connection negotiation failed: client connection to 127.16.134.1:44009: connect: Connection refused (error 111). This is attempt 1: this message will repeat every 5th retry.
W20260710 13:20:38.449915 17168 consensus_peers.cc:597] T 15c334c42c794af8b0624c8e71442151 P 33debc2e675940fa86343fa5a9d04478 -> Peer 802ca8b538a84820b7f4d39f0ea9f7b8 (127.16.134.1:44009): Couldn't send request to peer 802ca8b538a84820b7f4d39f0ea9f7b8. Status: Network error: Client connection negotiation failed: client connection to 127.16.134.1:44009: connect: Connection refused (error 111). This is attempt 1: this message will repeat every 5th retry.
I20260710 13:20:38.467087 16920 tablet_server.cc:179] TabletServer@127.16.134.2:0 shutting down...
I20260710 13:20:38.488072 16920 ts_tablet_manager.cc:1507] Shutting down tablet manager...
I20260710 13:20:38.488847 16920 tablet_replica.cc:333] T 006a693a78b742b0ba65e1b90c0de209 P 8786a3a1d68c4ebb86b69b81473fe2d3: stopping tablet replica
I20260710 13:20:38.489530 16920 raft_consensus.cc:2243] T 006a693a78b742b0ba65e1b90c0de209 P 8786a3a1d68c4ebb86b69b81473fe2d3 [term 4 LEADER]: Raft consensus shutting down.
I20260710 13:20:38.490275 16920 raft_consensus.cc:2272] T 006a693a78b742b0ba65e1b90c0de209 P 8786a3a1d68c4ebb86b69b81473fe2d3 [term 4 FOLLOWER]: Raft consensus is shut down!
I20260710 13:20:38.492043 16920 tablet_replica.cc:333] T 8747e2a1cf3c4841ae7a1ad2f1e59bf3 P 8786a3a1d68c4ebb86b69b81473fe2d3: stopping tablet replica
I20260710 13:20:38.492528 16920 raft_consensus.cc:2243] T 8747e2a1cf3c4841ae7a1ad2f1e59bf3 P 8786a3a1d68c4ebb86b69b81473fe2d3 [term 2 FOLLOWER]: Raft consensus shutting down.
I20260710 13:20:38.492897 16920 raft_consensus.cc:2272] T 8747e2a1cf3c4841ae7a1ad2f1e59bf3 P 8786a3a1d68c4ebb86b69b81473fe2d3 [term 2 FOLLOWER]: Raft consensus is shut down!
I20260710 13:20:38.494688 16920 tablet_replica.cc:333] T 7c1b44af34584122a7dd002e037d7f75 P 8786a3a1d68c4ebb86b69b81473fe2d3: stopping tablet replica
I20260710 13:20:38.495153 16920 raft_consensus.cc:2243] T 7c1b44af34584122a7dd002e037d7f75 P 8786a3a1d68c4ebb86b69b81473fe2d3 [term 2 FOLLOWER]: Raft consensus shutting down.
I20260710 13:20:38.495517 16920 raft_consensus.cc:2272] T 7c1b44af34584122a7dd002e037d7f75 P 8786a3a1d68c4ebb86b69b81473fe2d3 [term 2 FOLLOWER]: Raft consensus is shut down!
I20260710 13:20:38.498029 16920 tablet_replica.cc:333] T e798dbc84aba4dff90b40b33fa1c1cf0 P 8786a3a1d68c4ebb86b69b81473fe2d3: stopping tablet replica
I20260710 13:20:38.498587 16920 raft_consensus.cc:2243] T e798dbc84aba4dff90b40b33fa1c1cf0 P 8786a3a1d68c4ebb86b69b81473fe2d3 [term 3 LEADER]: Raft consensus shutting down.
I20260710 13:20:38.499259 16920 raft_consensus.cc:2272] T e798dbc84aba4dff90b40b33fa1c1cf0 P 8786a3a1d68c4ebb86b69b81473fe2d3 [term 3 FOLLOWER]: Raft consensus is shut down!
I20260710 13:20:38.500669 16920 tablet_replica.cc:333] T 15c334c42c794af8b0624c8e71442151 P 8786a3a1d68c4ebb86b69b81473fe2d3: stopping tablet replica
I20260710 13:20:38.501127 16920 raft_consensus.cc:2243] T 15c334c42c794af8b0624c8e71442151 P 8786a3a1d68c4ebb86b69b81473fe2d3 [term 5 FOLLOWER]: Raft consensus shutting down.
I20260710 13:20:38.501506 16920 raft_consensus.cc:2272] T 15c334c42c794af8b0624c8e71442151 P 8786a3a1d68c4ebb86b69b81473fe2d3 [term 5 FOLLOWER]: Raft consensus is shut down!
I20260710 13:20:38.503276 16920 tablet_replica.cc:333] T f2a96aae4fa247899a63da88d39968ea P 8786a3a1d68c4ebb86b69b81473fe2d3: stopping tablet replica
I20260710 13:20:38.503679 16920 raft_consensus.cc:2243] T f2a96aae4fa247899a63da88d39968ea P 8786a3a1d68c4ebb86b69b81473fe2d3 [term 2 FOLLOWER]: Raft consensus shutting down.
I20260710 13:20:38.504007 16920 raft_consensus.cc:2272] T f2a96aae4fa247899a63da88d39968ea P 8786a3a1d68c4ebb86b69b81473fe2d3 [term 2 FOLLOWER]: Raft consensus is shut down!
I20260710 13:20:38.505491 16920 tablet_replica.cc:333] T 07d3b53e8d5b4795a7f79755976c258e P 8786a3a1d68c4ebb86b69b81473fe2d3: stopping tablet replica
I20260710 13:20:38.505867 16920 raft_consensus.cc:2243] T 07d3b53e8d5b4795a7f79755976c258e P 8786a3a1d68c4ebb86b69b81473fe2d3 [term 2 FOLLOWER]: Raft consensus shutting down.
I20260710 13:20:38.506177 16920 raft_consensus.cc:2272] T 07d3b53e8d5b4795a7f79755976c258e P 8786a3a1d68c4ebb86b69b81473fe2d3 [term 2 FOLLOWER]: Raft consensus is shut down!
I20260710 13:20:38.508034 16920 tablet_replica.cc:333] T e7ea8669fbea4d1f965a51118895b1ec P 8786a3a1d68c4ebb86b69b81473fe2d3: stopping tablet replica
I20260710 13:20:38.508404 16920 raft_consensus.cc:2243] T e7ea8669fbea4d1f965a51118895b1ec P 8786a3a1d68c4ebb86b69b81473fe2d3 [term 4 FOLLOWER]: Raft consensus shutting down.
I20260710 13:20:38.508708 16920 raft_consensus.cc:2272] T e7ea8669fbea4d1f965a51118895b1ec P 8786a3a1d68c4ebb86b69b81473fe2d3 [term 4 FOLLOWER]: Raft consensus is shut down!
I20260710 13:20:38.510485 16920 tablet_replica.cc:333] T 3d29c2770ec14d3aa0bb58174eaffc23 P 8786a3a1d68c4ebb86b69b81473fe2d3: stopping tablet replica
I20260710 13:20:38.510840 16920 raft_consensus.cc:2243] T 3d29c2770ec14d3aa0bb58174eaffc23 P 8786a3a1d68c4ebb86b69b81473fe2d3 [term 3 LEADER]: Raft consensus shutting down.
I20260710 13:20:38.511463 16920 raft_consensus.cc:2272] T 3d29c2770ec14d3aa0bb58174eaffc23 P 8786a3a1d68c4ebb86b69b81473fe2d3 [term 3 FOLLOWER]: Raft consensus is shut down!
I20260710 13:20:38.538947 16920 tablet_server.cc:196] TabletServer@127.16.134.2:0 shutdown complete.
W20260710 13:20:38.542308 17168 consensus_peers.cc:597] T e7ea8669fbea4d1f965a51118895b1ec P 33debc2e675940fa86343fa5a9d04478 -> Peer 802ca8b538a84820b7f4d39f0ea9f7b8 (127.16.134.1:44009): Couldn't send request to peer 802ca8b538a84820b7f4d39f0ea9f7b8. Status: Network error: Client connection negotiation failed: client connection to 127.16.134.1:44009: connect: Connection refused (error 111). This is attempt 1: this message will repeat every 5th retry.
I20260710 13:20:38.555806 16920 tablet_server.cc:179] TabletServer@127.16.134.3:0 shutting down...
I20260710 13:20:38.577050 16920 ts_tablet_manager.cc:1507] Shutting down tablet manager...
I20260710 13:20:38.577723 16920 tablet_replica.cc:333] T 006a693a78b742b0ba65e1b90c0de209 P 33debc2e675940fa86343fa5a9d04478: stopping tablet replica
I20260710 13:20:38.578260 16920 raft_consensus.cc:2243] T 006a693a78b742b0ba65e1b90c0de209 P 33debc2e675940fa86343fa5a9d04478 [term 4 FOLLOWER]: Raft consensus shutting down.
I20260710 13:20:38.578717 16920 raft_consensus.cc:2272] T 006a693a78b742b0ba65e1b90c0de209 P 33debc2e675940fa86343fa5a9d04478 [term 4 FOLLOWER]: Raft consensus is shut down!
I20260710 13:20:38.580319 16920 tablet_replica.cc:333] T 7c1b44af34584122a7dd002e037d7f75 P 33debc2e675940fa86343fa5a9d04478: stopping tablet replica
I20260710 13:20:38.580812 16920 raft_consensus.cc:2243] T 7c1b44af34584122a7dd002e037d7f75 P 33debc2e675940fa86343fa5a9d04478 [term 2 FOLLOWER]: Raft consensus shutting down.
I20260710 13:20:38.581202 16920 raft_consensus.cc:2272] T 7c1b44af34584122a7dd002e037d7f75 P 33debc2e675940fa86343fa5a9d04478 [term 2 FOLLOWER]: Raft consensus is shut down!
I20260710 13:20:38.583659 16920 tablet_replica.cc:333] T f2a96aae4fa247899a63da88d39968ea P 33debc2e675940fa86343fa5a9d04478: stopping tablet replica
