I20260710 13:21:01.193240 12720 raft_consensus.cc:2955] T 0855ddcab2844613b70491896c6baad2 P 826214abaab946e7825d1bd6a3e4f756 [term 1 FOLLOWER]: Committing config change with OpId 1.4: config changed from index 3 to 4, VOTER f6fe5ae5d38144cd88cbc07c57ccaff4 (127.10.236.194) evicted. New config: { opid_index: 4 OBSOLETE_local: false peers { permanent_uuid: "cfe4365d79444bcfbde2e304359873eb" member_type: VOTER last_known_addr { host: "127.10.236.193" port: 46583 } } peers { permanent_uuid: "6c657119a6f34236b8a4f608d976ab6e" member_type: VOTER last_known_addr { host: "127.10.236.195" port: 44649 } } peers { permanent_uuid: "826214abaab946e7825d1bd6a3e4f756" member_type: VOTER last_known_addr { host: "127.10.236.196" port: 36069 } attrs { promote: false } } }
I20260710 13:21:01.194510 12877 consensus_queue.cc:1059] T 218f8ebf03ae480c8526e9f53fc09991 P f6fe5ae5d38144cd88cbc07c57ccaff4 [LEADER]: Peer responded invalid term: Peer: permanent_uuid: "cfe4365d79444bcfbde2e304359873eb" member_type: VOTER last_known_addr { host: "127.10.236.193" port: 46583 }, Status: INVALID_TERM, Last received: 1.2, Next index: 3, Last known committed idx: 2, Time since last communication: 0.000s
I20260710 13:21:01.196317 12896 raft_consensus.cc:3055] T 218f8ebf03ae480c8526e9f53fc09991 P f6fe5ae5d38144cd88cbc07c57ccaff4 [term 1 LEADER]: Stepping down as leader of term 1
I20260710 13:21:01.196692 12896 raft_consensus.cc:740] T 218f8ebf03ae480c8526e9f53fc09991 P f6fe5ae5d38144cd88cbc07c57ccaff4 [term 1 LEADER]: Becoming Follower/Learner. State: Replica: f6fe5ae5d38144cd88cbc07c57ccaff4, State: Running, Role: LEADER
I20260710 13:21:01.197626 12896 consensus_queue.cc:260] T 218f8ebf03ae480c8526e9f53fc09991 P f6fe5ae5d38144cd88cbc07c57ccaff4 [NON_LEADER]: Queue going to NON_LEADER mode. State: All replicated index: 0, Majority replicated index: 2, Committed index: 2, Last appended: 1.2, Last appended by leader: 2, Current term: 1, Majority size: -1, State: 0, Mode: NON_LEADER, active raft config: opid_index: 2 OBSOLETE_local: false peers { permanent_uuid: "cfe4365d79444bcfbde2e304359873eb" member_type: VOTER last_known_addr { host: "127.10.236.193" port: 46583 } } peers { permanent_uuid: "f6fe5ae5d38144cd88cbc07c57ccaff4" member_type: VOTER last_known_addr { host: "127.10.236.194" port: 45193 } } peers { permanent_uuid: "6c657119a6f34236b8a4f608d976ab6e" member_type: VOTER last_known_addr { host: "127.10.236.195" port: 44649 } attrs { replace: true } } peers { permanent_uuid: "826214abaab946e7825d1bd6a3e4f756" member_type: NON_VOTER last_known_addr { host: "127.10.236.196" port: 36069 } attrs { promote: true } }
I20260710 13:21:01.199119 12896 raft_consensus.cc:3060] T 218f8ebf03ae480c8526e9f53fc09991 P f6fe5ae5d38144cd88cbc07c57ccaff4 [term 1 FOLLOWER]: Advancing to term 2
I20260710 13:21:01.212738 12187 catalog_manager.cc:5210] ChangeConfig:REMOVE_PEER RPC for tablet 0855ddcab2844613b70491896c6baad2 with cas_config_opid_index 3: ChangeConfig:REMOVE_PEER succeeded (attempt 1)
I20260710 13:21:01.220779 12451 consensus_queue.cc:237] T c1c7ea374abf40a9a9f13bf6f6969bab P 6c657119a6f34236b8a4f608d976ab6e [LEADER]: Queue going to LEADER mode. State: All replicated index: 0, Majority replicated index: 3, Committed index: 3, Last appended: 1.3, Last appended by leader: 0, Current term: 1, Majority size: 2, State: 0, Mode: LEADER, active raft config: opid_index: 4 OBSOLETE_local: false peers { permanent_uuid: "f6fe5ae5d38144cd88cbc07c57ccaff4" member_type: VOTER last_known_addr { host: "127.10.236.194" port: 45193 } } peers { permanent_uuid: "6c657119a6f34236b8a4f608d976ab6e" member_type: VOTER last_known_addr { host: "127.10.236.195" port: 44649 } } peers { permanent_uuid: "826214abaab946e7825d1bd6a3e4f756" member_type: VOTER last_known_addr { host: "127.10.236.196" port: 36069 } attrs { promote: false } }
I20260710 13:21:01.235028 12720 raft_consensus.cc:1275] T c1c7ea374abf40a9a9f13bf6f6969bab P 826214abaab946e7825d1bd6a3e4f756 [term 1 FOLLOWER]: Refusing update from remote peer 6c657119a6f34236b8a4f608d976ab6e: Log matching property violated. Preceding OpId in replica: term: 1 index: 3. Preceding OpId from leader: term: 1 index: 4. (index mismatch)
I20260710 13:21:01.236820 12909 consensus_queue.cc:1048] T c1c7ea374abf40a9a9f13bf6f6969bab P 6c657119a6f34236b8a4f608d976ab6e [LEADER]: Connected to new peer: Peer: permanent_uuid: "826214abaab946e7825d1bd6a3e4f756" member_type: VOTER last_known_addr { host: "127.10.236.196" port: 36069 } attrs { promote: false }, Status: LMP_MISMATCH, Last received: 0.0, Next index: 4, Last known committed idx: 3, Time since last communication: 0.000s
I20260710 13:21:01.237856 12197 catalog_manager.cc:5697] T 0855ddcab2844613b70491896c6baad2 P 826214abaab946e7825d1bd6a3e4f756 reported cstate change: config changed from index 3 to 4, VOTER f6fe5ae5d38144cd88cbc07c57ccaff4 (127.10.236.194) evicted. New cstate: current_term: 1 leader_uuid: "6c657119a6f34236b8a4f608d976ab6e" committed_config { opid_index: 4 OBSOLETE_local: false peers { permanent_uuid: "cfe4365d79444bcfbde2e304359873eb" member_type: VOTER last_known_addr { host: "127.10.236.193" port: 46583 } } peers { permanent_uuid: "6c657119a6f34236b8a4f608d976ab6e" member_type: VOTER last_known_addr { host: "127.10.236.195" port: 44649 } } peers { permanent_uuid: "826214abaab946e7825d1bd6a3e4f756" member_type: VOTER last_known_addr { host: "127.10.236.196" port: 36069 } attrs { promote: false } } }
I20260710 13:21:01.247577 12891 raft_consensus.cc:2955] T c1c7ea374abf40a9a9f13bf6f6969bab P 6c657119a6f34236b8a4f608d976ab6e [term 1 LEADER]: Committing config change with OpId 1.4: config changed from index 3 to 4, VOTER cfe4365d79444bcfbde2e304359873eb (127.10.236.193) evicted. New config: { opid_index: 4 OBSOLETE_local: false peers { permanent_uuid: "f6fe5ae5d38144cd88cbc07c57ccaff4" member_type: VOTER last_known_addr { host: "127.10.236.194" port: 45193 } } peers { permanent_uuid: "6c657119a6f34236b8a4f608d976ab6e" member_type: VOTER last_known_addr { host: "127.10.236.195" port: 44649 } } peers { permanent_uuid: "826214abaab946e7825d1bd6a3e4f756" member_type: VOTER last_known_addr { host: "127.10.236.196" port: 36069 } attrs { promote: false } } }
I20260710 13:21:01.253230 12370 raft_consensus.cc:1275] T c1c7ea374abf40a9a9f13bf6f6969bab P f6fe5ae5d38144cd88cbc07c57ccaff4 [term 1 FOLLOWER]: Refusing update from remote peer 6c657119a6f34236b8a4f608d976ab6e: Log matching property violated. Preceding OpId in replica: term: 1 index: 3. Preceding OpId from leader: term: 1 index: 4. (index mismatch)
I20260710 13:21:01.255175 12909 consensus_queue.cc:1048] T c1c7ea374abf40a9a9f13bf6f6969bab P 6c657119a6f34236b8a4f608d976ab6e [LEADER]: Connected to new peer: Peer: permanent_uuid: "f6fe5ae5d38144cd88cbc07c57ccaff4" member_type: VOTER last_known_addr { host: "127.10.236.194" port: 45193 }, Status: LMP_MISMATCH, Last received: 0.0, Next index: 4, Last known committed idx: 3, Time since last communication: 0.000s
I20260710 13:21:01.260404 12370 raft_consensus.cc:2955] T c1c7ea374abf40a9a9f13bf6f6969bab P f6fe5ae5d38144cd88cbc07c57ccaff4 [term 1 FOLLOWER]: Committing config change with OpId 1.4: config changed from index 3 to 4, VOTER cfe4365d79444bcfbde2e304359873eb (127.10.236.193) evicted. New config: { opid_index: 4 OBSOLETE_local: false peers { permanent_uuid: "f6fe5ae5d38144cd88cbc07c57ccaff4" member_type: VOTER last_known_addr { host: "127.10.236.194" port: 45193 } } peers { permanent_uuid: "6c657119a6f34236b8a4f608d976ab6e" member_type: VOTER last_known_addr { host: "127.10.236.195" port: 44649 } } peers { permanent_uuid: "826214abaab946e7825d1bd6a3e4f756" member_type: VOTER last_known_addr { host: "127.10.236.196" port: 36069 } attrs { promote: false } } }
I20260710 13:21:01.260609 12720 raft_consensus.cc:2955] T c1c7ea374abf40a9a9f13bf6f6969bab P 826214abaab946e7825d1bd6a3e4f756 [term 1 FOLLOWER]: Committing config change with OpId 1.4: config changed from index 3 to 4, VOTER cfe4365d79444bcfbde2e304359873eb (127.10.236.193) evicted. New config: { opid_index: 4 OBSOLETE_local: false peers { permanent_uuid: "f6fe5ae5d38144cd88cbc07c57ccaff4" member_type: VOTER last_known_addr { host: "127.10.236.194" port: 45193 } } peers { permanent_uuid: "6c657119a6f34236b8a4f608d976ab6e" member_type: VOTER last_known_addr { host: "127.10.236.195" port: 44649 } } peers { permanent_uuid: "826214abaab946e7825d1bd6a3e4f756" member_type: VOTER last_known_addr { host: "127.10.236.196" port: 36069 } attrs { promote: false } } }
I20260710 13:21:01.280426 12198 catalog_manager.cc:5697] T c1c7ea374abf40a9a9f13bf6f6969bab P f6fe5ae5d38144cd88cbc07c57ccaff4 reported cstate change: config changed from index 3 to 4, VOTER cfe4365d79444bcfbde2e304359873eb (127.10.236.193) evicted. New cstate: current_term: 1 leader_uuid: "6c657119a6f34236b8a4f608d976ab6e" committed_config { opid_index: 4 OBSOLETE_local: false peers { permanent_uuid: "f6fe5ae5d38144cd88cbc07c57ccaff4" member_type: VOTER last_known_addr { host: "127.10.236.194" port: 45193 } } peers { permanent_uuid: "6c657119a6f34236b8a4f608d976ab6e" member_type: VOTER last_known_addr { host: "127.10.236.195" port: 44649 } } peers { permanent_uuid: "826214abaab946e7825d1bd6a3e4f756" member_type: VOTER last_known_addr { host: "127.10.236.196" port: 36069 } attrs { promote: false } } }
I20260710 13:21:01.294507 12288 tablet_service.cc:1558] Processing DeleteTablet for tablet c1c7ea374abf40a9a9f13bf6f6969bab with delete_type TABLET_DATA_TOMBSTONED (TS cfe4365d79444bcfbde2e304359873eb not found in new config with opid_index 4) from {username='slave'} at 127.0.0.1:57298
I20260710 13:21:01.296765 12362 tablet_service.cc:1558] Processing DeleteTablet for tablet 0855ddcab2844613b70491896c6baad2 with delete_type TABLET_DATA_TOMBSTONED (TS f6fe5ae5d38144cd88cbc07c57ccaff4 not found in new config with opid_index 4) from {username='slave'} at 127.0.0.1:37132
I20260710 13:21:01.304512 12187 catalog_manager.cc:5210] ChangeConfig:REMOVE_PEER RPC for tablet c1c7ea374abf40a9a9f13bf6f6969bab with cas_config_opid_index 3: ChangeConfig:REMOVE_PEER succeeded (attempt 1)
I20260710 13:21:01.317596 12926 tablet_replica.cc:333] T c1c7ea374abf40a9a9f13bf6f6969bab P cfe4365d79444bcfbde2e304359873eb: stopping tablet replica
I20260710 13:21:01.323887 12926 raft_consensus.cc:2243] T c1c7ea374abf40a9a9f13bf6f6969bab P cfe4365d79444bcfbde2e304359873eb [term 1 FOLLOWER]: Raft consensus shutting down.
I20260710 13:21:01.324661 12926 raft_consensus.cc:2272] T c1c7ea374abf40a9a9f13bf6f6969bab P cfe4365d79444bcfbde2e304359873eb [term 1 FOLLOWER]: Raft consensus is shut down!
I20260710 13:21:01.328141 12926 ts_tablet_manager.cc:1916] T c1c7ea374abf40a9a9f13bf6f6969bab P cfe4365d79444bcfbde2e304359873eb: Deleting tablet data with delete state TABLET_DATA_TOMBSTONED
I20260710 13:21:01.340397 12927 tablet_replica.cc:333] T 0855ddcab2844613b70491896c6baad2 P f6fe5ae5d38144cd88cbc07c57ccaff4: stopping tablet replica
I20260710 13:21:01.341519 12927 raft_consensus.cc:2243] T 0855ddcab2844613b70491896c6baad2 P f6fe5ae5d38144cd88cbc07c57ccaff4 [term 1 FOLLOWER]: Raft consensus shutting down.
I20260710 13:21:01.342329 12927 raft_consensus.cc:2272] T 0855ddcab2844613b70491896c6baad2 P f6fe5ae5d38144cd88cbc07c57ccaff4 [term 1 FOLLOWER]: Raft consensus is shut down!
I20260710 13:21:01.349458 12926 ts_tablet_manager.cc:1929] T c1c7ea374abf40a9a9f13bf6f6969bab P cfe4365d79444bcfbde2e304359873eb: tablet deleted with delete type TABLET_DATA_TOMBSTONED: last-logged OpId 1.3
I20260710 13:21:01.349973 12926 log.cc:1199] T c1c7ea374abf40a9a9f13bf6f6969bab P cfe4365d79444bcfbde2e304359873eb: Deleting WAL directory at /tmp/dist-test-taskOeVBOf/test-tmp/auto_leader_rebalancer-test.0.LeaderRebalancerTest.AddTserver.1783689625735827-11187-0/minicluster-data/ts-0-root/wals/c1c7ea374abf40a9a9f13bf6f6969bab
I20260710 13:21:01.351696 12187 catalog_manager.cc:5028] TS cfe4365d79444bcfbde2e304359873eb (127.10.236.193:46583): tablet c1c7ea374abf40a9a9f13bf6f6969bab (table test-workload [id=2a4ebaf82f4a4cab9446c5b96052782c]) successfully deleted
I20260710 13:21:01.353008 12927 ts_tablet_manager.cc:1916] T 0855ddcab2844613b70491896c6baad2 P f6fe5ae5d38144cd88cbc07c57ccaff4: Deleting tablet data with delete state TABLET_DATA_TOMBSTONED
I20260710 13:21:01.395984 12927 ts_tablet_manager.cc:1929] T 0855ddcab2844613b70491896c6baad2 P f6fe5ae5d38144cd88cbc07c57ccaff4: tablet deleted with delete type TABLET_DATA_TOMBSTONED: last-logged OpId 1.3
I20260710 13:21:01.398548 12927 log.cc:1199] T 0855ddcab2844613b70491896c6baad2 P f6fe5ae5d38144cd88cbc07c57ccaff4: Deleting WAL directory at /tmp/dist-test-taskOeVBOf/test-tmp/auto_leader_rebalancer-test.0.LeaderRebalancerTest.AddTserver.1783689625735827-11187-0/minicluster-data/ts-1-root/wals/0855ddcab2844613b70491896c6baad2
I20260710 13:21:01.421372 12187 catalog_manager.cc:5028] TS f6fe5ae5d38144cd88cbc07c57ccaff4 (127.10.236.194:45193): tablet 0855ddcab2844613b70491896c6baad2 (table test-workload [id=2a4ebaf82f4a4cab9446c5b96052782c]) successfully deleted
I20260710 13:21:02.082228 12896 raft_consensus.cc:493] T a5bb18466623405384f1fef53d0ff9d5 P f6fe5ae5d38144cd88cbc07c57ccaff4 [term 2 FOLLOWER]: Starting pre-election (no leader contacted us within the election timeout)
I20260710 13:21:02.082908 12896 raft_consensus.cc:515] T a5bb18466623405384f1fef53d0ff9d5 P f6fe5ae5d38144cd88cbc07c57ccaff4 [term 2 FOLLOWER]: Starting pre-election with config: opid_index: -1 OBSOLETE_local: false peers { permanent_uuid: "cfe4365d79444bcfbde2e304359873eb" member_type: VOTER last_known_addr { host: "127.10.236.193" port: 46583 } } peers { permanent_uuid: "f6fe5ae5d38144cd88cbc07c57ccaff4" member_type: VOTER last_known_addr { host: "127.10.236.194" port: 45193 } } peers { permanent_uuid: "6c657119a6f34236b8a4f608d976ab6e" member_type: VOTER last_known_addr { host: "127.10.236.195" port: 44649 } }
I20260710 13:21:02.085219 12896 leader_election.cc:290] T a5bb18466623405384f1fef53d0ff9d5 P f6fe5ae5d38144cd88cbc07c57ccaff4 [CANDIDATE]: Term 3 pre-election: Requested pre-vote from peers cfe4365d79444bcfbde2e304359873eb (127.10.236.193:46583), 6c657119a6f34236b8a4f608d976ab6e (127.10.236.195:44649)
I20260710 13:21:02.087913 12451 tablet_service.cc:1917] Received RequestConsensusVote() RPC: tablet_id: "a5bb18466623405384f1fef53d0ff9d5" candidate_uuid: "f6fe5ae5d38144cd88cbc07c57ccaff4" candidate_term: 3 candidate_status { last_received { term: 1 index: 1 } } ignore_live_leader: false dest_uuid: "6c657119a6f34236b8a4f608d976ab6e" is_pre_election: true
I20260710 13:21:02.088601 12451 raft_consensus.cc:2468] T a5bb18466623405384f1fef53d0ff9d5 P 6c657119a6f34236b8a4f608d976ab6e [term 2 FOLLOWER]: Leader pre-election vote request: Granting yes vote for candidate f6fe5ae5d38144cd88cbc07c57ccaff4 in term 2.
I20260710 13:21:02.090102 12343 leader_election.cc:304] T a5bb18466623405384f1fef53d0ff9d5 P f6fe5ae5d38144cd88cbc07c57ccaff4 [CANDIDATE]: Term 3 pre-election: Election decided. Result: candidate won. Election summary: received 2 responses out of 3 voters: 2 yes votes; 0 no votes. yes voters: 6c657119a6f34236b8a4f608d976ab6e, f6fe5ae5d38144cd88cbc07c57ccaff4; no voters: 
I20260710 13:21:02.091157 12299 tablet_service.cc:1917] Received RequestConsensusVote() RPC: tablet_id: "a5bb18466623405384f1fef53d0ff9d5" candidate_uuid: "f6fe5ae5d38144cd88cbc07c57ccaff4" candidate_term: 3 candidate_status { last_received { term: 1 index: 1 } } ignore_live_leader: false dest_uuid: "cfe4365d79444bcfbde2e304359873eb" is_pre_election: true
I20260710 13:21:02.093371 12896 raft_consensus.cc:2804] T a5bb18466623405384f1fef53d0ff9d5 P f6fe5ae5d38144cd88cbc07c57ccaff4 [term 2 FOLLOWER]: Leader pre-election won for term 3
I20260710 13:21:02.093838 12896 raft_consensus.cc:493] T a5bb18466623405384f1fef53d0ff9d5 P f6fe5ae5d38144cd88cbc07c57ccaff4 [term 2 FOLLOWER]: Starting leader election (no leader contacted us within the election timeout)
I20260710 13:21:02.094180 12896 raft_consensus.cc:3060] T a5bb18466623405384f1fef53d0ff9d5 P f6fe5ae5d38144cd88cbc07c57ccaff4 [term 2 FOLLOWER]: Advancing to term 3
I20260710 13:21:02.101652 12896 raft_consensus.cc:515] T a5bb18466623405384f1fef53d0ff9d5 P f6fe5ae5d38144cd88cbc07c57ccaff4 [term 3 FOLLOWER]: Starting leader election with config: opid_index: -1 OBSOLETE_local: false peers { permanent_uuid: "cfe4365d79444bcfbde2e304359873eb" member_type: VOTER last_known_addr { host: "127.10.236.193" port: 46583 } } peers { permanent_uuid: "f6fe5ae5d38144cd88cbc07c57ccaff4" member_type: VOTER last_known_addr { host: "127.10.236.194" port: 45193 } } peers { permanent_uuid: "6c657119a6f34236b8a4f608d976ab6e" member_type: VOTER last_known_addr { host: "127.10.236.195" port: 44649 } }
I20260710 13:21:02.104653 12299 tablet_service.cc:1917] Received RequestConsensusVote() RPC: tablet_id: "a5bb18466623405384f1fef53d0ff9d5" candidate_uuid: "f6fe5ae5d38144cd88cbc07c57ccaff4" candidate_term: 3 candidate_status { last_received { term: 1 index: 1 } } ignore_live_leader: false dest_uuid: "cfe4365d79444bcfbde2e304359873eb"
I20260710 13:21:02.108163 12451 tablet_service.cc:1917] Received RequestConsensusVote() RPC: tablet_id: "a5bb18466623405384f1fef53d0ff9d5" candidate_uuid: "f6fe5ae5d38144cd88cbc07c57ccaff4" candidate_term: 3 candidate_status { last_received { term: 1 index: 1 } } ignore_live_leader: false dest_uuid: "6c657119a6f34236b8a4f608d976ab6e"
I20260710 13:21:02.108815 12451 raft_consensus.cc:3060] T a5bb18466623405384f1fef53d0ff9d5 P 6c657119a6f34236b8a4f608d976ab6e [term 2 FOLLOWER]: Advancing to term 3
I20260710 13:21:02.125396 12451 raft_consensus.cc:2468] T a5bb18466623405384f1fef53d0ff9d5 P 6c657119a6f34236b8a4f608d976ab6e [term 3 FOLLOWER]: Leader election vote request: Granting yes vote for candidate f6fe5ae5d38144cd88cbc07c57ccaff4 in term 3.
I20260710 13:21:02.126924 12343 leader_election.cc:304] T a5bb18466623405384f1fef53d0ff9d5 P f6fe5ae5d38144cd88cbc07c57ccaff4 [CANDIDATE]: Term 3 election: Election decided. Result: candidate won. Election summary: received 3 responses out of 3 voters: 2 yes votes; 1 no votes. yes voters: 6c657119a6f34236b8a4f608d976ab6e, f6fe5ae5d38144cd88cbc07c57ccaff4; no voters: cfe4365d79444bcfbde2e304359873eb
I20260710 13:21:02.148029 12930 raft_consensus.cc:2804] T a5bb18466623405384f1fef53d0ff9d5 P f6fe5ae5d38144cd88cbc07c57ccaff4 [term 3 FOLLOWER]: Leader election won for term 3
I20260710 13:21:02.160132 12930 raft_consensus.cc:697] T a5bb18466623405384f1fef53d0ff9d5 P f6fe5ae5d38144cd88cbc07c57ccaff4 [term 3 LEADER]: Becoming Leader. State: Replica: f6fe5ae5d38144cd88cbc07c57ccaff4, State: Running, Role: LEADER
I20260710 13:21:02.161096 12930 consensus_queue.cc:237] T a5bb18466623405384f1fef53d0ff9d5 P f6fe5ae5d38144cd88cbc07c57ccaff4 [LEADER]: Queue going to LEADER mode. State: All replicated index: 0, Majority replicated index: 1, Committed index: 1, Last appended: 1.1, Last appended by leader: 1, Current term: 3, Majority size: 2, State: 0, Mode: LEADER, active raft config: opid_index: -1 OBSOLETE_local: false peers { permanent_uuid: "cfe4365d79444bcfbde2e304359873eb" member_type: VOTER last_known_addr { host: "127.10.236.193" port: 46583 } } peers { permanent_uuid: "f6fe5ae5d38144cd88cbc07c57ccaff4" member_type: VOTER last_known_addr { host: "127.10.236.194" port: 45193 } } peers { permanent_uuid: "6c657119a6f34236b8a4f608d976ab6e" member_type: VOTER last_known_addr { host: "127.10.236.195" port: 44649 } }
I20260710 13:21:02.174798 12931 raft_consensus.cc:493] T 09b35e2769404ac9a8277ee33948b992 P f6fe5ae5d38144cd88cbc07c57ccaff4 [term 2 FOLLOWER]: Starting pre-election (no leader contacted us within the election timeout)
I20260710 13:21:02.175443 12931 raft_consensus.cc:515] T 09b35e2769404ac9a8277ee33948b992 P f6fe5ae5d38144cd88cbc07c57ccaff4 [term 2 FOLLOWER]: Starting pre-election with config: opid_index: 4 OBSOLETE_local: false peers { permanent_uuid: "cfe4365d79444bcfbde2e304359873eb" member_type: VOTER last_known_addr { host: "127.10.236.193" port: 46583 } } peers { permanent_uuid: "f6fe5ae5d38144cd88cbc07c57ccaff4" member_type: VOTER last_known_addr { host: "127.10.236.194" port: 45193 } } peers { permanent_uuid: "826214abaab946e7825d1bd6a3e4f756" member_type: VOTER last_known_addr { host: "127.10.236.196" port: 36069 } attrs { promote: false } }
I20260710 13:21:02.178915 12896 leader_election.cc:290] T a5bb18466623405384f1fef53d0ff9d5 P f6fe5ae5d38144cd88cbc07c57ccaff4 [CANDIDATE]: Term 3 election: Requested vote from peers cfe4365d79444bcfbde2e304359873eb (127.10.236.193:46583), 6c657119a6f34236b8a4f608d976ab6e (127.10.236.195:44649)
I20260710 13:21:02.179097 12720 tablet_service.cc:1917] Received RequestConsensusVote() RPC: tablet_id: "09b35e2769404ac9a8277ee33948b992" candidate_uuid: "f6fe5ae5d38144cd88cbc07c57ccaff4" candidate_term: 3 candidate_status { last_received { term: 1 index: 4 } } ignore_live_leader: false dest_uuid: "826214abaab946e7825d1bd6a3e4f756" is_pre_election: true
I20260710 13:21:02.179868 12720 raft_consensus.cc:2468] T 09b35e2769404ac9a8277ee33948b992 P 826214abaab946e7825d1bd6a3e4f756 [term 1 FOLLOWER]: Leader pre-election vote request: Granting yes vote for candidate f6fe5ae5d38144cd88cbc07c57ccaff4 in term 1.
I20260710 13:21:02.181253 12342 leader_election.cc:304] T 09b35e2769404ac9a8277ee33948b992 P f6fe5ae5d38144cd88cbc07c57ccaff4 [CANDIDATE]: Term 3 pre-election: Election decided. Result: candidate won. Election summary: received 2 responses out of 3 voters: 2 yes votes; 0 no votes. yes voters: 826214abaab946e7825d1bd6a3e4f756, f6fe5ae5d38144cd88cbc07c57ccaff4; no voters: 
I20260710 13:21:02.182382 12931 leader_election.cc:290] T 09b35e2769404ac9a8277ee33948b992 P f6fe5ae5d38144cd88cbc07c57ccaff4 [CANDIDATE]: Term 3 pre-election: Requested pre-vote from peers cfe4365d79444bcfbde2e304359873eb (127.10.236.193:46583), 826214abaab946e7825d1bd6a3e4f756 (127.10.236.196:36069)
I20260710 13:21:02.182636 12896 raft_consensus.cc:2804] T 09b35e2769404ac9a8277ee33948b992 P f6fe5ae5d38144cd88cbc07c57ccaff4 [term 2 FOLLOWER]: Leader pre-election won for term 3
I20260710 13:21:02.185585 12896 raft_consensus.cc:493] T 09b35e2769404ac9a8277ee33948b992 P f6fe5ae5d38144cd88cbc07c57ccaff4 [term 2 FOLLOWER]: Starting leader election (no leader contacted us within the election timeout)
I20260710 13:21:02.186036 12896 raft_consensus.cc:3060] T 09b35e2769404ac9a8277ee33948b992 P f6fe5ae5d38144cd88cbc07c57ccaff4 [term 2 FOLLOWER]: Advancing to term 3
I20260710 13:21:02.189889 12198 catalog_manager.cc:5697] T a5bb18466623405384f1fef53d0ff9d5 P f6fe5ae5d38144cd88cbc07c57ccaff4 reported cstate change: term changed from 1 to 3. New cstate: current_term: 3 leader_uuid: "f6fe5ae5d38144cd88cbc07c57ccaff4" committed_config { opid_index: -1 OBSOLETE_local: false peers { permanent_uuid: "cfe4365d79444bcfbde2e304359873eb" member_type: VOTER last_known_addr { host: "127.10.236.193" port: 46583 } health_report { overall_health: UNKNOWN } } peers { permanent_uuid: "f6fe5ae5d38144cd88cbc07c57ccaff4" member_type: VOTER last_known_addr { host: "127.10.236.194" port: 45193 } health_report { overall_health: HEALTHY } } peers { permanent_uuid: "6c657119a6f34236b8a4f608d976ab6e" member_type: VOTER last_known_addr { host: "127.10.236.195" port: 44649 } health_report { overall_health: UNKNOWN } } }
I20260710 13:21:02.208815 12933 raft_consensus.cc:493] T 09b35e2769404ac9a8277ee33948b992 P 826214abaab946e7825d1bd6a3e4f756 [term 1 FOLLOWER]: Starting pre-election (detected failure of leader f6fe5ae5d38144cd88cbc07c57ccaff4)
I20260710 13:21:02.209414 12933 raft_consensus.cc:515] T 09b35e2769404ac9a8277ee33948b992 P 826214abaab946e7825d1bd6a3e4f756 [term 1 FOLLOWER]: Starting pre-election with config: opid_index: 4 OBSOLETE_local: false peers { permanent_uuid: "cfe4365d79444bcfbde2e304359873eb" member_type: VOTER last_known_addr { host: "127.10.236.193" port: 46583 } } peers { permanent_uuid: "f6fe5ae5d38144cd88cbc07c57ccaff4" member_type: VOTER last_known_addr { host: "127.10.236.194" port: 45193 } } peers { permanent_uuid: "826214abaab946e7825d1bd6a3e4f756" member_type: VOTER last_known_addr { host: "127.10.236.196" port: 36069 } attrs { promote: false } }
W20260710 13:21:02.213691 12417 outbound_call.cc:321] RPC callback for RPC call kudu.consensus.ConsensusService.UpdateConsensus -> {remote=127.10.236.193:46583, user_credentials={real_user=slave}} blocked reactor thread for 71697us
I20260710 13:21:02.246622 12299 tablet_service.cc:1917] Received RequestConsensusVote() RPC: tablet_id: "09b35e2769404ac9a8277ee33948b992" candidate_uuid: "826214abaab946e7825d1bd6a3e4f756" candidate_term: 2 candidate_status { last_received { term: 1 index: 4 } } ignore_live_leader: false dest_uuid: "cfe4365d79444bcfbde2e304359873eb" is_pre_election: true
I20260710 13:21:02.247563 12299 raft_consensus.cc:2393] T 09b35e2769404ac9a8277ee33948b992 P cfe4365d79444bcfbde2e304359873eb [term 2 FOLLOWER]: Leader pre-election vote request: Denying vote to candidate 826214abaab946e7825d1bd6a3e4f756 in current term 2: Already voted for candidate cfe4365d79444bcfbde2e304359873eb in this term.
I20260710 13:21:02.249243 12874 raft_consensus.cc:493] T d9b4ef5d33aa4031ba52c408fdb6505c P cfe4365d79444bcfbde2e304359873eb [term 1 FOLLOWER]: Starting pre-election (detected failure of leader f6fe5ae5d38144cd88cbc07c57ccaff4)
I20260710 13:21:02.250031 12874 raft_consensus.cc:515] T d9b4ef5d33aa4031ba52c408fdb6505c P cfe4365d79444bcfbde2e304359873eb [term 1 FOLLOWER]: Starting pre-election with config: opid_index: -1 OBSOLETE_local: false peers { permanent_uuid: "cfe4365d79444bcfbde2e304359873eb" member_type: VOTER last_known_addr { host: "127.10.236.193" port: 46583 } } peers { permanent_uuid: "f6fe5ae5d38144cd88cbc07c57ccaff4" member_type: VOTER last_known_addr { host: "127.10.236.194" port: 45193 } } peers { permanent_uuid: "6c657119a6f34236b8a4f608d976ab6e" member_type: VOTER last_known_addr { host: "127.10.236.195" port: 44649 } }
I20260710 13:21:02.253262 12874 leader_election.cc:290] T d9b4ef5d33aa4031ba52c408fdb6505c P cfe4365d79444bcfbde2e304359873eb [CANDIDATE]: Term 2 pre-election: Requested pre-vote from peers f6fe5ae5d38144cd88cbc07c57ccaff4 (127.10.236.194:45193), 6c657119a6f34236b8a4f608d976ab6e (127.10.236.195:44649)
I20260710 13:21:02.254127 12370 tablet_service.cc:1917] Received RequestConsensusVote() RPC: tablet_id: "d9b4ef5d33aa4031ba52c408fdb6505c" candidate_uuid: "cfe4365d79444bcfbde2e304359873eb" candidate_term: 2 candidate_status { last_received { term: 1 index: 1 } } ignore_live_leader: false dest_uuid: "f6fe5ae5d38144cd88cbc07c57ccaff4" is_pre_election: true
I20260710 13:21:02.254341 12451 tablet_service.cc:1917] Received RequestConsensusVote() RPC: tablet_id: "d9b4ef5d33aa4031ba52c408fdb6505c" candidate_uuid: "cfe4365d79444bcfbde2e304359873eb" candidate_term: 2 candidate_status { last_received { term: 1 index: 1 } } ignore_live_leader: false dest_uuid: "6c657119a6f34236b8a4f608d976ab6e" is_pre_election: true
I20260710 13:21:02.254865 12370 raft_consensus.cc:2468] T d9b4ef5d33aa4031ba52c408fdb6505c P f6fe5ae5d38144cd88cbc07c57ccaff4 [term 2 FOLLOWER]: Leader pre-election vote request: Granting yes vote for candidate cfe4365d79444bcfbde2e304359873eb in term 2.
I20260710 13:21:02.255151 12451 raft_consensus.cc:2393] T d9b4ef5d33aa4031ba52c408fdb6505c P 6c657119a6f34236b8a4f608d976ab6e [term 2 FOLLOWER]: Leader pre-election vote request: Denying vote to candidate cfe4365d79444bcfbde2e304359873eb in current term 2: Already voted for candidate 6c657119a6f34236b8a4f608d976ab6e in this term.
I20260710 13:21:02.256454 12268 leader_election.cc:304] T d9b4ef5d33aa4031ba52c408fdb6505c P cfe4365d79444bcfbde2e304359873eb [CANDIDATE]: Term 2 pre-election: Election decided. Result: candidate won. Election summary: received 3 responses out of 3 voters: 2 yes votes; 1 no votes. yes voters: cfe4365d79444bcfbde2e304359873eb, f6fe5ae5d38144cd88cbc07c57ccaff4; no voters: 6c657119a6f34236b8a4f608d976ab6e
I20260710 13:21:02.257262 12874 raft_consensus.cc:2804] T d9b4ef5d33aa4031ba52c408fdb6505c P cfe4365d79444bcfbde2e304359873eb [term 1 FOLLOWER]: Leader pre-election won for term 2
I20260710 13:21:02.257723 12874 raft_consensus.cc:493] T d9b4ef5d33aa4031ba52c408fdb6505c P cfe4365d79444bcfbde2e304359873eb [term 1 FOLLOWER]: Starting leader election (detected failure of leader f6fe5ae5d38144cd88cbc07c57ccaff4)
I20260710 13:21:02.258297 12874 raft_consensus.cc:3060] T d9b4ef5d33aa4031ba52c408fdb6505c P cfe4365d79444bcfbde2e304359873eb [term 1 FOLLOWER]: Advancing to term 2
W20260710 13:21:02.259011 12343 outbound_call.cc:321] RPC callback for RPC call kudu.consensus.ConsensusService.RequestConsensusVote -> {remote=127.10.236.195:44649, user_credentials={real_user=slave}} blocked reactor thread for 132191us
I20260710 13:21:02.262598 12299 tablet_service.cc:1917] Received RequestConsensusVote() RPC: tablet_id: "09b35e2769404ac9a8277ee33948b992" candidate_uuid: "f6fe5ae5d38144cd88cbc07c57ccaff4" candidate_term: 3 candidate_status { last_received { term: 1 index: 4 } } ignore_live_leader: false dest_uuid: "cfe4365d79444bcfbde2e304359873eb" is_pre_election: true
I20260710 13:21:02.263319 12299 raft_consensus.cc:2468] T 09b35e2769404ac9a8277ee33948b992 P cfe4365d79444bcfbde2e304359873eb [term 2 FOLLOWER]: Leader pre-election vote request: Granting yes vote for candidate f6fe5ae5d38144cd88cbc07c57ccaff4 in term 2.
I20260710 13:21:02.267705 12874 raft_consensus.cc:515] T d9b4ef5d33aa4031ba52c408fdb6505c P cfe4365d79444bcfbde2e304359873eb [term 2 FOLLOWER]: Starting leader election with config: opid_index: -1 OBSOLETE_local: false peers { permanent_uuid: "cfe4365d79444bcfbde2e304359873eb" member_type: VOTER last_known_addr { host: "127.10.236.193" port: 46583 } } peers { permanent_uuid: "f6fe5ae5d38144cd88cbc07c57ccaff4" member_type: VOTER last_known_addr { host: "127.10.236.194" port: 45193 } } peers { permanent_uuid: "6c657119a6f34236b8a4f608d976ab6e" member_type: VOTER last_known_addr { host: "127.10.236.195" port: 44649 } }
I20260710 13:21:02.270164 12874 leader_election.cc:290] T d9b4ef5d33aa4031ba52c408fdb6505c P cfe4365d79444bcfbde2e304359873eb [CANDIDATE]: Term 2 election: Requested vote from peers f6fe5ae5d38144cd88cbc07c57ccaff4 (127.10.236.194:45193), 6c657119a6f34236b8a4f608d976ab6e (127.10.236.195:44649)
I20260710 13:21:02.272578 12451 tablet_service.cc:1917] Received RequestConsensusVote() RPC: tablet_id: "d9b4ef5d33aa4031ba52c408fdb6505c" candidate_uuid: "cfe4365d79444bcfbde2e304359873eb" candidate_term: 2 candidate_status { last_received { term: 1 index: 1 } } ignore_live_leader: false dest_uuid: "6c657119a6f34236b8a4f608d976ab6e"
I20260710 13:21:02.273573 12451 raft_consensus.cc:2393] T d9b4ef5d33aa4031ba52c408fdb6505c P 6c657119a6f34236b8a4f608d976ab6e [term 2 FOLLOWER]: Leader election vote request: Denying vote to candidate cfe4365d79444bcfbde2e304359873eb in current term 2: Already voted for candidate 6c657119a6f34236b8a4f608d976ab6e in this term.
I20260710 13:21:02.273483 12370 tablet_service.cc:1917] Received RequestConsensusVote() RPC: tablet_id: "d9b4ef5d33aa4031ba52c408fdb6505c" candidate_uuid: "cfe4365d79444bcfbde2e304359873eb" candidate_term: 2 candidate_status { last_received { term: 1 index: 1 } } ignore_live_leader: false dest_uuid: "f6fe5ae5d38144cd88cbc07c57ccaff4"
I20260710 13:21:02.280206 12933 leader_election.cc:290] T 09b35e2769404ac9a8277ee33948b992 P 826214abaab946e7825d1bd6a3e4f756 [CANDIDATE]: Term 2 pre-election: Requested pre-vote from peers cfe4365d79444bcfbde2e304359873eb (127.10.236.193:46583), f6fe5ae5d38144cd88cbc07c57ccaff4 (127.10.236.194:45193)
I20260710 13:21:02.281631 12373 tablet_service.cc:1917] Received RequestConsensusVote() RPC: tablet_id: "09b35e2769404ac9a8277ee33948b992" candidate_uuid: "826214abaab946e7825d1bd6a3e4f756" candidate_term: 2 candidate_status { last_received { term: 1 index: 4 } } ignore_live_leader: false dest_uuid: "f6fe5ae5d38144cd88cbc07c57ccaff4" is_pre_election: true
I20260710 13:21:02.282229 12930 raft_consensus.cc:493] T d786714861cc40c389c494b0c2012977 P f6fe5ae5d38144cd88cbc07c57ccaff4 [term 1 FOLLOWER]: Starting pre-election (detected failure of leader 6c657119a6f34236b8a4f608d976ab6e)
I20260710 13:21:02.288288 12930 raft_consensus.cc:515] T d786714861cc40c389c494b0c2012977 P f6fe5ae5d38144cd88cbc07c57ccaff4 [term 1 FOLLOWER]: Starting pre-election with config: opid_index: -1 OBSOLETE_local: false peers { permanent_uuid: "cfe4365d79444bcfbde2e304359873eb" member_type: VOTER last_known_addr { host: "127.10.236.193" port: 46583 } } peers { permanent_uuid: "f6fe5ae5d38144cd88cbc07c57ccaff4" member_type: VOTER last_known_addr { host: "127.10.236.194" port: 45193 } } peers { permanent_uuid: "6c657119a6f34236b8a4f608d976ab6e" member_type: VOTER last_known_addr { host: "127.10.236.195" port: 44649 } }
I20260710 13:21:02.290565 12930 leader_election.cc:290] T d786714861cc40c389c494b0c2012977 P f6fe5ae5d38144cd88cbc07c57ccaff4 [CANDIDATE]: Term 2 pre-election: Requested pre-vote from peers cfe4365d79444bcfbde2e304359873eb (127.10.236.193:46583), 6c657119a6f34236b8a4f608d976ab6e (127.10.236.195:44649)
I20260710 13:21:02.293146 12299 tablet_service.cc:1917] Received RequestConsensusVote() RPC: tablet_id: "d786714861cc40c389c494b0c2012977" candidate_uuid: "f6fe5ae5d38144cd88cbc07c57ccaff4" candidate_term: 2 candidate_status { last_received { term: 1 index: 1 } } ignore_live_leader: false dest_uuid: "cfe4365d79444bcfbde2e304359873eb" is_pre_election: true
I20260710 13:21:02.294083 12299 raft_consensus.cc:2393] T d786714861cc40c389c494b0c2012977 P cfe4365d79444bcfbde2e304359873eb [term 2 FOLLOWER]: Leader pre-election vote request: Denying vote to candidate f6fe5ae5d38144cd88cbc07c57ccaff4 in current term 2: Already voted for candidate cfe4365d79444bcfbde2e304359873eb in this term.
I20260710 13:21:02.296154 12451 tablet_service.cc:1917] Received RequestConsensusVote() RPC: tablet_id: "d786714861cc40c389c494b0c2012977" candidate_uuid: "f6fe5ae5d38144cd88cbc07c57ccaff4" candidate_term: 2 candidate_status { last_received { term: 1 index: 1 } } ignore_live_leader: false dest_uuid: "6c657119a6f34236b8a4f608d976ab6e" is_pre_election: true
I20260710 13:21:02.296789 12451 raft_consensus.cc:2468] T d786714861cc40c389c494b0c2012977 P 6c657119a6f34236b8a4f608d976ab6e [term 2 FOLLOWER]: Leader pre-election vote request: Granting yes vote for candidate f6fe5ae5d38144cd88cbc07c57ccaff4 in term 2.
I20260710 13:21:02.299094 12343 leader_election.cc:304] T d786714861cc40c389c494b0c2012977 P f6fe5ae5d38144cd88cbc07c57ccaff4 [CANDIDATE]: Term 2 pre-election: Election decided. Result: candidate won. Election summary: received 2 responses out of 3 voters: 2 yes votes; 0 no votes. yes voters: 6c657119a6f34236b8a4f608d976ab6e, f6fe5ae5d38144cd88cbc07c57ccaff4; no voters: 
I20260710 13:21:02.299806 12370 raft_consensus.cc:2468] T d9b4ef5d33aa4031ba52c408fdb6505c P f6fe5ae5d38144cd88cbc07c57ccaff4 [term 2 FOLLOWER]: Leader election vote request: Granting yes vote for candidate cfe4365d79444bcfbde2e304359873eb in term 2.
I20260710 13:21:02.303045 12268 leader_election.cc:304] T d9b4ef5d33aa4031ba52c408fdb6505c P cfe4365d79444bcfbde2e304359873eb [CANDIDATE]: Term 2 election: Election decided. Result: candidate won. Election summary: received 3 responses out of 3 voters: 2 yes votes; 1 no votes. yes voters: cfe4365d79444bcfbde2e304359873eb, f6fe5ae5d38144cd88cbc07c57ccaff4; no voters: 6c657119a6f34236b8a4f608d976ab6e
I20260710 13:21:02.304196 12874 raft_consensus.cc:2804] T d9b4ef5d33aa4031ba52c408fdb6505c P cfe4365d79444bcfbde2e304359873eb [term 2 FOLLOWER]: Leader election won for term 2
I20260710 13:21:02.300510 12896 raft_consensus.cc:515] T 09b35e2769404ac9a8277ee33948b992 P f6fe5ae5d38144cd88cbc07c57ccaff4 [term 3 FOLLOWER]: Starting leader election with config: opid_index: 4 OBSOLETE_local: false peers { permanent_uuid: "cfe4365d79444bcfbde2e304359873eb" member_type: VOTER last_known_addr { host: "127.10.236.193" port: 46583 } } peers { permanent_uuid: "f6fe5ae5d38144cd88cbc07c57ccaff4" member_type: VOTER last_known_addr { host: "127.10.236.194" port: 45193 } } peers { permanent_uuid: "826214abaab946e7825d1bd6a3e4f756" member_type: VOTER last_known_addr { host: "127.10.236.196" port: 36069 } attrs { promote: false } }
I20260710 13:21:02.306999 12373 raft_consensus.cc:2368] T 09b35e2769404ac9a8277ee33948b992 P f6fe5ae5d38144cd88cbc07c57ccaff4 [term 3 FOLLOWER]: Leader pre-election vote request: Denying vote to candidate 826214abaab946e7825d1bd6a3e4f756 for earlier term 2. Current term is 3.
I20260710 13:21:02.311414 12930 raft_consensus.cc:2804] T d786714861cc40c389c494b0c2012977 P f6fe5ae5d38144cd88cbc07c57ccaff4 [term 1 FOLLOWER]: Leader pre-election won for term 2
I20260710 13:21:02.311771 12681 leader_election.cc:400] T 09b35e2769404ac9a8277ee33948b992 P 826214abaab946e7825d1bd6a3e4f756 [CANDIDATE]: Term 2 pre-election: Vote denied by peer f6fe5ae5d38144cd88cbc07c57ccaff4 (127.10.236.194:45193) with higher term. Message: Invalid argument: T 09b35e2769404ac9a8277ee33948b992 P f6fe5ae5d38144cd88cbc07c57ccaff4 [term 3 FOLLOWER]: Leader pre-election vote request: Denying vote to candidate 826214abaab946e7825d1bd6a3e4f756 for earlier term 2. Current term is 3.
I20260710 13:21:02.311875 12930 raft_consensus.cc:493] T d786714861cc40c389c494b0c2012977 P f6fe5ae5d38144cd88cbc07c57ccaff4 [term 1 FOLLOWER]: Starting leader election (detected failure of leader 6c657119a6f34236b8a4f608d976ab6e)
I20260710 13:21:02.312206 12681 leader_election.cc:403] T 09b35e2769404ac9a8277ee33948b992 P 826214abaab946e7825d1bd6a3e4f756 [CANDIDATE]: Term 2 pre-election: Cancelling election due to peer responding with higher term
I20260710 13:21:02.312429 12930 raft_consensus.cc:3060] T d786714861cc40c389c494b0c2012977 P f6fe5ae5d38144cd88cbc07c57ccaff4 [term 1 FOLLOWER]: Advancing to term 2
I20260710 13:21:02.316367 12933 raft_consensus.cc:3060] T 09b35e2769404ac9a8277ee33948b992 P 826214abaab946e7825d1bd6a3e4f756 [term 1 FOLLOWER]: Advancing to term 3
I20260710 13:21:02.327979 12720 tablet_service.cc:1917] Received RequestConsensusVote() RPC: tablet_id: "09b35e2769404ac9a8277ee33948b992" candidate_uuid: "f6fe5ae5d38144cd88cbc07c57ccaff4" candidate_term: 3 candidate_status { last_received { term: 1 index: 4 } } ignore_live_leader: false dest_uuid: "826214abaab946e7825d1bd6a3e4f756"
I20260710 13:21:02.330631 12299 tablet_service.cc:1917] Received RequestConsensusVote() RPC: tablet_id: "09b35e2769404ac9a8277ee33948b992" candidate_uuid: "f6fe5ae5d38144cd88cbc07c57ccaff4" candidate_term: 3 candidate_status { last_received { term: 1 index: 4 } } ignore_live_leader: false dest_uuid: "cfe4365d79444bcfbde2e304359873eb"
I20260710 13:21:02.331332 12299 raft_consensus.cc:3060] T 09b35e2769404ac9a8277ee33948b992 P cfe4365d79444bcfbde2e304359873eb [term 2 FOLLOWER]: Advancing to term 3
I20260710 13:21:02.339828 12299 raft_consensus.cc:2468] T 09b35e2769404ac9a8277ee33948b992 P cfe4365d79444bcfbde2e304359873eb [term 3 FOLLOWER]: Leader election vote request: Granting yes vote for candidate f6fe5ae5d38144cd88cbc07c57ccaff4 in term 3.
I20260710 13:21:02.341711 12343 leader_election.cc:304] T 09b35e2769404ac9a8277ee33948b992 P f6fe5ae5d38144cd88cbc07c57ccaff4 [CANDIDATE]: Term 3 election: Election decided. Result: candidate won. Election summary: received 2 responses out of 3 voters: 2 yes votes; 0 no votes. yes voters: cfe4365d79444bcfbde2e304359873eb, f6fe5ae5d38144cd88cbc07c57ccaff4; no voters: 
I20260710 13:21:02.347281 12928 raft_consensus.cc:2804] T 09b35e2769404ac9a8277ee33948b992 P f6fe5ae5d38144cd88cbc07c57ccaff4 [term 3 FOLLOWER]: Leader election won for term 3
I20260710 13:21:02.347779 12928 raft_consensus.cc:697] T 09b35e2769404ac9a8277ee33948b992 P f6fe5ae5d38144cd88cbc07c57ccaff4 [term 3 LEADER]: Becoming Leader. State: Replica: f6fe5ae5d38144cd88cbc07c57ccaff4, State: Running, Role: LEADER
I20260710 13:21:02.348647 12928 consensus_queue.cc:237] T 09b35e2769404ac9a8277ee33948b992 P f6fe5ae5d38144cd88cbc07c57ccaff4 [LEADER]: Queue going to LEADER mode. State: All replicated index: 0, Majority replicated index: 4, Committed index: 4, Last appended: 1.4, Last appended by leader: 4, Current term: 3, Majority size: 2, State: 0, Mode: LEADER, active raft config: opid_index: 4 OBSOLETE_local: false peers { permanent_uuid: "cfe4365d79444bcfbde2e304359873eb" member_type: VOTER last_known_addr { host: "127.10.236.193" port: 46583 } } peers { permanent_uuid: "f6fe5ae5d38144cd88cbc07c57ccaff4" member_type: VOTER last_known_addr { host: "127.10.236.194" port: 45193 } } peers { permanent_uuid: "826214abaab946e7825d1bd6a3e4f756" member_type: VOTER last_known_addr { host: "127.10.236.196" port: 36069 } attrs { promote: false } }
I20260710 13:21:02.328135 12896 leader_election.cc:290] T 09b35e2769404ac9a8277ee33948b992 P f6fe5ae5d38144cd88cbc07c57ccaff4 [CANDIDATE]: Term 3 election: Requested vote from peers cfe4365d79444bcfbde2e304359873eb (127.10.236.193:46583), 826214abaab946e7825d1bd6a3e4f756 (127.10.236.196:36069)
I20260710 13:21:02.357074 12938 raft_consensus.cc:493] T a5bb18466623405384f1fef53d0ff9d5 P cfe4365d79444bcfbde2e304359873eb [term 1 FOLLOWER]: Starting pre-election (detected failure of leader f6fe5ae5d38144cd88cbc07c57ccaff4)
I20260710 13:21:02.357699 12938 raft_consensus.cc:515] T a5bb18466623405384f1fef53d0ff9d5 P cfe4365d79444bcfbde2e304359873eb [term 1 FOLLOWER]: Starting pre-election with config: opid_index: -1 OBSOLETE_local: false peers { permanent_uuid: "cfe4365d79444bcfbde2e304359873eb" member_type: VOTER last_known_addr { host: "127.10.236.193" port: 46583 } } peers { permanent_uuid: "f6fe5ae5d38144cd88cbc07c57ccaff4" member_type: VOTER last_known_addr { host: "127.10.236.194" port: 45193 } } peers { permanent_uuid: "6c657119a6f34236b8a4f608d976ab6e" member_type: VOTER last_known_addr { host: "127.10.236.195" port: 44649 } }
I20260710 13:21:02.359261 12939 raft_consensus.cc:493] T a7a496986c7b40c6b172cb001ac63404 P cfe4365d79444bcfbde2e304359873eb [term 1 FOLLOWER]: Starting pre-election (detected failure of leader f6fe5ae5d38144cd88cbc07c57ccaff4)
I20260710 13:21:02.359779 12939 raft_consensus.cc:515] T a7a496986c7b40c6b172cb001ac63404 P cfe4365d79444bcfbde2e304359873eb [term 1 FOLLOWER]: Starting pre-election with config: opid_index: -1 OBSOLETE_local: false peers { permanent_uuid: "cfe4365d79444bcfbde2e304359873eb" member_type: VOTER last_known_addr { host: "127.10.236.193" port: 46583 } } peers { permanent_uuid: "f6fe5ae5d38144cd88cbc07c57ccaff4" member_type: VOTER last_known_addr { host: "127.10.236.194" port: 45193 } } peers { permanent_uuid: "6c657119a6f34236b8a4f608d976ab6e" member_type: VOTER last_known_addr { host: "127.10.236.195" port: 44649 } }
I20260710 13:21:02.360955 12373 tablet_service.cc:1917] Received RequestConsensusVote() RPC: tablet_id: "a5bb18466623405384f1fef53d0ff9d5" candidate_uuid: "cfe4365d79444bcfbde2e304359873eb" candidate_term: 2 candidate_status { last_received { term: 1 index: 1 } } ignore_live_leader: false dest_uuid: "f6fe5ae5d38144cd88cbc07c57ccaff4" is_pre_election: true
I20260710 13:21:02.361757 12939 leader_election.cc:290] T a7a496986c7b40c6b172cb001ac63404 P cfe4365d79444bcfbde2e304359873eb [CANDIDATE]: Term 2 pre-election: Requested pre-vote from peers f6fe5ae5d38144cd88cbc07c57ccaff4 (127.10.236.194:45193), 6c657119a6f34236b8a4f608d976ab6e (127.10.236.195:44649)
I20260710 13:21:02.362737 12891 raft_consensus.cc:493] T 218f8ebf03ae480c8526e9f53fc09991 P 6c657119a6f34236b8a4f608d976ab6e [term 1 FOLLOWER]: Starting pre-election (detected failure of leader f6fe5ae5d38144cd88cbc07c57ccaff4)
I20260710 13:21:02.363302 12891 raft_consensus.cc:515] T 218f8ebf03ae480c8526e9f53fc09991 P 6c657119a6f34236b8a4f608d976ab6e [term 1 FOLLOWER]: Starting pre-election with config: opid_index: 2 OBSOLETE_local: false peers { permanent_uuid: "cfe4365d79444bcfbde2e304359873eb" member_type: VOTER last_known_addr { host: "127.10.236.193" port: 46583 } } peers { permanent_uuid: "f6fe5ae5d38144cd88cbc07c57ccaff4" member_type: VOTER last_known_addr { host: "127.10.236.194" port: 45193 } } peers { permanent_uuid: "6c657119a6f34236b8a4f608d976ab6e" member_type: VOTER last_known_addr { host: "127.10.236.195" port: 44649 } attrs { replace: true } } peers { permanent_uuid: "826214abaab946e7825d1bd6a3e4f756" member_type: NON_VOTER last_known_addr { host: "127.10.236.196" port: 36069 } attrs { promote: true } }
I20260710 13:21:02.364149 12373 tablet_service.cc:1917] Received RequestConsensusVote() RPC: tablet_id: "a7a496986c7b40c6b172cb001ac63404" candidate_uuid: "cfe4365d79444bcfbde2e304359873eb" candidate_term: 2 candidate_status { last_received { term: 1 index: 1 } } ignore_live_leader: false dest_uuid: "f6fe5ae5d38144cd88cbc07c57ccaff4" is_pre_election: true
I20260710 13:21:02.364727 12373 raft_consensus.cc:2468] T a7a496986c7b40c6b172cb001ac63404 P f6fe5ae5d38144cd88cbc07c57ccaff4 [term 2 FOLLOWER]: Leader pre-election vote request: Granting yes vote for candidate cfe4365d79444bcfbde2e304359873eb in term 2.
I20260710 13:21:02.365382 12891 leader_election.cc:290] T 218f8ebf03ae480c8526e9f53fc09991 P 6c657119a6f34236b8a4f608d976ab6e [CANDIDATE]: Term 2 pre-election: Requested pre-vote from peers cfe4365d79444bcfbde2e304359873eb (127.10.236.193:46583), f6fe5ae5d38144cd88cbc07c57ccaff4 (127.10.236.194:45193)
I20260710 13:21:02.354565 12930 raft_consensus.cc:515] T d786714861cc40c389c494b0c2012977 P f6fe5ae5d38144cd88cbc07c57ccaff4 [term 2 FOLLOWER]: Starting leader election with config: opid_index: -1 OBSOLETE_local: false peers { permanent_uuid: "cfe4365d79444bcfbde2e304359873eb" member_type: VOTER last_known_addr { host: "127.10.236.193" port: 46583 } } peers { permanent_uuid: "f6fe5ae5d38144cd88cbc07c57ccaff4" member_type: VOTER last_known_addr { host: "127.10.236.194" port: 45193 } } peers { permanent_uuid: "6c657119a6f34236b8a4f608d976ab6e" member_type: VOTER last_known_addr { host: "127.10.236.195" port: 44649 } }
I20260710 13:21:02.365689 12268 leader_election.cc:304] T a7a496986c7b40c6b172cb001ac63404 P cfe4365d79444bcfbde2e304359873eb [CANDIDATE]: Term 2 pre-election: Election decided. Result: candidate won. Election summary: received 2 responses out of 3 voters: 2 yes votes; 0 no votes. yes voters: cfe4365d79444bcfbde2e304359873eb, f6fe5ae5d38144cd88cbc07c57ccaff4; no voters: 
I20260710 13:21:02.366446 12939 raft_consensus.cc:2804] T a7a496986c7b40c6b172cb001ac63404 P cfe4365d79444bcfbde2e304359873eb [term 1 FOLLOWER]: Leader pre-election won for term 2
I20260710 13:21:02.366791 12939 raft_consensus.cc:493] T a7a496986c7b40c6b172cb001ac63404 P cfe4365d79444bcfbde2e304359873eb [term 1 FOLLOWER]: Starting leader election (detected failure of leader f6fe5ae5d38144cd88cbc07c57ccaff4)
I20260710 13:21:02.367153 12939 raft_consensus.cc:3060] T a7a496986c7b40c6b172cb001ac63404 P cfe4365d79444bcfbde2e304359873eb [term 1 FOLLOWER]: Advancing to term 2
I20260710 13:21:02.367296 12295 tablet_service.cc:1917] Received RequestConsensusVote() RPC: tablet_id: "218f8ebf03ae480c8526e9f53fc09991" candidate_uuid: "6c657119a6f34236b8a4f608d976ab6e" candidate_term: 2 candidate_status { last_received { term: 1 index: 2 } } ignore_live_leader: false dest_uuid: "cfe4365d79444bcfbde2e304359873eb" is_pre_election: true
I20260710 13:21:02.368189 12295 raft_consensus.cc:2393] T 218f8ebf03ae480c8526e9f53fc09991 P cfe4365d79444bcfbde2e304359873eb [term 2 FOLLOWER]: Leader pre-election vote request: Denying vote to candidate 6c657119a6f34236b8a4f608d976ab6e in current term 2: Already voted for candidate cfe4365d79444bcfbde2e304359873eb in this term.
I20260710 13:21:02.369930 12372 tablet_service.cc:1917] Received RequestConsensusVote() RPC: tablet_id: "218f8ebf03ae480c8526e9f53fc09991" candidate_uuid: "6c657119a6f34236b8a4f608d976ab6e" candidate_term: 2 candidate_status { last_received { term: 1 index: 2 } } ignore_live_leader: false dest_uuid: "f6fe5ae5d38144cd88cbc07c57ccaff4" is_pre_election: true
I20260710 13:21:02.370580 12372 raft_consensus.cc:2468] T 218f8ebf03ae480c8526e9f53fc09991 P f6fe5ae5d38144cd88cbc07c57ccaff4 [term 2 FOLLOWER]: Leader pre-election vote request: Granting yes vote for candidate 6c657119a6f34236b8a4f608d976ab6e in term 2.
I20260710 13:21:02.372079 12417 leader_election.cc:304] T 218f8ebf03ae480c8526e9f53fc09991 P 6c657119a6f34236b8a4f608d976ab6e [CANDIDATE]: Term 2 pre-election: Election decided. Result: candidate won. Election summary: received 2 responses out of 3 voters: 2 yes votes; 0 no votes. yes voters: 6c657119a6f34236b8a4f608d976ab6e, f6fe5ae5d38144cd88cbc07c57ccaff4; no voters: 
I20260710 13:21:02.367142 12930 leader_election.cc:290] T d786714861cc40c389c494b0c2012977 P f6fe5ae5d38144cd88cbc07c57ccaff4 [CANDIDATE]: Term 2 election: Requested vote from peers cfe4365d79444bcfbde2e304359873eb (127.10.236.193:46583), 6c657119a6f34236b8a4f608d976ab6e (127.10.236.195:44649)
I20260710 13:21:02.374676 12938 leader_election.cc:290] T a5bb18466623405384f1fef53d0ff9d5 P cfe4365d79444bcfbde2e304359873eb [CANDIDATE]: Term 2 pre-election: Requested pre-vote from peers f6fe5ae5d38144cd88cbc07c57ccaff4 (127.10.236.194:45193), 6c657119a6f34236b8a4f608d976ab6e (127.10.236.195:44649)
I20260710 13:21:02.374883 12449 tablet_service.cc:1917] Received RequestConsensusVote() RPC: tablet_id: "a5bb18466623405384f1fef53d0ff9d5" candidate_uuid: "cfe4365d79444bcfbde2e304359873eb" candidate_term: 2 candidate_status { last_received { term: 1 index: 1 } } ignore_live_leader: false dest_uuid: "6c657119a6f34236b8a4f608d976ab6e" is_pre_election: true
I20260710 13:21:02.375432 12891 raft_consensus.cc:2804] T 218f8ebf03ae480c8526e9f53fc09991 P 6c657119a6f34236b8a4f608d976ab6e [term 1 FOLLOWER]: Leader pre-election won for term 2
I20260710 13:21:02.375645 12449 raft_consensus.cc:2368] T a5bb18466623405384f1fef53d0ff9d5 P 6c657119a6f34236b8a4f608d976ab6e [term 3 FOLLOWER]: Leader pre-election vote request: Denying vote to candidate cfe4365d79444bcfbde2e304359873eb for earlier term 2. Current term is 3.
