I20260710 13:20:39.038561 12009 raft_consensus.cc:515] T a3fb978e69fe41b1b26420d81c58be78 P e12c2b3c307348cb9e66efa6d545205f [term 1 FOLLOWER]: Starting leader election with config: opid_index: -1 OBSOLETE_local: false peers { permanent_uuid: "d9330c515c5c4d7d8ef6040c5a7e65c6" member_type: VOTER last_known_addr { host: "127.10.237.65" port: 34843 } } peers { permanent_uuid: "33752ea2aa8f4a93949c41c2f2314fea" member_type: VOTER last_known_addr { host: "127.10.237.66" port: 42291 } } peers { permanent_uuid: "e12c2b3c307348cb9e66efa6d545205f" member_type: VOTER last_known_addr { host: "127.10.237.67" port: 39809 } }
I20260710 13:20:39.041451 12056 raft_consensus.cc:493] T db681bd770e14c80a2226afc879f9a02 P e12c2b3c307348cb9e66efa6d545205f [term 0 FOLLOWER]: Starting pre-election (no leader contacted us within the election timeout)
I20260710 13:20:39.041842 11814 tablet_service.cc:1917] Received RequestConsensusVote() RPC: tablet_id: "a3fb978e69fe41b1b26420d81c58be78" candidate_uuid: "e12c2b3c307348cb9e66efa6d545205f" candidate_term: 1 candidate_status { last_received { term: 0 index: 0 } } ignore_live_leader: false dest_uuid: "d9330c515c5c4d7d8ef6040c5a7e65c6"
I20260710 13:20:39.042505 11814 raft_consensus.cc:3060] T a3fb978e69fe41b1b26420d81c58be78 P d9330c515c5c4d7d8ef6040c5a7e65c6 [term 0 FOLLOWER]: Advancing to term 1
I20260710 13:20:39.043679 11889 tablet_service.cc:1917] Received RequestConsensusVote() RPC: tablet_id: "a3fb978e69fe41b1b26420d81c58be78" candidate_uuid: "e12c2b3c307348cb9e66efa6d545205f" candidate_term: 1 candidate_status { last_received { term: 0 index: 0 } } ignore_live_leader: false dest_uuid: "33752ea2aa8f4a93949c41c2f2314fea"
I20260710 13:20:39.044271 11889 raft_consensus.cc:3060] T a3fb978e69fe41b1b26420d81c58be78 P 33752ea2aa8f4a93949c41c2f2314fea [term 0 FOLLOWER]: Advancing to term 1
I20260710 13:20:39.046797 12009 leader_election.cc:290] T a3fb978e69fe41b1b26420d81c58be78 P e12c2b3c307348cb9e66efa6d545205f [CANDIDATE]: Term 1 election: Requested vote from peers d9330c515c5c4d7d8ef6040c5a7e65c6 (127.10.237.65:34843), 33752ea2aa8f4a93949c41c2f2314fea (127.10.237.66:42291)
I20260710 13:20:39.041949 12056 raft_consensus.cc:515] T db681bd770e14c80a2226afc879f9a02 P e12c2b3c307348cb9e66efa6d545205f [term 0 FOLLOWER]: Starting pre-election with config: opid_index: -1 OBSOLETE_local: false peers { permanent_uuid: "d9330c515c5c4d7d8ef6040c5a7e65c6" member_type: VOTER last_known_addr { host: "127.10.237.65" port: 34843 } } peers { permanent_uuid: "33752ea2aa8f4a93949c41c2f2314fea" member_type: VOTER last_known_addr { host: "127.10.237.66" port: 42291 } } peers { permanent_uuid: "e12c2b3c307348cb9e66efa6d545205f" member_type: VOTER last_known_addr { host: "127.10.237.67" port: 39809 } }
I20260710 13:20:39.050033 12056 leader_election.cc:290] T db681bd770e14c80a2226afc879f9a02 P e12c2b3c307348cb9e66efa6d545205f [CANDIDATE]: Term 1 pre-election: Requested pre-vote from peers d9330c515c5c4d7d8ef6040c5a7e65c6 (127.10.237.65:34843), 33752ea2aa8f4a93949c41c2f2314fea (127.10.237.66:42291)
I20260710 13:20:39.051323 11814 raft_consensus.cc:2468] T a3fb978e69fe41b1b26420d81c58be78 P d9330c515c5c4d7d8ef6040c5a7e65c6 [term 1 FOLLOWER]: Leader election vote request: Granting yes vote for candidate e12c2b3c307348cb9e66efa6d545205f in term 1.
I20260710 13:20:39.051471 11813 tablet_service.cc:1917] Received RequestConsensusVote() RPC: tablet_id: "db681bd770e14c80a2226afc879f9a02" candidate_uuid: "e12c2b3c307348cb9e66efa6d545205f" candidate_term: 1 candidate_status { last_received { term: 0 index: 0 } } ignore_live_leader: false dest_uuid: "d9330c515c5c4d7d8ef6040c5a7e65c6" is_pre_election: true
I20260710 13:20:39.052134 11813 raft_consensus.cc:2468] T db681bd770e14c80a2226afc879f9a02 P d9330c515c5c4d7d8ef6040c5a7e65c6 [term 0 FOLLOWER]: Leader pre-election vote request: Granting yes vote for candidate e12c2b3c307348cb9e66efa6d545205f in term 0.
I20260710 13:20:39.052429 11929 leader_election.cc:304] T a3fb978e69fe41b1b26420d81c58be78 P e12c2b3c307348cb9e66efa6d545205f [CANDIDATE]: Term 1 election: Election decided. Result: candidate won. Election summary: received 2 responses out of 3 voters: 2 yes votes; 0 no votes. yes voters: d9330c515c5c4d7d8ef6040c5a7e65c6, e12c2b3c307348cb9e66efa6d545205f; no voters: 
I20260710 13:20:39.053272 11888 tablet_service.cc:1917] Received RequestConsensusVote() RPC: tablet_id: "db681bd770e14c80a2226afc879f9a02" candidate_uuid: "e12c2b3c307348cb9e66efa6d545205f" candidate_term: 1 candidate_status { last_received { term: 0 index: 0 } } ignore_live_leader: false dest_uuid: "33752ea2aa8f4a93949c41c2f2314fea" is_pre_election: true
I20260710 13:20:39.053383 11929 leader_election.cc:304] T db681bd770e14c80a2226afc879f9a02 P e12c2b3c307348cb9e66efa6d545205f [CANDIDATE]: Term 1 pre-election: Election decided. Result: candidate won. Election summary: received 2 responses out of 3 voters: 2 yes votes; 0 no votes. yes voters: d9330c515c5c4d7d8ef6040c5a7e65c6, e12c2b3c307348cb9e66efa6d545205f; no voters: 
I20260710 13:20:39.053927 12005 tablet_bootstrap.cc:492] T 4931b248b52b4d65985d0a8a45a76a3f P e12c2b3c307348cb9e66efa6d545205f: No bootstrap required, opened a new log
I20260710 13:20:39.053870 11888 raft_consensus.cc:2468] T db681bd770e14c80a2226afc879f9a02 P 33752ea2aa8f4a93949c41c2f2314fea [term 0 FOLLOWER]: Leader pre-election vote request: Granting yes vote for candidate e12c2b3c307348cb9e66efa6d545205f in term 0.
I20260710 13:20:39.054116 12009 raft_consensus.cc:2804] T a3fb978e69fe41b1b26420d81c58be78 P e12c2b3c307348cb9e66efa6d545205f [term 1 FOLLOWER]: Leader election won for term 1
I20260710 13:20:39.054196 12056 raft_consensus.cc:2804] T db681bd770e14c80a2226afc879f9a02 P e12c2b3c307348cb9e66efa6d545205f [term 0 FOLLOWER]: Leader pre-election won for term 1
I20260710 13:20:39.054438 12005 ts_tablet_manager.cc:1403] T 4931b248b52b4d65985d0a8a45a76a3f P e12c2b3c307348cb9e66efa6d545205f: Time spent bootstrapping tablet: real 0.036s	user 0.018s	sys 0.016s
I20260710 13:20:39.054643 12056 raft_consensus.cc:493] T db681bd770e14c80a2226afc879f9a02 P e12c2b3c307348cb9e66efa6d545205f [term 0 FOLLOWER]: Starting leader election (no leader contacted us within the election timeout)
I20260710 13:20:39.055022 12056 raft_consensus.cc:3060] T db681bd770e14c80a2226afc879f9a02 P e12c2b3c307348cb9e66efa6d545205f [term 0 FOLLOWER]: Advancing to term 1
I20260710 13:20:39.057385 12005 raft_consensus.cc:359] T 4931b248b52b4d65985d0a8a45a76a3f P e12c2b3c307348cb9e66efa6d545205f [term 0 FOLLOWER]: Replica starting. Triggering 0 pending ops. Active config: opid_index: -1 OBSOLETE_local: false peers { permanent_uuid: "d9330c515c5c4d7d8ef6040c5a7e65c6" member_type: VOTER last_known_addr { host: "127.10.237.65" port: 34843 } } peers { permanent_uuid: "33752ea2aa8f4a93949c41c2f2314fea" member_type: VOTER last_known_addr { host: "127.10.237.66" port: 42291 } } peers { permanent_uuid: "e12c2b3c307348cb9e66efa6d545205f" member_type: VOTER last_known_addr { host: "127.10.237.67" port: 39809 } }
I20260710 13:20:39.058235 12005 raft_consensus.cc:385] T 4931b248b52b4d65985d0a8a45a76a3f P e12c2b3c307348cb9e66efa6d545205f [term 0 FOLLOWER]: Consensus starting up: Expiring failure detector timer to make a prompt election more likely
I20260710 13:20:39.058597 12005 raft_consensus.cc:740] T 4931b248b52b4d65985d0a8a45a76a3f P e12c2b3c307348cb9e66efa6d545205f [term 0 FOLLOWER]: Becoming Follower/Learner. State: Replica: e12c2b3c307348cb9e66efa6d545205f, State: Initialized, Role: FOLLOWER
I20260710 13:20:39.059453 12005 consensus_queue.cc:260] T 4931b248b52b4d65985d0a8a45a76a3f P e12c2b3c307348cb9e66efa6d545205f [NON_LEADER]: Queue going to NON_LEADER mode. State: All replicated index: 0, Majority replicated index: 0, Committed index: 0, Last appended: 0.0, Last appended by leader: 0, Current term: 0, Majority size: -1, State: 0, Mode: NON_LEADER, active raft config: opid_index: -1 OBSOLETE_local: false peers { permanent_uuid: "d9330c515c5c4d7d8ef6040c5a7e65c6" member_type: VOTER last_known_addr { host: "127.10.237.65" port: 34843 } } peers { permanent_uuid: "33752ea2aa8f4a93949c41c2f2314fea" member_type: VOTER last_known_addr { host: "127.10.237.66" port: 42291 } } peers { permanent_uuid: "e12c2b3c307348cb9e66efa6d545205f" member_type: VOTER last_known_addr { host: "127.10.237.67" port: 39809 } }
I20260710 13:20:39.062172 11889 raft_consensus.cc:2468] T a3fb978e69fe41b1b26420d81c58be78 P 33752ea2aa8f4a93949c41c2f2314fea [term 1 FOLLOWER]: Leader election vote request: Granting yes vote for candidate e12c2b3c307348cb9e66efa6d545205f in term 1.
I20260710 13:20:39.062086 12056 raft_consensus.cc:515] T db681bd770e14c80a2226afc879f9a02 P e12c2b3c307348cb9e66efa6d545205f [term 1 FOLLOWER]: Starting leader election with config: opid_index: -1 OBSOLETE_local: false peers { permanent_uuid: "d9330c515c5c4d7d8ef6040c5a7e65c6" member_type: VOTER last_known_addr { host: "127.10.237.65" port: 34843 } } peers { permanent_uuid: "33752ea2aa8f4a93949c41c2f2314fea" member_type: VOTER last_known_addr { host: "127.10.237.66" port: 42291 } } peers { permanent_uuid: "e12c2b3c307348cb9e66efa6d545205f" member_type: VOTER last_known_addr { host: "127.10.237.67" port: 39809 } }
I20260710 13:20:39.064502 12009 raft_consensus.cc:697] T a3fb978e69fe41b1b26420d81c58be78 P e12c2b3c307348cb9e66efa6d545205f [term 1 LEADER]: Becoming Leader. State: Replica: e12c2b3c307348cb9e66efa6d545205f, State: Running, Role: LEADER
I20260710 13:20:39.064746 11813 tablet_service.cc:1917] Received RequestConsensusVote() RPC: tablet_id: "db681bd770e14c80a2226afc879f9a02" candidate_uuid: "e12c2b3c307348cb9e66efa6d545205f" candidate_term: 1 candidate_status { last_received { term: 0 index: 0 } } ignore_live_leader: false dest_uuid: "d9330c515c5c4d7d8ef6040c5a7e65c6"
I20260710 13:20:39.065326 11813 raft_consensus.cc:3060] T db681bd770e14c80a2226afc879f9a02 P d9330c515c5c4d7d8ef6040c5a7e65c6 [term 0 FOLLOWER]: Advancing to term 1
I20260710 13:20:39.065991 12056 leader_election.cc:290] T db681bd770e14c80a2226afc879f9a02 P e12c2b3c307348cb9e66efa6d545205f [CANDIDATE]: Term 1 election: Requested vote from peers d9330c515c5c4d7d8ef6040c5a7e65c6 (127.10.237.65:34843), 33752ea2aa8f4a93949c41c2f2314fea (127.10.237.66:42291)
I20260710 13:20:39.065874 12009 consensus_queue.cc:237] T a3fb978e69fe41b1b26420d81c58be78 P e12c2b3c307348cb9e66efa6d545205f [LEADER]: Queue going to LEADER mode. State: All replicated index: 0, Majority replicated index: 0, Committed index: 0, Last appended: 0.0, Last appended by leader: 0, Current term: 1, Majority size: 2, State: 0, Mode: LEADER, active raft config: opid_index: -1 OBSOLETE_local: false peers { permanent_uuid: "d9330c515c5c4d7d8ef6040c5a7e65c6" member_type: VOTER last_known_addr { host: "127.10.237.65" port: 34843 } } peers { permanent_uuid: "33752ea2aa8f4a93949c41c2f2314fea" member_type: VOTER last_known_addr { host: "127.10.237.66" port: 42291 } } peers { permanent_uuid: "e12c2b3c307348cb9e66efa6d545205f" member_type: VOTER last_known_addr { host: "127.10.237.67" port: 39809 } }
I20260710 13:20:39.068075 12005 ts_tablet_manager.cc:1434] T 4931b248b52b4d65985d0a8a45a76a3f P e12c2b3c307348cb9e66efa6d545205f: Time spent starting tablet: real 0.013s	user 0.013s	sys 0.000s
I20260710 13:20:39.070977 11813 raft_consensus.cc:2468] T db681bd770e14c80a2226afc879f9a02 P d9330c515c5c4d7d8ef6040c5a7e65c6 [term 1 FOLLOWER]: Leader election vote request: Granting yes vote for candidate e12c2b3c307348cb9e66efa6d545205f in term 1.
I20260710 13:20:39.072012 11929 leader_election.cc:304] T db681bd770e14c80a2226afc879f9a02 P e12c2b3c307348cb9e66efa6d545205f [CANDIDATE]: Term 1 election: Election decided. Result: candidate won. Election summary: received 2 responses out of 3 voters: 2 yes votes; 0 no votes. yes voters: d9330c515c5c4d7d8ef6040c5a7e65c6, e12c2b3c307348cb9e66efa6d545205f; no voters: 
I20260710 13:20:39.072839 12009 raft_consensus.cc:2804] T db681bd770e14c80a2226afc879f9a02 P e12c2b3c307348cb9e66efa6d545205f [term 1 FOLLOWER]: Leader election won for term 1
I20260710 13:20:39.073256 12009 raft_consensus.cc:697] T db681bd770e14c80a2226afc879f9a02 P e12c2b3c307348cb9e66efa6d545205f [term 1 LEADER]: Becoming Leader. State: Replica: e12c2b3c307348cb9e66efa6d545205f, State: Running, Role: LEADER
I20260710 13:20:39.073261 11889 tablet_service.cc:1917] Received RequestConsensusVote() RPC: tablet_id: "db681bd770e14c80a2226afc879f9a02" candidate_uuid: "e12c2b3c307348cb9e66efa6d545205f" candidate_term: 1 candidate_status { last_received { term: 0 index: 0 } } ignore_live_leader: false dest_uuid: "33752ea2aa8f4a93949c41c2f2314fea"
I20260710 13:20:39.073884 11889 raft_consensus.cc:3060] T db681bd770e14c80a2226afc879f9a02 P 33752ea2aa8f4a93949c41c2f2314fea [term 0 FOLLOWER]: Advancing to term 1
I20260710 13:20:39.074115 12009 consensus_queue.cc:237] T db681bd770e14c80a2226afc879f9a02 P e12c2b3c307348cb9e66efa6d545205f [LEADER]: Queue going to LEADER mode. State: All replicated index: 0, Majority replicated index: 0, Committed index: 0, Last appended: 0.0, Last appended by leader: 0, Current term: 1, Majority size: 2, State: 0, Mode: LEADER, active raft config: opid_index: -1 OBSOLETE_local: false peers { permanent_uuid: "d9330c515c5c4d7d8ef6040c5a7e65c6" member_type: VOTER last_known_addr { host: "127.10.237.65" port: 34843 } } peers { permanent_uuid: "33752ea2aa8f4a93949c41c2f2314fea" member_type: VOTER last_known_addr { host: "127.10.237.66" port: 42291 } } peers { permanent_uuid: "e12c2b3c307348cb9e66efa6d545205f" member_type: VOTER last_known_addr { host: "127.10.237.67" port: 39809 } }
I20260710 13:20:39.074712 11712 catalog_manager.cc:5697] T a3fb978e69fe41b1b26420d81c58be78 P e12c2b3c307348cb9e66efa6d545205f reported cstate change: term changed from 0 to 1, leader changed from <none> to e12c2b3c307348cb9e66efa6d545205f (127.10.237.67). New cstate: current_term: 1 leader_uuid: "e12c2b3c307348cb9e66efa6d545205f" committed_config { opid_index: -1 OBSOLETE_local: false peers { permanent_uuid: "d9330c515c5c4d7d8ef6040c5a7e65c6" member_type: VOTER last_known_addr { host: "127.10.237.65" port: 34843 } health_report { overall_health: UNKNOWN } } peers { permanent_uuid: "33752ea2aa8f4a93949c41c2f2314fea" member_type: VOTER last_known_addr { host: "127.10.237.66" port: 42291 } health_report { overall_health: UNKNOWN } } peers { permanent_uuid: "e12c2b3c307348cb9e66efa6d545205f" member_type: VOTER last_known_addr { host: "127.10.237.67" port: 39809 } health_report { overall_health: HEALTHY } } }
I20260710 13:20:39.080574 11889 raft_consensus.cc:2468] T db681bd770e14c80a2226afc879f9a02 P 33752ea2aa8f4a93949c41c2f2314fea [term 1 FOLLOWER]: Leader election vote request: Granting yes vote for candidate e12c2b3c307348cb9e66efa6d545205f in term 1.
I20260710 13:20:39.087443 11712 catalog_manager.cc:5697] T db681bd770e14c80a2226afc879f9a02 P e12c2b3c307348cb9e66efa6d545205f reported cstate change: term changed from 0 to 1, leader changed from <none> to e12c2b3c307348cb9e66efa6d545205f (127.10.237.67). New cstate: current_term: 1 leader_uuid: "e12c2b3c307348cb9e66efa6d545205f" committed_config { opid_index: -1 OBSOLETE_local: false peers { permanent_uuid: "d9330c515c5c4d7d8ef6040c5a7e65c6" member_type: VOTER last_known_addr { host: "127.10.237.65" port: 34843 } health_report { overall_health: UNKNOWN } } peers { permanent_uuid: "33752ea2aa8f4a93949c41c2f2314fea" member_type: VOTER last_known_addr { host: "127.10.237.66" port: 42291 } health_report { overall_health: UNKNOWN } } peers { permanent_uuid: "e12c2b3c307348cb9e66efa6d545205f" member_type: VOTER last_known_addr { host: "127.10.237.67" port: 39809 } health_report { overall_health: HEALTHY } } }
I20260710 13:20:39.094425 12009 raft_consensus.cc:493] T 291d3a37e2b14791ae227146a3b96f67 P e12c2b3c307348cb9e66efa6d545205f [term 0 FOLLOWER]: Starting pre-election (no leader contacted us within the election timeout)
I20260710 13:20:39.094913 12009 raft_consensus.cc:515] T 291d3a37e2b14791ae227146a3b96f67 P e12c2b3c307348cb9e66efa6d545205f [term 0 FOLLOWER]: Starting pre-election with config: opid_index: -1 OBSOLETE_local: false peers { permanent_uuid: "d9330c515c5c4d7d8ef6040c5a7e65c6" member_type: VOTER last_known_addr { host: "127.10.237.65" port: 34843 } } peers { permanent_uuid: "33752ea2aa8f4a93949c41c2f2314fea" member_type: VOTER last_known_addr { host: "127.10.237.66" port: 42291 } } peers { permanent_uuid: "e12c2b3c307348cb9e66efa6d545205f" member_type: VOTER last_known_addr { host: "127.10.237.67" port: 39809 } }
I20260710 13:20:39.096560 12009 leader_election.cc:290] T 291d3a37e2b14791ae227146a3b96f67 P e12c2b3c307348cb9e66efa6d545205f [CANDIDATE]: Term 1 pre-election: Requested pre-vote from peers d9330c515c5c4d7d8ef6040c5a7e65c6 (127.10.237.65:34843), 33752ea2aa8f4a93949c41c2f2314fea (127.10.237.66:42291)
I20260710 13:20:39.097420 11813 tablet_service.cc:1917] Received RequestConsensusVote() RPC: tablet_id: "291d3a37e2b14791ae227146a3b96f67" candidate_uuid: "e12c2b3c307348cb9e66efa6d545205f" candidate_term: 1 candidate_status { last_received { term: 0 index: 0 } } ignore_live_leader: false dest_uuid: "d9330c515c5c4d7d8ef6040c5a7e65c6" is_pre_election: true
I20260710 13:20:39.097471 11889 tablet_service.cc:1917] Received RequestConsensusVote() RPC: tablet_id: "291d3a37e2b14791ae227146a3b96f67" candidate_uuid: "e12c2b3c307348cb9e66efa6d545205f" candidate_term: 1 candidate_status { last_received { term: 0 index: 0 } } ignore_live_leader: false dest_uuid: "33752ea2aa8f4a93949c41c2f2314fea" is_pre_election: true
I20260710 13:20:39.098037 11813 raft_consensus.cc:2468] T 291d3a37e2b14791ae227146a3b96f67 P d9330c515c5c4d7d8ef6040c5a7e65c6 [term 0 FOLLOWER]: Leader pre-election vote request: Granting yes vote for candidate e12c2b3c307348cb9e66efa6d545205f in term 0.
I20260710 13:20:39.098120 11889 raft_consensus.cc:2468] T 291d3a37e2b14791ae227146a3b96f67 P 33752ea2aa8f4a93949c41c2f2314fea [term 0 FOLLOWER]: Leader pre-election vote request: Granting yes vote for candidate e12c2b3c307348cb9e66efa6d545205f in term 0.
I20260710 13:20:39.099056 11929 leader_election.cc:304] T 291d3a37e2b14791ae227146a3b96f67 P e12c2b3c307348cb9e66efa6d545205f [CANDIDATE]: Term 1 pre-election: Election decided. Result: candidate won. Election summary: received 2 responses out of 3 voters: 2 yes votes; 0 no votes. yes voters: d9330c515c5c4d7d8ef6040c5a7e65c6, e12c2b3c307348cb9e66efa6d545205f; no voters: 
I20260710 13:20:39.099705 12009 raft_consensus.cc:2804] T 291d3a37e2b14791ae227146a3b96f67 P e12c2b3c307348cb9e66efa6d545205f [term 0 FOLLOWER]: Leader pre-election won for term 1
I20260710 13:20:39.100049 12009 raft_consensus.cc:493] T 291d3a37e2b14791ae227146a3b96f67 P e12c2b3c307348cb9e66efa6d545205f [term 0 FOLLOWER]: Starting leader election (no leader contacted us within the election timeout)
I20260710 13:20:39.100340 12009 raft_consensus.cc:3060] T 291d3a37e2b14791ae227146a3b96f67 P e12c2b3c307348cb9e66efa6d545205f [term 0 FOLLOWER]: Advancing to term 1
I20260710 13:20:39.104576 12009 raft_consensus.cc:515] T 291d3a37e2b14791ae227146a3b96f67 P e12c2b3c307348cb9e66efa6d545205f [term 1 FOLLOWER]: Starting leader election with config: opid_index: -1 OBSOLETE_local: false peers { permanent_uuid: "d9330c515c5c4d7d8ef6040c5a7e65c6" member_type: VOTER last_known_addr { host: "127.10.237.65" port: 34843 } } peers { permanent_uuid: "33752ea2aa8f4a93949c41c2f2314fea" member_type: VOTER last_known_addr { host: "127.10.237.66" port: 42291 } } peers { permanent_uuid: "e12c2b3c307348cb9e66efa6d545205f" member_type: VOTER last_known_addr { host: "127.10.237.67" port: 39809 } }
I20260710 13:20:39.106487 12009 leader_election.cc:290] T 291d3a37e2b14791ae227146a3b96f67 P e12c2b3c307348cb9e66efa6d545205f [CANDIDATE]: Term 1 election: Requested vote from peers d9330c515c5c4d7d8ef6040c5a7e65c6 (127.10.237.65:34843), 33752ea2aa8f4a93949c41c2f2314fea (127.10.237.66:42291)
I20260710 13:20:39.107146 11813 tablet_service.cc:1917] Received RequestConsensusVote() RPC: tablet_id: "291d3a37e2b14791ae227146a3b96f67" candidate_uuid: "e12c2b3c307348cb9e66efa6d545205f" candidate_term: 1 candidate_status { last_received { term: 0 index: 0 } } ignore_live_leader: false dest_uuid: "d9330c515c5c4d7d8ef6040c5a7e65c6"
I20260710 13:20:39.107514 11889 tablet_service.cc:1917] Received RequestConsensusVote() RPC: tablet_id: "291d3a37e2b14791ae227146a3b96f67" candidate_uuid: "e12c2b3c307348cb9e66efa6d545205f" candidate_term: 1 candidate_status { last_received { term: 0 index: 0 } } ignore_live_leader: false dest_uuid: "33752ea2aa8f4a93949c41c2f2314fea"
I20260710 13:20:39.107771 11813 raft_consensus.cc:3060] T 291d3a37e2b14791ae227146a3b96f67 P d9330c515c5c4d7d8ef6040c5a7e65c6 [term 0 FOLLOWER]: Advancing to term 1
I20260710 13:20:39.108050 11889 raft_consensus.cc:3060] T 291d3a37e2b14791ae227146a3b96f67 P 33752ea2aa8f4a93949c41c2f2314fea [term 0 FOLLOWER]: Advancing to term 1
I20260710 13:20:39.114204 11889 raft_consensus.cc:2468] T 291d3a37e2b14791ae227146a3b96f67 P 33752ea2aa8f4a93949c41c2f2314fea [term 1 FOLLOWER]: Leader election vote request: Granting yes vote for candidate e12c2b3c307348cb9e66efa6d545205f in term 1.
I20260710 13:20:39.114200 11813 raft_consensus.cc:2468] T 291d3a37e2b14791ae227146a3b96f67 P d9330c515c5c4d7d8ef6040c5a7e65c6 [term 1 FOLLOWER]: Leader election vote request: Granting yes vote for candidate e12c2b3c307348cb9e66efa6d545205f in term 1.
I20260710 13:20:39.115413 11928 leader_election.cc:304] T 291d3a37e2b14791ae227146a3b96f67 P e12c2b3c307348cb9e66efa6d545205f [CANDIDATE]: Term 1 election: Election decided. Result: candidate won. Election summary: received 2 responses out of 3 voters: 2 yes votes; 0 no votes. yes voters: 33752ea2aa8f4a93949c41c2f2314fea, e12c2b3c307348cb9e66efa6d545205f; no voters: 
I20260710 13:20:39.116127 12009 raft_consensus.cc:2804] T 291d3a37e2b14791ae227146a3b96f67 P e12c2b3c307348cb9e66efa6d545205f [term 1 FOLLOWER]: Leader election won for term 1
I20260710 13:20:39.116509 12009 raft_consensus.cc:697] T 291d3a37e2b14791ae227146a3b96f67 P e12c2b3c307348cb9e66efa6d545205f [term 1 LEADER]: Becoming Leader. State: Replica: e12c2b3c307348cb9e66efa6d545205f, State: Running, Role: LEADER
I20260710 13:20:39.117236 12009 consensus_queue.cc:237] T 291d3a37e2b14791ae227146a3b96f67 P e12c2b3c307348cb9e66efa6d545205f [LEADER]: Queue going to LEADER mode. State: All replicated index: 0, Majority replicated index: 0, Committed index: 0, Last appended: 0.0, Last appended by leader: 0, Current term: 1, Majority size: 2, State: 0, Mode: LEADER, active raft config: opid_index: -1 OBSOLETE_local: false peers { permanent_uuid: "d9330c515c5c4d7d8ef6040c5a7e65c6" member_type: VOTER last_known_addr { host: "127.10.237.65" port: 34843 } } peers { permanent_uuid: "33752ea2aa8f4a93949c41c2f2314fea" member_type: VOTER last_known_addr { host: "127.10.237.66" port: 42291 } } peers { permanent_uuid: "e12c2b3c307348cb9e66efa6d545205f" member_type: VOTER last_known_addr { host: "127.10.237.67" port: 39809 } }
I20260710 13:20:39.124152 11712 catalog_manager.cc:5697] T 291d3a37e2b14791ae227146a3b96f67 P e12c2b3c307348cb9e66efa6d545205f reported cstate change: term changed from 0 to 1, leader changed from <none> to e12c2b3c307348cb9e66efa6d545205f (127.10.237.67). New cstate: current_term: 1 leader_uuid: "e12c2b3c307348cb9e66efa6d545205f" committed_config { opid_index: -1 OBSOLETE_local: false peers { permanent_uuid: "d9330c515c5c4d7d8ef6040c5a7e65c6" member_type: VOTER last_known_addr { host: "127.10.237.65" port: 34843 } health_report { overall_health: UNKNOWN } } peers { permanent_uuid: "33752ea2aa8f4a93949c41c2f2314fea" member_type: VOTER last_known_addr { host: "127.10.237.66" port: 42291 } health_report { overall_health: UNKNOWN } } peers { permanent_uuid: "e12c2b3c307348cb9e66efa6d545205f" member_type: VOTER last_known_addr { host: "127.10.237.67" port: 39809 } health_report { overall_health: HEALTHY } } }
I20260710 13:20:39.218900 12010 consensus_queue.cc:1048] T 74f53eff543142c497f03666eebad5ce P 33752ea2aa8f4a93949c41c2f2314fea [LEADER]: Connected to new peer: Peer: permanent_uuid: "e12c2b3c307348cb9e66efa6d545205f" member_type: VOTER last_known_addr { host: "127.10.237.67" port: 39809 }, Status: LMP_MISMATCH, Last received: 0.0, Next index: 1, Last known committed idx: 0, Time since last communication: 0.000s
I20260710 13:20:39.219457 12034 consensus_queue.cc:1048] T 74f53eff543142c497f03666eebad5ce P 33752ea2aa8f4a93949c41c2f2314fea [LEADER]: Connected to new peer: Peer: permanent_uuid: "d9330c515c5c4d7d8ef6040c5a7e65c6" member_type: VOTER last_known_addr { host: "127.10.237.65" port: 34843 }, Status: LMP_MISMATCH, Last received: 0.0, Next index: 1, Last known committed idx: 0, Time since last communication: 0.000s
I20260710 13:20:39.241039 12034 raft_consensus.cc:493] T 1a11729dd4dd485e9e8aae9df18ee667 P 33752ea2aa8f4a93949c41c2f2314fea [term 0 FOLLOWER]: Starting pre-election (no leader contacted us within the election timeout)
I20260710 13:20:39.241535 12034 raft_consensus.cc:515] T 1a11729dd4dd485e9e8aae9df18ee667 P 33752ea2aa8f4a93949c41c2f2314fea [term 0 FOLLOWER]: Starting pre-election with config: opid_index: -1 OBSOLETE_local: false peers { permanent_uuid: "d9330c515c5c4d7d8ef6040c5a7e65c6" member_type: VOTER last_known_addr { host: "127.10.237.65" port: 34843 } } peers { permanent_uuid: "33752ea2aa8f4a93949c41c2f2314fea" member_type: VOTER last_known_addr { host: "127.10.237.66" port: 42291 } } peers { permanent_uuid: "e12c2b3c307348cb9e66efa6d545205f" member_type: VOTER last_known_addr { host: "127.10.237.67" port: 39809 } }
I20260710 13:20:39.243445 12034 leader_election.cc:290] T 1a11729dd4dd485e9e8aae9df18ee667 P 33752ea2aa8f4a93949c41c2f2314fea [CANDIDATE]: Term 1 pre-election: Requested pre-vote from peers d9330c515c5c4d7d8ef6040c5a7e65c6 (127.10.237.65:34843), e12c2b3c307348cb9e66efa6d545205f (127.10.237.67:39809)
I20260710 13:20:39.244845 11813 tablet_service.cc:1917] Received RequestConsensusVote() RPC: tablet_id: "1a11729dd4dd485e9e8aae9df18ee667" candidate_uuid: "33752ea2aa8f4a93949c41c2f2314fea" candidate_term: 1 candidate_status { last_received { term: 0 index: 0 } } ignore_live_leader: false dest_uuid: "d9330c515c5c4d7d8ef6040c5a7e65c6" is_pre_election: true
I20260710 13:20:39.245236 11963 tablet_service.cc:1917] Received RequestConsensusVote() RPC: tablet_id: "1a11729dd4dd485e9e8aae9df18ee667" candidate_uuid: "33752ea2aa8f4a93949c41c2f2314fea" candidate_term: 1 candidate_status { last_received { term: 0 index: 0 } } ignore_live_leader: false dest_uuid: "e12c2b3c307348cb9e66efa6d545205f" is_pre_election: true
I20260710 13:20:39.245543 11813 raft_consensus.cc:2468] T 1a11729dd4dd485e9e8aae9df18ee667 P d9330c515c5c4d7d8ef6040c5a7e65c6 [term 0 FOLLOWER]: Leader pre-election vote request: Granting yes vote for candidate 33752ea2aa8f4a93949c41c2f2314fea in term 0.
I20260710 13:20:39.245878 11963 raft_consensus.cc:2468] T 1a11729dd4dd485e9e8aae9df18ee667 P e12c2b3c307348cb9e66efa6d545205f [term 0 FOLLOWER]: Leader pre-election vote request: Granting yes vote for candidate 33752ea2aa8f4a93949c41c2f2314fea in term 0.
I20260710 13:20:39.246932 11855 leader_election.cc:304] T 1a11729dd4dd485e9e8aae9df18ee667 P 33752ea2aa8f4a93949c41c2f2314fea [CANDIDATE]: Term 1 pre-election: Election decided. Result: candidate won. Election summary: received 2 responses out of 3 voters: 2 yes votes; 0 no votes. yes voters: 33752ea2aa8f4a93949c41c2f2314fea, d9330c515c5c4d7d8ef6040c5a7e65c6; no voters: 
I20260710 13:20:39.247666 12010 raft_consensus.cc:2804] T 1a11729dd4dd485e9e8aae9df18ee667 P 33752ea2aa8f4a93949c41c2f2314fea [term 0 FOLLOWER]: Leader pre-election won for term 1
I20260710 13:20:39.248073 12010 raft_consensus.cc:493] T 1a11729dd4dd485e9e8aae9df18ee667 P 33752ea2aa8f4a93949c41c2f2314fea [term 0 FOLLOWER]: Starting leader election (no leader contacted us within the election timeout)
I20260710 13:20:39.248464 12010 raft_consensus.cc:3060] T 1a11729dd4dd485e9e8aae9df18ee667 P 33752ea2aa8f4a93949c41c2f2314fea [term 0 FOLLOWER]: Advancing to term 1
I20260710 13:20:39.250042 12034 consensus_queue.cc:1048] T d16b0f5e79c242c6819da7bae9841ea8 P 33752ea2aa8f4a93949c41c2f2314fea [LEADER]: Connected to new peer: Peer: permanent_uuid: "d9330c515c5c4d7d8ef6040c5a7e65c6" member_type: VOTER last_known_addr { host: "127.10.237.65" port: 34843 }, Status: LMP_MISMATCH, Last received: 0.0, Next index: 1, Last known committed idx: 0, Time since last communication: 0.000s
I20260710 13:20:39.253577 12010 raft_consensus.cc:515] T 1a11729dd4dd485e9e8aae9df18ee667 P 33752ea2aa8f4a93949c41c2f2314fea [term 1 FOLLOWER]: Starting leader election with config: opid_index: -1 OBSOLETE_local: false peers { permanent_uuid: "d9330c515c5c4d7d8ef6040c5a7e65c6" member_type: VOTER last_known_addr { host: "127.10.237.65" port: 34843 } } peers { permanent_uuid: "33752ea2aa8f4a93949c41c2f2314fea" member_type: VOTER last_known_addr { host: "127.10.237.66" port: 42291 } } peers { permanent_uuid: "e12c2b3c307348cb9e66efa6d545205f" member_type: VOTER last_known_addr { host: "127.10.237.67" port: 39809 } }
I20260710 13:20:39.256475 11814 tablet_service.cc:1917] Received RequestConsensusVote() RPC: tablet_id: "1a11729dd4dd485e9e8aae9df18ee667" candidate_uuid: "33752ea2aa8f4a93949c41c2f2314fea" candidate_term: 1 candidate_status { last_received { term: 0 index: 0 } } ignore_live_leader: false dest_uuid: "d9330c515c5c4d7d8ef6040c5a7e65c6"
I20260710 13:20:39.257054 11814 raft_consensus.cc:3060] T 1a11729dd4dd485e9e8aae9df18ee667 P d9330c515c5c4d7d8ef6040c5a7e65c6 [term 0 FOLLOWER]: Advancing to term 1
I20260710 13:20:39.257098 12010 leader_election.cc:290] T 1a11729dd4dd485e9e8aae9df18ee667 P 33752ea2aa8f4a93949c41c2f2314fea [CANDIDATE]: Term 1 election: Requested vote from peers d9330c515c5c4d7d8ef6040c5a7e65c6 (127.10.237.65:34843), e12c2b3c307348cb9e66efa6d545205f (127.10.237.67:39809)
I20260710 13:20:39.263824 11963 tablet_service.cc:1917] Received RequestConsensusVote() RPC: tablet_id: "1a11729dd4dd485e9e8aae9df18ee667" candidate_uuid: "33752ea2aa8f4a93949c41c2f2314fea" candidate_term: 1 candidate_status { last_received { term: 0 index: 0 } } ignore_live_leader: false dest_uuid: "e12c2b3c307348cb9e66efa6d545205f"
I20260710 13:20:39.264395 11963 raft_consensus.cc:3060] T 1a11729dd4dd485e9e8aae9df18ee667 P e12c2b3c307348cb9e66efa6d545205f [term 0 FOLLOWER]: Advancing to term 1
I20260710 13:20:39.265642 12010 consensus_queue.cc:1048] T d16b0f5e79c242c6819da7bae9841ea8 P 33752ea2aa8f4a93949c41c2f2314fea [LEADER]: Connected to new peer: Peer: permanent_uuid: "e12c2b3c307348cb9e66efa6d545205f" member_type: VOTER last_known_addr { host: "127.10.237.67" port: 39809 }, Status: LMP_MISMATCH, Last received: 0.0, Next index: 1, Last known committed idx: 0, Time since last communication: 0.000s
I20260710 13:20:39.267910 11814 raft_consensus.cc:2468] T 1a11729dd4dd485e9e8aae9df18ee667 P d9330c515c5c4d7d8ef6040c5a7e65c6 [term 1 FOLLOWER]: Leader election vote request: Granting yes vote for candidate 33752ea2aa8f4a93949c41c2f2314fea in term 1.
I20260710 13:20:39.269125 11855 leader_election.cc:304] T 1a11729dd4dd485e9e8aae9df18ee667 P 33752ea2aa8f4a93949c41c2f2314fea [CANDIDATE]: Term 1 election: Election decided. Result: candidate won. Election summary: received 2 responses out of 3 voters: 2 yes votes; 0 no votes. yes voters: 33752ea2aa8f4a93949c41c2f2314fea, d9330c515c5c4d7d8ef6040c5a7e65c6; no voters: 
I20260710 13:20:39.269920 12010 raft_consensus.cc:2804] T 1a11729dd4dd485e9e8aae9df18ee667 P 33752ea2aa8f4a93949c41c2f2314fea [term 1 FOLLOWER]: Leader election won for term 1
I20260710 13:20:39.270416 12010 raft_consensus.cc:697] T 1a11729dd4dd485e9e8aae9df18ee667 P 33752ea2aa8f4a93949c41c2f2314fea [term 1 LEADER]: Becoming Leader. State: Replica: 33752ea2aa8f4a93949c41c2f2314fea, State: Running, Role: LEADER
I20260710 13:20:39.271198 12010 consensus_queue.cc:237] T 1a11729dd4dd485e9e8aae9df18ee667 P 33752ea2aa8f4a93949c41c2f2314fea [LEADER]: Queue going to LEADER mode. State: All replicated index: 0, Majority replicated index: 0, Committed index: 0, Last appended: 0.0, Last appended by leader: 0, Current term: 1, Majority size: 2, State: 0, Mode: LEADER, active raft config: opid_index: -1 OBSOLETE_local: false peers { permanent_uuid: "d9330c515c5c4d7d8ef6040c5a7e65c6" member_type: VOTER last_known_addr { host: "127.10.237.65" port: 34843 } } peers { permanent_uuid: "33752ea2aa8f4a93949c41c2f2314fea" member_type: VOTER last_known_addr { host: "127.10.237.66" port: 42291 } } peers { permanent_uuid: "e12c2b3c307348cb9e66efa6d545205f" member_type: VOTER last_known_addr { host: "127.10.237.67" port: 39809 } }
I20260710 13:20:39.271680 11963 raft_consensus.cc:2468] T 1a11729dd4dd485e9e8aae9df18ee667 P e12c2b3c307348cb9e66efa6d545205f [term 1 FOLLOWER]: Leader election vote request: Granting yes vote for candidate 33752ea2aa8f4a93949c41c2f2314fea in term 1.
I20260710 13:20:39.282274 11709 catalog_manager.cc:5697] T 1a11729dd4dd485e9e8aae9df18ee667 P 33752ea2aa8f4a93949c41c2f2314fea reported cstate change: term changed from 0 to 1, leader changed from <none> to 33752ea2aa8f4a93949c41c2f2314fea (127.10.237.66). New cstate: current_term: 1 leader_uuid: "33752ea2aa8f4a93949c41c2f2314fea" committed_config { opid_index: -1 OBSOLETE_local: false peers { permanent_uuid: "d9330c515c5c4d7d8ef6040c5a7e65c6" member_type: VOTER last_known_addr { host: "127.10.237.65" port: 34843 } health_report { overall_health: UNKNOWN } } peers { permanent_uuid: "33752ea2aa8f4a93949c41c2f2314fea" member_type: VOTER last_known_addr { host: "127.10.237.66" port: 42291 } health_report { overall_health: HEALTHY } } peers { permanent_uuid: "e12c2b3c307348cb9e66efa6d545205f" member_type: VOTER last_known_addr { host: "127.10.237.67" port: 39809 } health_report { overall_health: UNKNOWN } } }
I20260710 13:20:39.302227 12010 consensus_queue.cc:1048] T 4f48088ed816494fb887355b8e88c619 P 33752ea2aa8f4a93949c41c2f2314fea [LEADER]: Connected to new peer: Peer: permanent_uuid: "d9330c515c5c4d7d8ef6040c5a7e65c6" member_type: VOTER last_known_addr { host: "127.10.237.65" port: 34843 }, Status: LMP_MISMATCH, Last received: 0.0, Next index: 1, Last known committed idx: 0, Time since last communication: 0.000s
I20260710 13:20:39.311640 12034 consensus_queue.cc:1048] T 4f48088ed816494fb887355b8e88c619 P 33752ea2aa8f4a93949c41c2f2314fea [LEADER]: Connected to new peer: Peer: permanent_uuid: "e12c2b3c307348cb9e66efa6d545205f" member_type: VOTER last_known_addr { host: "127.10.237.67" port: 39809 }, Status: LMP_MISMATCH, Last received: 0.0, Next index: 1, Last known committed idx: 0, Time since last communication: 0.000s
I20260710 13:20:39.331243 12036 consensus_queue.cc:1048] T a3293cf4b9564609a98ec4b2561f0520 P d9330c515c5c4d7d8ef6040c5a7e65c6 [LEADER]: Connected to new peer: Peer: permanent_uuid: "33752ea2aa8f4a93949c41c2f2314fea" member_type: VOTER last_known_addr { host: "127.10.237.66" port: 42291 }, Status: LMP_MISMATCH, Last received: 0.0, Next index: 1, Last known committed idx: 0, Time since last communication: 0.000s
I20260710 13:20:39.341599 12038 consensus_queue.cc:1048] T a3293cf4b9564609a98ec4b2561f0520 P d9330c515c5c4d7d8ef6040c5a7e65c6 [LEADER]: Connected to new peer: Peer: permanent_uuid: "e12c2b3c307348cb9e66efa6d545205f" member_type: VOTER last_known_addr { host: "127.10.237.67" port: 39809 }, Status: LMP_MISMATCH, Last received: 0.0, Next index: 1, Last known committed idx: 0, Time since last communication: 0.000s
I20260710 13:20:39.370635 12038 raft_consensus.cc:493] T 4931b248b52b4d65985d0a8a45a76a3f P d9330c515c5c4d7d8ef6040c5a7e65c6 [term 0 FOLLOWER]: Starting pre-election (no leader contacted us within the election timeout)
I20260710 13:20:39.371145 12038 raft_consensus.cc:515] T 4931b248b52b4d65985d0a8a45a76a3f P d9330c515c5c4d7d8ef6040c5a7e65c6 [term 0 FOLLOWER]: Starting pre-election with config: opid_index: -1 OBSOLETE_local: false peers { permanent_uuid: "d9330c515c5c4d7d8ef6040c5a7e65c6" member_type: VOTER last_known_addr { host: "127.10.237.65" port: 34843 } } peers { permanent_uuid: "33752ea2aa8f4a93949c41c2f2314fea" member_type: VOTER last_known_addr { host: "127.10.237.66" port: 42291 } } peers { permanent_uuid: "e12c2b3c307348cb9e66efa6d545205f" member_type: VOTER last_known_addr { host: "127.10.237.67" port: 39809 } }
I20260710 13:20:39.373119 12038 leader_election.cc:290] T 4931b248b52b4d65985d0a8a45a76a3f P d9330c515c5c4d7d8ef6040c5a7e65c6 [CANDIDATE]: Term 1 pre-election: Requested pre-vote from peers 33752ea2aa8f4a93949c41c2f2314fea (127.10.237.66:42291), e12c2b3c307348cb9e66efa6d545205f (127.10.237.67:39809)
I20260710 13:20:39.373878 11889 tablet_service.cc:1917] Received RequestConsensusVote() RPC: tablet_id: "4931b248b52b4d65985d0a8a45a76a3f" candidate_uuid: "d9330c515c5c4d7d8ef6040c5a7e65c6" candidate_term: 1 candidate_status { last_received { term: 0 index: 0 } } ignore_live_leader: false dest_uuid: "33752ea2aa8f4a93949c41c2f2314fea" is_pre_election: true
I20260710 13:20:39.374055 11960 tablet_service.cc:1917] Received RequestConsensusVote() RPC: tablet_id: "4931b248b52b4d65985d0a8a45a76a3f" candidate_uuid: "d9330c515c5c4d7d8ef6040c5a7e65c6" candidate_term: 1 candidate_status { last_received { term: 0 index: 0 } } ignore_live_leader: false dest_uuid: "e12c2b3c307348cb9e66efa6d545205f" is_pre_election: true
I20260710 13:20:39.374593 11889 raft_consensus.cc:2468] T 4931b248b52b4d65985d0a8a45a76a3f P 33752ea2aa8f4a93949c41c2f2314fea [term 0 FOLLOWER]: Leader pre-election vote request: Granting yes vote for candidate d9330c515c5c4d7d8ef6040c5a7e65c6 in term 0.
I20260710 13:20:39.374668 11960 raft_consensus.cc:2468] T 4931b248b52b4d65985d0a8a45a76a3f P e12c2b3c307348cb9e66efa6d545205f [term 0 FOLLOWER]: Leader pre-election vote request: Granting yes vote for candidate d9330c515c5c4d7d8ef6040c5a7e65c6 in term 0.
I20260710 13:20:39.375571 11779 leader_election.cc:304] T 4931b248b52b4d65985d0a8a45a76a3f P d9330c515c5c4d7d8ef6040c5a7e65c6 [CANDIDATE]: Term 1 pre-election: Election decided. Result: candidate won. Election summary: received 2 responses out of 3 voters: 2 yes votes; 0 no votes. yes voters: 33752ea2aa8f4a93949c41c2f2314fea, d9330c515c5c4d7d8ef6040c5a7e65c6; no voters: 
I20260710 13:20:39.376225 12038 raft_consensus.cc:2804] T 4931b248b52b4d65985d0a8a45a76a3f P d9330c515c5c4d7d8ef6040c5a7e65c6 [term 0 FOLLOWER]: Leader pre-election won for term 1
I20260710 13:20:39.376739 12038 raft_consensus.cc:493] T 4931b248b52b4d65985d0a8a45a76a3f P d9330c515c5c4d7d8ef6040c5a7e65c6 [term 0 FOLLOWER]: Starting leader election (no leader contacted us within the election timeout)
I20260710 13:20:39.377089 12038 raft_consensus.cc:3060] T 4931b248b52b4d65985d0a8a45a76a3f P d9330c515c5c4d7d8ef6040c5a7e65c6 [term 0 FOLLOWER]: Advancing to term 1
I20260710 13:20:39.382467 12038 raft_consensus.cc:515] T 4931b248b52b4d65985d0a8a45a76a3f P d9330c515c5c4d7d8ef6040c5a7e65c6 [term 1 FOLLOWER]: Starting leader election with config: opid_index: -1 OBSOLETE_local: false peers { permanent_uuid: "d9330c515c5c4d7d8ef6040c5a7e65c6" member_type: VOTER last_known_addr { host: "127.10.237.65" port: 34843 } } peers { permanent_uuid: "33752ea2aa8f4a93949c41c2f2314fea" member_type: VOTER last_known_addr { host: "127.10.237.66" port: 42291 } } peers { permanent_uuid: "e12c2b3c307348cb9e66efa6d545205f" member_type: VOTER last_known_addr { host: "127.10.237.67" port: 39809 } }
I20260710 13:20:39.384187 12038 leader_election.cc:290] T 4931b248b52b4d65985d0a8a45a76a3f P d9330c515c5c4d7d8ef6040c5a7e65c6 [CANDIDATE]: Term 1 election: Requested vote from peers 33752ea2aa8f4a93949c41c2f2314fea (127.10.237.66:42291), e12c2b3c307348cb9e66efa6d545205f (127.10.237.67:39809)
I20260710 13:20:39.385051 11889 tablet_service.cc:1917] Received RequestConsensusVote() RPC: tablet_id: "4931b248b52b4d65985d0a8a45a76a3f" candidate_uuid: "d9330c515c5c4d7d8ef6040c5a7e65c6" candidate_term: 1 candidate_status { last_received { term: 0 index: 0 } } ignore_live_leader: false dest_uuid: "33752ea2aa8f4a93949c41c2f2314fea"
I20260710 13:20:39.385136 11960 tablet_service.cc:1917] Received RequestConsensusVote() RPC: tablet_id: "4931b248b52b4d65985d0a8a45a76a3f" candidate_uuid: "d9330c515c5c4d7d8ef6040c5a7e65c6" candidate_term: 1 candidate_status { last_received { term: 0 index: 0 } } ignore_live_leader: false dest_uuid: "e12c2b3c307348cb9e66efa6d545205f"
I20260710 13:20:39.385635 11889 raft_consensus.cc:3060] T 4931b248b52b4d65985d0a8a45a76a3f P 33752ea2aa8f4a93949c41c2f2314fea [term 0 FOLLOWER]: Advancing to term 1
I20260710 13:20:39.385744 11960 raft_consensus.cc:3060] T 4931b248b52b4d65985d0a8a45a76a3f P e12c2b3c307348cb9e66efa6d545205f [term 0 FOLLOWER]: Advancing to term 1
I20260710 13:20:39.387800 11888 raft_consensus.cc:3060] T b4fe1e14d0c046ca964e50659481f582 P 33752ea2aa8f4a93949c41c2f2314fea [term 0 FOLLOWER]: Advancing to term 1
I20260710 13:20:39.390564 11889 raft_consensus.cc:2468] T 4931b248b52b4d65985d0a8a45a76a3f P 33752ea2aa8f4a93949c41c2f2314fea [term 1 FOLLOWER]: Leader election vote request: Granting yes vote for candidate d9330c515c5c4d7d8ef6040c5a7e65c6 in term 1.
I20260710 13:20:39.391505 11779 leader_election.cc:304] T 4931b248b52b4d65985d0a8a45a76a3f P d9330c515c5c4d7d8ef6040c5a7e65c6 [CANDIDATE]: Term 1 election: Election decided. Result: candidate won. Election summary: received 2 responses out of 3 voters: 2 yes votes; 0 no votes. yes voters: 33752ea2aa8f4a93949c41c2f2314fea, d9330c515c5c4d7d8ef6040c5a7e65c6; no voters: 
I20260710 13:20:39.392190 12038 raft_consensus.cc:2804] T 4931b248b52b4d65985d0a8a45a76a3f P d9330c515c5c4d7d8ef6040c5a7e65c6 [term 1 FOLLOWER]: Leader election won for term 1
I20260710 13:20:39.392601 12038 raft_consensus.cc:697] T 4931b248b52b4d65985d0a8a45a76a3f P d9330c515c5c4d7d8ef6040c5a7e65c6 [term 1 LEADER]: Becoming Leader. State: Replica: d9330c515c5c4d7d8ef6040c5a7e65c6, State: Running, Role: LEADER
I20260710 13:20:39.393128 11960 raft_consensus.cc:2468] T 4931b248b52b4d65985d0a8a45a76a3f P e12c2b3c307348cb9e66efa6d545205f [term 1 FOLLOWER]: Leader election vote request: Granting yes vote for candidate d9330c515c5c4d7d8ef6040c5a7e65c6 in term 1.
I20260710 13:20:39.393383 12038 consensus_queue.cc:237] T 4931b248b52b4d65985d0a8a45a76a3f P d9330c515c5c4d7d8ef6040c5a7e65c6 [LEADER]: Queue going to LEADER mode. State: All replicated index: 0, Majority replicated index: 0, Committed index: 0, Last appended: 0.0, Last appended by leader: 0, Current term: 1, Majority size: 2, State: 0, Mode: LEADER, active raft config: opid_index: -1 OBSOLETE_local: false peers { permanent_uuid: "d9330c515c5c4d7d8ef6040c5a7e65c6" member_type: VOTER last_known_addr { host: "127.10.237.65" port: 34843 } } peers { permanent_uuid: "33752ea2aa8f4a93949c41c2f2314fea" member_type: VOTER last_known_addr { host: "127.10.237.66" port: 42291 } } peers { permanent_uuid: "e12c2b3c307348cb9e66efa6d545205f" member_type: VOTER last_known_addr { host: "127.10.237.67" port: 39809 } }
I20260710 13:20:39.396335 12073 consensus_queue.cc:1048] T b4fe1e14d0c046ca964e50659481f582 P d9330c515c5c4d7d8ef6040c5a7e65c6 [LEADER]: Connected to new peer: Peer: permanent_uuid: "33752ea2aa8f4a93949c41c2f2314fea" member_type: VOTER last_known_addr { host: "127.10.237.66" port: 42291 }, Status: LMP_MISMATCH, Last received: 0.0, Next index: 1, Last known committed idx: 0, Time since last communication: 0.000s
I20260710 13:20:39.403633 11709 catalog_manager.cc:5697] T 4931b248b52b4d65985d0a8a45a76a3f P d9330c515c5c4d7d8ef6040c5a7e65c6 reported cstate change: term changed from 0 to 1, leader changed from <none> to d9330c515c5c4d7d8ef6040c5a7e65c6 (127.10.237.65). New cstate: current_term: 1 leader_uuid: "d9330c515c5c4d7d8ef6040c5a7e65c6" committed_config { opid_index: -1 OBSOLETE_local: false peers { permanent_uuid: "d9330c515c5c4d7d8ef6040c5a7e65c6" member_type: VOTER last_known_addr { host: "127.10.237.65" port: 34843 } health_report { overall_health: HEALTHY } } peers { permanent_uuid: "33752ea2aa8f4a93949c41c2f2314fea" member_type: VOTER last_known_addr { host: "127.10.237.66" port: 42291 } health_report { overall_health: UNKNOWN } } peers { permanent_uuid: "e12c2b3c307348cb9e66efa6d545205f" member_type: VOTER last_known_addr { host: "127.10.237.67" port: 39809 } health_report { overall_health: UNKNOWN } } }
I20260710 13:20:39.408926 12036 consensus_queue.cc:1048] T b4fe1e14d0c046ca964e50659481f582 P d9330c515c5c4d7d8ef6040c5a7e65c6 [LEADER]: Connected to new peer: Peer: permanent_uuid: "e12c2b3c307348cb9e66efa6d545205f" member_type: VOTER last_known_addr { host: "127.10.237.67" port: 39809 }, Status: LMP_MISMATCH, Last received: 0.0, Next index: 1, Last known committed idx: 0, Time since last communication: 0.000s
I20260710 13:20:39.518046 12009 consensus_queue.cc:1048] T a3fb978e69fe41b1b26420d81c58be78 P e12c2b3c307348cb9e66efa6d545205f [LEADER]: Connected to new peer: Peer: permanent_uuid: "33752ea2aa8f4a93949c41c2f2314fea" member_type: VOTER last_known_addr { host: "127.10.237.66" port: 42291 }, Status: LMP_MISMATCH, Last received: 0.0, Next index: 1, Last known committed idx: 0, Time since last communication: 0.000s
I20260710 13:20:39.528713 12056 consensus_queue.cc:1048] T a3fb978e69fe41b1b26420d81c58be78 P e12c2b3c307348cb9e66efa6d545205f [LEADER]: Connected to new peer: Peer: permanent_uuid: "d9330c515c5c4d7d8ef6040c5a7e65c6" member_type: VOTER last_known_addr { host: "127.10.237.65" port: 34843 }, Status: LMP_MISMATCH, Last received: 0.0, Next index: 1, Last known committed idx: 0, Time since last communication: 0.000s
I20260710 13:20:39.624823 11888 tablet_service.cc:2072] Received LeaderStepDown RPC: tablet_id: "4f48088ed816494fb887355b8e88c619"
dest_uuid: "33752ea2aa8f4a93949c41c2f2314fea"
mode: GRACEFUL
new_leader_uuid: "d9330c515c5c4d7d8ef6040c5a7e65c6"
 from {username='slave'} at 127.0.0.1:49414
I20260710 13:20:39.625325 11888 raft_consensus.cc:606] T 4f48088ed816494fb887355b8e88c619 P 33752ea2aa8f4a93949c41c2f2314fea [term 1 LEADER]: Received request to transfer leadership to TS d9330c515c5c4d7d8ef6040c5a7e65c6
I20260710 13:20:39.636956 11960 tablet_service.cc:2072] Received LeaderStepDown RPC: tablet_id: "291d3a37e2b14791ae227146a3b96f67"
dest_uuid: "e12c2b3c307348cb9e66efa6d545205f"
mode: GRACEFUL
new_leader_uuid: "d9330c515c5c4d7d8ef6040c5a7e65c6"
 from {username='slave'} at 127.0.0.1:45274
I20260710 13:20:39.637437 11960 raft_consensus.cc:606] T 291d3a37e2b14791ae227146a3b96f67 P e12c2b3c307348cb9e66efa6d545205f [term 1 LEADER]: Received request to transfer leadership to TS d9330c515c5c4d7d8ef6040c5a7e65c6
I20260710 13:20:39.641849 11960 tablet_service.cc:2072] Received LeaderStepDown RPC: tablet_id: "a3fb978e69fe41b1b26420d81c58be78"
dest_uuid: "e12c2b3c307348cb9e66efa6d545205f"
mode: GRACEFUL
new_leader_uuid: "d9330c515c5c4d7d8ef6040c5a7e65c6"
 from {username='slave'} at 127.0.0.1:45274
I20260710 13:20:39.642381 11960 raft_consensus.cc:606] T a3fb978e69fe41b1b26420d81c58be78 P e12c2b3c307348cb9e66efa6d545205f [term 1 LEADER]: Received request to transfer leadership to TS d9330c515c5c4d7d8ef6040c5a7e65c6
I20260710 13:20:39.646919 12056 consensus_queue.cc:1048] T db681bd770e14c80a2226afc879f9a02 P e12c2b3c307348cb9e66efa6d545205f [LEADER]: Connected to new peer: Peer: permanent_uuid: "33752ea2aa8f4a93949c41c2f2314fea" member_type: VOTER last_known_addr { host: "127.10.237.66" port: 42291 }, Status: LMP_MISMATCH, Last received: 0.0, Next index: 1, Last known committed idx: 0, Time since last communication: 0.000s
I20260710 13:20:39.659399 12058 consensus_queue.cc:1048] T db681bd770e14c80a2226afc879f9a02 P e12c2b3c307348cb9e66efa6d545205f [LEADER]: Connected to new peer: Peer: permanent_uuid: "d9330c515c5c4d7d8ef6040c5a7e65c6" member_type: VOTER last_known_addr { host: "127.10.237.65" port: 34843 }, Status: LMP_MISMATCH, Last received: 0.0, Next index: 1, Last known committed idx: 0, Time since last communication: 0.000s
I20260710 13:20:39.659906 12009 consensus_queue.cc:1048] T 291d3a37e2b14791ae227146a3b96f67 P e12c2b3c307348cb9e66efa6d545205f [LEADER]: Connected to new peer: Peer: permanent_uuid: "d9330c515c5c4d7d8ef6040c5a7e65c6" member_type: VOTER last_known_addr { host: "127.10.237.65" port: 34843 }, Status: LMP_MISMATCH, Last received: 0.0, Next index: 1, Last known committed idx: 0, Time since last communication: 0.000s
I20260710 13:20:39.670400 12058 raft_consensus.cc:993] T 291d3a37e2b14791ae227146a3b96f67 P e12c2b3c307348cb9e66efa6d545205f: : Instructing follower d9330c515c5c4d7d8ef6040c5a7e65c6 to start an election
I20260710 13:20:39.670840 12058 raft_consensus.cc:1081] T 291d3a37e2b14791ae227146a3b96f67 P e12c2b3c307348cb9e66efa6d545205f [term 1 LEADER]: Signalling peer d9330c515c5c4d7d8ef6040c5a7e65c6 to start an election
I20260710 13:20:39.675499 11814 tablet_service.cc:2044] Received Run Leader Election RPC: tablet_id: "291d3a37e2b14791ae227146a3b96f67"
dest_uuid: "d9330c515c5c4d7d8ef6040c5a7e65c6"
 from {username='slave'} at 127.0.0.1:33924
I20260710 13:20:39.675925 11814 raft_consensus.cc:493] T 291d3a37e2b14791ae227146a3b96f67 P d9330c515c5c4d7d8ef6040c5a7e65c6 [term 1 FOLLOWER]: Starting forced leader election (received explicit request)
I20260710 13:20:39.676316 11814 raft_consensus.cc:3060] T 291d3a37e2b14791ae227146a3b96f67 P d9330c515c5c4d7d8ef6040c5a7e65c6 [term 1 FOLLOWER]: Advancing to term 2
I20260710 13:20:39.681049 12058 consensus_queue.cc:1048] T 291d3a37e2b14791ae227146a3b96f67 P e12c2b3c307348cb9e66efa6d545205f [LEADER]: Connected to new peer: Peer: permanent_uuid: "33752ea2aa8f4a93949c41c2f2314fea" member_type: VOTER last_known_addr { host: "127.10.237.66" port: 42291 }, Status: LMP_MISMATCH, Last received: 0.0, Next index: 1, Last known committed idx: 0, Time since last communication: 0.000s
I20260710 13:20:39.682013 11813 tablet_service.cc:2072] Received LeaderStepDown RPC: tablet_id: "b4fe1e14d0c046ca964e50659481f582"
dest_uuid: "d9330c515c5c4d7d8ef6040c5a7e65c6"
mode: GRACEFUL
new_leader_uuid: "33752ea2aa8f4a93949c41c2f2314fea"
