I20260710 13:21:14.694008 12712 raft_consensus.cc:515] T d450e6aca37649d4b9bcfa1f90f4479a P d0a3c9cb0ab7440f8ce152e5fe4c8bbe [term 2 FOLLOWER]: Starting forced leader election with config: opid_index: 4 OBSOLETE_local: false peers { permanent_uuid: "cd1912b4774d49d3a5f13479f002eaaf" member_type: VOTER last_known_addr { host: "127.10.237.66" port: 35659 } } peers { permanent_uuid: "c0c13e89c60341d4a40ad915928170ff" member_type: VOTER last_known_addr { host: "127.10.237.67" port: 42653 } } peers { permanent_uuid: "d0a3c9cb0ab7440f8ce152e5fe4c8bbe" member_type: VOTER last_known_addr { host: "127.10.237.68" port: 39133 } attrs { promote: false } }
I20260710 13:21:14.694577 13114 raft_consensus.cc:993] T 076d95ba243a4ebe8f599c6f6b32103a P c0c13e89c60341d4a40ad915928170ff: : Instructing follower d0a3c9cb0ab7440f8ce152e5fe4c8bbe to start an election
I20260710 13:21:14.695138 13083 raft_consensus.cc:1081] T 076d95ba243a4ebe8f599c6f6b32103a P c0c13e89c60341d4a40ad915928170ff [term 1 LEADER]: Signalling peer d0a3c9cb0ab7440f8ce152e5fe4c8bbe to start an election
I20260710 13:21:14.695986 12712 leader_election.cc:290] T d450e6aca37649d4b9bcfa1f90f4479a P d0a3c9cb0ab7440f8ce152e5fe4c8bbe [CANDIDATE]: Term 2 election: Requested vote from peers cd1912b4774d49d3a5f13479f002eaaf (127.10.237.66:35659), c0c13e89c60341d4a40ad915928170ff (127.10.237.67:42653)
I20260710 13:21:14.696830 12707 tablet_service.cc:2044] Received Run Leader Election RPC: tablet_id: "076d95ba243a4ebe8f599c6f6b32103a"
dest_uuid: "d0a3c9cb0ab7440f8ce152e5fe4c8bbe"
 from {username='slave'} at 127.0.0.1:45238
I20260710 13:21:14.697433 12707 raft_consensus.cc:493] T 076d95ba243a4ebe8f599c6f6b32103a P d0a3c9cb0ab7440f8ce152e5fe4c8bbe [term 1 FOLLOWER]: Starting forced leader election (received explicit request)
I20260710 13:21:14.697777 12707 raft_consensus.cc:3060] T 076d95ba243a4ebe8f599c6f6b32103a P d0a3c9cb0ab7440f8ce152e5fe4c8bbe [term 1 FOLLOWER]: Advancing to term 2
I20260710 13:21:14.702943 12372 tablet_service.cc:1917] Received RequestConsensusVote() RPC: tablet_id: "d450e6aca37649d4b9bcfa1f90f4479a" candidate_uuid: "d0a3c9cb0ab7440f8ce152e5fe4c8bbe" candidate_term: 2 candidate_status { last_received { term: 1 index: 4 } } ignore_live_leader: true dest_uuid: "cd1912b4774d49d3a5f13479f002eaaf"
I20260710 13:21:14.703541 12372 raft_consensus.cc:3055] T d450e6aca37649d4b9bcfa1f90f4479a P cd1912b4774d49d3a5f13479f002eaaf [term 1 LEADER]: Stepping down as leader of term 1
I20260710 13:21:14.704305 12372 raft_consensus.cc:740] T d450e6aca37649d4b9bcfa1f90f4479a P cd1912b4774d49d3a5f13479f002eaaf [term 1 LEADER]: Becoming Follower/Learner. State: Replica: cd1912b4774d49d3a5f13479f002eaaf, State: Running, Role: LEADER
I20260710 13:21:14.705121 12372 consensus_queue.cc:260] T d450e6aca37649d4b9bcfa1f90f4479a P cd1912b4774d49d3a5f13479f002eaaf [NON_LEADER]: Queue going to NON_LEADER mode. State: All replicated index: 0, Majority replicated index: 4, Committed index: 4, Last appended: 1.4, Last appended by leader: 4, Current term: 1, Majority size: -1, State: 0, Mode: NON_LEADER, active raft config: opid_index: 4 OBSOLETE_local: false peers { permanent_uuid: "cd1912b4774d49d3a5f13479f002eaaf" member_type: VOTER last_known_addr { host: "127.10.237.66" port: 35659 } } peers { permanent_uuid: "c0c13e89c60341d4a40ad915928170ff" member_type: VOTER last_known_addr { host: "127.10.237.67" port: 42653 } } peers { permanent_uuid: "d0a3c9cb0ab7440f8ce152e5fe4c8bbe" member_type: VOTER last_known_addr { host: "127.10.237.68" port: 39133 } attrs { promote: false } }
I20260710 13:21:14.706398 12372 raft_consensus.cc:3060] T d450e6aca37649d4b9bcfa1f90f4479a P cd1912b4774d49d3a5f13479f002eaaf [term 1 FOLLOWER]: Advancing to term 2
I20260710 13:21:14.707444 12445 tablet_service.cc:1917] Received RequestConsensusVote() RPC: tablet_id: "d450e6aca37649d4b9bcfa1f90f4479a" candidate_uuid: "d0a3c9cb0ab7440f8ce152e5fe4c8bbe" candidate_term: 2 candidate_status { last_received { term: 1 index: 4 } } ignore_live_leader: true dest_uuid: "c0c13e89c60341d4a40ad915928170ff"
I20260710 13:21:14.708043 12445 raft_consensus.cc:3060] T d450e6aca37649d4b9bcfa1f90f4479a P c0c13e89c60341d4a40ad915928170ff [term 1 FOLLOWER]: Advancing to term 2
I20260710 13:21:14.711189 12707 raft_consensus.cc:515] T 076d95ba243a4ebe8f599c6f6b32103a P d0a3c9cb0ab7440f8ce152e5fe4c8bbe [term 2 FOLLOWER]: Starting forced leader election with config: opid_index: 4 OBSOLETE_local: false peers { permanent_uuid: "cd1912b4774d49d3a5f13479f002eaaf" member_type: VOTER last_known_addr { host: "127.10.237.66" port: 35659 } } peers { permanent_uuid: "c0c13e89c60341d4a40ad915928170ff" member_type: VOTER last_known_addr { host: "127.10.237.67" port: 42653 } } peers { permanent_uuid: "d0a3c9cb0ab7440f8ce152e5fe4c8bbe" member_type: VOTER last_known_addr { host: "127.10.237.68" port: 39133 } attrs { promote: false } }
I20260710 13:21:14.713315 12372 raft_consensus.cc:2468] T d450e6aca37649d4b9bcfa1f90f4479a P cd1912b4774d49d3a5f13479f002eaaf [term 2 FOLLOWER]: Leader election vote request: Granting yes vote for candidate d0a3c9cb0ab7440f8ce152e5fe4c8bbe in term 2.
I20260710 13:21:14.715651 12372 tablet_service.cc:1917] Received RequestConsensusVote() RPC: tablet_id: "076d95ba243a4ebe8f599c6f6b32103a" candidate_uuid: "d0a3c9cb0ab7440f8ce152e5fe4c8bbe" candidate_term: 2 candidate_status { last_received { term: 1 index: 4 } } ignore_live_leader: true dest_uuid: "cd1912b4774d49d3a5f13479f002eaaf"
I20260710 13:21:14.715704 12674 leader_election.cc:304] T d450e6aca37649d4b9bcfa1f90f4479a P d0a3c9cb0ab7440f8ce152e5fe4c8bbe [CANDIDATE]: Term 2 election: Election decided. Result: candidate won. Election summary: received 2 responses out of 3 voters: 2 yes votes; 0 no votes. yes voters: cd1912b4774d49d3a5f13479f002eaaf, d0a3c9cb0ab7440f8ce152e5fe4c8bbe; no voters: 
I20260710 13:21:14.716617 13087 raft_consensus.cc:2804] T d450e6aca37649d4b9bcfa1f90f4479a P d0a3c9cb0ab7440f8ce152e5fe4c8bbe [term 2 FOLLOWER]: Leader election won for term 2
I20260710 13:21:14.717145 13087 raft_consensus.cc:697] T d450e6aca37649d4b9bcfa1f90f4479a P d0a3c9cb0ab7440f8ce152e5fe4c8bbe [term 2 LEADER]: Becoming Leader. State: Replica: d0a3c9cb0ab7440f8ce152e5fe4c8bbe, State: Running, Role: LEADER
I20260710 13:21:14.716672 12445 raft_consensus.cc:2468] T d450e6aca37649d4b9bcfa1f90f4479a P c0c13e89c60341d4a40ad915928170ff [term 2 FOLLOWER]: Leader election vote request: Granting yes vote for candidate d0a3c9cb0ab7440f8ce152e5fe4c8bbe in term 2.
I20260710 13:21:14.718009 13087 consensus_queue.cc:237] T d450e6aca37649d4b9bcfa1f90f4479a P d0a3c9cb0ab7440f8ce152e5fe4c8bbe [LEADER]: Queue going to LEADER mode. State: All replicated index: 0, Majority replicated index: 4, Committed index: 4, Last appended: 1.4, Last appended by leader: 4, Current term: 2, Majority size: 2, State: 0, Mode: LEADER, active raft config: opid_index: 4 OBSOLETE_local: false peers { permanent_uuid: "cd1912b4774d49d3a5f13479f002eaaf" member_type: VOTER last_known_addr { host: "127.10.237.66" port: 35659 } } peers { permanent_uuid: "c0c13e89c60341d4a40ad915928170ff" member_type: VOTER last_known_addr { host: "127.10.237.67" port: 42653 } } peers { permanent_uuid: "d0a3c9cb0ab7440f8ce152e5fe4c8bbe" member_type: VOTER last_known_addr { host: "127.10.237.68" port: 39133 } attrs { promote: false } }
I20260710 13:21:14.718878 12707 leader_election.cc:290] T 076d95ba243a4ebe8f599c6f6b32103a P d0a3c9cb0ab7440f8ce152e5fe4c8bbe [CANDIDATE]: Term 2 election: Requested vote from peers cd1912b4774d49d3a5f13479f002eaaf (127.10.237.66:35659), c0c13e89c60341d4a40ad915928170ff (127.10.237.67:42653)
I20260710 13:21:14.719056 12445 tablet_service.cc:1917] Received RequestConsensusVote() RPC: tablet_id: "076d95ba243a4ebe8f599c6f6b32103a" candidate_uuid: "d0a3c9cb0ab7440f8ce152e5fe4c8bbe" candidate_term: 2 candidate_status { last_received { term: 1 index: 4 } } ignore_live_leader: true dest_uuid: "c0c13e89c60341d4a40ad915928170ff"
I20260710 13:21:14.719894 12445 raft_consensus.cc:3055] T 076d95ba243a4ebe8f599c6f6b32103a P c0c13e89c60341d4a40ad915928170ff [term 1 LEADER]: Stepping down as leader of term 1
I20260710 13:21:14.720191 12445 raft_consensus.cc:740] T 076d95ba243a4ebe8f599c6f6b32103a P c0c13e89c60341d4a40ad915928170ff [term 1 LEADER]: Becoming Follower/Learner. State: Replica: c0c13e89c60341d4a40ad915928170ff, State: Running, Role: LEADER
I20260710 13:21:14.720891 12445 consensus_queue.cc:260] T 076d95ba243a4ebe8f599c6f6b32103a P c0c13e89c60341d4a40ad915928170ff [NON_LEADER]: Queue going to NON_LEADER mode. State: All replicated index: 0, Majority replicated index: 4, Committed index: 4, Last appended: 1.4, Last appended by leader: 4, Current term: 1, Majority size: -1, State: 0, Mode: NON_LEADER, active raft config: opid_index: 4 OBSOLETE_local: false peers { permanent_uuid: "cd1912b4774d49d3a5f13479f002eaaf" member_type: VOTER last_known_addr { host: "127.10.237.66" port: 35659 } } peers { permanent_uuid: "c0c13e89c60341d4a40ad915928170ff" member_type: VOTER last_known_addr { host: "127.10.237.67" port: 42653 } } peers { permanent_uuid: "d0a3c9cb0ab7440f8ce152e5fe4c8bbe" member_type: VOTER last_known_addr { host: "127.10.237.68" port: 39133 } attrs { promote: false } }
I20260710 13:21:14.722204 12445 raft_consensus.cc:3060] T 076d95ba243a4ebe8f599c6f6b32103a P c0c13e89c60341d4a40ad915928170ff [term 1 FOLLOWER]: Advancing to term 2
I20260710 13:21:14.716344 12372 raft_consensus.cc:3060] T 076d95ba243a4ebe8f599c6f6b32103a P cd1912b4774d49d3a5f13479f002eaaf [term 1 FOLLOWER]: Advancing to term 2
I20260710 13:21:14.729701 12445 raft_consensus.cc:2468] T 076d95ba243a4ebe8f599c6f6b32103a P c0c13e89c60341d4a40ad915928170ff [term 2 FOLLOWER]: Leader election vote request: Granting yes vote for candidate d0a3c9cb0ab7440f8ce152e5fe4c8bbe in term 2.
I20260710 13:21:14.732201 12195 catalog_manager.cc:5697] T d450e6aca37649d4b9bcfa1f90f4479a P d0a3c9cb0ab7440f8ce152e5fe4c8bbe reported cstate change: term changed from 1 to 2, leader changed from cd1912b4774d49d3a5f13479f002eaaf (127.10.237.66) to d0a3c9cb0ab7440f8ce152e5fe4c8bbe (127.10.237.68). New cstate: current_term: 2 leader_uuid: "d0a3c9cb0ab7440f8ce152e5fe4c8bbe" committed_config { opid_index: 4 OBSOLETE_local: false peers { permanent_uuid: "cd1912b4774d49d3a5f13479f002eaaf" member_type: VOTER last_known_addr { host: "127.10.237.66" port: 35659 } health_report { overall_health: UNKNOWN } } peers { permanent_uuid: "c0c13e89c60341d4a40ad915928170ff" member_type: VOTER last_known_addr { host: "127.10.237.67" port: 42653 } health_report { overall_health: UNKNOWN } } peers { permanent_uuid: "d0a3c9cb0ab7440f8ce152e5fe4c8bbe" member_type: VOTER last_known_addr { host: "127.10.237.68" port: 39133 } attrs { promote: false } health_report { overall_health: HEALTHY } } }
I20260710 13:21:14.734308 12372 raft_consensus.cc:2468] T 076d95ba243a4ebe8f599c6f6b32103a P cd1912b4774d49d3a5f13479f002eaaf [term 2 FOLLOWER]: Leader election vote request: Granting yes vote for candidate d0a3c9cb0ab7440f8ce152e5fe4c8bbe in term 2.
I20260710 13:21:14.735744 12674 leader_election.cc:304] T 076d95ba243a4ebe8f599c6f6b32103a P d0a3c9cb0ab7440f8ce152e5fe4c8bbe [CANDIDATE]: Term 2 election: Election decided. Result: candidate won. Election summary: received 2 responses out of 3 voters: 2 yes votes; 0 no votes. yes voters: cd1912b4774d49d3a5f13479f002eaaf, d0a3c9cb0ab7440f8ce152e5fe4c8bbe; no voters: 
I20260710 13:21:14.737121 13087 raft_consensus.cc:2804] T 076d95ba243a4ebe8f599c6f6b32103a P d0a3c9cb0ab7440f8ce152e5fe4c8bbe [term 2 FOLLOWER]: Leader election won for term 2
I20260710 13:21:14.737602 13087 raft_consensus.cc:697] T 076d95ba243a4ebe8f599c6f6b32103a P d0a3c9cb0ab7440f8ce152e5fe4c8bbe [term 2 LEADER]: Becoming Leader. State: Replica: d0a3c9cb0ab7440f8ce152e5fe4c8bbe, State: Running, Role: LEADER
I20260710 13:21:14.738489 13087 consensus_queue.cc:237] T 076d95ba243a4ebe8f599c6f6b32103a P d0a3c9cb0ab7440f8ce152e5fe4c8bbe [LEADER]: Queue going to LEADER mode. State: All replicated index: 0, Majority replicated index: 4, Committed index: 4, Last appended: 1.4, Last appended by leader: 4, Current term: 2, Majority size: 2, State: 0, Mode: LEADER, active raft config: opid_index: 4 OBSOLETE_local: false peers { permanent_uuid: "cd1912b4774d49d3a5f13479f002eaaf" member_type: VOTER last_known_addr { host: "127.10.237.66" port: 35659 } } peers { permanent_uuid: "c0c13e89c60341d4a40ad915928170ff" member_type: VOTER last_known_addr { host: "127.10.237.67" port: 42653 } } peers { permanent_uuid: "d0a3c9cb0ab7440f8ce152e5fe4c8bbe" member_type: VOTER last_known_addr { host: "127.10.237.68" port: 39133 } attrs { promote: false } }
I20260710 13:21:14.759898 12195 catalog_manager.cc:5697] T 076d95ba243a4ebe8f599c6f6b32103a P d0a3c9cb0ab7440f8ce152e5fe4c8bbe reported cstate change: term changed from 1 to 2, leader changed from c0c13e89c60341d4a40ad915928170ff (127.10.237.67) to d0a3c9cb0ab7440f8ce152e5fe4c8bbe (127.10.237.68). New cstate: current_term: 2 leader_uuid: "d0a3c9cb0ab7440f8ce152e5fe4c8bbe" committed_config { opid_index: 4 OBSOLETE_local: false peers { permanent_uuid: "cd1912b4774d49d3a5f13479f002eaaf" member_type: VOTER last_known_addr { host: "127.10.237.66" port: 35659 } health_report { overall_health: UNKNOWN } } peers { permanent_uuid: "c0c13e89c60341d4a40ad915928170ff" member_type: VOTER last_known_addr { host: "127.10.237.67" port: 42653 } health_report { overall_health: UNKNOWN } } peers { permanent_uuid: "d0a3c9cb0ab7440f8ce152e5fe4c8bbe" member_type: VOTER last_known_addr { host: "127.10.237.68" port: 39133 } attrs { promote: false } health_report { overall_health: HEALTHY } } }
I20260710 13:21:14.861591 13125 raft_consensus.cc:993] T 5eae3bfc95dd49a8a217ddb1ae19f6bd P cf0ae996e8be4a13b6b614d5a84f0eeb: : Instructing follower c0c13e89c60341d4a40ad915928170ff to start an election
I20260710 13:21:14.862934 13125 raft_consensus.cc:1081] T 5eae3bfc95dd49a8a217ddb1ae19f6bd P cf0ae996e8be4a13b6b614d5a84f0eeb [term 2 LEADER]: Signalling peer c0c13e89c60341d4a40ad915928170ff to start an election
I20260710 13:21:14.865545 12445 tablet_service.cc:2044] Received Run Leader Election RPC: tablet_id: "5eae3bfc95dd49a8a217ddb1ae19f6bd"
dest_uuid: "c0c13e89c60341d4a40ad915928170ff"
 from {username='slave'} at 127.0.0.1:60920
I20260710 13:21:14.866689 12445 raft_consensus.cc:493] T 5eae3bfc95dd49a8a217ddb1ae19f6bd P c0c13e89c60341d4a40ad915928170ff [term 2 FOLLOWER]: Starting forced leader election (received explicit request)
I20260710 13:21:14.867245 12445 raft_consensus.cc:3060] T 5eae3bfc95dd49a8a217ddb1ae19f6bd P c0c13e89c60341d4a40ad915928170ff [term 2 FOLLOWER]: Advancing to term 3
I20260710 13:21:14.875566 12445 raft_consensus.cc:515] T 5eae3bfc95dd49a8a217ddb1ae19f6bd P c0c13e89c60341d4a40ad915928170ff [term 3 FOLLOWER]: Starting forced leader election with config: opid_index: -1 OBSOLETE_local: false peers { permanent_uuid: "cf0ae996e8be4a13b6b614d5a84f0eeb" member_type: VOTER last_known_addr { host: "127.10.237.65" port: 33555 } } peers { permanent_uuid: "cd1912b4774d49d3a5f13479f002eaaf" member_type: VOTER last_known_addr { host: "127.10.237.66" port: 35659 } } peers { permanent_uuid: "c0c13e89c60341d4a40ad915928170ff" member_type: VOTER last_known_addr { host: "127.10.237.67" port: 42653 } }
I20260710 13:21:14.879149 12292 tablet_service.cc:1917] Received RequestConsensusVote() RPC: tablet_id: "5eae3bfc95dd49a8a217ddb1ae19f6bd" candidate_uuid: "c0c13e89c60341d4a40ad915928170ff" candidate_term: 3 candidate_status { last_received { term: 2 index: 2 } } ignore_live_leader: true dest_uuid: "cf0ae996e8be4a13b6b614d5a84f0eeb"
I20260710 13:21:14.880033 12292 raft_consensus.cc:3055] T 5eae3bfc95dd49a8a217ddb1ae19f6bd P cf0ae996e8be4a13b6b614d5a84f0eeb [term 2 LEADER]: Stepping down as leader of term 2
I20260710 13:21:14.880399 12292 raft_consensus.cc:740] T 5eae3bfc95dd49a8a217ddb1ae19f6bd P cf0ae996e8be4a13b6b614d5a84f0eeb [term 2 LEADER]: Becoming Follower/Learner. State: Replica: cf0ae996e8be4a13b6b614d5a84f0eeb, State: Running, Role: LEADER
I20260710 13:21:14.880757 12373 tablet_service.cc:1917] Received RequestConsensusVote() RPC: tablet_id: "5eae3bfc95dd49a8a217ddb1ae19f6bd" candidate_uuid: "c0c13e89c60341d4a40ad915928170ff" candidate_term: 3 candidate_status { last_received { term: 2 index: 2 } } ignore_live_leader: true dest_uuid: "cd1912b4774d49d3a5f13479f002eaaf"
I20260710 13:21:14.881458 12373 raft_consensus.cc:3060] T 5eae3bfc95dd49a8a217ddb1ae19f6bd P cd1912b4774d49d3a5f13479f002eaaf [term 2 FOLLOWER]: Advancing to term 3
I20260710 13:21:14.878301 12445 leader_election.cc:290] T 5eae3bfc95dd49a8a217ddb1ae19f6bd P c0c13e89c60341d4a40ad915928170ff [CANDIDATE]: Term 3 election: Requested vote from peers cf0ae996e8be4a13b6b614d5a84f0eeb (127.10.237.65:33555), cd1912b4774d49d3a5f13479f002eaaf (127.10.237.66:35659)
I20260710 13:21:14.886384 12292 consensus_queue.cc:260] T 5eae3bfc95dd49a8a217ddb1ae19f6bd P cf0ae996e8be4a13b6b614d5a84f0eeb [NON_LEADER]: Queue going to NON_LEADER mode. State: All replicated index: 0, Majority replicated index: 2, Committed index: 2, Last appended: 2.2, Last appended by leader: 2, Current term: 2, Majority size: -1, State: 0, Mode: NON_LEADER, active raft config: opid_index: -1 OBSOLETE_local: false peers { permanent_uuid: "cf0ae996e8be4a13b6b614d5a84f0eeb" member_type: VOTER last_known_addr { host: "127.10.237.65" port: 33555 } } peers { permanent_uuid: "cd1912b4774d49d3a5f13479f002eaaf" member_type: VOTER last_known_addr { host: "127.10.237.66" port: 35659 } } peers { permanent_uuid: "c0c13e89c60341d4a40ad915928170ff" member_type: VOTER last_known_addr { host: "127.10.237.67" port: 42653 } }
I20260710 13:21:14.888351 12292 raft_consensus.cc:3060] T 5eae3bfc95dd49a8a217ddb1ae19f6bd P cf0ae996e8be4a13b6b614d5a84f0eeb [term 2 FOLLOWER]: Advancing to term 3
I20260710 13:21:14.889954 12373 raft_consensus.cc:2468] T 5eae3bfc95dd49a8a217ddb1ae19f6bd P cd1912b4774d49d3a5f13479f002eaaf [term 3 FOLLOWER]: Leader election vote request: Granting yes vote for candidate c0c13e89c60341d4a40ad915928170ff in term 3.
I20260710 13:21:14.891405 12413 leader_election.cc:304] T 5eae3bfc95dd49a8a217ddb1ae19f6bd P c0c13e89c60341d4a40ad915928170ff [CANDIDATE]: Term 3 election: Election decided. Result: candidate won. Election summary: received 2 responses out of 3 voters: 2 yes votes; 0 no votes. yes voters: c0c13e89c60341d4a40ad915928170ff, cd1912b4774d49d3a5f13479f002eaaf; no voters: 
I20260710 13:21:14.892442 13083 raft_consensus.cc:2804] T 5eae3bfc95dd49a8a217ddb1ae19f6bd P c0c13e89c60341d4a40ad915928170ff [term 3 FOLLOWER]: Leader election won for term 3
I20260710 13:21:14.892961 13083 raft_consensus.cc:697] T 5eae3bfc95dd49a8a217ddb1ae19f6bd P c0c13e89c60341d4a40ad915928170ff [term 3 LEADER]: Becoming Leader. State: Replica: c0c13e89c60341d4a40ad915928170ff, State: Running, Role: LEADER
I20260710 13:21:14.893990 13083 consensus_queue.cc:237] T 5eae3bfc95dd49a8a217ddb1ae19f6bd P c0c13e89c60341d4a40ad915928170ff [LEADER]: Queue going to LEADER mode. State: All replicated index: 0, Majority replicated index: 2, Committed index: 2, Last appended: 2.2, Last appended by leader: 2, Current term: 3, Majority size: 2, State: 0, Mode: LEADER, active raft config: opid_index: -1 OBSOLETE_local: false peers { permanent_uuid: "cf0ae996e8be4a13b6b614d5a84f0eeb" member_type: VOTER last_known_addr { host: "127.10.237.65" port: 33555 } } peers { permanent_uuid: "cd1912b4774d49d3a5f13479f002eaaf" member_type: VOTER last_known_addr { host: "127.10.237.66" port: 35659 } } peers { permanent_uuid: "c0c13e89c60341d4a40ad915928170ff" member_type: VOTER last_known_addr { host: "127.10.237.67" port: 42653 } }
I20260710 13:21:14.896260 12292 raft_consensus.cc:2468] T 5eae3bfc95dd49a8a217ddb1ae19f6bd P cf0ae996e8be4a13b6b614d5a84f0eeb [term 3 FOLLOWER]: Leader election vote request: Granting yes vote for candidate c0c13e89c60341d4a40ad915928170ff in term 3.
I20260710 13:21:14.908095 12195 catalog_manager.cc:5697] T 5eae3bfc95dd49a8a217ddb1ae19f6bd P c0c13e89c60341d4a40ad915928170ff reported cstate change: term changed from 2 to 3, leader changed from cf0ae996e8be4a13b6b614d5a84f0eeb (127.10.237.65) to c0c13e89c60341d4a40ad915928170ff (127.10.237.67). New cstate: current_term: 3 leader_uuid: "c0c13e89c60341d4a40ad915928170ff" committed_config { opid_index: -1 OBSOLETE_local: false peers { permanent_uuid: "cf0ae996e8be4a13b6b614d5a84f0eeb" member_type: VOTER last_known_addr { host: "127.10.237.65" port: 33555 } health_report { overall_health: UNKNOWN } } peers { permanent_uuid: "cd1912b4774d49d3a5f13479f002eaaf" member_type: VOTER last_known_addr { host: "127.10.237.66" port: 35659 } health_report { overall_health: UNKNOWN } } peers { permanent_uuid: "c0c13e89c60341d4a40ad915928170ff" member_type: VOTER last_known_addr { host: "127.10.237.67" port: 42653 } health_report { overall_health: HEALTHY } } }
I20260710 13:21:15.108577 12445 raft_consensus.cc:1275] T d450e6aca37649d4b9bcfa1f90f4479a P c0c13e89c60341d4a40ad915928170ff [term 2 FOLLOWER]: Refusing update from remote peer d0a3c9cb0ab7440f8ce152e5fe4c8bbe: Log matching property violated. Preceding OpId in replica: term: 1 index: 4. Preceding OpId from leader: term: 2 index: 5. (index mismatch)
I20260710 13:21:15.110216 13087 consensus_queue.cc:1048] T d450e6aca37649d4b9bcfa1f90f4479a P d0a3c9cb0ab7440f8ce152e5fe4c8bbe [LEADER]: Connected to new peer: Peer: permanent_uuid: "c0c13e89c60341d4a40ad915928170ff" member_type: VOTER last_known_addr { host: "127.10.237.67" port: 42653 }, Status: LMP_MISMATCH, Last received: 0.0, Next index: 5, Last known committed idx: 4, Time since last communication: 0.001s
I20260710 13:21:15.131651 12373 raft_consensus.cc:1275] T d450e6aca37649d4b9bcfa1f90f4479a P cd1912b4774d49d3a5f13479f002eaaf [term 2 FOLLOWER]: Refusing update from remote peer d0a3c9cb0ab7440f8ce152e5fe4c8bbe: Log matching property violated. Preceding OpId in replica: term: 1 index: 4. Preceding OpId from leader: term: 2 index: 5. (index mismatch)
I20260710 13:21:15.134244 13088 consensus_queue.cc:1048] T d450e6aca37649d4b9bcfa1f90f4479a P d0a3c9cb0ab7440f8ce152e5fe4c8bbe [LEADER]: Connected to new peer: Peer: permanent_uuid: "cd1912b4774d49d3a5f13479f002eaaf" member_type: VOTER last_known_addr { host: "127.10.237.66" port: 35659 }, Status: LMP_MISMATCH, Last received: 0.0, Next index: 5, Last known committed idx: 4, Time since last communication: 0.001s
I20260710 13:21:15.331705 12373 raft_consensus.cc:1275] T 076d95ba243a4ebe8f599c6f6b32103a P cd1912b4774d49d3a5f13479f002eaaf [term 2 FOLLOWER]: Refusing update from remote peer d0a3c9cb0ab7440f8ce152e5fe4c8bbe: Log matching property violated. Preceding OpId in replica: term: 1 index: 4. Preceding OpId from leader: term: 2 index: 5. (index mismatch)
I20260710 13:21:15.333074 13088 consensus_queue.cc:1048] T 076d95ba243a4ebe8f599c6f6b32103a P d0a3c9cb0ab7440f8ce152e5fe4c8bbe [LEADER]: Connected to new peer: Peer: permanent_uuid: "cd1912b4774d49d3a5f13479f002eaaf" member_type: VOTER last_known_addr { host: "127.10.237.66" port: 35659 }, Status: LMP_MISMATCH, Last received: 0.0, Next index: 5, Last known committed idx: 4, Time since last communication: 0.000s
I20260710 13:21:15.346866 12445 raft_consensus.cc:1275] T 076d95ba243a4ebe8f599c6f6b32103a P c0c13e89c60341d4a40ad915928170ff [term 2 FOLLOWER]: Refusing update from remote peer d0a3c9cb0ab7440f8ce152e5fe4c8bbe: Log matching property violated. Preceding OpId in replica: term: 1 index: 4. Preceding OpId from leader: term: 2 index: 5. (index mismatch)
I20260710 13:21:15.348294 13087 consensus_queue.cc:1048] T 076d95ba243a4ebe8f599c6f6b32103a P d0a3c9cb0ab7440f8ce152e5fe4c8bbe [LEADER]: Connected to new peer: Peer: permanent_uuid: "c0c13e89c60341d4a40ad915928170ff" member_type: VOTER last_known_addr { host: "127.10.237.67" port: 42653 }, Status: LMP_MISMATCH, Last received: 0.0, Next index: 5, Last known committed idx: 4, Time since last communication: 0.000s
I20260710 13:21:15.376863 11189 auto_leader_rebalancer.cc:141] leader rebalance for table test-workload
I20260710 13:21:15.394083 11189 auto_leader_rebalancer.cc:141] leader rebalance for table test-workload
I20260710 13:21:15.407752 12445 tablet_service.cc:2072] Received LeaderStepDown RPC: tablet_id: "a5cda85f4e9d436ab67d9627d817e149"
dest_uuid: "c0c13e89c60341d4a40ad915928170ff"
mode: GRACEFUL
new_leader_uuid: "d0a3c9cb0ab7440f8ce152e5fe4c8bbe"
 from {username='slave'} at 127.0.0.1:54890
I20260710 13:21:15.408311 12445 raft_consensus.cc:606] T a5cda85f4e9d436ab67d9627d817e149 P c0c13e89c60341d4a40ad915928170ff [term 1 LEADER]: Received request to transfer leadership to TS d0a3c9cb0ab7440f8ce152e5fe4c8bbe
I20260710 13:21:15.409624 11189 auto_leader_rebalancer.cc:479] table: test-workload, leader rebalance finish, leader transfer count: 1
I20260710 13:21:15.410265 11189 auto_leader_rebalancer.cc:554] All tables' leader rebalancing finished this round
I20260710 13:21:15.457422 12373 raft_consensus.cc:1275] T 5eae3bfc95dd49a8a217ddb1ae19f6bd P cd1912b4774d49d3a5f13479f002eaaf [term 3 FOLLOWER]: Refusing update from remote peer c0c13e89c60341d4a40ad915928170ff: Log matching property violated. Preceding OpId in replica: term: 2 index: 2. Preceding OpId from leader: term: 3 index: 3. (index mismatch)
I20260710 13:21:15.458547 13083 consensus_queue.cc:1048] T 5eae3bfc95dd49a8a217ddb1ae19f6bd P c0c13e89c60341d4a40ad915928170ff [LEADER]: Connected to new peer: Peer: permanent_uuid: "cd1912b4774d49d3a5f13479f002eaaf" member_type: VOTER last_known_addr { host: "127.10.237.66" port: 35659 }, Status: LMP_MISMATCH, Last received: 0.0, Next index: 3, Last known committed idx: 2, Time since last communication: 0.000s
I20260710 13:21:15.467075 12292 raft_consensus.cc:1275] T 5eae3bfc95dd49a8a217ddb1ae19f6bd P cf0ae996e8be4a13b6b614d5a84f0eeb [term 3 FOLLOWER]: Refusing update from remote peer c0c13e89c60341d4a40ad915928170ff: Log matching property violated. Preceding OpId in replica: term: 2 index: 2. Preceding OpId from leader: term: 3 index: 3. (index mismatch)
I20260710 13:21:15.468561 13114 consensus_queue.cc:1048] T 5eae3bfc95dd49a8a217ddb1ae19f6bd P c0c13e89c60341d4a40ad915928170ff [LEADER]: Connected to new peer: Peer: permanent_uuid: "cf0ae996e8be4a13b6b614d5a84f0eeb" member_type: VOTER last_known_addr { host: "127.10.237.65" port: 33555 }, Status: LMP_MISMATCH, Last received: 0.0, Next index: 3, Last known committed idx: 2, Time since last communication: 0.000s
I20260710 13:21:15.525503 13114 raft_consensus.cc:993] T a5cda85f4e9d436ab67d9627d817e149 P c0c13e89c60341d4a40ad915928170ff: : Instructing follower d0a3c9cb0ab7440f8ce152e5fe4c8bbe to start an election
I20260710 13:21:15.526122 13135 raft_consensus.cc:1081] T a5cda85f4e9d436ab67d9627d817e149 P c0c13e89c60341d4a40ad915928170ff [term 1 LEADER]: Signalling peer d0a3c9cb0ab7440f8ce152e5fe4c8bbe to start an election
I20260710 13:21:15.527851 12712 tablet_service.cc:2044] Received Run Leader Election RPC: tablet_id: "a5cda85f4e9d436ab67d9627d817e149"
dest_uuid: "d0a3c9cb0ab7440f8ce152e5fe4c8bbe"
 from {username='slave'} at 127.0.0.1:45238
I20260710 13:21:15.528479 12712 raft_consensus.cc:493] T a5cda85f4e9d436ab67d9627d817e149 P d0a3c9cb0ab7440f8ce152e5fe4c8bbe [term 1 FOLLOWER]: Starting forced leader election (received explicit request)
I20260710 13:21:15.528856 12712 raft_consensus.cc:3060] T a5cda85f4e9d436ab67d9627d817e149 P d0a3c9cb0ab7440f8ce152e5fe4c8bbe [term 1 FOLLOWER]: Advancing to term 2
I20260710 13:21:15.533818 12712 raft_consensus.cc:515] T a5cda85f4e9d436ab67d9627d817e149 P d0a3c9cb0ab7440f8ce152e5fe4c8bbe [term 2 FOLLOWER]: Starting forced leader election with config: opid_index: 4 OBSOLETE_local: false peers { permanent_uuid: "cf0ae996e8be4a13b6b614d5a84f0eeb" member_type: VOTER last_known_addr { host: "127.10.237.65" port: 33555 } } peers { permanent_uuid: "c0c13e89c60341d4a40ad915928170ff" member_type: VOTER last_known_addr { host: "127.10.237.67" port: 42653 } } peers { permanent_uuid: "d0a3c9cb0ab7440f8ce152e5fe4c8bbe" member_type: VOTER last_known_addr { host: "127.10.237.68" port: 39133 } attrs { promote: false } }
I20260710 13:21:15.536396 12292 tablet_service.cc:1917] Received RequestConsensusVote() RPC: tablet_id: "a5cda85f4e9d436ab67d9627d817e149" candidate_uuid: "d0a3c9cb0ab7440f8ce152e5fe4c8bbe" candidate_term: 2 candidate_status { last_received { term: 1 index: 4 } } ignore_live_leader: true dest_uuid: "cf0ae996e8be4a13b6b614d5a84f0eeb"
I20260710 13:21:15.537310 12292 raft_consensus.cc:3060] T a5cda85f4e9d436ab67d9627d817e149 P cf0ae996e8be4a13b6b614d5a84f0eeb [term 1 FOLLOWER]: Advancing to term 2
I20260710 13:21:15.538599 12712 leader_election.cc:290] T a5cda85f4e9d436ab67d9627d817e149 P d0a3c9cb0ab7440f8ce152e5fe4c8bbe [CANDIDATE]: Term 2 election: Requested vote from peers cf0ae996e8be4a13b6b614d5a84f0eeb (127.10.237.65:33555), c0c13e89c60341d4a40ad915928170ff (127.10.237.67:42653)
I20260710 13:21:15.539155 12445 tablet_service.cc:1917] Received RequestConsensusVote() RPC: tablet_id: "a5cda85f4e9d436ab67d9627d817e149" candidate_uuid: "d0a3c9cb0ab7440f8ce152e5fe4c8bbe" candidate_term: 2 candidate_status { last_received { term: 1 index: 4 } } ignore_live_leader: true dest_uuid: "c0c13e89c60341d4a40ad915928170ff"
I20260710 13:21:15.539731 12445 raft_consensus.cc:3055] T a5cda85f4e9d436ab67d9627d817e149 P c0c13e89c60341d4a40ad915928170ff [term 1 LEADER]: Stepping down as leader of term 1
I20260710 13:21:15.540045 12445 raft_consensus.cc:740] T a5cda85f4e9d436ab67d9627d817e149 P c0c13e89c60341d4a40ad915928170ff [term 1 LEADER]: Becoming Follower/Learner. State: Replica: c0c13e89c60341d4a40ad915928170ff, State: Running, Role: LEADER
I20260710 13:21:15.540879 12445 consensus_queue.cc:260] T a5cda85f4e9d436ab67d9627d817e149 P c0c13e89c60341d4a40ad915928170ff [NON_LEADER]: Queue going to NON_LEADER mode. State: All replicated index: 0, Majority replicated index: 4, Committed index: 4, Last appended: 1.4, Last appended by leader: 4, Current term: 1, Majority size: -1, State: 0, Mode: NON_LEADER, active raft config: opid_index: 4 OBSOLETE_local: false peers { permanent_uuid: "cf0ae996e8be4a13b6b614d5a84f0eeb" member_type: VOTER last_known_addr { host: "127.10.237.65" port: 33555 } } peers { permanent_uuid: "c0c13e89c60341d4a40ad915928170ff" member_type: VOTER last_known_addr { host: "127.10.237.67" port: 42653 } } peers { permanent_uuid: "d0a3c9cb0ab7440f8ce152e5fe4c8bbe" member_type: VOTER last_known_addr { host: "127.10.237.68" port: 39133 } attrs { promote: false } }
I20260710 13:21:15.542191 12445 raft_consensus.cc:3060] T a5cda85f4e9d436ab67d9627d817e149 P c0c13e89c60341d4a40ad915928170ff [term 1 FOLLOWER]: Advancing to term 2
I20260710 13:21:15.545934 12292 raft_consensus.cc:2468] T a5cda85f4e9d436ab67d9627d817e149 P cf0ae996e8be4a13b6b614d5a84f0eeb [term 2 FOLLOWER]: Leader election vote request: Granting yes vote for candidate d0a3c9cb0ab7440f8ce152e5fe4c8bbe in term 2.
I20260710 13:21:15.549719 12673 leader_election.cc:304] T a5cda85f4e9d436ab67d9627d817e149 P d0a3c9cb0ab7440f8ce152e5fe4c8bbe [CANDIDATE]: Term 2 election: Election decided. Result: candidate won. Election summary: received 2 responses out of 3 voters: 2 yes votes; 0 no votes. yes voters: cf0ae996e8be4a13b6b614d5a84f0eeb, d0a3c9cb0ab7440f8ce152e5fe4c8bbe; no voters: 
I20260710 13:21:15.551569 13087 raft_consensus.cc:2804] T a5cda85f4e9d436ab67d9627d817e149 P d0a3c9cb0ab7440f8ce152e5fe4c8bbe [term 2 FOLLOWER]: Leader election won for term 2
I20260710 13:21:15.552096 13087 raft_consensus.cc:697] T a5cda85f4e9d436ab67d9627d817e149 P d0a3c9cb0ab7440f8ce152e5fe4c8bbe [term 2 LEADER]: Becoming Leader. State: Replica: d0a3c9cb0ab7440f8ce152e5fe4c8bbe, State: Running, Role: LEADER
I20260710 13:21:15.552991 13087 consensus_queue.cc:237] T a5cda85f4e9d436ab67d9627d817e149 P d0a3c9cb0ab7440f8ce152e5fe4c8bbe [LEADER]: Queue going to LEADER mode. State: All replicated index: 0, Majority replicated index: 4, Committed index: 4, Last appended: 1.4, Last appended by leader: 4, Current term: 2, Majority size: 2, State: 0, Mode: LEADER, active raft config: opid_index: 4 OBSOLETE_local: false peers { permanent_uuid: "cf0ae996e8be4a13b6b614d5a84f0eeb" member_type: VOTER last_known_addr { host: "127.10.237.65" port: 33555 } } peers { permanent_uuid: "c0c13e89c60341d4a40ad915928170ff" member_type: VOTER last_known_addr { host: "127.10.237.67" port: 42653 } } peers { permanent_uuid: "d0a3c9cb0ab7440f8ce152e5fe4c8bbe" member_type: VOTER last_known_addr { host: "127.10.237.68" port: 39133 } attrs { promote: false } }
I20260710 13:21:15.554749 12445 raft_consensus.cc:2468] T a5cda85f4e9d436ab67d9627d817e149 P c0c13e89c60341d4a40ad915928170ff [term 2 FOLLOWER]: Leader election vote request: Granting yes vote for candidate d0a3c9cb0ab7440f8ce152e5fe4c8bbe in term 2.
I20260710 13:21:15.567453 12195 catalog_manager.cc:5697] T a5cda85f4e9d436ab67d9627d817e149 P d0a3c9cb0ab7440f8ce152e5fe4c8bbe reported cstate change: term changed from 1 to 2, leader changed from c0c13e89c60341d4a40ad915928170ff (127.10.237.67) to d0a3c9cb0ab7440f8ce152e5fe4c8bbe (127.10.237.68). New cstate: current_term: 2 leader_uuid: "d0a3c9cb0ab7440f8ce152e5fe4c8bbe" committed_config { opid_index: 4 OBSOLETE_local: false peers { permanent_uuid: "cf0ae996e8be4a13b6b614d5a84f0eeb" member_type: VOTER last_known_addr { host: "127.10.237.65" port: 33555 } health_report { overall_health: UNKNOWN } } peers { permanent_uuid: "c0c13e89c60341d4a40ad915928170ff" member_type: VOTER last_known_addr { host: "127.10.237.67" port: 42653 } health_report { overall_health: UNKNOWN } } peers { permanent_uuid: "d0a3c9cb0ab7440f8ce152e5fe4c8bbe" member_type: VOTER last_known_addr { host: "127.10.237.68" port: 39133 } attrs { promote: false } health_report { overall_health: HEALTHY } } }
I20260710 13:21:15.985764 12292 raft_consensus.cc:1275] T a5cda85f4e9d436ab67d9627d817e149 P cf0ae996e8be4a13b6b614d5a84f0eeb [term 2 FOLLOWER]: Refusing update from remote peer d0a3c9cb0ab7440f8ce152e5fe4c8bbe: Log matching property violated. Preceding OpId in replica: term: 1 index: 4. Preceding OpId from leader: term: 2 index: 5. (index mismatch)
I20260710 13:21:15.986946 13087 consensus_queue.cc:1048] T a5cda85f4e9d436ab67d9627d817e149 P d0a3c9cb0ab7440f8ce152e5fe4c8bbe [LEADER]: Connected to new peer: Peer: permanent_uuid: "cf0ae996e8be4a13b6b614d5a84f0eeb" member_type: VOTER last_known_addr { host: "127.10.237.65" port: 33555 }, Status: LMP_MISMATCH, Last received: 0.0, Next index: 5, Last known committed idx: 4, Time since last communication: 0.000s
I20260710 13:21:15.998415 12445 raft_consensus.cc:1275] T a5cda85f4e9d436ab67d9627d817e149 P c0c13e89c60341d4a40ad915928170ff [term 2 FOLLOWER]: Refusing update from remote peer d0a3c9cb0ab7440f8ce152e5fe4c8bbe: Log matching property violated. Preceding OpId in replica: term: 1 index: 4. Preceding OpId from leader: term: 2 index: 5. (index mismatch)
I20260710 13:21:15.999586 13087 consensus_queue.cc:1048] T a5cda85f4e9d436ab67d9627d817e149 P d0a3c9cb0ab7440f8ce152e5fe4c8bbe [LEADER]: Connected to new peer: Peer: permanent_uuid: "c0c13e89c60341d4a40ad915928170ff" member_type: VOTER last_known_addr { host: "127.10.237.67" port: 42653 }, Status: LMP_MISMATCH, Last received: 0.0, Next index: 5, Last known committed idx: 4, Time since last communication: 0.000s
I20260710 13:21:16.411059 11189 auto_leader_rebalancer.cc:141] leader rebalance for table test-workload
I20260710 13:21:16.427731 11189 tablet_server.cc:179] TabletServer@127.10.237.65:0 shutting down...
I20260710 13:21:16.475437 11189 ts_tablet_manager.cc:1507] Shutting down tablet manager...
I20260710 13:21:16.479195 11189 tablet_replica.cc:333] T 5c2a758d7936466d8a2baf6c1edda5cc P cf0ae996e8be4a13b6b614d5a84f0eeb: stopping tablet replica
I20260710 13:21:16.480114 11189 raft_consensus.cc:2243] T 5c2a758d7936466d8a2baf6c1edda5cc P cf0ae996e8be4a13b6b614d5a84f0eeb [term 1 LEADER]: Raft consensus shutting down.
I20260710 13:21:16.481317 11189 raft_consensus.cc:2272] T 5c2a758d7936466d8a2baf6c1edda5cc P cf0ae996e8be4a13b6b614d5a84f0eeb [term 1 FOLLOWER]: Raft consensus is shut down!
I20260710 13:21:16.484067 11189 tablet_replica.cc:333] T 106f78faf4ba45adab414c1cb51d8898 P cf0ae996e8be4a13b6b614d5a84f0eeb: stopping tablet replica
I20260710 13:21:16.484972 11189 raft_consensus.cc:2243] T 106f78faf4ba45adab414c1cb51d8898 P cf0ae996e8be4a13b6b614d5a84f0eeb [term 2 FOLLOWER]: Raft consensus shutting down.
I20260710 13:21:16.485543 11189 raft_consensus.cc:2272] T 106f78faf4ba45adab414c1cb51d8898 P cf0ae996e8be4a13b6b614d5a84f0eeb [term 2 FOLLOWER]: Raft consensus is shut down!
I20260710 13:21:16.487660 11189 tablet_replica.cc:333] T f7623d7d521c479faeb37a8d278348a3 P cf0ae996e8be4a13b6b614d5a84f0eeb: stopping tablet replica
I20260710 13:21:16.488216 11189 raft_consensus.cc:2243] T f7623d7d521c479faeb37a8d278348a3 P cf0ae996e8be4a13b6b614d5a84f0eeb [term 1 LEADER]: Raft consensus shutting down.
I20260710 13:21:16.488983 11189 raft_consensus.cc:2272] T f7623d7d521c479faeb37a8d278348a3 P cf0ae996e8be4a13b6b614d5a84f0eeb [term 1 FOLLOWER]: Raft consensus is shut down!
I20260710 13:21:16.490893 11189 tablet_replica.cc:333] T db54a4f321544c4f8e470632f9404ed7 P cf0ae996e8be4a13b6b614d5a84f0eeb: stopping tablet replica
I20260710 13:21:16.491446 11189 raft_consensus.cc:2243] T db54a4f321544c4f8e470632f9404ed7 P cf0ae996e8be4a13b6b614d5a84f0eeb [term 1 FOLLOWER]: Raft consensus shutting down.
I20260710 13:21:16.491859 11189 raft_consensus.cc:2272] T db54a4f321544c4f8e470632f9404ed7 P cf0ae996e8be4a13b6b614d5a84f0eeb [term 1 FOLLOWER]: Raft consensus is shut down!
I20260710 13:21:16.493621 11189 tablet_replica.cc:333] T 5eae3bfc95dd49a8a217ddb1ae19f6bd P cf0ae996e8be4a13b6b614d5a84f0eeb: stopping tablet replica
I20260710 13:21:16.494117 11189 raft_consensus.cc:2243] T 5eae3bfc95dd49a8a217ddb1ae19f6bd P cf0ae996e8be4a13b6b614d5a84f0eeb [term 3 FOLLOWER]: Raft consensus shutting down.
I20260710 13:21:16.494560 11189 raft_consensus.cc:2272] T 5eae3bfc95dd49a8a217ddb1ae19f6bd P cf0ae996e8be4a13b6b614d5a84f0eeb [term 3 FOLLOWER]: Raft consensus is shut down!
I20260710 13:21:16.496483 11189 tablet_replica.cc:333] T dcc883be9de94f8dad07c3a072d7900b P cf0ae996e8be4a13b6b614d5a84f0eeb: stopping tablet replica
I20260710 13:21:16.496982 11189 raft_consensus.cc:2243] T dcc883be9de94f8dad07c3a072d7900b P cf0ae996e8be4a13b6b614d5a84f0eeb [term 1 LEADER]: Raft consensus shutting down.
I20260710 13:21:16.497704 11189 raft_consensus.cc:2272] T dcc883be9de94f8dad07c3a072d7900b P cf0ae996e8be4a13b6b614d5a84f0eeb [term 1 FOLLOWER]: Raft consensus is shut down!
I20260710 13:21:16.499619 11189 tablet_replica.cc:333] T 9cfa971dfa8e4560a6181015dc5d404f P cf0ae996e8be4a13b6b614d5a84f0eeb: stopping tablet replica
I20260710 13:21:16.500145 11189 raft_consensus.cc:2243] T 9cfa971dfa8e4560a6181015dc5d404f P cf0ae996e8be4a13b6b614d5a84f0eeb [term 1 LEADER]: Raft consensus shutting down.
I20260710 13:21:16.500859 11189 raft_consensus.cc:2272] T 9cfa971dfa8e4560a6181015dc5d404f P cf0ae996e8be4a13b6b614d5a84f0eeb [term 1 FOLLOWER]: Raft consensus is shut down!
I20260710 13:21:16.503153 11189 tablet_replica.cc:333] T a5cda85f4e9d436ab67d9627d817e149 P cf0ae996e8be4a13b6b614d5a84f0eeb: stopping tablet replica
I20260710 13:21:16.503742 11189 raft_consensus.cc:2243] T a5cda85f4e9d436ab67d9627d817e149 P cf0ae996e8be4a13b6b614d5a84f0eeb [term 2 FOLLOWER]: Raft consensus shutting down.
I20260710 13:21:16.504443 11189 raft_consensus.cc:2272] T a5cda85f4e9d436ab67d9627d817e149 P cf0ae996e8be4a13b6b614d5a84f0eeb [term 2 FOLLOWER]: Raft consensus is shut down!
I20260710 13:21:16.507072 11189 tablet_replica.cc:333] T 83773d6576514b18985083b3a3252f1e P cf0ae996e8be4a13b6b614d5a84f0eeb: stopping tablet replica
W20260710 13:21:16.507192 12338 proxy.cc:239] Call had error, refreshing address and retrying: Remote error: Service unavailable: service kudu.consensus.ConsensusService not registered on TabletServer [suppressed 2 similar messages]
I20260710 13:21:16.507997 11189 raft_consensus.cc:2243] T 83773d6576514b18985083b3a3252f1e P cf0ae996e8be4a13b6b614d5a84f0eeb [term 1 FOLLOWER]: Raft consensus shutting down.
I20260710 13:21:16.508745 11189 raft_consensus.cc:2272] T 83773d6576514b18985083b3a3252f1e P cf0ae996e8be4a13b6b614d5a84f0eeb [term 1 FOLLOWER]: Raft consensus is shut down!
W20260710 13:21:16.510519 12338 consensus_peers.cc:597] T ecfa9241572f4b168bf27a1844c0bafa P cd1912b4774d49d3a5f13479f002eaaf -> Peer cf0ae996e8be4a13b6b614d5a84f0eeb (127.10.237.65:33555): Couldn't send request to peer cf0ae996e8be4a13b6b614d5a84f0eeb. Status: Remote error: Service unavailable: service kudu.consensus.ConsensusService not registered on TabletServer. This is attempt 1: this message will repeat every 5th retry.
I20260710 13:21:16.511246 11189 tablet_replica.cc:333] T b72ff4b418894ada9fa1e3f25b88c370 P cf0ae996e8be4a13b6b614d5a84f0eeb: stopping tablet replica
I20260710 13:21:16.511834 11189 raft_consensus.cc:2243] T b72ff4b418894ada9fa1e3f25b88c370 P cf0ae996e8be4a13b6b614d5a84f0eeb [term 1 FOLLOWER]: Raft consensus shutting down.
I20260710 13:21:16.512449 11189 raft_consensus.cc:2272] T b72ff4b418894ada9fa1e3f25b88c370 P cf0ae996e8be4a13b6b614d5a84f0eeb [term 1 FOLLOWER]: Raft consensus is shut down!
I20260710 13:21:16.514452 11189 tablet_replica.cc:333] T 8df3ca55eaf5479097979c4bae670050 P cf0ae996e8be4a13b6b614d5a84f0eeb: stopping tablet replica
I20260710 13:21:16.514953 11189 raft_consensus.cc:2243] T 8df3ca55eaf5479097979c4bae670050 P cf0ae996e8be4a13b6b614d5a84f0eeb [term 1 FOLLOWER]: Raft consensus shutting down.
I20260710 13:21:16.515614 11189 raft_consensus.cc:2272] T 8df3ca55eaf5479097979c4bae670050 P cf0ae996e8be4a13b6b614d5a84f0eeb [term 1 FOLLOWER]: Raft consensus is shut down!
I20260710 13:21:16.517340 11189 tablet_replica.cc:333] T e03b20d24b45445c812d7ed145ab0b93 P cf0ae996e8be4a13b6b614d5a84f0eeb: stopping tablet replica
I20260710 13:21:16.517817 11189 raft_consensus.cc:2243] T e03b20d24b45445c812d7ed145ab0b93 P cf0ae996e8be4a13b6b614d5a84f0eeb [term 2 FOLLOWER]: Raft consensus shutting down.
I20260710 13:21:16.518345 11189 raft_consensus.cc:2272] T e03b20d24b45445c812d7ed145ab0b93 P cf0ae996e8be4a13b6b614d5a84f0eeb [term 2 FOLLOWER]: Raft consensus is shut down!
I20260710 13:21:16.520190 11189 tablet_replica.cc:333] T aa37e94eff674a3baeb91a8eb54435f8 P cf0ae996e8be4a13b6b614d5a84f0eeb: stopping tablet replica
I20260710 13:21:16.520702 11189 raft_consensus.cc:2243] T aa37e94eff674a3baeb91a8eb54435f8 P cf0ae996e8be4a13b6b614d5a84f0eeb [term 1 LEADER]: Raft consensus shutting down.
I20260710 13:21:16.521453 11189 raft_consensus.cc:2272] T aa37e94eff674a3baeb91a8eb54435f8 P cf0ae996e8be4a13b6b614d5a84f0eeb [term 1 FOLLOWER]: Raft consensus is shut down!
I20260710 13:21:16.523371 11189 tablet_replica.cc:333] T c6d5960f15ab4bba84b82b4a2fb4c0a2 P cf0ae996e8be4a13b6b614d5a84f0eeb: stopping tablet replica
I20260710 13:21:16.523833 11189 raft_consensus.cc:2243] T c6d5960f15ab4bba84b82b4a2fb4c0a2 P cf0ae996e8be4a13b6b614d5a84f0eeb [term 2 FOLLOWER]: Raft consensus shutting down.
I20260710 13:21:16.524570 11189 raft_consensus.cc:2272] T c6d5960f15ab4bba84b82b4a2fb4c0a2 P cf0ae996e8be4a13b6b614d5a84f0eeb [term 2 FOLLOWER]: Raft consensus is shut down!
I20260710 13:21:16.526521 11189 tablet_replica.cc:333] T 83516296669a449e8fb63fb942bbf1e5 P cf0ae996e8be4a13b6b614d5a84f0eeb: stopping tablet replica
I20260710 13:21:16.527433 11189 raft_consensus.cc:2243] T 83516296669a449e8fb63fb942bbf1e5 P cf0ae996e8be4a13b6b614d5a84f0eeb [term 2 FOLLOWER]: Raft consensus shutting down.
I20260710 13:21:16.528105 11189 raft_consensus.cc:2272] T 83516296669a449e8fb63fb942bbf1e5 P cf0ae996e8be4a13b6b614d5a84f0eeb [term 2 FOLLOWER]: Raft consensus is shut down!
I20260710 13:21:16.530313 11189 tablet_replica.cc:333] T 6db3ee3aabe043009be036b0306b2129 P cf0ae996e8be4a13b6b614d5a84f0eeb: stopping tablet replica
I20260710 13:21:16.531097 11189 raft_consensus.cc:2243] T 6db3ee3aabe043009be036b0306b2129 P cf0ae996e8be4a13b6b614d5a84f0eeb [term 1 FOLLOWER]: Raft consensus shutting down.
I20260710 13:21:16.531939 11189 raft_consensus.cc:2272] T 6db3ee3aabe043009be036b0306b2129 P cf0ae996e8be4a13b6b614d5a84f0eeb [term 1 FOLLOWER]: Raft consensus is shut down!
I20260710 13:21:16.534643 11189 tablet_replica.cc:333] T ecfa9241572f4b168bf27a1844c0bafa P cf0ae996e8be4a13b6b614d5a84f0eeb: stopping tablet replica
I20260710 13:21:16.535244 11189 raft_consensus.cc:2243] T ecfa9241572f4b168bf27a1844c0bafa P cf0ae996e8be4a13b6b614d5a84f0eeb [term 1 FOLLOWER]: Raft consensus shutting down.
I20260710 13:21:16.535754 11189 raft_consensus.cc:2272] T ecfa9241572f4b168bf27a1844c0bafa P cf0ae996e8be4a13b6b614d5a84f0eeb [term 1 FOLLOWER]: Raft consensus is shut down!
I20260710 13:21:16.537708 11189 tablet_replica.cc:333] T 04014361c3824667af60c0a86b5b7ac5 P cf0ae996e8be4a13b6b614d5a84f0eeb: stopping tablet replica
I20260710 13:21:16.538196 11189 raft_consensus.cc:2243] T 04014361c3824667af60c0a86b5b7ac5 P cf0ae996e8be4a13b6b614d5a84f0eeb [term 2 LEADER]: Raft consensus shutting down.
I20260710 13:21:16.539034 11189 raft_consensus.cc:2272] T 04014361c3824667af60c0a86b5b7ac5 P cf0ae996e8be4a13b6b614d5a84f0eeb [term 2 FOLLOWER]: Raft consensus is shut down!
W20260710 13:21:16.588893 12412 consensus_peers.cc:597] T 5eae3bfc95dd49a8a217ddb1ae19f6bd P c0c13e89c60341d4a40ad915928170ff -> Peer cf0ae996e8be4a13b6b614d5a84f0eeb (127.10.237.65:33555): Couldn't send request to peer cf0ae996e8be4a13b6b614d5a84f0eeb. Status: Network error: Client connection negotiation failed: client connection to 127.10.237.65:33555: connect: Connection refused (error 111). This is attempt 1: this message will repeat every 5th retry.
I20260710 13:21:16.589443 11189 tablet_server.cc:196] TabletServer@127.10.237.65:0 shutdown complete.
I20260710 13:21:16.652218 11189 tablet_server.cc:179] TabletServer@127.10.237.66:0 shutting down...
W20260710 13:21:16.677012 12413 consensus_peers.cc:597] T c6a569a84bc94322bdf6d2078396d28c P c0c13e89c60341d4a40ad915928170ff -> Peer cd1912b4774d49d3a5f13479f002eaaf (127.10.237.66:35659): Couldn't send request to peer cd1912b4774d49d3a5f13479f002eaaf. Status: Remote error: Service unavailable: service kudu.consensus.ConsensusService not registered on TabletServer. This is attempt 1: this message will repeat every 5th retry.
W20260710 13:21:16.691898 12673 consensus_peers.cc:597] T e03b20d24b45445c812d7ed145ab0b93 P d0a3c9cb0ab7440f8ce152e5fe4c8bbe -> Peer cf0ae996e8be4a13b6b614d5a84f0eeb (127.10.237.65:33555): Couldn't send request to peer cf0ae996e8be4a13b6b614d5a84f0eeb. Status: Network error: Client connection negotiation failed: client connection to 127.10.237.65:33555: connect: Connection refused (error 111). This is attempt 1: this message will repeat every 5th retry.
W20260710 13:21:16.694169 12338 consensus_peers.cc:597] T b72ff4b418894ada9fa1e3f25b88c370 P cd1912b4774d49d3a5f13479f002eaaf -> Peer cf0ae996e8be4a13b6b614d5a84f0eeb (127.10.237.65:33555): Couldn't send request to peer cf0ae996e8be4a13b6b614d5a84f0eeb. Status: Network error: Client connection negotiation failed: client connection to 127.10.237.65:33555: connect: Connection refused (error 111). This is attempt 1: this message will repeat every 5th retry.
W20260710 13:21:16.703837 12673 consensus_peers.cc:597] T c6d5960f15ab4bba84b82b4a2fb4c0a2 P d0a3c9cb0ab7440f8ce152e5fe4c8bbe -> Peer cf0ae996e8be4a13b6b614d5a84f0eeb (127.10.237.65:33555): Couldn't send request to peer cf0ae996e8be4a13b6b614d5a84f0eeb. Status: Network error: Client connection negotiation failed: client connection to 127.10.237.65:33555: connect: Connection refused (error 111). This is attempt 1: this message will repeat every 5th retry.
W20260710 13:21:16.705224 12338 consensus_peers.cc:597] T db54a4f321544c4f8e470632f9404ed7 P cd1912b4774d49d3a5f13479f002eaaf -> Peer cf0ae996e8be4a13b6b614d5a84f0eeb (127.10.237.65:33555): Couldn't send request to peer cf0ae996e8be4a13b6b614d5a84f0eeb. Status: Network error: Client connection negotiation failed: client connection to 127.10.237.65:33555: connect: Connection refused (error 111). This is attempt 1: this message will repeat every 5th retry.
I20260710 13:21:16.711398 11189 ts_tablet_manager.cc:1507] Shutting down tablet manager...
I20260710 13:21:16.712437 11189 tablet_replica.cc:333] T 9cfa971dfa8e4560a6181015dc5d404f P cd1912b4774d49d3a5f13479f002eaaf: stopping tablet replica
I20260710 13:21:16.713351 11189 raft_consensus.cc:2243] T 9cfa971dfa8e4560a6181015dc5d404f P cd1912b4774d49d3a5f13479f002eaaf [term 1 FOLLOWER]: Raft consensus shutting down.
I20260710 13:21:16.713917 11189 raft_consensus.cc:2272] T 9cfa971dfa8e4560a6181015dc5d404f P cd1912b4774d49d3a5f13479f002eaaf [term 1 FOLLOWER]: Raft consensus is shut down!
I20260710 13:21:16.716674 11189 tablet_replica.cc:333] T 5c2a758d7936466d8a2baf6c1edda5cc P cd1912b4774d49d3a5f13479f002eaaf: stopping tablet replica
I20260710 13:21:16.717460 11189 raft_consensus.cc:2243] T 5c2a758d7936466d8a2baf6c1edda5cc P cd1912b4774d49d3a5f13479f002eaaf [term 1 FOLLOWER]: Raft consensus shutting down.
I20260710 13:21:16.718434 11189 raft_consensus.cc:2272] T 5c2a758d7936466d8a2baf6c1edda5cc P cd1912b4774d49d3a5f13479f002eaaf [term 1 FOLLOWER]: Raft consensus is shut down!
I20260710 13:21:16.720844 11189 tablet_replica.cc:333] T 106f78faf4ba45adab414c1cb51d8898 P cd1912b4774d49d3a5f13479f002eaaf: stopping tablet replica
I20260710 13:21:16.721585 11189 raft_consensus.cc:2243] T 106f78faf4ba45adab414c1cb51d8898 P cd1912b4774d49d3a5f13479f002eaaf [term 2 FOLLOWER]: Raft consensus shutting down.
I20260710 13:21:16.722183 11189 raft_consensus.cc:2272] T 106f78faf4ba45adab414c1cb51d8898 P cd1912b4774d49d3a5f13479f002eaaf [term 2 FOLLOWER]: Raft consensus is shut down!
I20260710 13:21:16.725040 11189 tablet_replica.cc:333] T 83773d6576514b18985083b3a3252f1e P cd1912b4774d49d3a5f13479f002eaaf: stopping tablet replica
