I20260710 13:20:50.434509 12141 catalog_manager.cc:5697] T d4147cd450f14dcdadea99329f0bc6f5 P b6413c60810c4b72abe91dc290bba55e reported cstate change: term changed from 0 to 1, leader changed from <none> to b6413c60810c4b72abe91dc290bba55e (127.10.228.3). New cstate: current_term: 1 leader_uuid: "b6413c60810c4b72abe91dc290bba55e" committed_config { opid_index: -1 OBSOLETE_local: false peers { permanent_uuid: "faa063ec48504139912c23b577ab9609" member_type: VOTER last_known_addr { host: "127.10.228.1" port: 34153 } health_report { overall_health: UNKNOWN } } peers { permanent_uuid: "6e6036448c1c43e7b8ce1873d417e2a0" member_type: VOTER last_known_addr { host: "127.10.228.2" port: 45243 } health_report { overall_health: UNKNOWN } } peers { permanent_uuid: "b6413c60810c4b72abe91dc290bba55e" member_type: VOTER last_known_addr { host: "127.10.228.3" port: 36477 } health_report { overall_health: HEALTHY } } }
I20260710 13:20:50.436138 12141 catalog_manager.cc:5697] T e9cae79099f1474ca3eddf9c82ca66a0 P b6413c60810c4b72abe91dc290bba55e reported cstate change: term changed from 0 to 1, leader changed from <none> to b6413c60810c4b72abe91dc290bba55e (127.10.228.3). New cstate: current_term: 1 leader_uuid: "b6413c60810c4b72abe91dc290bba55e" committed_config { opid_index: -1 OBSOLETE_local: false peers { permanent_uuid: "faa063ec48504139912c23b577ab9609" member_type: VOTER last_known_addr { host: "127.10.228.1" port: 34153 } health_report { overall_health: UNKNOWN } } peers { permanent_uuid: "6e6036448c1c43e7b8ce1873d417e2a0" member_type: VOTER last_known_addr { host: "127.10.228.2" port: 45243 } health_report { overall_health: UNKNOWN } } peers { permanent_uuid: "b6413c60810c4b72abe91dc290bba55e" member_type: VOTER last_known_addr { host: "127.10.228.3" port: 36477 } health_report { overall_health: HEALTHY } } }
I20260710 13:20:50.437103 12316 raft_consensus.cc:2468] T 0bfb8cc18ad74579b43495e894846e5e P 6e6036448c1c43e7b8ce1873d417e2a0 [term 1 FOLLOWER]: Leader election vote request: Granting yes vote for candidate b6413c60810c4b72abe91dc290bba55e in term 1.
I20260710 13:20:50.438361 12361 leader_election.cc:304] T 0bfb8cc18ad74579b43495e894846e5e P b6413c60810c4b72abe91dc290bba55e [CANDIDATE]: Term 1 election: Election decided. Result: candidate won. Election summary: received 3 responses out of 3 voters: 2 yes votes; 1 no votes. yes voters: 6e6036448c1c43e7b8ce1873d417e2a0, b6413c60810c4b72abe91dc290bba55e; no voters: faa063ec48504139912c23b577ab9609
I20260710 13:20:50.439585 12527 raft_consensus.cc:2804] T 0bfb8cc18ad74579b43495e894846e5e P b6413c60810c4b72abe91dc290bba55e [term 1 FOLLOWER]: Leader election won for term 1
I20260710 13:20:50.440042 12527 raft_consensus.cc:697] T 0bfb8cc18ad74579b43495e894846e5e P b6413c60810c4b72abe91dc290bba55e [term 1 LEADER]: Becoming Leader. State: Replica: b6413c60810c4b72abe91dc290bba55e, State: Running, Role: LEADER
I20260710 13:20:50.440815 12527 consensus_queue.cc:237] T 0bfb8cc18ad74579b43495e894846e5e P b6413c60810c4b72abe91dc290bba55e [LEADER]: Queue going to LEADER mode. State: All replicated index: 0, Majority replicated index: 0, Committed index: 0, Last appended: 0.0, Last appended by leader: 0, Current term: 1, Majority size: 2, State: 0, Mode: LEADER, active raft config: opid_index: -1 OBSOLETE_local: false peers { permanent_uuid: "faa063ec48504139912c23b577ab9609" member_type: VOTER last_known_addr { host: "127.10.228.1" port: 34153 } } peers { permanent_uuid: "6e6036448c1c43e7b8ce1873d417e2a0" member_type: VOTER last_known_addr { host: "127.10.228.2" port: 45243 } } peers { permanent_uuid: "b6413c60810c4b72abe91dc290bba55e" member_type: VOTER last_known_addr { host: "127.10.228.3" port: 36477 } }
I20260710 13:20:50.440269 12212 leader_election.cc:304] T 40f2bb24c4b44ec58836ddfd7e30f5bb P faa063ec48504139912c23b577ab9609 [CANDIDATE]: Term 1 pre-election: Election decided. Result: candidate lost. Election summary: received 3 responses out of 3 voters: 1 yes votes; 2 no votes. yes voters: faa063ec48504139912c23b577ab9609; no voters: 6e6036448c1c43e7b8ce1873d417e2a0, b6413c60810c4b72abe91dc290bba55e
I20260710 13:20:50.442471 12442 raft_consensus.cc:2749] T 40f2bb24c4b44ec58836ddfd7e30f5bb P faa063ec48504139912c23b577ab9609 [term 1 FOLLOWER]: Leader pre-election lost for term 1. Reason: could not achieve majority
I20260710 13:20:50.447126 12212 leader_election.cc:304] T 520a0bc160cc406a8f3f317998e89f8e P faa063ec48504139912c23b577ab9609 [CANDIDATE]: Term 1 election: Election decided. Result: candidate won. Election summary: received 2 responses out of 3 voters: 2 yes votes; 0 no votes. yes voters: b6413c60810c4b72abe91dc290bba55e, faa063ec48504139912c23b577ab9609; no voters: 
I20260710 13:20:50.447942 12442 raft_consensus.cc:2804] T 520a0bc160cc406a8f3f317998e89f8e P faa063ec48504139912c23b577ab9609 [term 1 FOLLOWER]: Leader election won for term 1
I20260710 13:20:50.448915 12442 raft_consensus.cc:697] T 520a0bc160cc406a8f3f317998e89f8e P faa063ec48504139912c23b577ab9609 [term 1 LEADER]: Becoming Leader. State: Replica: faa063ec48504139912c23b577ab9609, State: Running, Role: LEADER
I20260710 13:20:50.449694 12442 consensus_queue.cc:237] T 520a0bc160cc406a8f3f317998e89f8e P faa063ec48504139912c23b577ab9609 [LEADER]: Queue going to LEADER mode. State: All replicated index: 0, Majority replicated index: 0, Committed index: 0, Last appended: 0.0, Last appended by leader: 0, Current term: 1, Majority size: 2, State: 0, Mode: LEADER, active raft config: opid_index: -1 OBSOLETE_local: false peers { permanent_uuid: "faa063ec48504139912c23b577ab9609" member_type: VOTER last_known_addr { host: "127.10.228.1" port: 34153 } } peers { permanent_uuid: "6e6036448c1c43e7b8ce1873d417e2a0" member_type: VOTER last_known_addr { host: "127.10.228.2" port: 45243 } } peers { permanent_uuid: "b6413c60810c4b72abe91dc290bba55e" member_type: VOTER last_known_addr { host: "127.10.228.3" port: 36477 } }
I20260710 13:20:50.461709 12436 tablet_bootstrap.cc:654] T 0bfb8cc18ad74579b43495e894846e5e P faa063ec48504139912c23b577ab9609: Neither blocks nor log segments found. Creating new log.
I20260710 13:20:50.471915 12141 catalog_manager.cc:5697] T 0bfb8cc18ad74579b43495e894846e5e P b6413c60810c4b72abe91dc290bba55e reported cstate change: term changed from 0 to 1, leader changed from <none> to b6413c60810c4b72abe91dc290bba55e (127.10.228.3). New cstate: current_term: 1 leader_uuid: "b6413c60810c4b72abe91dc290bba55e" committed_config { opid_index: -1 OBSOLETE_local: false peers { permanent_uuid: "faa063ec48504139912c23b577ab9609" member_type: VOTER last_known_addr { host: "127.10.228.1" port: 34153 } health_report { overall_health: UNKNOWN } } peers { permanent_uuid: "6e6036448c1c43e7b8ce1873d417e2a0" member_type: VOTER last_known_addr { host: "127.10.228.2" port: 45243 } health_report { overall_health: UNKNOWN } } peers { permanent_uuid: "b6413c60810c4b72abe91dc290bba55e" member_type: VOTER last_known_addr { host: "127.10.228.3" port: 36477 } health_report { overall_health: HEALTHY } } }
I20260710 13:20:50.475076 12591 consensus_queue.cc:1048] T e26923ecf0004c278b937b19391b1725 P faa063ec48504139912c23b577ab9609 [LEADER]: Connected to new peer: Peer: permanent_uuid: "6e6036448c1c43e7b8ce1873d417e2a0" member_type: VOTER last_known_addr { host: "127.10.228.2" port: 45243 }, Status: LMP_MISMATCH, Last received: 0.0, Next index: 1, Last known committed idx: 0, Time since last communication: 0.001s
I20260710 13:20:50.493628 12436 tablet_bootstrap.cc:492] T 0bfb8cc18ad74579b43495e894846e5e P faa063ec48504139912c23b577ab9609: No bootstrap required, opened a new log
I20260710 13:20:50.494164 12436 ts_tablet_manager.cc:1403] T 0bfb8cc18ad74579b43495e894846e5e P faa063ec48504139912c23b577ab9609: Time spent bootstrapping tablet: real 0.070s	user 0.010s	sys 0.000s
I20260710 13:20:50.498571 12436 raft_consensus.cc:359] T 0bfb8cc18ad74579b43495e894846e5e P faa063ec48504139912c23b577ab9609 [term 0 FOLLOWER]: Replica starting. Triggering 0 pending ops. Active config: opid_index: -1 OBSOLETE_local: false peers { permanent_uuid: "faa063ec48504139912c23b577ab9609" member_type: VOTER last_known_addr { host: "127.10.228.1" port: 34153 } } peers { permanent_uuid: "6e6036448c1c43e7b8ce1873d417e2a0" member_type: VOTER last_known_addr { host: "127.10.228.2" port: 45243 } } peers { permanent_uuid: "b6413c60810c4b72abe91dc290bba55e" member_type: VOTER last_known_addr { host: "127.10.228.3" port: 36477 } }
I20260710 13:20:50.499258 12436 raft_consensus.cc:385] T 0bfb8cc18ad74579b43495e894846e5e P faa063ec48504139912c23b577ab9609 [term 0 FOLLOWER]: Consensus starting up: Expiring failure detector timer to make a prompt election more likely
I20260710 13:20:50.499518 12436 raft_consensus.cc:740] T 0bfb8cc18ad74579b43495e894846e5e P faa063ec48504139912c23b577ab9609 [term 0 FOLLOWER]: Becoming Follower/Learner. State: Replica: faa063ec48504139912c23b577ab9609, State: Initialized, Role: FOLLOWER
I20260710 13:20:50.501539 12591 consensus_queue.cc:1048] T 907f0347a2fb437389c4553e6f38eb40 P faa063ec48504139912c23b577ab9609 [LEADER]: Connected to new peer: Peer: permanent_uuid: "b6413c60810c4b72abe91dc290bba55e" member_type: VOTER last_known_addr { host: "127.10.228.3" port: 36477 }, Status: LMP_MISMATCH, Last received: 0.0, Next index: 1, Last known committed idx: 0, Time since last communication: 0.000s
I20260710 13:20:50.500257 12436 consensus_queue.cc:260] T 0bfb8cc18ad74579b43495e894846e5e P faa063ec48504139912c23b577ab9609 [NON_LEADER]: Queue going to NON_LEADER mode. State: All replicated index: 0, Majority replicated index: 0, Committed index: 0, Last appended: 0.0, Last appended by leader: 0, Current term: 0, Majority size: -1, State: 0, Mode: NON_LEADER, active raft config: opid_index: -1 OBSOLETE_local: false peers { permanent_uuid: "faa063ec48504139912c23b577ab9609" member_type: VOTER last_known_addr { host: "127.10.228.1" port: 34153 } } peers { permanent_uuid: "6e6036448c1c43e7b8ce1873d417e2a0" member_type: VOTER last_known_addr { host: "127.10.228.2" port: 45243 } } peers { permanent_uuid: "b6413c60810c4b72abe91dc290bba55e" member_type: VOTER last_known_addr { host: "127.10.228.3" port: 36477 } }
I20260710 13:20:50.503763 12142 catalog_manager.cc:5697] T 520a0bc160cc406a8f3f317998e89f8e P faa063ec48504139912c23b577ab9609 reported cstate change: term changed from 0 to 1, leader changed from <none> to faa063ec48504139912c23b577ab9609 (127.10.228.1). New cstate: current_term: 1 leader_uuid: "faa063ec48504139912c23b577ab9609" committed_config { opid_index: -1 OBSOLETE_local: false peers { permanent_uuid: "faa063ec48504139912c23b577ab9609" member_type: VOTER last_known_addr { host: "127.10.228.1" port: 34153 } health_report { overall_health: HEALTHY } } peers { permanent_uuid: "6e6036448c1c43e7b8ce1873d417e2a0" member_type: VOTER last_known_addr { host: "127.10.228.2" port: 45243 } health_report { overall_health: UNKNOWN } } peers { permanent_uuid: "b6413c60810c4b72abe91dc290bba55e" member_type: VOTER last_known_addr { host: "127.10.228.3" port: 36477 } health_report { overall_health: UNKNOWN } } }
I20260710 13:20:50.503738 12436 ts_tablet_manager.cc:1434] T 0bfb8cc18ad74579b43495e894846e5e P faa063ec48504139912c23b577ab9609: Time spent starting tablet: real 0.009s	user 0.005s	sys 0.000s
I20260710 13:20:50.526816 12541 consensus_queue.cc:1048] T e26923ecf0004c278b937b19391b1725 P faa063ec48504139912c23b577ab9609 [LEADER]: Connected to new peer: Peer: permanent_uuid: "b6413c60810c4b72abe91dc290bba55e" member_type: VOTER last_known_addr { host: "127.10.228.3" port: 36477 }, Status: LMP_MISMATCH, Last received: 0.0, Next index: 1, Last known committed idx: 0, Time since last communication: 0.000s
I20260710 13:20:50.528297 12436 tablet_bootstrap.cc:492] T e9cae79099f1474ca3eddf9c82ca66a0 P faa063ec48504139912c23b577ab9609: Bootstrap starting.
I20260710 13:20:50.544672 12243 raft_consensus.cc:3060] T f50dee26e5094d6db6ab2e8dcd029eaa P faa063ec48504139912c23b577ab9609 [term 0 FOLLOWER]: Advancing to term 1
I20260710 13:20:50.548434 12436 tablet_bootstrap.cc:654] T e9cae79099f1474ca3eddf9c82ca66a0 P faa063ec48504139912c23b577ab9609: Neither blocks nor log segments found. Creating new log.
I20260710 13:20:50.554581 12436 tablet_bootstrap.cc:492] T e9cae79099f1474ca3eddf9c82ca66a0 P faa063ec48504139912c23b577ab9609: No bootstrap required, opened a new log
I20260710 13:20:50.555130 12436 ts_tablet_manager.cc:1403] T e9cae79099f1474ca3eddf9c82ca66a0 P faa063ec48504139912c23b577ab9609: Time spent bootstrapping tablet: real 0.027s	user 0.012s	sys 0.000s
I20260710 13:20:50.558393 12436 raft_consensus.cc:359] T e9cae79099f1474ca3eddf9c82ca66a0 P faa063ec48504139912c23b577ab9609 [term 0 FOLLOWER]: Replica starting. Triggering 0 pending ops. Active config: opid_index: -1 OBSOLETE_local: false peers { permanent_uuid: "faa063ec48504139912c23b577ab9609" member_type: VOTER last_known_addr { host: "127.10.228.1" port: 34153 } } peers { permanent_uuid: "6e6036448c1c43e7b8ce1873d417e2a0" member_type: VOTER last_known_addr { host: "127.10.228.2" port: 45243 } } peers { permanent_uuid: "b6413c60810c4b72abe91dc290bba55e" member_type: VOTER last_known_addr { host: "127.10.228.3" port: 36477 } }
I20260710 13:20:50.558952 12436 raft_consensus.cc:385] T e9cae79099f1474ca3eddf9c82ca66a0 P faa063ec48504139912c23b577ab9609 [term 0 FOLLOWER]: Consensus starting up: Expiring failure detector timer to make a prompt election more likely
I20260710 13:20:50.559233 12436 raft_consensus.cc:740] T e9cae79099f1474ca3eddf9c82ca66a0 P faa063ec48504139912c23b577ab9609 [term 0 FOLLOWER]: Becoming Follower/Learner. State: Replica: faa063ec48504139912c23b577ab9609, State: Initialized, Role: FOLLOWER
I20260710 13:20:50.559837 12436 consensus_queue.cc:260] T e9cae79099f1474ca3eddf9c82ca66a0 P faa063ec48504139912c23b577ab9609 [NON_LEADER]: Queue going to NON_LEADER mode. State: All replicated index: 0, Majority replicated index: 0, Committed index: 0, Last appended: 0.0, Last appended by leader: 0, Current term: 0, Majority size: -1, State: 0, Mode: NON_LEADER, active raft config: opid_index: -1 OBSOLETE_local: false peers { permanent_uuid: "faa063ec48504139912c23b577ab9609" member_type: VOTER last_known_addr { host: "127.10.228.1" port: 34153 } } peers { permanent_uuid: "6e6036448c1c43e7b8ce1873d417e2a0" member_type: VOTER last_known_addr { host: "127.10.228.2" port: 45243 } } peers { permanent_uuid: "b6413c60810c4b72abe91dc290bba55e" member_type: VOTER last_known_addr { host: "127.10.228.3" port: 36477 } }
I20260710 13:20:50.561755 12436 ts_tablet_manager.cc:1434] T e9cae79099f1474ca3eddf9c82ca66a0 P faa063ec48504139912c23b577ab9609: Time spent starting tablet: real 0.006s	user 0.005s	sys 0.000s
I20260710 13:20:50.608096 12473 raft_consensus.cc:493] T 0bfb8cc18ad74579b43495e894846e5e P faa063ec48504139912c23b577ab9609 [term 0 FOLLOWER]: Starting pre-election (no leader contacted us within the election timeout)
I20260710 13:20:50.608628 12473 raft_consensus.cc:515] T 0bfb8cc18ad74579b43495e894846e5e P faa063ec48504139912c23b577ab9609 [term 0 FOLLOWER]: Starting pre-election with config: opid_index: -1 OBSOLETE_local: false peers { permanent_uuid: "faa063ec48504139912c23b577ab9609" member_type: VOTER last_known_addr { host: "127.10.228.1" port: 34153 } } peers { permanent_uuid: "6e6036448c1c43e7b8ce1873d417e2a0" member_type: VOTER last_known_addr { host: "127.10.228.2" port: 45243 } } peers { permanent_uuid: "b6413c60810c4b72abe91dc290bba55e" member_type: VOTER last_known_addr { host: "127.10.228.3" port: 36477 } }
I20260710 13:20:50.610550 12473 leader_election.cc:290] T 0bfb8cc18ad74579b43495e894846e5e P faa063ec48504139912c23b577ab9609 [CANDIDATE]: Term 1 pre-election: Requested pre-vote from peers 6e6036448c1c43e7b8ce1873d417e2a0 (127.10.228.2:45243), b6413c60810c4b72abe91dc290bba55e (127.10.228.3:36477)
I20260710 13:20:50.611213 12245 raft_consensus.cc:1275] T 5f3f837080ca4535acbeb7423b527ee9 P faa063ec48504139912c23b577ab9609 [term 2 FOLLOWER]: Refusing update from remote peer b6413c60810c4b72abe91dc290bba55e: Log matching property violated. Preceding OpId in replica: term: 0 index: 0. Preceding OpId from leader: term: 2 index: 1. (index mismatch)
I20260710 13:20:50.612187 12321 tablet_service.cc:1917] Received RequestConsensusVote() RPC: tablet_id: "0bfb8cc18ad74579b43495e894846e5e" candidate_uuid: "faa063ec48504139912c23b577ab9609" candidate_term: 1 candidate_status { last_received { term: 0 index: 0 } } ignore_live_leader: false dest_uuid: "6e6036448c1c43e7b8ce1873d417e2a0" is_pre_election: true
I20260710 13:20:50.612818 12527 consensus_queue.cc:1048] T 5f3f837080ca4535acbeb7423b527ee9 P b6413c60810c4b72abe91dc290bba55e [LEADER]: Connected to new peer: Peer: permanent_uuid: "faa063ec48504139912c23b577ab9609" member_type: VOTER last_known_addr { host: "127.10.228.1" port: 34153 }, Status: LMP_MISMATCH, Last received: 0.0, Next index: 1, Last known committed idx: 0, Time since last communication: 0.000s
I20260710 13:20:50.613343 12321 raft_consensus.cc:2393] T 0bfb8cc18ad74579b43495e894846e5e P 6e6036448c1c43e7b8ce1873d417e2a0 [term 1 FOLLOWER]: Leader pre-election vote request: Denying vote to candidate faa063ec48504139912c23b577ab9609 in current term 1: Already voted for candidate b6413c60810c4b72abe91dc290bba55e in this term.
I20260710 13:20:50.616070 12394 tablet_service.cc:1917] Received RequestConsensusVote() RPC: tablet_id: "0bfb8cc18ad74579b43495e894846e5e" candidate_uuid: "faa063ec48504139912c23b577ab9609" candidate_term: 1 candidate_status { last_received { term: 0 index: 0 } } ignore_live_leader: false dest_uuid: "b6413c60810c4b72abe91dc290bba55e" is_pre_election: true
I20260710 13:20:50.618630 12212 leader_election.cc:304] T 0bfb8cc18ad74579b43495e894846e5e P faa063ec48504139912c23b577ab9609 [CANDIDATE]: Term 1 pre-election: Election decided. Result: candidate lost. Election summary: received 3 responses out of 3 voters: 1 yes votes; 2 no votes. yes voters: faa063ec48504139912c23b577ab9609; no voters: 6e6036448c1c43e7b8ce1873d417e2a0, b6413c60810c4b72abe91dc290bba55e
I20260710 13:20:50.619383 12473 raft_consensus.cc:3060] T 0bfb8cc18ad74579b43495e894846e5e P faa063ec48504139912c23b577ab9609 [term 0 FOLLOWER]: Advancing to term 1
I20260710 13:20:50.626390 12473 raft_consensus.cc:2749] T 0bfb8cc18ad74579b43495e894846e5e P faa063ec48504139912c23b577ab9609 [term 1 FOLLOWER]: Leader pre-election lost for term 1. Reason: could not achieve majority
I20260710 13:20:50.636569 12321 raft_consensus.cc:1275] T 5f3f837080ca4535acbeb7423b527ee9 P 6e6036448c1c43e7b8ce1873d417e2a0 [term 2 FOLLOWER]: Refusing update from remote peer b6413c60810c4b72abe91dc290bba55e: Log matching property violated. Preceding OpId in replica: term: 0 index: 0. Preceding OpId from leader: term: 2 index: 1. (index mismatch)
I20260710 13:20:50.638154 12595 consensus_queue.cc:1048] T 5f3f837080ca4535acbeb7423b527ee9 P b6413c60810c4b72abe91dc290bba55e [LEADER]: Connected to new peer: Peer: permanent_uuid: "6e6036448c1c43e7b8ce1873d417e2a0" member_type: VOTER last_known_addr { host: "127.10.228.2" port: 45243 }, Status: LMP_MISMATCH, Last received: 0.0, Next index: 1, Last known committed idx: 0, Time since last communication: 0.000s
I20260710 13:20:50.639197 12473 raft_consensus.cc:493] T d4147cd450f14dcdadea99329f0bc6f5 P faa063ec48504139912c23b577ab9609 [term 0 FOLLOWER]: Starting pre-election (no leader contacted us within the election timeout)
I20260710 13:20:50.639654 12473 raft_consensus.cc:515] T d4147cd450f14dcdadea99329f0bc6f5 P faa063ec48504139912c23b577ab9609 [term 0 FOLLOWER]: Starting pre-election with config: opid_index: -1 OBSOLETE_local: false peers { permanent_uuid: "faa063ec48504139912c23b577ab9609" member_type: VOTER last_known_addr { host: "127.10.228.1" port: 34153 } } peers { permanent_uuid: "6e6036448c1c43e7b8ce1873d417e2a0" member_type: VOTER last_known_addr { host: "127.10.228.2" port: 45243 } } peers { permanent_uuid: "b6413c60810c4b72abe91dc290bba55e" member_type: VOTER last_known_addr { host: "127.10.228.3" port: 36477 } }
I20260710 13:20:50.643388 12319 tablet_service.cc:1917] Received RequestConsensusVote() RPC: tablet_id: "d4147cd450f14dcdadea99329f0bc6f5" candidate_uuid: "faa063ec48504139912c23b577ab9609" candidate_term: 1 candidate_status { last_received { term: 0 index: 0 } } ignore_live_leader: false dest_uuid: "6e6036448c1c43e7b8ce1873d417e2a0" is_pre_election: true
I20260710 13:20:50.644153 12319 raft_consensus.cc:2393] T d4147cd450f14dcdadea99329f0bc6f5 P 6e6036448c1c43e7b8ce1873d417e2a0 [term 1 FOLLOWER]: Leader pre-election vote request: Denying vote to candidate faa063ec48504139912c23b577ab9609 in current term 1: Already voted for candidate b6413c60810c4b72abe91dc290bba55e in this term.
I20260710 13:20:50.644459 12394 tablet_service.cc:1917] Received RequestConsensusVote() RPC: tablet_id: "d4147cd450f14dcdadea99329f0bc6f5" candidate_uuid: "faa063ec48504139912c23b577ab9609" candidate_term: 1 candidate_status { last_received { term: 0 index: 0 } } ignore_live_leader: false dest_uuid: "b6413c60810c4b72abe91dc290bba55e" is_pre_election: true
I20260710 13:20:50.646615 12212 leader_election.cc:304] T d4147cd450f14dcdadea99329f0bc6f5 P faa063ec48504139912c23b577ab9609 [CANDIDATE]: Term 1 pre-election: Election decided. Result: candidate lost. Election summary: received 3 responses out of 3 voters: 1 yes votes; 2 no votes. yes voters: faa063ec48504139912c23b577ab9609; no voters: 6e6036448c1c43e7b8ce1873d417e2a0, b6413c60810c4b72abe91dc290bba55e
I20260710 13:20:50.646664 12595 consensus_queue.cc:1048] T 65608a74ec5548d39c03a4f8f5fdd6be P b6413c60810c4b72abe91dc290bba55e [LEADER]: Connected to new peer: Peer: permanent_uuid: "6e6036448c1c43e7b8ce1873d417e2a0" member_type: VOTER last_known_addr { host: "127.10.228.2" port: 45243 }, Status: LMP_MISMATCH, Last received: 0.0, Next index: 1, Last known committed idx: 0, Time since last communication: 0.000s
I20260710 13:20:50.647464 12473 leader_election.cc:290] T d4147cd450f14dcdadea99329f0bc6f5 P faa063ec48504139912c23b577ab9609 [CANDIDATE]: Term 1 pre-election: Requested pre-vote from peers 6e6036448c1c43e7b8ce1873d417e2a0 (127.10.228.2:45243), b6413c60810c4b72abe91dc290bba55e (127.10.228.3:36477)
I20260710 13:20:50.647495 12541 raft_consensus.cc:3060] T d4147cd450f14dcdadea99329f0bc6f5 P faa063ec48504139912c23b577ab9609 [term 0 FOLLOWER]: Advancing to term 1
I20260710 13:20:50.653110 12473 raft_consensus.cc:493] T e9cae79099f1474ca3eddf9c82ca66a0 P faa063ec48504139912c23b577ab9609 [term 0 FOLLOWER]: Starting pre-election (no leader contacted us within the election timeout)
I20260710 13:20:50.653558 12473 raft_consensus.cc:515] T e9cae79099f1474ca3eddf9c82ca66a0 P faa063ec48504139912c23b577ab9609 [term 0 FOLLOWER]: Starting pre-election with config: opid_index: -1 OBSOLETE_local: false peers { permanent_uuid: "faa063ec48504139912c23b577ab9609" member_type: VOTER last_known_addr { host: "127.10.228.1" port: 34153 } } peers { permanent_uuid: "6e6036448c1c43e7b8ce1873d417e2a0" member_type: VOTER last_known_addr { host: "127.10.228.2" port: 45243 } } peers { permanent_uuid: "b6413c60810c4b72abe91dc290bba55e" member_type: VOTER last_known_addr { host: "127.10.228.3" port: 36477 } }
I20260710 13:20:50.654803 12541 raft_consensus.cc:2749] T d4147cd450f14dcdadea99329f0bc6f5 P faa063ec48504139912c23b577ab9609 [term 1 FOLLOWER]: Leader pre-election lost for term 1. Reason: could not achieve majority
I20260710 13:20:50.659160 12604 consensus_queue.cc:1048] T 65608a74ec5548d39c03a4f8f5fdd6be P b6413c60810c4b72abe91dc290bba55e [LEADER]: Connected to new peer: Peer: permanent_uuid: "faa063ec48504139912c23b577ab9609" member_type: VOTER last_known_addr { host: "127.10.228.1" port: 34153 }, Status: LMP_MISMATCH, Last received: 0.0, Next index: 1, Last known committed idx: 0, Time since last communication: 0.000s
I20260710 13:20:50.664554 12394 tablet_service.cc:1917] Received RequestConsensusVote() RPC: tablet_id: "e9cae79099f1474ca3eddf9c82ca66a0" candidate_uuid: "faa063ec48504139912c23b577ab9609" candidate_term: 1 candidate_status { last_received { term: 0 index: 0 } } ignore_live_leader: false dest_uuid: "b6413c60810c4b72abe91dc290bba55e" is_pre_election: true
I20260710 13:20:50.668960 12473 leader_election.cc:290] T e9cae79099f1474ca3eddf9c82ca66a0 P faa063ec48504139912c23b577ab9609 [CANDIDATE]: Term 1 pre-election: Requested pre-vote from peers 6e6036448c1c43e7b8ce1873d417e2a0 (127.10.228.2:45243), b6413c60810c4b72abe91dc290bba55e (127.10.228.3:36477)
I20260710 13:20:50.666383 12321 tablet_service.cc:1917] Received RequestConsensusVote() RPC: tablet_id: "e9cae79099f1474ca3eddf9c82ca66a0" candidate_uuid: "faa063ec48504139912c23b577ab9609" candidate_term: 1 candidate_status { last_received { term: 0 index: 0 } } ignore_live_leader: false dest_uuid: "6e6036448c1c43e7b8ce1873d417e2a0" is_pre_election: true
I20260710 13:20:50.671739 12321 raft_consensus.cc:2393] T e9cae79099f1474ca3eddf9c82ca66a0 P 6e6036448c1c43e7b8ce1873d417e2a0 [term 1 FOLLOWER]: Leader pre-election vote request: Denying vote to candidate faa063ec48504139912c23b577ab9609 in current term 1: Already voted for candidate b6413c60810c4b72abe91dc290bba55e in this term.
I20260710 13:20:50.672686 12212 leader_election.cc:304] T e9cae79099f1474ca3eddf9c82ca66a0 P faa063ec48504139912c23b577ab9609 [CANDIDATE]: Term 1 pre-election: Election decided. Result: candidate lost. Election summary: received 3 responses out of 3 voters: 1 yes votes; 2 no votes. yes voters: faa063ec48504139912c23b577ab9609; no voters: 6e6036448c1c43e7b8ce1873d417e2a0, b6413c60810c4b72abe91dc290bba55e
I20260710 13:20:50.673449 12541 raft_consensus.cc:3060] T e9cae79099f1474ca3eddf9c82ca66a0 P faa063ec48504139912c23b577ab9609 [term 0 FOLLOWER]: Advancing to term 1
I20260710 13:20:50.678032 12541 raft_consensus.cc:2749] T e9cae79099f1474ca3eddf9c82ca66a0 P faa063ec48504139912c23b577ab9609 [term 1 FOLLOWER]: Leader pre-election lost for term 1. Reason: could not achieve majority
I20260710 13:20:50.802696 12604 consensus_queue.cc:1048] T d4147cd450f14dcdadea99329f0bc6f5 P b6413c60810c4b72abe91dc290bba55e [LEADER]: Connected to new peer: Peer: permanent_uuid: "faa063ec48504139912c23b577ab9609" member_type: VOTER last_known_addr { host: "127.10.228.1" port: 34153 }, Status: LMP_MISMATCH, Last received: 0.0, Next index: 1, Last known committed idx: 0, Time since last communication: 0.000s
I20260710 13:20:50.814546 12604 consensus_queue.cc:1048] T d4147cd450f14dcdadea99329f0bc6f5 P b6413c60810c4b72abe91dc290bba55e [LEADER]: Connected to new peer: Peer: permanent_uuid: "6e6036448c1c43e7b8ce1873d417e2a0" member_type: VOTER last_known_addr { host: "127.10.228.2" port: 45243 }, Status: LMP_MISMATCH, Last received: 0.0, Next index: 1, Last known committed idx: 0, Time since last communication: 0.001s
I20260710 13:20:50.834533 12604 consensus_queue.cc:1048] T 0bfb8cc18ad74579b43495e894846e5e P b6413c60810c4b72abe91dc290bba55e [LEADER]: Connected to new peer: Peer: permanent_uuid: "faa063ec48504139912c23b577ab9609" member_type: VOTER last_known_addr { host: "127.10.228.1" port: 34153 }, Status: LMP_MISMATCH, Last received: 0.0, Next index: 1, Last known committed idx: 0, Time since last communication: 0.000s
I20260710 13:20:50.842658 12473 consensus_queue.cc:1048] T 520a0bc160cc406a8f3f317998e89f8e P faa063ec48504139912c23b577ab9609 [LEADER]: Connected to new peer: Peer: permanent_uuid: "b6413c60810c4b72abe91dc290bba55e" member_type: VOTER last_known_addr { host: "127.10.228.3" port: 36477 }, Status: LMP_MISMATCH, Last received: 0.0, Next index: 1, Last known committed idx: 0, Time since last communication: 0.000s
I20260710 13:20:50.848901 12595 consensus_queue.cc:1048] T 0bfb8cc18ad74579b43495e894846e5e P b6413c60810c4b72abe91dc290bba55e [LEADER]: Connected to new peer: Peer: permanent_uuid: "6e6036448c1c43e7b8ce1873d417e2a0" member_type: VOTER last_known_addr { host: "127.10.228.2" port: 45243 }, Status: LMP_MISMATCH, Last received: 0.0, Next index: 1, Last known committed idx: 0, Time since last communication: 0.000s
I20260710 13:20:50.863570 12475 consensus_queue.cc:1048] T 520a0bc160cc406a8f3f317998e89f8e P faa063ec48504139912c23b577ab9609 [LEADER]: Connected to new peer: Peer: permanent_uuid: "6e6036448c1c43e7b8ce1873d417e2a0" member_type: VOTER last_known_addr { host: "127.10.228.2" port: 45243 }, Status: LMP_MISMATCH, Last received: 0.0, Next index: 1, Last known committed idx: 0, Time since last communication: 0.000s
I20260710 13:20:50.869957 12604 consensus_queue.cc:1048] T e9cae79099f1474ca3eddf9c82ca66a0 P b6413c60810c4b72abe91dc290bba55e [LEADER]: Connected to new peer: Peer: permanent_uuid: "faa063ec48504139912c23b577ab9609" member_type: VOTER last_known_addr { host: "127.10.228.1" port: 34153 }, Status: LMP_MISMATCH, Last received: 0.0, Next index: 1, Last known committed idx: 0, Time since last communication: 0.000s
I20260710 13:20:50.892747 12532 consensus_queue.cc:1048] T e9cae79099f1474ca3eddf9c82ca66a0 P b6413c60810c4b72abe91dc290bba55e [LEADER]: Connected to new peer: Peer: permanent_uuid: "6e6036448c1c43e7b8ce1873d417e2a0" member_type: VOTER last_known_addr { host: "127.10.228.2" port: 45243 }, Status: LMP_MISMATCH, Last received: 0.0, Next index: 1, Last known committed idx: 0, Time since last communication: 0.000s
I20260710 13:20:51.033478 11152 file_cache.cc:504] Constructed file cache file cache with capacity 419430
W20260710 13:20:51.039024 12634 instance_detector.cc:116] could not retrieve AWS instance metadata: Network error: curl error: HTTP response code said error: The requested URL returned error: 404
W20260710 13:20:51.039706 12635 instance_detector.cc:116] could not retrieve Azure instance metadata: Network error: curl error: HTTP response code said error: The requested URL returned error: 404
W20260710 13:20:51.041124 12637 instance_detector.cc:116] could not retrieve OpenStack instance metadata: Network error: curl error: HTTP response code said error: The requested URL returned error: 404
I20260710 13:20:51.041483 11152 server_base.cc:1061] running on GCE node
I20260710 13:20:51.044752 11152 hybrid_clock.cc:584] initializing the hybrid clock with 'system_unsync' time source
W20260710 13:20:51.045039 11152 system_unsync_time.cc:38] NTP support is disabled. Clock error bounds will not be accurate. This configuration is not suitable for distributed clusters.
I20260710 13:20:51.045208 11152 hybrid_clock.cc:648] HybridClock initialized: now 1783689651045192 us; error 0 us; skew 500 ppm
I20260710 13:20:51.045840 11152 server_base.cc:861] Flag tcmalloc_max_total_thread_cache_bytes is not working since tcmalloc is not enabled.
I20260710 13:20:51.048296 11152 webserver.cc:533] Webserver started at http://127.10.228.4:43047/ using document root <none> and password file <none>
I20260710 13:20:51.048830 11152 fs_manager.cc:362] Metadata directory not provided
I20260710 13:20:51.049017 11152 fs_manager.cc:368] Using write-ahead log directory (fs_wal_dir) as metadata directory
I20260710 13:20:51.049335 11152 server_base.cc:909] This appears to be a new deployment of Kudu; creating new FS layout
I20260710 13:20:51.050638 11152 fs_manager.cc:1068] Generated new instance metadata in path /tmp/dist-test-taskw0hhZB/test-tmp/auto_leader_rebalancer-test.0.LeaderRebalancerTest.AddTserver.1783689624105352-11152-0/minicluster-data/ts-3-root/instance:
uuid: "a0cc9bcbc9e140f791824f16593d793e"
format_stamp: "Formatted at 2026-07-10 13:20:51 on dist-test-slave-ml67"
I20260710 13:20:51.057153 11152 fs_manager.cc:696] Time spent creating directory manager: real 0.006s	user 0.007s	sys 0.000s
I20260710 13:20:51.061035 12642 log_block_manager.cc:4127] Time spent loading block containers with low live blocks: real 0.000s	user 0.000s	sys 0.000s
I20260710 13:20:51.061856 11152 fs_manager.cc:730] Time spent opening block manager: real 0.002s	user 0.002s	sys 0.001s
I20260710 13:20:51.062177 11152 fs_manager.cc:647] Opened local filesystem: /tmp/dist-test-taskw0hhZB/test-tmp/auto_leader_rebalancer-test.0.LeaderRebalancerTest.AddTserver.1783689624105352-11152-0/minicluster-data/ts-3-root
uuid: "a0cc9bcbc9e140f791824f16593d793e"
format_stamp: "Formatted at 2026-07-10 13:20:51 on dist-test-slave-ml67"
I20260710 13:20:51.062455 11152 fs_report.cc:389] FS layout report
--------------------
wal directory: /tmp/dist-test-taskw0hhZB/test-tmp/auto_leader_rebalancer-test.0.LeaderRebalancerTest.AddTserver.1783689624105352-11152-0/minicluster-data/ts-3-root
metadata directory: /tmp/dist-test-taskw0hhZB/test-tmp/auto_leader_rebalancer-test.0.LeaderRebalancerTest.AddTserver.1783689624105352-11152-0/minicluster-data/ts-3-root
1 data directories: /tmp/dist-test-taskw0hhZB/test-tmp/auto_leader_rebalancer-test.0.LeaderRebalancerTest.AddTserver.1783689624105352-11152-0/minicluster-data/ts-3-root/data
Total live blocks: 0
Total live bytes: 0
Total live bytes (after alignment): 0
Total number of LBM containers: 0 (0 full)
Did not check for missing blocks
Did not check for orphaned blocks
Total full LBM containers with extra space: 0 (0 repaired)
Total full LBM container extra space in bytes: 0 (0 repaired)
Total incomplete LBM containers: 0 (0 repaired)
Total LBM partial records: 0 (0 repaired)
Total corrupted LBM metadata records in RocksDB: 0 (0 repaired)
I20260710 13:20:51.074638 11152 rpc_server.cc:225] running with OpenSSL 1.1.1  11 Sep 2018
I20260710 13:20:51.075799 11152 kserver.cc:163] Server-wide thread pool size limit: 3276
I20260710 13:20:51.077234 11152 txn_system_client.cc:432] TxnSystemClient initialization is disabled...
I20260710 13:20:51.079336 11152 ts_tablet_manager.cc:585] Loaded tablet metadata (0 total tablets, 0 live tablets)
I20260710 13:20:51.079612 11152 ts_tablet_manager.cc:531] Time spent load tablet metadata: real 0.000s	user 0.000s	sys 0.000s
I20260710 13:20:51.079870 11152 ts_tablet_manager.cc:616] Registered 0 tablets
I20260710 13:20:51.080031 11152 ts_tablet_manager.cc:595] Time spent register tablets: real 0.000s	user 0.000s	sys 0.000s
I20260710 13:20:51.154788 11152 rpc_server.cc:307] RPC server started. Bound to: 127.10.228.4:39991
I20260710 13:20:51.154855 12705 acceptor_pool.cc:272] collecting diagnostics on the listening RPC socket 127.10.228.4:39991 every 8 connection(s)
I20260710 13:20:51.158816 11152 auto_leader_rebalancer-test.cc:388] add a tserver: a0cc9bcbc9e140f791824f16593d793e
I20260710 13:20:51.169695 12706 heartbeater.cc:344] Connected to a master server at 127.10.228.62:35679
I20260710 13:20:51.170118 12706 heartbeater.cc:461] Registering TS with master...
I20260710 13:20:51.170903 12706 heartbeater.cc:507] Master 127.10.228.62:35679 requested a full tablet report, sending...
I20260710 13:20:51.172663 12141 ts_manager.cc:194] Registered new tserver with Master: a0cc9bcbc9e140f791824f16593d793e (127.10.228.4:39991)
I20260710 13:20:51.174022 12141 master_service.cc:502] Signed X509 certificate for tserver {username='slave'} at 127.0.0.1:37798
I20260710 13:20:51.985464 12394 consensus_queue.cc:237] T 5f3f837080ca4535acbeb7423b527ee9 P b6413c60810c4b72abe91dc290bba55e [LEADER]: Queue going to LEADER mode. State: All replicated index: 0, Majority replicated index: 1, Committed index: 1, Last appended: 2.1, Last appended by leader: 0, Current term: 2, Majority size: 2, State: 0, Mode: LEADER, active raft config: opid_index: 2 OBSOLETE_local: false peers { permanent_uuid: "faa063ec48504139912c23b577ab9609" member_type: VOTER last_known_addr { host: "127.10.228.1" port: 34153 } attrs { replace: true } } peers { permanent_uuid: "6e6036448c1c43e7b8ce1873d417e2a0" member_type: VOTER last_known_addr { host: "127.10.228.2" port: 45243 } } peers { permanent_uuid: "b6413c60810c4b72abe91dc290bba55e" member_type: VOTER last_known_addr { host: "127.10.228.3" port: 36477 } } peers { permanent_uuid: "a0cc9bcbc9e140f791824f16593d793e" member_type: NON_VOTER last_known_addr { host: "127.10.228.4" port: 39991 } attrs { promote: true } }
I20260710 13:20:51.991392 12321 raft_consensus.cc:1275] T 5f3f837080ca4535acbeb7423b527ee9 P 6e6036448c1c43e7b8ce1873d417e2a0 [term 2 FOLLOWER]: Refusing update from remote peer b6413c60810c4b72abe91dc290bba55e: Log matching property violated. Preceding OpId in replica: term: 2 index: 1. Preceding OpId from leader: term: 2 index: 2. (index mismatch)
I20260710 13:20:51.992246 12243 raft_consensus.cc:1275] T 5f3f837080ca4535acbeb7423b527ee9 P faa063ec48504139912c23b577ab9609 [term 2 FOLLOWER]: Refusing update from remote peer b6413c60810c4b72abe91dc290bba55e: Log matching property violated. Preceding OpId in replica: term: 2 index: 1. Preceding OpId from leader: term: 2 index: 2. (index mismatch)
I20260710 13:20:51.996876 12604 consensus_queue.cc:1048] T 5f3f837080ca4535acbeb7423b527ee9 P b6413c60810c4b72abe91dc290bba55e [LEADER]: Connected to new peer: Peer: permanent_uuid: "6e6036448c1c43e7b8ce1873d417e2a0" member_type: VOTER last_known_addr { host: "127.10.228.2" port: 45243 }, Status: LMP_MISMATCH, Last received: 0.0, Next index: 2, Last known committed idx: 1, Time since last communication: 0.000s
I20260710 13:20:51.999203 12532 consensus_queue.cc:1048] T 5f3f837080ca4535acbeb7423b527ee9 P b6413c60810c4b72abe91dc290bba55e [LEADER]: Connected to new peer: Peer: permanent_uuid: "faa063ec48504139912c23b577ab9609" member_type: VOTER last_known_addr { host: "127.10.228.1" port: 34153 } attrs { replace: true }, Status: LMP_MISMATCH, Last received: 0.0, Next index: 2, Last known committed idx: 1, Time since last communication: 0.000s
I20260710 13:20:52.005178 12604 raft_consensus.cc:2955] T 5f3f837080ca4535acbeb7423b527ee9 P b6413c60810c4b72abe91dc290bba55e [term 2 LEADER]: Committing config change with OpId 2.2: config changed from index -1 to 2, NON_VOTER a0cc9bcbc9e140f791824f16593d793e (127.10.228.4) added. New config: { opid_index: 2 OBSOLETE_local: false peers { permanent_uuid: "faa063ec48504139912c23b577ab9609" member_type: VOTER last_known_addr { host: "127.10.228.1" port: 34153 } attrs { replace: true } } peers { permanent_uuid: "6e6036448c1c43e7b8ce1873d417e2a0" member_type: VOTER last_known_addr { host: "127.10.228.2" port: 45243 } } peers { permanent_uuid: "b6413c60810c4b72abe91dc290bba55e" member_type: VOTER last_known_addr { host: "127.10.228.3" port: 36477 } } peers { permanent_uuid: "a0cc9bcbc9e140f791824f16593d793e" member_type: NON_VOTER last_known_addr { host: "127.10.228.4" port: 39991 } attrs { promote: true } } }
I20260710 13:20:52.006858 12321 raft_consensus.cc:2955] T 5f3f837080ca4535acbeb7423b527ee9 P 6e6036448c1c43e7b8ce1873d417e2a0 [term 2 FOLLOWER]: Committing config change with OpId 2.2: config changed from index -1 to 2, NON_VOTER a0cc9bcbc9e140f791824f16593d793e (127.10.228.4) added. New config: { opid_index: 2 OBSOLETE_local: false peers { permanent_uuid: "faa063ec48504139912c23b577ab9609" member_type: VOTER last_known_addr { host: "127.10.228.1" port: 34153 } attrs { replace: true } } peers { permanent_uuid: "6e6036448c1c43e7b8ce1873d417e2a0" member_type: VOTER last_known_addr { host: "127.10.228.2" port: 45243 } } peers { permanent_uuid: "b6413c60810c4b72abe91dc290bba55e" member_type: VOTER last_known_addr { host: "127.10.228.3" port: 36477 } } peers { permanent_uuid: "a0cc9bcbc9e140f791824f16593d793e" member_type: NON_VOTER last_known_addr { host: "127.10.228.4" port: 39991 } attrs { promote: true } } }
W20260710 13:20:52.011314 12358 consensus_peers.cc:597] T 5f3f837080ca4535acbeb7423b527ee9 P b6413c60810c4b72abe91dc290bba55e -> Peer a0cc9bcbc9e140f791824f16593d793e (127.10.228.4:39991): Couldn't send request to peer a0cc9bcbc9e140f791824f16593d793e. Error code: TABLET_NOT_FOUND (6). Status: Not found: Tablet not found: 5f3f837080ca4535acbeb7423b527ee9. This is attempt 1: this message will repeat every 5th retry.
I20260710 13:20:52.021880 12141 catalog_manager.cc:5697] T 5f3f837080ca4535acbeb7423b527ee9 P b6413c60810c4b72abe91dc290bba55e reported cstate change: config changed from index -1 to 2, NON_VOTER a0cc9bcbc9e140f791824f16593d793e (127.10.228.4) added. New cstate: current_term: 2 leader_uuid: "b6413c60810c4b72abe91dc290bba55e" committed_config { opid_index: 2 OBSOLETE_local: false peers { permanent_uuid: "faa063ec48504139912c23b577ab9609" member_type: VOTER last_known_addr { host: "127.10.228.1" port: 34153 } attrs { replace: true } health_report { overall_health: HEALTHY } } peers { permanent_uuid: "6e6036448c1c43e7b8ce1873d417e2a0" member_type: VOTER last_known_addr { host: "127.10.228.2" port: 45243 } health_report { overall_health: HEALTHY } } peers { permanent_uuid: "b6413c60810c4b72abe91dc290bba55e" member_type: VOTER last_known_addr { host: "127.10.228.3" port: 36477 } health_report { overall_health: HEALTHY } } peers { permanent_uuid: "a0cc9bcbc9e140f791824f16593d793e" member_type: NON_VOTER last_known_addr { host: "127.10.228.4" port: 39991 } attrs { promote: true } health_report { overall_health: UNKNOWN } } }
I20260710 13:20:52.020305 12243 raft_consensus.cc:2955] T 5f3f837080ca4535acbeb7423b527ee9 P faa063ec48504139912c23b577ab9609 [term 2 FOLLOWER]: Committing config change with OpId 2.2: config changed from index -1 to 2, NON_VOTER a0cc9bcbc9e140f791824f16593d793e (127.10.228.4) added. New config: { opid_index: 2 OBSOLETE_local: false peers { permanent_uuid: "faa063ec48504139912c23b577ab9609" member_type: VOTER last_known_addr { host: "127.10.228.1" port: 34153 } attrs { replace: true } } peers { permanent_uuid: "6e6036448c1c43e7b8ce1873d417e2a0" member_type: VOTER last_known_addr { host: "127.10.228.2" port: 45243 } } peers { permanent_uuid: "b6413c60810c4b72abe91dc290bba55e" member_type: VOTER last_known_addr { host: "127.10.228.3" port: 36477 } } peers { permanent_uuid: "a0cc9bcbc9e140f791824f16593d793e" member_type: NON_VOTER last_known_addr { host: "127.10.228.4" port: 39991 } attrs { promote: true } } }
I20260710 13:20:52.041761 12321 consensus_queue.cc:237] T 650f4921e8674fa89a00237b8c3c2bd2 P 6e6036448c1c43e7b8ce1873d417e2a0 [LEADER]: Queue going to LEADER mode. State: All replicated index: 0, Majority replicated index: 1, Committed index: 1, Last appended: 1.1, Last appended by leader: 0, Current term: 1, Majority size: 2, State: 0, Mode: LEADER, active raft config: opid_index: 2 OBSOLETE_local: false peers { permanent_uuid: "faa063ec48504139912c23b577ab9609" member_type: VOTER last_known_addr { host: "127.10.228.1" port: 34153 } } peers { permanent_uuid: "6e6036448c1c43e7b8ce1873d417e2a0" member_type: VOTER last_known_addr { host: "127.10.228.2" port: 45243 } } peers { permanent_uuid: "b6413c60810c4b72abe91dc290bba55e" member_type: VOTER last_known_addr { host: "127.10.228.3" port: 36477 } attrs { replace: true } } peers { permanent_uuid: "a0cc9bcbc9e140f791824f16593d793e" member_type: NON_VOTER last_known_addr { host: "127.10.228.4" port: 39991 } attrs { promote: true } }
I20260710 13:20:52.051491 12394 raft_consensus.cc:1275] T 650f4921e8674fa89a00237b8c3c2bd2 P b6413c60810c4b72abe91dc290bba55e [term 1 FOLLOWER]: Refusing update from remote peer 6e6036448c1c43e7b8ce1873d417e2a0: Log matching property violated. Preceding OpId in replica: term: 1 index: 1. Preceding OpId from leader: term: 1 index: 2. (index mismatch)
I20260710 13:20:52.051855 12243 raft_consensus.cc:1275] T 650f4921e8674fa89a00237b8c3c2bd2 P faa063ec48504139912c23b577ab9609 [term 1 FOLLOWER]: Refusing update from remote peer 6e6036448c1c43e7b8ce1873d417e2a0: Log matching property violated. Preceding OpId in replica: term: 1 index: 1. Preceding OpId from leader: term: 1 index: 2. (index mismatch)
I20260710 13:20:52.053238 12693 consensus_queue.cc:1048] T 650f4921e8674fa89a00237b8c3c2bd2 P 6e6036448c1c43e7b8ce1873d417e2a0 [LEADER]: Connected to new peer: Peer: permanent_uuid: "b6413c60810c4b72abe91dc290bba55e" member_type: VOTER last_known_addr { host: "127.10.228.3" port: 36477 } attrs { replace: true }, Status: LMP_MISMATCH, Last received: 0.0, Next index: 2, Last known committed idx: 1, Time since last communication: 0.000s
I20260710 13:20:52.055631 12710 consensus_queue.cc:1048] T 650f4921e8674fa89a00237b8c3c2bd2 P 6e6036448c1c43e7b8ce1873d417e2a0 [LEADER]: Connected to new peer: Peer: permanent_uuid: "faa063ec48504139912c23b577ab9609" member_type: VOTER last_known_addr { host: "127.10.228.1" port: 34153 }, Status: LMP_MISMATCH, Last received: 0.0, Next index: 2, Last known committed idx: 1, Time since last communication: 0.000s
I20260710 13:20:52.077723 12693 raft_consensus.cc:2955] T 650f4921e8674fa89a00237b8c3c2bd2 P 6e6036448c1c43e7b8ce1873d417e2a0 [term 1 LEADER]: Committing config change with OpId 1.2: config changed from index -1 to 2, NON_VOTER a0cc9bcbc9e140f791824f16593d793e (127.10.228.4) added. New config: { opid_index: 2 OBSOLETE_local: false peers { permanent_uuid: "faa063ec48504139912c23b577ab9609" member_type: VOTER last_known_addr { host: "127.10.228.1" port: 34153 } } peers { permanent_uuid: "6e6036448c1c43e7b8ce1873d417e2a0" member_type: VOTER last_known_addr { host: "127.10.228.2" port: 45243 } } peers { permanent_uuid: "b6413c60810c4b72abe91dc290bba55e" member_type: VOTER last_known_addr { host: "127.10.228.3" port: 36477 } attrs { replace: true } } peers { permanent_uuid: "a0cc9bcbc9e140f791824f16593d793e" member_type: NON_VOTER last_known_addr { host: "127.10.228.4" port: 39991 } attrs { promote: true } } }
I20260710 13:20:52.078717 12243 raft_consensus.cc:2955] T 650f4921e8674fa89a00237b8c3c2bd2 P faa063ec48504139912c23b577ab9609 [term 1 FOLLOWER]: Committing config change with OpId 1.2: config changed from index -1 to 2, NON_VOTER a0cc9bcbc9e140f791824f16593d793e (127.10.228.4) added. New config: { opid_index: 2 OBSOLETE_local: false peers { permanent_uuid: "faa063ec48504139912c23b577ab9609" member_type: VOTER last_known_addr { host: "127.10.228.1" port: 34153 } } peers { permanent_uuid: "6e6036448c1c43e7b8ce1873d417e2a0" member_type: VOTER last_known_addr { host: "127.10.228.2" port: 45243 } } peers { permanent_uuid: "b6413c60810c4b72abe91dc290bba55e" member_type: VOTER last_known_addr { host: "127.10.228.3" port: 36477 } attrs { replace: true } } peers { permanent_uuid: "a0cc9bcbc9e140f791824f16593d793e" member_type: NON_VOTER last_known_addr { host: "127.10.228.4" port: 39991 } attrs { promote: true } } }
W20260710 13:20:52.087513 12284 consensus_peers.cc:597] T 650f4921e8674fa89a00237b8c3c2bd2 P 6e6036448c1c43e7b8ce1873d417e2a0 -> Peer a0cc9bcbc9e140f791824f16593d793e (127.10.228.4:39991): Couldn't send request to peer a0cc9bcbc9e140f791824f16593d793e. Error code: TABLET_NOT_FOUND (6). Status: Not found: Tablet not found: 650f4921e8674fa89a00237b8c3c2bd2. This is attempt 1: this message will repeat every 5th retry.
I20260710 13:20:52.087738 12394 raft_consensus.cc:2955] T 650f4921e8674fa89a00237b8c3c2bd2 P b6413c60810c4b72abe91dc290bba55e [term 1 FOLLOWER]: Committing config change with OpId 1.2: config changed from index -1 to 2, NON_VOTER a0cc9bcbc9e140f791824f16593d793e (127.10.228.4) added. New config: { opid_index: 2 OBSOLETE_local: false peers { permanent_uuid: "faa063ec48504139912c23b577ab9609" member_type: VOTER last_known_addr { host: "127.10.228.1" port: 34153 } } peers { permanent_uuid: "6e6036448c1c43e7b8ce1873d417e2a0" member_type: VOTER last_known_addr { host: "127.10.228.2" port: 45243 } } peers { permanent_uuid: "b6413c60810c4b72abe91dc290bba55e" member_type: VOTER last_known_addr { host: "127.10.228.3" port: 36477 } attrs { replace: true } } peers { permanent_uuid: "a0cc9bcbc9e140f791824f16593d793e" member_type: NON_VOTER last_known_addr { host: "127.10.228.4" port: 39991 } attrs { promote: true } } }
I20260710 13:20:52.097625 12142 catalog_manager.cc:5697] T 650f4921e8674fa89a00237b8c3c2bd2 P faa063ec48504139912c23b577ab9609 reported cstate change: config changed from index -1 to 2, NON_VOTER a0cc9bcbc9e140f791824f16593d793e (127.10.228.4) added. New cstate: current_term: 1 leader_uuid: "6e6036448c1c43e7b8ce1873d417e2a0" committed_config { opid_index: 2 OBSOLETE_local: false peers { permanent_uuid: "faa063ec48504139912c23b577ab9609" member_type: VOTER last_known_addr { host: "127.10.228.1" port: 34153 } } peers { permanent_uuid: "6e6036448c1c43e7b8ce1873d417e2a0" member_type: VOTER last_known_addr { host: "127.10.228.2" port: 45243 } } peers { permanent_uuid: "b6413c60810c4b72abe91dc290bba55e" member_type: VOTER last_known_addr { host: "127.10.228.3" port: 36477 } attrs { replace: true } } peers { permanent_uuid: "a0cc9bcbc9e140f791824f16593d793e" member_type: NON_VOTER last_known_addr { host: "127.10.228.4" port: 39991 } attrs { promote: true } } }
I20260710 13:20:52.106681 12243 consensus_queue.cc:237] T fd34542388bc4ec29718ebddd9a3cad9 P faa063ec48504139912c23b577ab9609 [LEADER]: Queue going to LEADER mode. State: All replicated index: 0, Majority replicated index: 1, Committed index: 1, Last appended: 1.1, Last appended by leader: 0, Current term: 1, Majority size: 2, State: 0, Mode: LEADER, active raft config: opid_index: 2 OBSOLETE_local: false peers { permanent_uuid: "faa063ec48504139912c23b577ab9609" member_type: VOTER last_known_addr { host: "127.10.228.1" port: 34153 } } peers { permanent_uuid: "6e6036448c1c43e7b8ce1873d417e2a0" member_type: VOTER last_known_addr { host: "127.10.228.2" port: 45243 } attrs { replace: true } } peers { permanent_uuid: "b6413c60810c4b72abe91dc290bba55e" member_type: VOTER last_known_addr { host: "127.10.228.3" port: 36477 } } peers { permanent_uuid: "a0cc9bcbc9e140f791824f16593d793e" member_type: NON_VOTER last_known_addr { host: "127.10.228.4" port: 39991 } attrs { promote: true } }
I20260710 13:20:52.120638 12321 raft_consensus.cc:1275] T fd34542388bc4ec29718ebddd9a3cad9 P 6e6036448c1c43e7b8ce1873d417e2a0 [term 1 FOLLOWER]: Refusing update from remote peer faa063ec48504139912c23b577ab9609: Log matching property violated. Preceding OpId in replica: term: 1 index: 1. Preceding OpId from leader: term: 1 index: 2. (index mismatch)
