I20260710 13:20:42.995065 11846 raft_consensus.cc:1275] T d1465d8836184ba48ddf0758b7880fe9 P e536a94722d946a8a264577ac2d8cbdf [term 3 FOLLOWER]: Refusing update from remote peer a510ed2559de41f8a470ee2526495d22: Log matching property violated. Preceding OpId in replica: term: 2 index: 2. Preceding OpId from leader: term: 3 index: 3. (index mismatch)
I20260710 13:20:42.996579 12088 consensus_queue.cc:1048] T d1465d8836184ba48ddf0758b7880fe9 P a510ed2559de41f8a470ee2526495d22 [LEADER]: Connected to new peer: Peer: permanent_uuid: "e536a94722d946a8a264577ac2d8cbdf" member_type: VOTER last_known_addr { host: "127.10.225.130" port: 43805 }, Status: LMP_MISMATCH, Last received: 0.0, Next index: 3, Last known committed idx: 2, Time since last communication: 0.000s
I20260710 13:20:42.997690 11846 raft_consensus.cc:1275] T d03ae5f99e914f46944151292180b740 P e536a94722d946a8a264577ac2d8cbdf [term 2 FOLLOWER]: Refusing update from remote peer a510ed2559de41f8a470ee2526495d22: Log matching property violated. Preceding OpId in replica: term: 1 index: 1. Preceding OpId from leader: term: 2 index: 2. (index mismatch)
I20260710 13:20:42.999086 12088 consensus_queue.cc:1048] T d03ae5f99e914f46944151292180b740 P a510ed2559de41f8a470ee2526495d22 [LEADER]: Connected to new peer: Peer: permanent_uuid: "e536a94722d946a8a264577ac2d8cbdf" member_type: VOTER last_known_addr { host: "127.10.225.130" port: 43805 }, Status: LMP_MISMATCH, Last received: 0.0, Next index: 2, Last known committed idx: 1, Time since last communication: 0.000s
I20260710 13:20:43.006403 11912 raft_consensus.cc:1275] T d1465d8836184ba48ddf0758b7880fe9 P 031aaec92884426d93e49daa80436c43 [term 3 FOLLOWER]: Refusing update from remote peer a510ed2559de41f8a470ee2526495d22: Log matching property violated. Preceding OpId in replica: term: 2 index: 2. Preceding OpId from leader: term: 3 index: 3. (index mismatch)
I20260710 13:20:43.008023 12116 consensus_queue.cc:1048] T d1465d8836184ba48ddf0758b7880fe9 P a510ed2559de41f8a470ee2526495d22 [LEADER]: Connected to new peer: Peer: permanent_uuid: "031aaec92884426d93e49daa80436c43" member_type: VOTER last_known_addr { host: "127.10.225.131" port: 45259 }, Status: LMP_MISMATCH, Last received: 0.0, Next index: 3, Last known committed idx: 2, Time since last communication: 0.000s
I20260710 13:20:43.013864 11912 raft_consensus.cc:1275] T d03ae5f99e914f46944151292180b740 P 031aaec92884426d93e49daa80436c43 [term 2 FOLLOWER]: Refusing update from remote peer a510ed2559de41f8a470ee2526495d22: Log matching property violated. Preceding OpId in replica: term: 1 index: 1. Preceding OpId from leader: term: 2 index: 2. (index mismatch)
I20260710 13:20:43.015597 12107 consensus_queue.cc:1048] T d03ae5f99e914f46944151292180b740 P a510ed2559de41f8a470ee2526495d22 [LEADER]: Connected to new peer: Peer: permanent_uuid: "031aaec92884426d93e49daa80436c43" member_type: VOTER last_known_addr { host: "127.10.225.131" port: 45259 }, Status: LMP_MISMATCH, Last received: 0.0, Next index: 2, Last known committed idx: 1, Time since last communication: 0.000s
I20260710 13:20:45.118320 11142 auto_leader_rebalancer.cc:141] leader rebalance for table test-workload
I20260710 13:20:45.127017 11771 tablet_service.cc:2072] Received LeaderStepDown RPC: tablet_id: "94b53cdd120b43b386b33889982a90e4"
dest_uuid: "a510ed2559de41f8a470ee2526495d22"
mode: GRACEFUL
new_leader_uuid: "e536a94722d946a8a264577ac2d8cbdf"
 from {username='slave'} at 127.0.0.1:45404
I20260710 13:20:45.127766 11771 raft_consensus.cc:606] T 94b53cdd120b43b386b33889982a90e4 P a510ed2559de41f8a470ee2526495d22 [term 2 LEADER]: Received request to transfer leadership to TS e536a94722d946a8a264577ac2d8cbdf
I20260710 13:20:45.130370 11771 tablet_service.cc:2072] Received LeaderStepDown RPC: tablet_id: "9839a66a7f4e4c8a974c1cf5b7f2ad60"
dest_uuid: "a510ed2559de41f8a470ee2526495d22"
mode: GRACEFUL
new_leader_uuid: "031aaec92884426d93e49daa80436c43"
 from {username='slave'} at 127.0.0.1:45404
I20260710 13:20:45.130941 11771 raft_consensus.cc:606] T 9839a66a7f4e4c8a974c1cf5b7f2ad60 P a510ed2559de41f8a470ee2526495d22 [term 1 LEADER]: Received request to transfer leadership to TS 031aaec92884426d93e49daa80436c43
I20260710 13:20:45.133453 11771 tablet_service.cc:2072] Received LeaderStepDown RPC: tablet_id: "d03ae5f99e914f46944151292180b740"
dest_uuid: "a510ed2559de41f8a470ee2526495d22"
mode: GRACEFUL
new_leader_uuid: "e536a94722d946a8a264577ac2d8cbdf"
 from {username='slave'} at 127.0.0.1:45404
I20260710 13:20:45.133939 11771 raft_consensus.cc:606] T d03ae5f99e914f46944151292180b740 P a510ed2559de41f8a470ee2526495d22 [term 2 LEADER]: Received request to transfer leadership to TS e536a94722d946a8a264577ac2d8cbdf
I20260710 13:20:45.136358 11771 tablet_service.cc:2072] Received LeaderStepDown RPC: tablet_id: "d1465d8836184ba48ddf0758b7880fe9"
dest_uuid: "a510ed2559de41f8a470ee2526495d22"
mode: GRACEFUL
new_leader_uuid: "031aaec92884426d93e49daa80436c43"
 from {username='slave'} at 127.0.0.1:45404
I20260710 13:20:45.136808 11771 raft_consensus.cc:606] T d1465d8836184ba48ddf0758b7880fe9 P a510ed2559de41f8a470ee2526495d22 [term 3 LEADER]: Received request to transfer leadership to TS 031aaec92884426d93e49daa80436c43
I20260710 13:20:45.137780 11142 auto_leader_rebalancer.cc:479] table: test-workload, leader rebalance finish, leader transfer count: 4
I20260710 13:20:45.138212 11142 auto_leader_rebalancer.cc:554] All tables' leader rebalancing finished this round
I20260710 13:20:45.446694 12107 raft_consensus.cc:993] T d1465d8836184ba48ddf0758b7880fe9 P a510ed2559de41f8a470ee2526495d22: : Instructing follower 031aaec92884426d93e49daa80436c43 to start an election
I20260710 13:20:45.447294 12130 raft_consensus.cc:1081] T d1465d8836184ba48ddf0758b7880fe9 P a510ed2559de41f8a470ee2526495d22 [term 3 LEADER]: Signalling peer 031aaec92884426d93e49daa80436c43 to start an election
I20260710 13:20:45.448932 11919 tablet_service.cc:2044] Received Run Leader Election RPC: tablet_id: "d1465d8836184ba48ddf0758b7880fe9"
dest_uuid: "031aaec92884426d93e49daa80436c43"
 from {username='slave'} at 127.0.0.1:49170
I20260710 13:20:45.449502 11919 raft_consensus.cc:493] T d1465d8836184ba48ddf0758b7880fe9 P 031aaec92884426d93e49daa80436c43 [term 3 FOLLOWER]: Starting forced leader election (received explicit request)
I20260710 13:20:45.449805 11919 raft_consensus.cc:3060] T d1465d8836184ba48ddf0758b7880fe9 P 031aaec92884426d93e49daa80436c43 [term 3 FOLLOWER]: Advancing to term 4
I20260710 13:20:45.455324 11919 raft_consensus.cc:515] T d1465d8836184ba48ddf0758b7880fe9 P 031aaec92884426d93e49daa80436c43 [term 4 FOLLOWER]: Starting forced leader election with config: opid_index: -1 OBSOLETE_local: false peers { permanent_uuid: "a510ed2559de41f8a470ee2526495d22" member_type: VOTER last_known_addr { host: "127.10.225.129" port: 42489 } } peers { permanent_uuid: "e536a94722d946a8a264577ac2d8cbdf" member_type: VOTER last_known_addr { host: "127.10.225.130" port: 43805 } } peers { permanent_uuid: "031aaec92884426d93e49daa80436c43" member_type: VOTER last_known_addr { host: "127.10.225.131" port: 45259 } }
I20260710 13:20:45.457122 11919 leader_election.cc:290] T d1465d8836184ba48ddf0758b7880fe9 P 031aaec92884426d93e49daa80436c43 [CANDIDATE]: Term 4 election: Requested vote from peers a510ed2559de41f8a470ee2526495d22 (127.10.225.129:42489), e536a94722d946a8a264577ac2d8cbdf (127.10.225.130:43805)
I20260710 13:20:45.458158 11771 tablet_service.cc:1917] Received RequestConsensusVote() RPC: tablet_id: "d1465d8836184ba48ddf0758b7880fe9" candidate_uuid: "031aaec92884426d93e49daa80436c43" candidate_term: 4 candidate_status { last_received { term: 3 index: 3 } } ignore_live_leader: true dest_uuid: "a510ed2559de41f8a470ee2526495d22"
I20260710 13:20:45.458395 11845 tablet_service.cc:1917] Received RequestConsensusVote() RPC: tablet_id: "d1465d8836184ba48ddf0758b7880fe9" candidate_uuid: "031aaec92884426d93e49daa80436c43" candidate_term: 4 candidate_status { last_received { term: 3 index: 3 } } ignore_live_leader: true dest_uuid: "e536a94722d946a8a264577ac2d8cbdf"
I20260710 13:20:45.458931 11771 raft_consensus.cc:3055] T d1465d8836184ba48ddf0758b7880fe9 P a510ed2559de41f8a470ee2526495d22 [term 3 LEADER]: Stepping down as leader of term 3
I20260710 13:20:45.459021 11845 raft_consensus.cc:3060] T d1465d8836184ba48ddf0758b7880fe9 P e536a94722d946a8a264577ac2d8cbdf [term 3 FOLLOWER]: Advancing to term 4
I20260710 13:20:45.459395 11771 raft_consensus.cc:740] T d1465d8836184ba48ddf0758b7880fe9 P a510ed2559de41f8a470ee2526495d22 [term 3 LEADER]: Becoming Follower/Learner. State: Replica: a510ed2559de41f8a470ee2526495d22, State: Running, Role: LEADER
I20260710 13:20:45.460330 11771 consensus_queue.cc:260] T d1465d8836184ba48ddf0758b7880fe9 P a510ed2559de41f8a470ee2526495d22 [NON_LEADER]: Queue going to NON_LEADER mode. State: All replicated index: 0, Majority replicated index: 3, Committed index: 3, Last appended: 3.3, Last appended by leader: 3, Current term: 3, Majority size: -1, State: 0, Mode: NON_LEADER, active raft config: opid_index: -1 OBSOLETE_local: false peers { permanent_uuid: "a510ed2559de41f8a470ee2526495d22" member_type: VOTER last_known_addr { host: "127.10.225.129" port: 42489 } } peers { permanent_uuid: "e536a94722d946a8a264577ac2d8cbdf" member_type: VOTER last_known_addr { host: "127.10.225.130" port: 43805 } } peers { permanent_uuid: "031aaec92884426d93e49daa80436c43" member_type: VOTER last_known_addr { host: "127.10.225.131" port: 45259 } }
I20260710 13:20:45.461665 11771 raft_consensus.cc:3060] T d1465d8836184ba48ddf0758b7880fe9 P a510ed2559de41f8a470ee2526495d22 [term 3 FOLLOWER]: Advancing to term 4
I20260710 13:20:45.462561 12107 raft_consensus.cc:993] T d03ae5f99e914f46944151292180b740 P a510ed2559de41f8a470ee2526495d22: : Instructing follower e536a94722d946a8a264577ac2d8cbdf to start an election
I20260710 13:20:45.463050 12130 raft_consensus.cc:1081] T d03ae5f99e914f46944151292180b740 P a510ed2559de41f8a470ee2526495d22 [term 2 LEADER]: Signalling peer e536a94722d946a8a264577ac2d8cbdf to start an election
I20260710 13:20:45.464591 11846 tablet_service.cc:2044] Received Run Leader Election RPC: tablet_id: "d03ae5f99e914f46944151292180b740"
dest_uuid: "e536a94722d946a8a264577ac2d8cbdf"
 from {username='slave'} at 127.0.0.1:53632
I20260710 13:20:45.465015 11846 raft_consensus.cc:493] T d03ae5f99e914f46944151292180b740 P e536a94722d946a8a264577ac2d8cbdf [term 2 FOLLOWER]: Starting forced leader election (received explicit request)
I20260710 13:20:45.465291 11846 raft_consensus.cc:3060] T d03ae5f99e914f46944151292180b740 P e536a94722d946a8a264577ac2d8cbdf [term 2 FOLLOWER]: Advancing to term 3
I20260710 13:20:45.467900 11845 raft_consensus.cc:2468] T d1465d8836184ba48ddf0758b7880fe9 P e536a94722d946a8a264577ac2d8cbdf [term 4 FOLLOWER]: Leader election vote request: Granting yes vote for candidate 031aaec92884426d93e49daa80436c43 in term 4.
I20260710 13:20:45.469305 11886 leader_election.cc:304] T d1465d8836184ba48ddf0758b7880fe9 P 031aaec92884426d93e49daa80436c43 [CANDIDATE]: Term 4 election: Election decided. Result: candidate won. Election summary: received 2 responses out of 3 voters: 2 yes votes; 0 no votes. yes voters: 031aaec92884426d93e49daa80436c43, e536a94722d946a8a264577ac2d8cbdf; no voters: 
I20260710 13:20:45.470234 11771 raft_consensus.cc:2468] T d1465d8836184ba48ddf0758b7880fe9 P a510ed2559de41f8a470ee2526495d22 [term 4 FOLLOWER]: Leader election vote request: Granting yes vote for candidate 031aaec92884426d93e49daa80436c43 in term 4.
I20260710 13:20:45.470264 12062 raft_consensus.cc:2804] T d1465d8836184ba48ddf0758b7880fe9 P 031aaec92884426d93e49daa80436c43 [term 4 FOLLOWER]: Leader election won for term 4
I20260710 13:20:45.471698 12062 raft_consensus.cc:697] T d1465d8836184ba48ddf0758b7880fe9 P 031aaec92884426d93e49daa80436c43 [term 4 LEADER]: Becoming Leader. State: Replica: 031aaec92884426d93e49daa80436c43, State: Running, Role: LEADER
I20260710 13:20:45.471880 11846 raft_consensus.cc:515] T d03ae5f99e914f46944151292180b740 P e536a94722d946a8a264577ac2d8cbdf [term 3 FOLLOWER]: Starting forced leader election with config: opid_index: -1 OBSOLETE_local: false peers { permanent_uuid: "a510ed2559de41f8a470ee2526495d22" member_type: VOTER last_known_addr { host: "127.10.225.129" port: 42489 } } peers { permanent_uuid: "e536a94722d946a8a264577ac2d8cbdf" member_type: VOTER last_known_addr { host: "127.10.225.130" port: 43805 } } peers { permanent_uuid: "031aaec92884426d93e49daa80436c43" member_type: VOTER last_known_addr { host: "127.10.225.131" port: 45259 } }
I20260710 13:20:45.472713 12062 consensus_queue.cc:237] T d1465d8836184ba48ddf0758b7880fe9 P 031aaec92884426d93e49daa80436c43 [LEADER]: Queue going to LEADER mode. State: All replicated index: 0, Majority replicated index: 3, Committed index: 3, Last appended: 3.3, Last appended by leader: 3, Current term: 4, Majority size: 2, State: 0, Mode: LEADER, active raft config: opid_index: -1 OBSOLETE_local: false peers { permanent_uuid: "a510ed2559de41f8a470ee2526495d22" member_type: VOTER last_known_addr { host: "127.10.225.129" port: 42489 } } peers { permanent_uuid: "e536a94722d946a8a264577ac2d8cbdf" member_type: VOTER last_known_addr { host: "127.10.225.130" port: 43805 } } peers { permanent_uuid: "031aaec92884426d93e49daa80436c43" member_type: VOTER last_known_addr { host: "127.10.225.131" port: 45259 } }
I20260710 13:20:45.473727 11846 leader_election.cc:290] T d03ae5f99e914f46944151292180b740 P e536a94722d946a8a264577ac2d8cbdf [CANDIDATE]: Term 3 election: Requested vote from peers a510ed2559de41f8a470ee2526495d22 (127.10.225.129:42489), 031aaec92884426d93e49daa80436c43 (127.10.225.131:45259)
I20260710 13:20:45.474552 11771 tablet_service.cc:1917] Received RequestConsensusVote() RPC: tablet_id: "d03ae5f99e914f46944151292180b740" candidate_uuid: "e536a94722d946a8a264577ac2d8cbdf" candidate_term: 3 candidate_status { last_received { term: 2 index: 2 } } ignore_live_leader: true dest_uuid: "a510ed2559de41f8a470ee2526495d22"
I20260710 13:20:45.474857 11919 tablet_service.cc:1917] Received RequestConsensusVote() RPC: tablet_id: "d03ae5f99e914f46944151292180b740" candidate_uuid: "e536a94722d946a8a264577ac2d8cbdf" candidate_term: 3 candidate_status { last_received { term: 2 index: 2 } } ignore_live_leader: true dest_uuid: "031aaec92884426d93e49daa80436c43"
I20260710 13:20:45.475097 11771 raft_consensus.cc:3055] T d03ae5f99e914f46944151292180b740 P a510ed2559de41f8a470ee2526495d22 [term 2 LEADER]: Stepping down as leader of term 2
I20260710 13:20:45.475358 11919 raft_consensus.cc:3060] T d03ae5f99e914f46944151292180b740 P 031aaec92884426d93e49daa80436c43 [term 2 FOLLOWER]: Advancing to term 3
I20260710 13:20:45.475504 11771 raft_consensus.cc:740] T d03ae5f99e914f46944151292180b740 P a510ed2559de41f8a470ee2526495d22 [term 2 LEADER]: Becoming Follower/Learner. State: Replica: a510ed2559de41f8a470ee2526495d22, State: Running, Role: LEADER
I20260710 13:20:45.476543 11771 consensus_queue.cc:260] T d03ae5f99e914f46944151292180b740 P a510ed2559de41f8a470ee2526495d22 [NON_LEADER]: Queue going to NON_LEADER mode. State: All replicated index: 0, Majority replicated index: 2, Committed index: 2, Last appended: 2.2, Last appended by leader: 2, Current term: 2, Majority size: -1, State: 0, Mode: NON_LEADER, active raft config: opid_index: -1 OBSOLETE_local: false peers { permanent_uuid: "a510ed2559de41f8a470ee2526495d22" member_type: VOTER last_known_addr { host: "127.10.225.129" port: 42489 } } peers { permanent_uuid: "e536a94722d946a8a264577ac2d8cbdf" member_type: VOTER last_known_addr { host: "127.10.225.130" port: 43805 } } peers { permanent_uuid: "031aaec92884426d93e49daa80436c43" member_type: VOTER last_known_addr { host: "127.10.225.131" port: 45259 } }
I20260710 13:20:45.477931 11771 raft_consensus.cc:3060] T d03ae5f99e914f46944151292180b740 P a510ed2559de41f8a470ee2526495d22 [term 2 FOLLOWER]: Advancing to term 3
I20260710 13:20:45.481325 11919 raft_consensus.cc:2468] T d03ae5f99e914f46944151292180b740 P 031aaec92884426d93e49daa80436c43 [term 3 FOLLOWER]: Leader election vote request: Granting yes vote for candidate e536a94722d946a8a264577ac2d8cbdf in term 3.
I20260710 13:20:45.481601 11670 catalog_manager.cc:5697] T d1465d8836184ba48ddf0758b7880fe9 P 031aaec92884426d93e49daa80436c43 reported cstate change: term changed from 3 to 4, leader changed from a510ed2559de41f8a470ee2526495d22 (127.10.225.129) to 031aaec92884426d93e49daa80436c43 (127.10.225.131). New cstate: current_term: 4 leader_uuid: "031aaec92884426d93e49daa80436c43" committed_config { opid_index: -1 OBSOLETE_local: false peers { permanent_uuid: "a510ed2559de41f8a470ee2526495d22" member_type: VOTER last_known_addr { host: "127.10.225.129" port: 42489 } health_report { overall_health: UNKNOWN } } peers { permanent_uuid: "e536a94722d946a8a264577ac2d8cbdf" member_type: VOTER last_known_addr { host: "127.10.225.130" port: 43805 } health_report { overall_health: UNKNOWN } } peers { permanent_uuid: "031aaec92884426d93e49daa80436c43" member_type: VOTER last_known_addr { host: "127.10.225.131" port: 45259 } health_report { overall_health: HEALTHY } } }
I20260710 13:20:45.482720 11812 leader_election.cc:304] T d03ae5f99e914f46944151292180b740 P e536a94722d946a8a264577ac2d8cbdf [CANDIDATE]: Term 3 election: Election decided. Result: candidate won. Election summary: received 2 responses out of 3 voters: 2 yes votes; 0 no votes. yes voters: 031aaec92884426d93e49daa80436c43, e536a94722d946a8a264577ac2d8cbdf; no voters: 
I20260710 13:20:45.483465 11771 raft_consensus.cc:2468] T d03ae5f99e914f46944151292180b740 P a510ed2559de41f8a470ee2526495d22 [term 3 FOLLOWER]: Leader election vote request: Granting yes vote for candidate e536a94722d946a8a264577ac2d8cbdf in term 3.
I20260710 13:20:45.483680 12099 raft_consensus.cc:2804] T d03ae5f99e914f46944151292180b740 P e536a94722d946a8a264577ac2d8cbdf [term 3 FOLLOWER]: Leader election won for term 3
I20260710 13:20:45.485270 12099 raft_consensus.cc:697] T d03ae5f99e914f46944151292180b740 P e536a94722d946a8a264577ac2d8cbdf [term 3 LEADER]: Becoming Leader. State: Replica: e536a94722d946a8a264577ac2d8cbdf, State: Running, Role: LEADER
I20260710 13:20:45.486176 12099 consensus_queue.cc:237] T d03ae5f99e914f46944151292180b740 P e536a94722d946a8a264577ac2d8cbdf [LEADER]: Queue going to LEADER mode. State: All replicated index: 0, Majority replicated index: 2, Committed index: 2, Last appended: 2.2, Last appended by leader: 2, Current term: 3, Majority size: 2, State: 0, Mode: LEADER, active raft config: opid_index: -1 OBSOLETE_local: false peers { permanent_uuid: "a510ed2559de41f8a470ee2526495d22" member_type: VOTER last_known_addr { host: "127.10.225.129" port: 42489 } } peers { permanent_uuid: "e536a94722d946a8a264577ac2d8cbdf" member_type: VOTER last_known_addr { host: "127.10.225.130" port: 43805 } } peers { permanent_uuid: "031aaec92884426d93e49daa80436c43" member_type: VOTER last_known_addr { host: "127.10.225.131" port: 45259 } }
I20260710 13:20:45.491765 12130 raft_consensus.cc:993] T 94b53cdd120b43b386b33889982a90e4 P a510ed2559de41f8a470ee2526495d22: : Instructing follower e536a94722d946a8a264577ac2d8cbdf to start an election
I20260710 13:20:45.492431 12129 raft_consensus.cc:1081] T 94b53cdd120b43b386b33889982a90e4 P a510ed2559de41f8a470ee2526495d22 [term 2 LEADER]: Signalling peer e536a94722d946a8a264577ac2d8cbdf to start an election
I20260710 13:20:45.494144 11846 tablet_service.cc:2044] Received Run Leader Election RPC: tablet_id: "94b53cdd120b43b386b33889982a90e4"
dest_uuid: "e536a94722d946a8a264577ac2d8cbdf"
 from {username='slave'} at 127.0.0.1:53632
I20260710 13:20:45.494645 11846 raft_consensus.cc:493] T 94b53cdd120b43b386b33889982a90e4 P e536a94722d946a8a264577ac2d8cbdf [term 2 FOLLOWER]: Starting forced leader election (received explicit request)
I20260710 13:20:45.494859 11846 raft_consensus.cc:3060] T 94b53cdd120b43b386b33889982a90e4 P e536a94722d946a8a264577ac2d8cbdf [term 2 FOLLOWER]: Advancing to term 3
I20260710 13:20:45.496935 11668 catalog_manager.cc:5697] T d03ae5f99e914f46944151292180b740 P e536a94722d946a8a264577ac2d8cbdf reported cstate change: term changed from 2 to 3, leader changed from a510ed2559de41f8a470ee2526495d22 (127.10.225.129) to e536a94722d946a8a264577ac2d8cbdf (127.10.225.130). New cstate: current_term: 3 leader_uuid: "e536a94722d946a8a264577ac2d8cbdf" committed_config { opid_index: -1 OBSOLETE_local: false peers { permanent_uuid: "a510ed2559de41f8a470ee2526495d22" member_type: VOTER last_known_addr { host: "127.10.225.129" port: 42489 } health_report { overall_health: UNKNOWN } } peers { permanent_uuid: "e536a94722d946a8a264577ac2d8cbdf" member_type: VOTER last_known_addr { host: "127.10.225.130" port: 43805 } health_report { overall_health: HEALTHY } } peers { permanent_uuid: "031aaec92884426d93e49daa80436c43" member_type: VOTER last_known_addr { host: "127.10.225.131" port: 45259 } health_report { overall_health: UNKNOWN } } }
I20260710 13:20:45.501088 11846 raft_consensus.cc:515] T 94b53cdd120b43b386b33889982a90e4 P e536a94722d946a8a264577ac2d8cbdf [term 3 FOLLOWER]: Starting forced leader election with config: opid_index: -1 OBSOLETE_local: false peers { permanent_uuid: "a510ed2559de41f8a470ee2526495d22" member_type: VOTER last_known_addr { host: "127.10.225.129" port: 42489 } } peers { permanent_uuid: "e536a94722d946a8a264577ac2d8cbdf" member_type: VOTER last_known_addr { host: "127.10.225.130" port: 43805 } } peers { permanent_uuid: "031aaec92884426d93e49daa80436c43" member_type: VOTER last_known_addr { host: "127.10.225.131" port: 45259 } }
I20260710 13:20:45.503772 11846 leader_election.cc:290] T 94b53cdd120b43b386b33889982a90e4 P e536a94722d946a8a264577ac2d8cbdf [CANDIDATE]: Term 3 election: Requested vote from peers a510ed2559de41f8a470ee2526495d22 (127.10.225.129:42489), 031aaec92884426d93e49daa80436c43 (127.10.225.131:45259)
I20260710 13:20:45.504005 11919 tablet_service.cc:1917] Received RequestConsensusVote() RPC: tablet_id: "94b53cdd120b43b386b33889982a90e4" candidate_uuid: "e536a94722d946a8a264577ac2d8cbdf" candidate_term: 3 candidate_status { last_received { term: 2 index: 2 } } ignore_live_leader: true dest_uuid: "031aaec92884426d93e49daa80436c43"
I20260710 13:20:45.503770 11771 tablet_service.cc:1917] Received RequestConsensusVote() RPC: tablet_id: "94b53cdd120b43b386b33889982a90e4" candidate_uuid: "e536a94722d946a8a264577ac2d8cbdf" candidate_term: 3 candidate_status { last_received { term: 2 index: 2 } } ignore_live_leader: true dest_uuid: "a510ed2559de41f8a470ee2526495d22"
I20260710 13:20:45.504537 11919 raft_consensus.cc:3060] T 94b53cdd120b43b386b33889982a90e4 P 031aaec92884426d93e49daa80436c43 [term 2 FOLLOWER]: Advancing to term 3
I20260710 13:20:45.504817 11771 raft_consensus.cc:3055] T 94b53cdd120b43b386b33889982a90e4 P a510ed2559de41f8a470ee2526495d22 [term 2 LEADER]: Stepping down as leader of term 2
I20260710 13:20:45.505156 11771 raft_consensus.cc:740] T 94b53cdd120b43b386b33889982a90e4 P a510ed2559de41f8a470ee2526495d22 [term 2 LEADER]: Becoming Follower/Learner. State: Replica: a510ed2559de41f8a470ee2526495d22, State: Running, Role: LEADER
I20260710 13:20:45.506235 11771 consensus_queue.cc:260] T 94b53cdd120b43b386b33889982a90e4 P a510ed2559de41f8a470ee2526495d22 [NON_LEADER]: Queue going to NON_LEADER mode. State: All replicated index: 0, Majority replicated index: 2, Committed index: 2, Last appended: 2.2, Last appended by leader: 2, Current term: 2, Majority size: -1, State: 0, Mode: NON_LEADER, active raft config: opid_index: -1 OBSOLETE_local: false peers { permanent_uuid: "a510ed2559de41f8a470ee2526495d22" member_type: VOTER last_known_addr { host: "127.10.225.129" port: 42489 } } peers { permanent_uuid: "e536a94722d946a8a264577ac2d8cbdf" member_type: VOTER last_known_addr { host: "127.10.225.130" port: 43805 } } peers { permanent_uuid: "031aaec92884426d93e49daa80436c43" member_type: VOTER last_known_addr { host: "127.10.225.131" port: 45259 } }
I20260710 13:20:45.507340 11771 raft_consensus.cc:3060] T 94b53cdd120b43b386b33889982a90e4 P a510ed2559de41f8a470ee2526495d22 [term 2 FOLLOWER]: Advancing to term 3
I20260710 13:20:45.510538 11919 raft_consensus.cc:2468] T 94b53cdd120b43b386b33889982a90e4 P 031aaec92884426d93e49daa80436c43 [term 3 FOLLOWER]: Leader election vote request: Granting yes vote for candidate e536a94722d946a8a264577ac2d8cbdf in term 3.
I20260710 13:20:45.511570 11812 leader_election.cc:304] T 94b53cdd120b43b386b33889982a90e4 P e536a94722d946a8a264577ac2d8cbdf [CANDIDATE]: Term 3 election: Election decided. Result: candidate won. Election summary: received 2 responses out of 3 voters: 2 yes votes; 0 no votes. yes voters: 031aaec92884426d93e49daa80436c43, e536a94722d946a8a264577ac2d8cbdf; no voters: 
I20260710 13:20:45.512234 12099 raft_consensus.cc:2804] T 94b53cdd120b43b386b33889982a90e4 P e536a94722d946a8a264577ac2d8cbdf [term 3 FOLLOWER]: Leader election won for term 3
I20260710 13:20:45.512627 12099 raft_consensus.cc:697] T 94b53cdd120b43b386b33889982a90e4 P e536a94722d946a8a264577ac2d8cbdf [term 3 LEADER]: Becoming Leader. State: Replica: e536a94722d946a8a264577ac2d8cbdf, State: Running, Role: LEADER
I20260710 13:20:45.513374 11771 raft_consensus.cc:2468] T 94b53cdd120b43b386b33889982a90e4 P a510ed2559de41f8a470ee2526495d22 [term 3 FOLLOWER]: Leader election vote request: Granting yes vote for candidate e536a94722d946a8a264577ac2d8cbdf in term 3.
I20260710 13:20:45.513491 12099 consensus_queue.cc:237] T 94b53cdd120b43b386b33889982a90e4 P e536a94722d946a8a264577ac2d8cbdf [LEADER]: Queue going to LEADER mode. State: All replicated index: 0, Majority replicated index: 2, Committed index: 2, Last appended: 2.2, Last appended by leader: 2, Current term: 3, Majority size: 2, State: 0, Mode: LEADER, active raft config: opid_index: -1 OBSOLETE_local: false peers { permanent_uuid: "a510ed2559de41f8a470ee2526495d22" member_type: VOTER last_known_addr { host: "127.10.225.129" port: 42489 } } peers { permanent_uuid: "e536a94722d946a8a264577ac2d8cbdf" member_type: VOTER last_known_addr { host: "127.10.225.130" port: 43805 } } peers { permanent_uuid: "031aaec92884426d93e49daa80436c43" member_type: VOTER last_known_addr { host: "127.10.225.131" port: 45259 } }
I20260710 13:20:45.520548 11668 catalog_manager.cc:5697] T 94b53cdd120b43b386b33889982a90e4 P e536a94722d946a8a264577ac2d8cbdf reported cstate change: term changed from 2 to 3, leader changed from a510ed2559de41f8a470ee2526495d22 (127.10.225.129) to e536a94722d946a8a264577ac2d8cbdf (127.10.225.130). New cstate: current_term: 3 leader_uuid: "e536a94722d946a8a264577ac2d8cbdf" committed_config { opid_index: -1 OBSOLETE_local: false peers { permanent_uuid: "a510ed2559de41f8a470ee2526495d22" member_type: VOTER last_known_addr { host: "127.10.225.129" port: 42489 } health_report { overall_health: UNKNOWN } } peers { permanent_uuid: "e536a94722d946a8a264577ac2d8cbdf" member_type: VOTER last_known_addr { host: "127.10.225.130" port: 43805 } health_report { overall_health: HEALTHY } } peers { permanent_uuid: "031aaec92884426d93e49daa80436c43" member_type: VOTER last_known_addr { host: "127.10.225.131" port: 45259 } health_report { overall_health: UNKNOWN } } }
I20260710 13:20:45.566376 12130 raft_consensus.cc:993] T 9839a66a7f4e4c8a974c1cf5b7f2ad60 P a510ed2559de41f8a470ee2526495d22: : Instructing follower 031aaec92884426d93e49daa80436c43 to start an election
I20260710 13:20:45.566848 12129 raft_consensus.cc:1081] T 9839a66a7f4e4c8a974c1cf5b7f2ad60 P a510ed2559de41f8a470ee2526495d22 [term 1 LEADER]: Signalling peer 031aaec92884426d93e49daa80436c43 to start an election
I20260710 13:20:45.568193 11919 tablet_service.cc:2044] Received Run Leader Election RPC: tablet_id: "9839a66a7f4e4c8a974c1cf5b7f2ad60"
dest_uuid: "031aaec92884426d93e49daa80436c43"
 from {username='slave'} at 127.0.0.1:49170
I20260710 13:20:45.568559 11919 raft_consensus.cc:493] T 9839a66a7f4e4c8a974c1cf5b7f2ad60 P 031aaec92884426d93e49daa80436c43 [term 1 FOLLOWER]: Starting forced leader election (received explicit request)
I20260710 13:20:45.568778 11919 raft_consensus.cc:3060] T 9839a66a7f4e4c8a974c1cf5b7f2ad60 P 031aaec92884426d93e49daa80436c43 [term 1 FOLLOWER]: Advancing to term 2
I20260710 13:20:45.572610 11919 raft_consensus.cc:515] T 9839a66a7f4e4c8a974c1cf5b7f2ad60 P 031aaec92884426d93e49daa80436c43 [term 2 FOLLOWER]: Starting forced leader election with config: opid_index: -1 OBSOLETE_local: false peers { permanent_uuid: "a510ed2559de41f8a470ee2526495d22" member_type: VOTER last_known_addr { host: "127.10.225.129" port: 42489 } } peers { permanent_uuid: "e536a94722d946a8a264577ac2d8cbdf" member_type: VOTER last_known_addr { host: "127.10.225.130" port: 43805 } } peers { permanent_uuid: "031aaec92884426d93e49daa80436c43" member_type: VOTER last_known_addr { host: "127.10.225.131" port: 45259 } }
I20260710 13:20:45.574122 11919 leader_election.cc:290] T 9839a66a7f4e4c8a974c1cf5b7f2ad60 P 031aaec92884426d93e49daa80436c43 [CANDIDATE]: Term 2 election: Requested vote from peers a510ed2559de41f8a470ee2526495d22 (127.10.225.129:42489), e536a94722d946a8a264577ac2d8cbdf (127.10.225.130:43805)
I20260710 13:20:45.574862 11771 tablet_service.cc:1917] Received RequestConsensusVote() RPC: tablet_id: "9839a66a7f4e4c8a974c1cf5b7f2ad60" candidate_uuid: "031aaec92884426d93e49daa80436c43" candidate_term: 2 candidate_status { last_received { term: 1 index: 1 } } ignore_live_leader: true dest_uuid: "a510ed2559de41f8a470ee2526495d22"
I20260710 13:20:45.575100 11846 tablet_service.cc:1917] Received RequestConsensusVote() RPC: tablet_id: "9839a66a7f4e4c8a974c1cf5b7f2ad60" candidate_uuid: "031aaec92884426d93e49daa80436c43" candidate_term: 2 candidate_status { last_received { term: 1 index: 1 } } ignore_live_leader: true dest_uuid: "e536a94722d946a8a264577ac2d8cbdf"
I20260710 13:20:45.575376 11771 raft_consensus.cc:3055] T 9839a66a7f4e4c8a974c1cf5b7f2ad60 P a510ed2559de41f8a470ee2526495d22 [term 1 LEADER]: Stepping down as leader of term 1
I20260710 13:20:45.575574 11846 raft_consensus.cc:3060] T 9839a66a7f4e4c8a974c1cf5b7f2ad60 P e536a94722d946a8a264577ac2d8cbdf [term 1 FOLLOWER]: Advancing to term 2
I20260710 13:20:45.575758 11771 raft_consensus.cc:740] T 9839a66a7f4e4c8a974c1cf5b7f2ad60 P a510ed2559de41f8a470ee2526495d22 [term 1 LEADER]: Becoming Follower/Learner. State: Replica: a510ed2559de41f8a470ee2526495d22, State: Running, Role: LEADER
I20260710 13:20:45.576575 11771 consensus_queue.cc:260] T 9839a66a7f4e4c8a974c1cf5b7f2ad60 P a510ed2559de41f8a470ee2526495d22 [NON_LEADER]: Queue going to NON_LEADER mode. State: All replicated index: 0, Majority replicated index: 1, Committed index: 1, Last appended: 1.1, Last appended by leader: 1, Current term: 1, Majority size: -1, State: 0, Mode: NON_LEADER, active raft config: opid_index: -1 OBSOLETE_local: false peers { permanent_uuid: "a510ed2559de41f8a470ee2526495d22" member_type: VOTER last_known_addr { host: "127.10.225.129" port: 42489 } } peers { permanent_uuid: "e536a94722d946a8a264577ac2d8cbdf" member_type: VOTER last_known_addr { host: "127.10.225.130" port: 43805 } } peers { permanent_uuid: "031aaec92884426d93e49daa80436c43" member_type: VOTER last_known_addr { host: "127.10.225.131" port: 45259 } }
I20260710 13:20:45.577565 11771 raft_consensus.cc:3060] T 9839a66a7f4e4c8a974c1cf5b7f2ad60 P a510ed2559de41f8a470ee2526495d22 [term 1 FOLLOWER]: Advancing to term 2
I20260710 13:20:45.581054 11846 raft_consensus.cc:2468] T 9839a66a7f4e4c8a974c1cf5b7f2ad60 P e536a94722d946a8a264577ac2d8cbdf [term 2 FOLLOWER]: Leader election vote request: Granting yes vote for candidate 031aaec92884426d93e49daa80436c43 in term 2.
I20260710 13:20:45.582043 11886 leader_election.cc:304] T 9839a66a7f4e4c8a974c1cf5b7f2ad60 P 031aaec92884426d93e49daa80436c43 [CANDIDATE]: Term 2 election: Election decided. Result: candidate won. Election summary: received 2 responses out of 3 voters: 2 yes votes; 0 no votes. yes voters: 031aaec92884426d93e49daa80436c43, e536a94722d946a8a264577ac2d8cbdf; no voters: 
I20260710 13:20:45.582716 12062 raft_consensus.cc:2804] T 9839a66a7f4e4c8a974c1cf5b7f2ad60 P 031aaec92884426d93e49daa80436c43 [term 2 FOLLOWER]: Leader election won for term 2
I20260710 13:20:45.583112 12062 raft_consensus.cc:697] T 9839a66a7f4e4c8a974c1cf5b7f2ad60 P 031aaec92884426d93e49daa80436c43 [term 2 LEADER]: Becoming Leader. State: Replica: 031aaec92884426d93e49daa80436c43, State: Running, Role: LEADER
I20260710 13:20:45.583848 11771 raft_consensus.cc:2468] T 9839a66a7f4e4c8a974c1cf5b7f2ad60 P a510ed2559de41f8a470ee2526495d22 [term 2 FOLLOWER]: Leader election vote request: Granting yes vote for candidate 031aaec92884426d93e49daa80436c43 in term 2.
I20260710 13:20:45.583863 12062 consensus_queue.cc:237] T 9839a66a7f4e4c8a974c1cf5b7f2ad60 P 031aaec92884426d93e49daa80436c43 [LEADER]: Queue going to LEADER mode. State: All replicated index: 0, Majority replicated index: 1, Committed index: 1, Last appended: 1.1, Last appended by leader: 1, Current term: 2, Majority size: 2, State: 0, Mode: LEADER, active raft config: opid_index: -1 OBSOLETE_local: false peers { permanent_uuid: "a510ed2559de41f8a470ee2526495d22" member_type: VOTER last_known_addr { host: "127.10.225.129" port: 42489 } } peers { permanent_uuid: "e536a94722d946a8a264577ac2d8cbdf" member_type: VOTER last_known_addr { host: "127.10.225.130" port: 43805 } } peers { permanent_uuid: "031aaec92884426d93e49daa80436c43" member_type: VOTER last_known_addr { host: "127.10.225.131" port: 45259 } }
I20260710 13:20:45.591140 11668 catalog_manager.cc:5697] T 9839a66a7f4e4c8a974c1cf5b7f2ad60 P 031aaec92884426d93e49daa80436c43 reported cstate change: term changed from 1 to 2, leader changed from a510ed2559de41f8a470ee2526495d22 (127.10.225.129) to 031aaec92884426d93e49daa80436c43 (127.10.225.131). New cstate: current_term: 2 leader_uuid: "031aaec92884426d93e49daa80436c43" committed_config { opid_index: -1 OBSOLETE_local: false peers { permanent_uuid: "a510ed2559de41f8a470ee2526495d22" member_type: VOTER last_known_addr { host: "127.10.225.129" port: 42489 } health_report { overall_health: UNKNOWN } } peers { permanent_uuid: "e536a94722d946a8a264577ac2d8cbdf" member_type: VOTER last_known_addr { host: "127.10.225.130" port: 43805 } health_report { overall_health: UNKNOWN } } peers { permanent_uuid: "031aaec92884426d93e49daa80436c43" member_type: VOTER last_known_addr { host: "127.10.225.131" port: 45259 } health_report { overall_health: HEALTHY } } }
I20260710 13:20:45.921983 11771 raft_consensus.cc:1275] T d03ae5f99e914f46944151292180b740 P a510ed2559de41f8a470ee2526495d22 [term 3 FOLLOWER]: Refusing update from remote peer e536a94722d946a8a264577ac2d8cbdf: Log matching property violated. Preceding OpId in replica: term: 2 index: 2. Preceding OpId from leader: term: 3 index: 3. (index mismatch)
I20260710 13:20:45.923346 12099 consensus_queue.cc:1048] T d03ae5f99e914f46944151292180b740 P e536a94722d946a8a264577ac2d8cbdf [LEADER]: Connected to new peer: Peer: permanent_uuid: "a510ed2559de41f8a470ee2526495d22" member_type: VOTER last_known_addr { host: "127.10.225.129" port: 42489 }, Status: LMP_MISMATCH, Last received: 0.0, Next index: 3, Last known committed idx: 2, Time since last communication: 0.000s
I20260710 13:20:45.934732 11919 raft_consensus.cc:1275] T d03ae5f99e914f46944151292180b740 P 031aaec92884426d93e49daa80436c43 [term 3 FOLLOWER]: Refusing update from remote peer e536a94722d946a8a264577ac2d8cbdf: Log matching property violated. Preceding OpId in replica: term: 2 index: 2. Preceding OpId from leader: term: 3 index: 3. (index mismatch)
I20260710 13:20:45.936787 12144 consensus_queue.cc:1048] T d03ae5f99e914f46944151292180b740 P e536a94722d946a8a264577ac2d8cbdf [LEADER]: Connected to new peer: Peer: permanent_uuid: "031aaec92884426d93e49daa80436c43" member_type: VOTER last_known_addr { host: "127.10.225.131" port: 45259 }, Status: LMP_MISMATCH, Last received: 0.0, Next index: 3, Last known committed idx: 2, Time since last communication: 0.001s
I20260710 13:20:45.940836 11846 raft_consensus.cc:1275] T d1465d8836184ba48ddf0758b7880fe9 P e536a94722d946a8a264577ac2d8cbdf [term 4 FOLLOWER]: Refusing update from remote peer 031aaec92884426d93e49daa80436c43: Log matching property violated. Preceding OpId in replica: term: 3 index: 3. Preceding OpId from leader: term: 4 index: 4. (index mismatch)
I20260710 13:20:45.942320 12062 consensus_queue.cc:1048] T d1465d8836184ba48ddf0758b7880fe9 P 031aaec92884426d93e49daa80436c43 [LEADER]: Connected to new peer: Peer: permanent_uuid: "e536a94722d946a8a264577ac2d8cbdf" member_type: VOTER last_known_addr { host: "127.10.225.130" port: 43805 }, Status: LMP_MISMATCH, Last received: 0.0, Next index: 4, Last known committed idx: 3, Time since last communication: 0.000s
I20260710 13:20:45.953250 11771 raft_consensus.cc:1275] T d1465d8836184ba48ddf0758b7880fe9 P a510ed2559de41f8a470ee2526495d22 [term 4 FOLLOWER]: Refusing update from remote peer 031aaec92884426d93e49daa80436c43: Log matching property violated. Preceding OpId in replica: term: 3 index: 3. Preceding OpId from leader: term: 4 index: 4. (index mismatch)
I20260710 13:20:45.954643 12131 consensus_queue.cc:1048] T d1465d8836184ba48ddf0758b7880fe9 P 031aaec92884426d93e49daa80436c43 [LEADER]: Connected to new peer: Peer: permanent_uuid: "a510ed2559de41f8a470ee2526495d22" member_type: VOTER last_known_addr { host: "127.10.225.129" port: 42489 }, Status: LMP_MISMATCH, Last received: 0.0, Next index: 4, Last known committed idx: 3, Time since last communication: 0.001s
I20260710 13:20:46.034262 11919 raft_consensus.cc:1275] T 94b53cdd120b43b386b33889982a90e4 P 031aaec92884426d93e49daa80436c43 [term 3 FOLLOWER]: Refusing update from remote peer e536a94722d946a8a264577ac2d8cbdf: Log matching property violated. Preceding OpId in replica: term: 2 index: 2. Preceding OpId from leader: term: 3 index: 3. (index mismatch)
I20260710 13:20:46.035498 12144 consensus_queue.cc:1048] T 94b53cdd120b43b386b33889982a90e4 P e536a94722d946a8a264577ac2d8cbdf [LEADER]: Connected to new peer: Peer: permanent_uuid: "031aaec92884426d93e49daa80436c43" member_type: VOTER last_known_addr { host: "127.10.225.131" port: 45259 }, Status: LMP_MISMATCH, Last received: 0.0, Next index: 3, Last known committed idx: 2, Time since last communication: 0.000s
I20260710 13:20:46.043985 11771 raft_consensus.cc:1275] T 94b53cdd120b43b386b33889982a90e4 P a510ed2559de41f8a470ee2526495d22 [term 3 FOLLOWER]: Refusing update from remote peer e536a94722d946a8a264577ac2d8cbdf: Log matching property violated. Preceding OpId in replica: term: 2 index: 2. Preceding OpId from leader: term: 3 index: 3. (index mismatch)
I20260710 13:20:46.045692 12133 consensus_queue.cc:1048] T 94b53cdd120b43b386b33889982a90e4 P e536a94722d946a8a264577ac2d8cbdf [LEADER]: Connected to new peer: Peer: permanent_uuid: "a510ed2559de41f8a470ee2526495d22" member_type: VOTER last_known_addr { host: "127.10.225.129" port: 42489 }, Status: LMP_MISMATCH, Last received: 0.0, Next index: 3, Last known committed idx: 2, Time since last communication: 0.000s
I20260710 13:20:46.139004 11142 auto_leader_rebalancer.cc:141] leader rebalance for table test-workload
I20260710 13:20:46.147275 11142 tablet_server.cc:179] TabletServer@127.10.225.129:0 shutting down...
W20260710 13:20:46.173797 11887 proxy.cc:239] Call had error, refreshing address and retrying: Remote error: Service unavailable: service kudu.consensus.ConsensusService not registered on TabletServer [suppressed 2 similar messages]
I20260710 13:20:46.176838 11142 ts_tablet_manager.cc:1507] Shutting down tablet manager...
W20260710 13:20:46.177102 11887 consensus_peers.cc:597] T 9839a66a7f4e4c8a974c1cf5b7f2ad60 P 031aaec92884426d93e49daa80436c43 -> Peer a510ed2559de41f8a470ee2526495d22 (127.10.225.129:42489): Couldn't send request to peer a510ed2559de41f8a470ee2526495d22. Status: Remote error: Service unavailable: service kudu.consensus.ConsensusService not registered on TabletServer. This is attempt 1: this message will repeat every 5th retry.
I20260710 13:20:46.177707 11142 tablet_replica.cc:333] T 1795e6271ca648a0bf6a2efeb90864a1 P a510ed2559de41f8a470ee2526495d22: stopping tablet replica
I20260710 13:20:46.178340 11142 raft_consensus.cc:2243] T 1795e6271ca648a0bf6a2efeb90864a1 P a510ed2559de41f8a470ee2526495d22 [term 2 LEADER]: Raft consensus shutting down.
I20260710 13:20:46.179066 11142 raft_consensus.cc:2272] T 1795e6271ca648a0bf6a2efeb90864a1 P a510ed2559de41f8a470ee2526495d22 [term 2 FOLLOWER]: Raft consensus is shut down!
I20260710 13:20:46.181028 11142 tablet_replica.cc:333] T d1c3fa6fce6942a396489cdaef43e810 P a510ed2559de41f8a470ee2526495d22: stopping tablet replica
I20260710 13:20:46.181777 11142 raft_consensus.cc:2243] T d1c3fa6fce6942a396489cdaef43e810 P a510ed2559de41f8a470ee2526495d22 [term 2 FOLLOWER]: Raft consensus shutting down.
I20260710 13:20:46.182235 11142 raft_consensus.cc:2272] T d1c3fa6fce6942a396489cdaef43e810 P a510ed2559de41f8a470ee2526495d22 [term 2 FOLLOWER]: Raft consensus is shut down!
I20260710 13:20:46.184283 11142 tablet_replica.cc:333] T 9839a66a7f4e4c8a974c1cf5b7f2ad60 P a510ed2559de41f8a470ee2526495d22: stopping tablet replica
I20260710 13:20:46.184795 11142 raft_consensus.cc:2243] T 9839a66a7f4e4c8a974c1cf5b7f2ad60 P a510ed2559de41f8a470ee2526495d22 [term 2 FOLLOWER]: Raft consensus shutting down.
I20260710 13:20:46.185163 11142 raft_consensus.cc:2272] T 9839a66a7f4e4c8a974c1cf5b7f2ad60 P a510ed2559de41f8a470ee2526495d22 [term 2 FOLLOWER]: Raft consensus is shut down!
I20260710 13:20:46.187006 11142 tablet_replica.cc:333] T db8c31e6033847019248d5f18aee491a P a510ed2559de41f8a470ee2526495d22: stopping tablet replica
I20260710 13:20:46.187482 11142 raft_consensus.cc:2243] T db8c31e6033847019248d5f18aee491a P a510ed2559de41f8a470ee2526495d22 [term 2 LEADER]: Raft consensus shutting down.
I20260710 13:20:46.188261 11142 raft_consensus.cc:2272] T db8c31e6033847019248d5f18aee491a P a510ed2559de41f8a470ee2526495d22 [term 2 FOLLOWER]: Raft consensus is shut down!
I20260710 13:20:46.189972 11142 tablet_replica.cc:333] T 4baa0bde3f324227b7d50209e12557d5 P a510ed2559de41f8a470ee2526495d22: stopping tablet replica
I20260710 13:20:46.190430 11142 raft_consensus.cc:2243] T 4baa0bde3f324227b7d50209e12557d5 P a510ed2559de41f8a470ee2526495d22 [term 4 LEADER]: Raft consensus shutting down.
I20260710 13:20:46.191076 11142 raft_consensus.cc:2272] T 4baa0bde3f324227b7d50209e12557d5 P a510ed2559de41f8a470ee2526495d22 [term 4 FOLLOWER]: Raft consensus is shut down!
I20260710 13:20:46.192615 11142 tablet_replica.cc:333] T 94b53cdd120b43b386b33889982a90e4 P a510ed2559de41f8a470ee2526495d22: stopping tablet replica
I20260710 13:20:46.193078 11142 raft_consensus.cc:2243] T 94b53cdd120b43b386b33889982a90e4 P a510ed2559de41f8a470ee2526495d22 [term 3 FOLLOWER]: Raft consensus shutting down.
I20260710 13:20:46.193491 11142 raft_consensus.cc:2272] T 94b53cdd120b43b386b33889982a90e4 P a510ed2559de41f8a470ee2526495d22 [term 3 FOLLOWER]: Raft consensus is shut down!
I20260710 13:20:46.195830 11142 tablet_replica.cc:333] T 6609bfa2e2884e39a5f76e2757ff14fb P a510ed2559de41f8a470ee2526495d22: stopping tablet replica
I20260710 13:20:46.196372 11142 raft_consensus.cc:2243] T 6609bfa2e2884e39a5f76e2757ff14fb P a510ed2559de41f8a470ee2526495d22 [term 3 LEADER]: Raft consensus shutting down.
I20260710 13:20:46.197005 11142 raft_consensus.cc:2272] T 6609bfa2e2884e39a5f76e2757ff14fb P a510ed2559de41f8a470ee2526495d22 [term 3 FOLLOWER]: Raft consensus is shut down!
I20260710 13:20:46.198915 11142 tablet_replica.cc:333] T 8b0432230410400abad62cf74dd594a0 P a510ed2559de41f8a470ee2526495d22: stopping tablet replica
I20260710 13:20:46.199419 11142 raft_consensus.cc:2243] T 8b0432230410400abad62cf74dd594a0 P a510ed2559de41f8a470ee2526495d22 [term 2 FOLLOWER]: Raft consensus shutting down.
I20260710 13:20:46.199891 11142 raft_consensus.cc:2272] T 8b0432230410400abad62cf74dd594a0 P a510ed2559de41f8a470ee2526495d22 [term 2 FOLLOWER]: Raft consensus is shut down!
I20260710 13:20:46.200033 11846 raft_consensus.cc:1275] T 9839a66a7f4e4c8a974c1cf5b7f2ad60 P e536a94722d946a8a264577ac2d8cbdf [term 2 FOLLOWER]: Refusing update from remote peer 031aaec92884426d93e49daa80436c43: Log matching property violated. Preceding OpId in replica: term: 1 index: 1. Preceding OpId from leader: term: 2 index: 2. (index mismatch)
I20260710 13:20:46.201449 12131 consensus_queue.cc:1048] T 9839a66a7f4e4c8a974c1cf5b7f2ad60 P 031aaec92884426d93e49daa80436c43 [LEADER]: Connected to new peer: Peer: permanent_uuid: "e536a94722d946a8a264577ac2d8cbdf" member_type: VOTER last_known_addr { host: "127.10.225.130" port: 43805 }, Status: LMP_MISMATCH, Last received: 0.0, Next index: 2, Last known committed idx: 1, Time since last communication: 0.000s
I20260710 13:20:46.201900 11142 tablet_replica.cc:333] T d03ae5f99e914f46944151292180b740 P a510ed2559de41f8a470ee2526495d22: stopping tablet replica
I20260710 13:20:46.202561 11142 raft_consensus.cc:2243] T d03ae5f99e914f46944151292180b740 P a510ed2559de41f8a470ee2526495d22 [term 3 FOLLOWER]: Raft consensus shutting down.
I20260710 13:20:46.203032 11142 raft_consensus.cc:2272] T d03ae5f99e914f46944151292180b740 P a510ed2559de41f8a470ee2526495d22 [term 3 FOLLOWER]: Raft consensus is shut down!
I20260710 13:20:46.205294 11142 tablet_replica.cc:333] T d1465d8836184ba48ddf0758b7880fe9 P a510ed2559de41f8a470ee2526495d22: stopping tablet replica
I20260710 13:20:46.205940 11142 raft_consensus.cc:2243] T d1465d8836184ba48ddf0758b7880fe9 P a510ed2559de41f8a470ee2526495d22 [term 4 FOLLOWER]: Raft consensus shutting down.
I20260710 13:20:46.206439 11142 raft_consensus.cc:2272] T d1465d8836184ba48ddf0758b7880fe9 P a510ed2559de41f8a470ee2526495d22 [term 4 FOLLOWER]: Raft consensus is shut down!
I20260710 13:20:46.230402 11142 tablet_server.cc:196] TabletServer@127.10.225.129:0 shutdown complete.
I20260710 13:20:46.251598 11142 tablet_server.cc:179] TabletServer@127.10.225.130:0 shutting down...
I20260710 13:20:46.274881 11142 ts_tablet_manager.cc:1507] Shutting down tablet manager...
I20260710 13:20:46.275507 11142 tablet_replica.cc:333] T 1795e6271ca648a0bf6a2efeb90864a1 P e536a94722d946a8a264577ac2d8cbdf: stopping tablet replica
I20260710 13:20:46.276101 11142 raft_consensus.cc:2243] T 1795e6271ca648a0bf6a2efeb90864a1 P e536a94722d946a8a264577ac2d8cbdf [term 2 FOLLOWER]: Raft consensus shutting down.
I20260710 13:20:46.276719 11142 raft_consensus.cc:2272] T 1795e6271ca648a0bf6a2efeb90864a1 P e536a94722d946a8a264577ac2d8cbdf [term 2 FOLLOWER]: Raft consensus is shut down!
I20260710 13:20:46.278553 11142 tablet_replica.cc:333] T d1c3fa6fce6942a396489cdaef43e810 P e536a94722d946a8a264577ac2d8cbdf: stopping tablet replica
I20260710 13:20:46.279084 11142 raft_consensus.cc:2243] T d1c3fa6fce6942a396489cdaef43e810 P e536a94722d946a8a264577ac2d8cbdf [term 2 FOLLOWER]: Raft consensus shutting down.
I20260710 13:20:46.279493 11142 raft_consensus.cc:2272] T d1c3fa6fce6942a396489cdaef43e810 P e536a94722d946a8a264577ac2d8cbdf [term 2 FOLLOWER]: Raft consensus is shut down!
I20260710 13:20:46.281080 11142 tablet_replica.cc:333] T 4baa0bde3f324227b7d50209e12557d5 P e536a94722d946a8a264577ac2d8cbdf: stopping tablet replica
I20260710 13:20:46.281643 11142 raft_consensus.cc:2243] T 4baa0bde3f324227b7d50209e12557d5 P e536a94722d946a8a264577ac2d8cbdf [term 4 FOLLOWER]: Raft consensus shutting down.
I20260710 13:20:46.282063 11142 raft_consensus.cc:2272] T 4baa0bde3f324227b7d50209e12557d5 P e536a94722d946a8a264577ac2d8cbdf [term 4 FOLLOWER]: Raft consensus is shut down!
I20260710 13:20:46.283589 11142 tablet_replica.cc:333] T 9839a66a7f4e4c8a974c1cf5b7f2ad60 P e536a94722d946a8a264577ac2d8cbdf: stopping tablet replica
I20260710 13:20:46.284061 11142 raft_consensus.cc:2243] T 9839a66a7f4e4c8a974c1cf5b7f2ad60 P e536a94722d946a8a264577ac2d8cbdf [term 2 FOLLOWER]: Raft consensus shutting down.
I20260710 13:20:46.284437 11142 raft_consensus.cc:2272] T 9839a66a7f4e4c8a974c1cf5b7f2ad60 P e536a94722d946a8a264577ac2d8cbdf [term 2 FOLLOWER]: Raft consensus is shut down!
I20260710 13:20:46.286357 11142 tablet_replica.cc:333] T db8c31e6033847019248d5f18aee491a P e536a94722d946a8a264577ac2d8cbdf: stopping tablet replica
I20260710 13:20:46.286875 11142 raft_consensus.cc:2243] T db8c31e6033847019248d5f18aee491a P e536a94722d946a8a264577ac2d8cbdf [term 2 FOLLOWER]: Raft consensus shutting down.
I20260710 13:20:46.287282 11142 raft_consensus.cc:2272] T db8c31e6033847019248d5f18aee491a P e536a94722d946a8a264577ac2d8cbdf [term 2 FOLLOWER]: Raft consensus is shut down!
I20260710 13:20:46.288952 11142 tablet_replica.cc:333] T 94b53cdd120b43b386b33889982a90e4 P e536a94722d946a8a264577ac2d8cbdf: stopping tablet replica
I20260710 13:20:46.289498 11142 raft_consensus.cc:2243] T 94b53cdd120b43b386b33889982a90e4 P e536a94722d946a8a264577ac2d8cbdf [term 3 LEADER]: Raft consensus shutting down.
I20260710 13:20:46.290169 11142 raft_consensus.cc:2272] T 94b53cdd120b43b386b33889982a90e4 P e536a94722d946a8a264577ac2d8cbdf [term 3 FOLLOWER]: Raft consensus is shut down!
I20260710 13:20:46.292071 11142 tablet_replica.cc:333] T 6609bfa2e2884e39a5f76e2757ff14fb P e536a94722d946a8a264577ac2d8cbdf: stopping tablet replica
I20260710 13:20:46.292589 11142 raft_consensus.cc:2243] T 6609bfa2e2884e39a5f76e2757ff14fb P e536a94722d946a8a264577ac2d8cbdf [term 3 FOLLOWER]: Raft consensus shutting down.
I20260710 13:20:46.292999 11142 raft_consensus.cc:2272] T 6609bfa2e2884e39a5f76e2757ff14fb P e536a94722d946a8a264577ac2d8cbdf [term 3 FOLLOWER]: Raft consensus is shut down!
I20260710 13:20:46.294607 11142 tablet_replica.cc:333] T 8b0432230410400abad62cf74dd594a0 P e536a94722d946a8a264577ac2d8cbdf: stopping tablet replica
I20260710 13:20:46.295083 11142 raft_consensus.cc:2243] T 8b0432230410400abad62cf74dd594a0 P e536a94722d946a8a264577ac2d8cbdf [term 2 LEADER]: Raft consensus shutting down.
