I20260710 13:20:22.017040 11171 catalog_manager.cc:5697] T 8a20e49048f24b2482600c82e52ded1a P 8efaded698d24bc9a91daec087293344 reported cstate change: term changed from 1 to 2, leader changed from 9051716d32ee4b92968dcaf5955d922c (127.10.225.129) to 8efaded698d24bc9a91daec087293344 (127.10.225.130). New cstate: current_term: 2 leader_uuid: "8efaded698d24bc9a91daec087293344" committed_config { opid_index: -1 OBSOLETE_local: false peers { permanent_uuid: "9051716d32ee4b92968dcaf5955d922c" member_type: VOTER last_known_addr { host: "127.10.225.129" port: 42229 } health_report { overall_health: UNKNOWN } } peers { permanent_uuid: "8efaded698d24bc9a91daec087293344" member_type: VOTER last_known_addr { host: "127.10.225.130" port: 44707 } health_report { overall_health: HEALTHY } } peers { permanent_uuid: "9bc0fb0a581149cba5ea810a971964bb" member_type: VOTER last_known_addr { host: "127.10.225.131" port: 44589 } health_report { overall_health: UNKNOWN } } }
I20260710 13:20:22.018728 11352 raft_consensus.cc:515] T dcf4b31aa81c48099ac6dd0293cd87e9 P 8efaded698d24bc9a91daec087293344 [term 3 FOLLOWER]: Starting forced leader election with config: opid_index: -1 OBSOLETE_local: false peers { permanent_uuid: "9051716d32ee4b92968dcaf5955d922c" member_type: VOTER last_known_addr { host: "127.10.225.129" port: 42229 } } peers { permanent_uuid: "8efaded698d24bc9a91daec087293344" member_type: VOTER last_known_addr { host: "127.10.225.130" port: 44707 } } peers { permanent_uuid: "9bc0fb0a581149cba5ea810a971964bb" member_type: VOTER last_known_addr { host: "127.10.225.131" port: 44589 } }
I20260710 13:20:22.021092 11352 leader_election.cc:290] T dcf4b31aa81c48099ac6dd0293cd87e9 P 8efaded698d24bc9a91daec087293344 [CANDIDATE]: Term 3 election: Requested vote from peers 9051716d32ee4b92968dcaf5955d922c (127.10.225.129:42229), 9bc0fb0a581149cba5ea810a971964bb (127.10.225.131:44589)
I20260710 13:20:22.021183 11277 tablet_service.cc:1917] Received RequestConsensusVote() RPC: tablet_id: "dcf4b31aa81c48099ac6dd0293cd87e9" candidate_uuid: "8efaded698d24bc9a91daec087293344" candidate_term: 3 candidate_status { last_received { term: 2 index: 2 } } ignore_live_leader: true dest_uuid: "9051716d32ee4b92968dcaf5955d922c"
I20260710 13:20:22.021761 11426 tablet_service.cc:1917] Received RequestConsensusVote() RPC: tablet_id: "dcf4b31aa81c48099ac6dd0293cd87e9" candidate_uuid: "8efaded698d24bc9a91daec087293344" candidate_term: 3 candidate_status { last_received { term: 2 index: 2 } } ignore_live_leader: true dest_uuid: "9bc0fb0a581149cba5ea810a971964bb"
I20260710 13:20:22.022293 11426 raft_consensus.cc:3060] T dcf4b31aa81c48099ac6dd0293cd87e9 P 9bc0fb0a581149cba5ea810a971964bb [term 2 FOLLOWER]: Advancing to term 3
I20260710 13:20:22.022763 11277 raft_consensus.cc:3055] T dcf4b31aa81c48099ac6dd0293cd87e9 P 9051716d32ee4b92968dcaf5955d922c [term 2 LEADER]: Stepping down as leader of term 2
I20260710 13:20:22.023104 11277 raft_consensus.cc:740] T dcf4b31aa81c48099ac6dd0293cd87e9 P 9051716d32ee4b92968dcaf5955d922c [term 2 LEADER]: Becoming Follower/Learner. State: Replica: 9051716d32ee4b92968dcaf5955d922c, State: Running, Role: LEADER
I20260710 13:20:22.023775 11277 consensus_queue.cc:260] T dcf4b31aa81c48099ac6dd0293cd87e9 P 9051716d32ee4b92968dcaf5955d922c [NON_LEADER]: Queue going to NON_LEADER mode. State: All replicated index: 0, Majority replicated index: 2, Committed index: 2, Last appended: 2.2, Last appended by leader: 2, Current term: 2, Majority size: -1, State: 0, Mode: NON_LEADER, active raft config: opid_index: -1 OBSOLETE_local: false peers { permanent_uuid: "9051716d32ee4b92968dcaf5955d922c" member_type: VOTER last_known_addr { host: "127.10.225.129" port: 42229 } } peers { permanent_uuid: "8efaded698d24bc9a91daec087293344" member_type: VOTER last_known_addr { host: "127.10.225.130" port: 44707 } } peers { permanent_uuid: "9bc0fb0a581149cba5ea810a971964bb" member_type: VOTER last_known_addr { host: "127.10.225.131" port: 44589 } }
I20260710 13:20:22.024811 11277 raft_consensus.cc:3060] T dcf4b31aa81c48099ac6dd0293cd87e9 P 9051716d32ee4b92968dcaf5955d922c [term 2 FOLLOWER]: Advancing to term 3
I20260710 13:20:22.030575 11277 raft_consensus.cc:2468] T dcf4b31aa81c48099ac6dd0293cd87e9 P 9051716d32ee4b92968dcaf5955d922c [term 3 FOLLOWER]: Leader election vote request: Granting yes vote for candidate 8efaded698d24bc9a91daec087293344 in term 3.
I20260710 13:20:22.031788 11315 leader_election.cc:304] T dcf4b31aa81c48099ac6dd0293cd87e9 P 8efaded698d24bc9a91daec087293344 [CANDIDATE]: Term 3 election: Election decided. Result: candidate won. Election summary: received 2 responses out of 3 voters: 2 yes votes; 0 no votes. yes voters: 8efaded698d24bc9a91daec087293344, 9051716d32ee4b92968dcaf5955d922c; no voters: 
I20260710 13:20:22.032639 11563 raft_consensus.cc:2804] T dcf4b31aa81c48099ac6dd0293cd87e9 P 8efaded698d24bc9a91daec087293344 [term 3 FOLLOWER]: Leader election won for term 3
I20260710 13:20:22.033317 11574 raft_consensus.cc:993] T b9e5a8d4eacb47d98f087365b422899c P 9bc0fb0a581149cba5ea810a971964bb: : Instructing follower 8efaded698d24bc9a91daec087293344 to start an election
I20260710 13:20:22.033315 11563 raft_consensus.cc:697] T dcf4b31aa81c48099ac6dd0293cd87e9 P 8efaded698d24bc9a91daec087293344 [term 3 LEADER]: Becoming Leader. State: Replica: 8efaded698d24bc9a91daec087293344, State: Running, Role: LEADER
I20260710 13:20:22.034323 11564 raft_consensus.cc:1081] T b9e5a8d4eacb47d98f087365b422899c P 9bc0fb0a581149cba5ea810a971964bb [term 3 LEADER]: Signalling peer 8efaded698d24bc9a91daec087293344 to start an election
I20260710 13:20:22.034413 11563 consensus_queue.cc:237] T dcf4b31aa81c48099ac6dd0293cd87e9 P 8efaded698d24bc9a91daec087293344 [LEADER]: Queue going to LEADER mode. State: All replicated index: 0, Majority replicated index: 2, Committed index: 2, Last appended: 2.2, Last appended by leader: 2, Current term: 3, Majority size: 2, State: 0, Mode: LEADER, active raft config: opid_index: -1 OBSOLETE_local: false peers { permanent_uuid: "9051716d32ee4b92968dcaf5955d922c" member_type: VOTER last_known_addr { host: "127.10.225.129" port: 42229 } } peers { permanent_uuid: "8efaded698d24bc9a91daec087293344" member_type: VOTER last_known_addr { host: "127.10.225.130" port: 44707 } } peers { permanent_uuid: "9bc0fb0a581149cba5ea810a971964bb" member_type: VOTER last_known_addr { host: "127.10.225.131" port: 44589 } }
I20260710 13:20:22.036116 11426 raft_consensus.cc:2468] T dcf4b31aa81c48099ac6dd0293cd87e9 P 9bc0fb0a581149cba5ea810a971964bb [term 3 FOLLOWER]: Leader election vote request: Granting yes vote for candidate 8efaded698d24bc9a91daec087293344 in term 3.
I20260710 13:20:22.037000 11351 tablet_service.cc:2044] Received Run Leader Election RPC: tablet_id: "b9e5a8d4eacb47d98f087365b422899c"
dest_uuid: "8efaded698d24bc9a91daec087293344"
 from {username='slave'} at 127.0.0.1:54036
I20260710 13:20:22.037593 11351 raft_consensus.cc:493] T b9e5a8d4eacb47d98f087365b422899c P 8efaded698d24bc9a91daec087293344 [term 3 FOLLOWER]: Starting forced leader election (received explicit request)
I20260710 13:20:22.038031 11351 raft_consensus.cc:3060] T b9e5a8d4eacb47d98f087365b422899c P 8efaded698d24bc9a91daec087293344 [term 3 FOLLOWER]: Advancing to term 4
I20260710 13:20:22.042603 11171 catalog_manager.cc:5697] T dcf4b31aa81c48099ac6dd0293cd87e9 P 8efaded698d24bc9a91daec087293344 reported cstate change: term changed from 2 to 3, leader changed from 9051716d32ee4b92968dcaf5955d922c (127.10.225.129) to 8efaded698d24bc9a91daec087293344 (127.10.225.130). New cstate: current_term: 3 leader_uuid: "8efaded698d24bc9a91daec087293344" committed_config { opid_index: -1 OBSOLETE_local: false peers { permanent_uuid: "9051716d32ee4b92968dcaf5955d922c" member_type: VOTER last_known_addr { host: "127.10.225.129" port: 42229 } health_report { overall_health: UNKNOWN } } peers { permanent_uuid: "8efaded698d24bc9a91daec087293344" member_type: VOTER last_known_addr { host: "127.10.225.130" port: 44707 } health_report { overall_health: HEALTHY } } peers { permanent_uuid: "9bc0fb0a581149cba5ea810a971964bb" member_type: VOTER last_known_addr { host: "127.10.225.131" port: 44589 } health_report { overall_health: UNKNOWN } } }
I20260710 13:20:22.043285 11351 raft_consensus.cc:515] T b9e5a8d4eacb47d98f087365b422899c P 8efaded698d24bc9a91daec087293344 [term 4 FOLLOWER]: Starting forced leader election with config: opid_index: -1 OBSOLETE_local: false peers { permanent_uuid: "9051716d32ee4b92968dcaf5955d922c" member_type: VOTER last_known_addr { host: "127.10.225.129" port: 42229 } } peers { permanent_uuid: "8efaded698d24bc9a91daec087293344" member_type: VOTER last_known_addr { host: "127.10.225.130" port: 44707 } } peers { permanent_uuid: "9bc0fb0a581149cba5ea810a971964bb" member_type: VOTER last_known_addr { host: "127.10.225.131" port: 44589 } }
I20260710 13:20:22.045480 11277 tablet_service.cc:1917] Received RequestConsensusVote() RPC: tablet_id: "b9e5a8d4eacb47d98f087365b422899c" candidate_uuid: "8efaded698d24bc9a91daec087293344" candidate_term: 4 candidate_status { last_received { term: 3 index: 3 } } ignore_live_leader: true dest_uuid: "9051716d32ee4b92968dcaf5955d922c"
I20260710 13:20:22.045742 11351 leader_election.cc:290] T b9e5a8d4eacb47d98f087365b422899c P 8efaded698d24bc9a91daec087293344 [CANDIDATE]: Term 4 election: Requested vote from peers 9051716d32ee4b92968dcaf5955d922c (127.10.225.129:42229), 9bc0fb0a581149cba5ea810a971964bb (127.10.225.131:44589)
I20260710 13:20:22.046001 11277 raft_consensus.cc:3060] T b9e5a8d4eacb47d98f087365b422899c P 9051716d32ee4b92968dcaf5955d922c [term 3 FOLLOWER]: Advancing to term 4
I20260710 13:20:22.045910 11426 tablet_service.cc:1917] Received RequestConsensusVote() RPC: tablet_id: "b9e5a8d4eacb47d98f087365b422899c" candidate_uuid: "8efaded698d24bc9a91daec087293344" candidate_term: 4 candidate_status { last_received { term: 3 index: 3 } } ignore_live_leader: true dest_uuid: "9bc0fb0a581149cba5ea810a971964bb"
I20260710 13:20:22.050714 11426 raft_consensus.cc:3055] T b9e5a8d4eacb47d98f087365b422899c P 9bc0fb0a581149cba5ea810a971964bb [term 3 LEADER]: Stepping down as leader of term 3
I20260710 13:20:22.050989 11426 raft_consensus.cc:740] T b9e5a8d4eacb47d98f087365b422899c P 9bc0fb0a581149cba5ea810a971964bb [term 3 LEADER]: Becoming Follower/Learner. State: Replica: 9bc0fb0a581149cba5ea810a971964bb, State: Running, Role: LEADER
I20260710 13:20:22.051308 11277 raft_consensus.cc:2468] T b9e5a8d4eacb47d98f087365b422899c P 9051716d32ee4b92968dcaf5955d922c [term 4 FOLLOWER]: Leader election vote request: Granting yes vote for candidate 8efaded698d24bc9a91daec087293344 in term 4.
I20260710 13:20:22.051578 11426 consensus_queue.cc:260] T b9e5a8d4eacb47d98f087365b422899c P 9bc0fb0a581149cba5ea810a971964bb [NON_LEADER]: Queue going to NON_LEADER mode. State: All replicated index: 0, Majority replicated index: 3, Committed index: 3, Last appended: 3.3, Last appended by leader: 3, Current term: 3, Majority size: -1, State: 0, Mode: NON_LEADER, active raft config: opid_index: -1 OBSOLETE_local: false peers { permanent_uuid: "9051716d32ee4b92968dcaf5955d922c" member_type: VOTER last_known_addr { host: "127.10.225.129" port: 42229 } } peers { permanent_uuid: "8efaded698d24bc9a91daec087293344" member_type: VOTER last_known_addr { host: "127.10.225.130" port: 44707 } } peers { permanent_uuid: "9bc0fb0a581149cba5ea810a971964bb" member_type: VOTER last_known_addr { host: "127.10.225.131" port: 44589 } }
I20260710 13:20:22.052197 11315 leader_election.cc:304] T b9e5a8d4eacb47d98f087365b422899c P 8efaded698d24bc9a91daec087293344 [CANDIDATE]: Term 4 election: Election decided. Result: candidate won. Election summary: received 2 responses out of 3 voters: 2 yes votes; 0 no votes. yes voters: 8efaded698d24bc9a91daec087293344, 9051716d32ee4b92968dcaf5955d922c; no voters: 
I20260710 13:20:22.052307 11426 raft_consensus.cc:3060] T b9e5a8d4eacb47d98f087365b422899c P 9bc0fb0a581149cba5ea810a971964bb [term 3 FOLLOWER]: Advancing to term 4
I20260710 13:20:22.052862 11563 raft_consensus.cc:2804] T b9e5a8d4eacb47d98f087365b422899c P 8efaded698d24bc9a91daec087293344 [term 4 FOLLOWER]: Leader election won for term 4
I20260710 13:20:22.053318 11563 raft_consensus.cc:697] T b9e5a8d4eacb47d98f087365b422899c P 8efaded698d24bc9a91daec087293344 [term 4 LEADER]: Becoming Leader. State: Replica: 8efaded698d24bc9a91daec087293344, State: Running, Role: LEADER
I20260710 13:20:22.054059 11563 consensus_queue.cc:237] T b9e5a8d4eacb47d98f087365b422899c P 8efaded698d24bc9a91daec087293344 [LEADER]: Queue going to LEADER mode. State: All replicated index: 0, Majority replicated index: 3, Committed index: 3, Last appended: 3.3, Last appended by leader: 3, Current term: 4, Majority size: 2, State: 0, Mode: LEADER, active raft config: opid_index: -1 OBSOLETE_local: false peers { permanent_uuid: "9051716d32ee4b92968dcaf5955d922c" member_type: VOTER last_known_addr { host: "127.10.225.129" port: 42229 } } peers { permanent_uuid: "8efaded698d24bc9a91daec087293344" member_type: VOTER last_known_addr { host: "127.10.225.130" port: 44707 } } peers { permanent_uuid: "9bc0fb0a581149cba5ea810a971964bb" member_type: VOTER last_known_addr { host: "127.10.225.131" port: 44589 } }
I20260710 13:20:22.057533 11426 raft_consensus.cc:2468] T b9e5a8d4eacb47d98f087365b422899c P 9bc0fb0a581149cba5ea810a971964bb [term 4 FOLLOWER]: Leader election vote request: Granting yes vote for candidate 8efaded698d24bc9a91daec087293344 in term 4.
I20260710 13:20:22.059916 11171 catalog_manager.cc:5697] T b9e5a8d4eacb47d98f087365b422899c P 8efaded698d24bc9a91daec087293344 reported cstate change: term changed from 3 to 4, leader changed from 9bc0fb0a581149cba5ea810a971964bb (127.10.225.131) to 8efaded698d24bc9a91daec087293344 (127.10.225.130). New cstate: current_term: 4 leader_uuid: "8efaded698d24bc9a91daec087293344" committed_config { opid_index: -1 OBSOLETE_local: false peers { permanent_uuid: "9051716d32ee4b92968dcaf5955d922c" member_type: VOTER last_known_addr { host: "127.10.225.129" port: 42229 } health_report { overall_health: UNKNOWN } } peers { permanent_uuid: "8efaded698d24bc9a91daec087293344" member_type: VOTER last_known_addr { host: "127.10.225.130" port: 44707 } health_report { overall_health: HEALTHY } } peers { permanent_uuid: "9bc0fb0a581149cba5ea810a971964bb" member_type: VOTER last_known_addr { host: "127.10.225.131" port: 44589 } health_report { overall_health: UNKNOWN } } }
I20260710 13:20:22.082623 11574 raft_consensus.cc:993] T 9a41a16532904d2caf0b15f903881b7b P 9bc0fb0a581149cba5ea810a971964bb: : Instructing follower 8efaded698d24bc9a91daec087293344 to start an election
I20260710 13:20:22.083132 11588 raft_consensus.cc:1081] T 9a41a16532904d2caf0b15f903881b7b P 9bc0fb0a581149cba5ea810a971964bb [term 2 LEADER]: Signalling peer 8efaded698d24bc9a91daec087293344 to start an election
I20260710 13:20:22.084657 11351 tablet_service.cc:2044] Received Run Leader Election RPC: tablet_id: "9a41a16532904d2caf0b15f903881b7b"
dest_uuid: "8efaded698d24bc9a91daec087293344"
 from {username='slave'} at 127.0.0.1:54036
I20260710 13:20:22.085119 11351 raft_consensus.cc:493] T 9a41a16532904d2caf0b15f903881b7b P 8efaded698d24bc9a91daec087293344 [term 2 FOLLOWER]: Starting forced leader election (received explicit request)
I20260710 13:20:22.085431 11351 raft_consensus.cc:3060] T 9a41a16532904d2caf0b15f903881b7b P 8efaded698d24bc9a91daec087293344 [term 2 FOLLOWER]: Advancing to term 3
I20260710 13:20:22.089634 11351 raft_consensus.cc:515] T 9a41a16532904d2caf0b15f903881b7b P 8efaded698d24bc9a91daec087293344 [term 3 FOLLOWER]: Starting forced leader election with config: opid_index: -1 OBSOLETE_local: false peers { permanent_uuid: "9bc0fb0a581149cba5ea810a971964bb" member_type: VOTER last_known_addr { host: "127.10.225.131" port: 44589 } } peers { permanent_uuid: "9051716d32ee4b92968dcaf5955d922c" member_type: VOTER last_known_addr { host: "127.10.225.129" port: 42229 } } peers { permanent_uuid: "8efaded698d24bc9a91daec087293344" member_type: VOTER last_known_addr { host: "127.10.225.130" port: 44707 } }
I20260710 13:20:22.091341 11351 leader_election.cc:290] T 9a41a16532904d2caf0b15f903881b7b P 8efaded698d24bc9a91daec087293344 [CANDIDATE]: Term 3 election: Requested vote from peers 9bc0fb0a581149cba5ea810a971964bb (127.10.225.131:44589), 9051716d32ee4b92968dcaf5955d922c (127.10.225.129:42229)
I20260710 13:20:22.091903 11426 tablet_service.cc:1917] Received RequestConsensusVote() RPC: tablet_id: "9a41a16532904d2caf0b15f903881b7b" candidate_uuid: "8efaded698d24bc9a91daec087293344" candidate_term: 3 candidate_status { last_received { term: 2 index: 2 } } ignore_live_leader: true dest_uuid: "9bc0fb0a581149cba5ea810a971964bb"
I20260710 13:20:22.092270 11277 tablet_service.cc:1917] Received RequestConsensusVote() RPC: tablet_id: "9a41a16532904d2caf0b15f903881b7b" candidate_uuid: "8efaded698d24bc9a91daec087293344" candidate_term: 3 candidate_status { last_received { term: 2 index: 2 } } ignore_live_leader: true dest_uuid: "9051716d32ee4b92968dcaf5955d922c"
I20260710 13:20:22.092422 11426 raft_consensus.cc:3055] T 9a41a16532904d2caf0b15f903881b7b P 9bc0fb0a581149cba5ea810a971964bb [term 2 LEADER]: Stepping down as leader of term 2
I20260710 13:20:22.092734 11426 raft_consensus.cc:740] T 9a41a16532904d2caf0b15f903881b7b P 9bc0fb0a581149cba5ea810a971964bb [term 2 LEADER]: Becoming Follower/Learner. State: Replica: 9bc0fb0a581149cba5ea810a971964bb, State: Running, Role: LEADER
I20260710 13:20:22.092743 11277 raft_consensus.cc:3060] T 9a41a16532904d2caf0b15f903881b7b P 9051716d32ee4b92968dcaf5955d922c [term 2 FOLLOWER]: Advancing to term 3
I20260710 13:20:22.093321 11426 consensus_queue.cc:260] T 9a41a16532904d2caf0b15f903881b7b P 9bc0fb0a581149cba5ea810a971964bb [NON_LEADER]: Queue going to NON_LEADER mode. State: All replicated index: 0, Majority replicated index: 2, Committed index: 2, Last appended: 2.2, Last appended by leader: 2, Current term: 2, Majority size: -1, State: 0, Mode: NON_LEADER, active raft config: opid_index: -1 OBSOLETE_local: false peers { permanent_uuid: "9bc0fb0a581149cba5ea810a971964bb" member_type: VOTER last_known_addr { host: "127.10.225.131" port: 44589 } } peers { permanent_uuid: "9051716d32ee4b92968dcaf5955d922c" member_type: VOTER last_known_addr { host: "127.10.225.129" port: 42229 } } peers { permanent_uuid: "8efaded698d24bc9a91daec087293344" member_type: VOTER last_known_addr { host: "127.10.225.130" port: 44707 } }
I20260710 13:20:22.094116 11426 raft_consensus.cc:3060] T 9a41a16532904d2caf0b15f903881b7b P 9bc0fb0a581149cba5ea810a971964bb [term 2 FOLLOWER]: Advancing to term 3
I20260710 13:20:22.096659 11277 raft_consensus.cc:2468] T 9a41a16532904d2caf0b15f903881b7b P 9051716d32ee4b92968dcaf5955d922c [term 3 FOLLOWER]: Leader election vote request: Granting yes vote for candidate 8efaded698d24bc9a91daec087293344 in term 3.
I20260710 13:20:22.097515 11315 leader_election.cc:304] T 9a41a16532904d2caf0b15f903881b7b P 8efaded698d24bc9a91daec087293344 [CANDIDATE]: Term 3 election: Election decided. Result: candidate won. Election summary: received 2 responses out of 3 voters: 2 yes votes; 0 no votes. yes voters: 8efaded698d24bc9a91daec087293344, 9051716d32ee4b92968dcaf5955d922c; no voters: 
I20260710 13:20:22.098035 11426 raft_consensus.cc:2468] T 9a41a16532904d2caf0b15f903881b7b P 9bc0fb0a581149cba5ea810a971964bb [term 3 FOLLOWER]: Leader election vote request: Granting yes vote for candidate 8efaded698d24bc9a91daec087293344 in term 3.
I20260710 13:20:22.098238 11563 raft_consensus.cc:2804] T 9a41a16532904d2caf0b15f903881b7b P 8efaded698d24bc9a91daec087293344 [term 3 FOLLOWER]: Leader election won for term 3
I20260710 13:20:22.098709 11563 raft_consensus.cc:697] T 9a41a16532904d2caf0b15f903881b7b P 8efaded698d24bc9a91daec087293344 [term 3 LEADER]: Becoming Leader. State: Replica: 8efaded698d24bc9a91daec087293344, State: Running, Role: LEADER
I20260710 13:20:22.099465 11563 consensus_queue.cc:237] T 9a41a16532904d2caf0b15f903881b7b P 8efaded698d24bc9a91daec087293344 [LEADER]: Queue going to LEADER mode. State: All replicated index: 0, Majority replicated index: 2, Committed index: 2, Last appended: 2.2, Last appended by leader: 2, Current term: 3, Majority size: 2, State: 0, Mode: LEADER, active raft config: opid_index: -1 OBSOLETE_local: false peers { permanent_uuid: "9bc0fb0a581149cba5ea810a971964bb" member_type: VOTER last_known_addr { host: "127.10.225.131" port: 44589 } } peers { permanent_uuid: "9051716d32ee4b92968dcaf5955d922c" member_type: VOTER last_known_addr { host: "127.10.225.129" port: 42229 } } peers { permanent_uuid: "8efaded698d24bc9a91daec087293344" member_type: VOTER last_known_addr { host: "127.10.225.130" port: 44707 } }
I20260710 13:20:22.105108 11171 catalog_manager.cc:5697] T 9a41a16532904d2caf0b15f903881b7b P 8efaded698d24bc9a91daec087293344 reported cstate change: term changed from 2 to 3, leader changed from 9bc0fb0a581149cba5ea810a971964bb (127.10.225.131) to 8efaded698d24bc9a91daec087293344 (127.10.225.130). New cstate: current_term: 3 leader_uuid: "8efaded698d24bc9a91daec087293344" committed_config { opid_index: -1 OBSOLETE_local: false peers { permanent_uuid: "9bc0fb0a581149cba5ea810a971964bb" member_type: VOTER last_known_addr { host: "127.10.225.131" port: 44589 } health_report { overall_health: UNKNOWN } } peers { permanent_uuid: "9051716d32ee4b92968dcaf5955d922c" member_type: VOTER last_known_addr { host: "127.10.225.129" port: 42229 } health_report { overall_health: UNKNOWN } } peers { permanent_uuid: "8efaded698d24bc9a91daec087293344" member_type: VOTER last_known_addr { host: "127.10.225.130" port: 44707 } health_report { overall_health: HEALTHY } } }
I20260710 13:20:22.224872 11426 raft_consensus.cc:1275] T cf54dafda1f946e18b82294b56a5f50d P 9bc0fb0a581149cba5ea810a971964bb [term 3 FOLLOWER]: Refusing update from remote peer 8efaded698d24bc9a91daec087293344: Log matching property violated. Preceding OpId in replica: term: 2 index: 2. Preceding OpId from leader: term: 3 index: 3. (index mismatch)
I20260710 13:20:22.225991 11563 consensus_queue.cc:1048] T cf54dafda1f946e18b82294b56a5f50d P 8efaded698d24bc9a91daec087293344 [LEADER]: Connected to new peer: Peer: permanent_uuid: "9bc0fb0a581149cba5ea810a971964bb" member_type: VOTER last_known_addr { host: "127.10.225.131" port: 44589 }, Status: LMP_MISMATCH, Last received: 0.0, Next index: 3, Last known committed idx: 2, Time since last communication: 0.000s
I20260710 13:20:22.234887 11277 raft_consensus.cc:1275] T cf54dafda1f946e18b82294b56a5f50d P 9051716d32ee4b92968dcaf5955d922c [term 3 FOLLOWER]: Refusing update from remote peer 8efaded698d24bc9a91daec087293344: Log matching property violated. Preceding OpId in replica: term: 2 index: 2. Preceding OpId from leader: term: 3 index: 3. (index mismatch)
I20260710 13:20:22.236658 11563 consensus_queue.cc:1048] T cf54dafda1f946e18b82294b56a5f50d P 8efaded698d24bc9a91daec087293344 [LEADER]: Connected to new peer: Peer: permanent_uuid: "9051716d32ee4b92968dcaf5955d922c" member_type: VOTER last_known_addr { host: "127.10.225.129" port: 42229 }, Status: LMP_MISMATCH, Last received: 0.0, Next index: 3, Last known committed idx: 2, Time since last communication: 0.000s
I20260710 13:20:22.463172 11426 raft_consensus.cc:1275] T dcf4b31aa81c48099ac6dd0293cd87e9 P 9bc0fb0a581149cba5ea810a971964bb [term 3 FOLLOWER]: Refusing update from remote peer 8efaded698d24bc9a91daec087293344: Log matching property violated. Preceding OpId in replica: term: 2 index: 2. Preceding OpId from leader: term: 3 index: 3. (index mismatch)
I20260710 13:20:22.464212 11563 consensus_queue.cc:1048] T dcf4b31aa81c48099ac6dd0293cd87e9 P 8efaded698d24bc9a91daec087293344 [LEADER]: Connected to new peer: Peer: permanent_uuid: "9bc0fb0a581149cba5ea810a971964bb" member_type: VOTER last_known_addr { host: "127.10.225.131" port: 44589 }, Status: LMP_MISMATCH, Last received: 0.0, Next index: 3, Last known committed idx: 2, Time since last communication: 0.000s
I20260710 13:20:22.472899 11277 raft_consensus.cc:1275] T dcf4b31aa81c48099ac6dd0293cd87e9 P 9051716d32ee4b92968dcaf5955d922c [term 3 FOLLOWER]: Refusing update from remote peer 8efaded698d24bc9a91daec087293344: Log matching property violated. Preceding OpId in replica: term: 2 index: 2. Preceding OpId from leader: term: 3 index: 3. (index mismatch)
I20260710 13:20:22.474637 11582 consensus_queue.cc:1048] T dcf4b31aa81c48099ac6dd0293cd87e9 P 8efaded698d24bc9a91daec087293344 [LEADER]: Connected to new peer: Peer: permanent_uuid: "9051716d32ee4b92968dcaf5955d922c" member_type: VOTER last_known_addr { host: "127.10.225.129" port: 42229 }, Status: LMP_MISMATCH, Last received: 0.0, Next index: 3, Last known committed idx: 2, Time since last communication: 0.000s
I20260710 13:20:22.498792 11426 raft_consensus.cc:1275] T 8a20e49048f24b2482600c82e52ded1a P 9bc0fb0a581149cba5ea810a971964bb [term 2 FOLLOWER]: Refusing update from remote peer 8efaded698d24bc9a91daec087293344: Log matching property violated. Preceding OpId in replica: term: 1 index: 1. Preceding OpId from leader: term: 2 index: 2. (index mismatch)
I20260710 13:20:22.499974 11582 consensus_queue.cc:1048] T 8a20e49048f24b2482600c82e52ded1a P 8efaded698d24bc9a91daec087293344 [LEADER]: Connected to new peer: Peer: permanent_uuid: "9bc0fb0a581149cba5ea810a971964bb" member_type: VOTER last_known_addr { host: "127.10.225.131" port: 44589 }, Status: LMP_MISMATCH, Last received: 0.0, Next index: 2, Last known committed idx: 1, Time since last communication: 0.000s
I20260710 13:20:22.507551 11277 raft_consensus.cc:1275] T 8a20e49048f24b2482600c82e52ded1a P 9051716d32ee4b92968dcaf5955d922c [term 2 FOLLOWER]: Refusing update from remote peer 8efaded698d24bc9a91daec087293344: Log matching property violated. Preceding OpId in replica: term: 1 index: 1. Preceding OpId from leader: term: 2 index: 2. (index mismatch)
I20260710 13:20:22.508919 11563 consensus_queue.cc:1048] T 8a20e49048f24b2482600c82e52ded1a P 8efaded698d24bc9a91daec087293344 [LEADER]: Connected to new peer: Peer: permanent_uuid: "9051716d32ee4b92968dcaf5955d922c" member_type: VOTER last_known_addr { host: "127.10.225.129" port: 42229 }, Status: LMP_MISMATCH, Last received: 0.0, Next index: 2, Last known committed idx: 1, Time since last communication: 0.000s
I20260710 13:20:22.538794 11277 raft_consensus.cc:1275] T b9e5a8d4eacb47d98f087365b422899c P 9051716d32ee4b92968dcaf5955d922c [term 4 FOLLOWER]: Refusing update from remote peer 8efaded698d24bc9a91daec087293344: Log matching property violated. Preceding OpId in replica: term: 3 index: 3. Preceding OpId from leader: term: 4 index: 4. (index mismatch)
I20260710 13:20:22.539992 11563 consensus_queue.cc:1048] T b9e5a8d4eacb47d98f087365b422899c P 8efaded698d24bc9a91daec087293344 [LEADER]: Connected to new peer: Peer: permanent_uuid: "9051716d32ee4b92968dcaf5955d922c" member_type: VOTER last_known_addr { host: "127.10.225.129" port: 42229 }, Status: LMP_MISMATCH, Last received: 0.0, Next index: 4, Last known committed idx: 3, Time since last communication: 0.000s
I20260710 13:20:22.546794 11426 raft_consensus.cc:1275] T b9e5a8d4eacb47d98f087365b422899c P 9bc0fb0a581149cba5ea810a971964bb [term 4 FOLLOWER]: Refusing update from remote peer 8efaded698d24bc9a91daec087293344: Log matching property violated. Preceding OpId in replica: term: 3 index: 3. Preceding OpId from leader: term: 4 index: 4. (index mismatch)
I20260710 13:20:22.548058 11582 consensus_queue.cc:1048] T b9e5a8d4eacb47d98f087365b422899c P 8efaded698d24bc9a91daec087293344 [LEADER]: Connected to new peer: Peer: permanent_uuid: "9bc0fb0a581149cba5ea810a971964bb" member_type: VOTER last_known_addr { host: "127.10.225.131" port: 44589 }, Status: LMP_MISMATCH, Last received: 0.0, Next index: 4, Last known committed idx: 3, Time since last communication: 0.000s
I20260710 13:20:22.683936 11277 raft_consensus.cc:1275] T 9a41a16532904d2caf0b15f903881b7b P 9051716d32ee4b92968dcaf5955d922c [term 3 FOLLOWER]: Refusing update from remote peer 8efaded698d24bc9a91daec087293344: Log matching property violated. Preceding OpId in replica: term: 2 index: 2. Preceding OpId from leader: term: 3 index: 3. (index mismatch)
I20260710 13:20:22.685029 11582 consensus_queue.cc:1048] T 9a41a16532904d2caf0b15f903881b7b P 8efaded698d24bc9a91daec087293344 [LEADER]: Connected to new peer: Peer: permanent_uuid: "9051716d32ee4b92968dcaf5955d922c" member_type: VOTER last_known_addr { host: "127.10.225.129" port: 42229 }, Status: LMP_MISMATCH, Last received: 0.0, Next index: 3, Last known committed idx: 2, Time since last communication: 0.000s
I20260710 13:20:22.689496 11426 raft_consensus.cc:1275] T 9a41a16532904d2caf0b15f903881b7b P 9bc0fb0a581149cba5ea810a971964bb [term 3 FOLLOWER]: Refusing update from remote peer 8efaded698d24bc9a91daec087293344: Log matching property violated. Preceding OpId in replica: term: 2 index: 2. Preceding OpId from leader: term: 3 index: 3. (index mismatch)
I20260710 13:20:22.690753 11592 consensus_queue.cc:1048] T 9a41a16532904d2caf0b15f903881b7b P 8efaded698d24bc9a91daec087293344 [LEADER]: Connected to new peer: Peer: permanent_uuid: "9bc0fb0a581149cba5ea810a971964bb" member_type: VOTER last_known_addr { host: "127.10.225.131" port: 44589 }, Status: LMP_MISMATCH, Last received: 0.0, Next index: 3, Last known committed idx: 2, Time since last communication: 0.000s
I20260710 13:20:24.629288 11142 auto_leader_rebalancer.cc:141] leader rebalance for table test-workload
I20260710 13:20:24.637652 11351 tablet_service.cc:2072] Received LeaderStepDown RPC: tablet_id: "7e8ba83e1ea14ebd89f28a7db2b79387"
dest_uuid: "8efaded698d24bc9a91daec087293344"
mode: GRACEFUL
new_leader_uuid: "9051716d32ee4b92968dcaf5955d922c"
 from {username='slave'} at 127.0.0.1:54060
I20260710 13:20:24.638267 11351 raft_consensus.cc:606] T 7e8ba83e1ea14ebd89f28a7db2b79387 P 8efaded698d24bc9a91daec087293344 [term 1 LEADER]: Received request to transfer leadership to TS 9051716d32ee4b92968dcaf5955d922c
I20260710 13:20:24.640859 11351 tablet_service.cc:2072] Received LeaderStepDown RPC: tablet_id: "8a20e49048f24b2482600c82e52ded1a"
dest_uuid: "8efaded698d24bc9a91daec087293344"
mode: GRACEFUL
new_leader_uuid: "9051716d32ee4b92968dcaf5955d922c"
 from {username='slave'} at 127.0.0.1:54060
I20260710 13:20:24.641353 11351 raft_consensus.cc:606] T 8a20e49048f24b2482600c82e52ded1a P 8efaded698d24bc9a91daec087293344 [term 2 LEADER]: Received request to transfer leadership to TS 9051716d32ee4b92968dcaf5955d922c
I20260710 13:20:24.643527 11351 tablet_service.cc:2072] Received LeaderStepDown RPC: tablet_id: "9a41a16532904d2caf0b15f903881b7b"
dest_uuid: "8efaded698d24bc9a91daec087293344"
mode: GRACEFUL
new_leader_uuid: "9bc0fb0a581149cba5ea810a971964bb"
 from {username='slave'} at 127.0.0.1:54060
I20260710 13:20:24.643985 11351 raft_consensus.cc:606] T 9a41a16532904d2caf0b15f903881b7b P 8efaded698d24bc9a91daec087293344 [term 3 LEADER]: Received request to transfer leadership to TS 9bc0fb0a581149cba5ea810a971964bb
I20260710 13:20:24.646145 11351 tablet_service.cc:2072] Received LeaderStepDown RPC: tablet_id: "cf54dafda1f946e18b82294b56a5f50d"
dest_uuid: "8efaded698d24bc9a91daec087293344"
mode: GRACEFUL
new_leader_uuid: "9bc0fb0a581149cba5ea810a971964bb"
 from {username='slave'} at 127.0.0.1:54060
I20260710 13:20:24.646579 11351 raft_consensus.cc:606] T cf54dafda1f946e18b82294b56a5f50d P 8efaded698d24bc9a91daec087293344 [term 3 LEADER]: Received request to transfer leadership to TS 9bc0fb0a581149cba5ea810a971964bb
I20260710 13:20:24.648756 11351 tablet_service.cc:2072] Received LeaderStepDown RPC: tablet_id: "dcf4b31aa81c48099ac6dd0293cd87e9"
dest_uuid: "8efaded698d24bc9a91daec087293344"
mode: GRACEFUL
new_leader_uuid: "9051716d32ee4b92968dcaf5955d922c"
 from {username='slave'} at 127.0.0.1:54060
I20260710 13:20:24.649181 11351 raft_consensus.cc:606] T dcf4b31aa81c48099ac6dd0293cd87e9 P 8efaded698d24bc9a91daec087293344 [term 3 LEADER]: Received request to transfer leadership to TS 9051716d32ee4b92968dcaf5955d922c
I20260710 13:20:24.650154 11142 auto_leader_rebalancer.cc:479] table: test-workload, leader rebalance finish, leader transfer count: 5
I20260710 13:20:24.650568 11142 auto_leader_rebalancer.cc:554] All tables' leader rebalancing finished this round
I20260710 13:20:24.802913 11563 raft_consensus.cc:993] T cf54dafda1f946e18b82294b56a5f50d P 8efaded698d24bc9a91daec087293344: : Instructing follower 9bc0fb0a581149cba5ea810a971964bb to start an election
I20260710 13:20:24.803437 11606 raft_consensus.cc:1081] T cf54dafda1f946e18b82294b56a5f50d P 8efaded698d24bc9a91daec087293344 [term 3 LEADER]: Signalling peer 9bc0fb0a581149cba5ea810a971964bb to start an election
I20260710 13:20:24.804831 11426 tablet_service.cc:2044] Received Run Leader Election RPC: tablet_id: "cf54dafda1f946e18b82294b56a5f50d"
dest_uuid: "9bc0fb0a581149cba5ea810a971964bb"
 from {username='slave'} at 127.0.0.1:46030
I20260710 13:20:24.805229 11426 raft_consensus.cc:493] T cf54dafda1f946e18b82294b56a5f50d P 9bc0fb0a581149cba5ea810a971964bb [term 3 FOLLOWER]: Starting forced leader election (received explicit request)
I20260710 13:20:24.805486 11426 raft_consensus.cc:3060] T cf54dafda1f946e18b82294b56a5f50d P 9bc0fb0a581149cba5ea810a971964bb [term 3 FOLLOWER]: Advancing to term 4
I20260710 13:20:24.809875 11426 raft_consensus.cc:515] T cf54dafda1f946e18b82294b56a5f50d P 9bc0fb0a581149cba5ea810a971964bb [term 4 FOLLOWER]: Starting forced leader election with config: opid_index: -1 OBSOLETE_local: false peers { permanent_uuid: "9051716d32ee4b92968dcaf5955d922c" member_type: VOTER last_known_addr { host: "127.10.225.129" port: 42229 } } peers { permanent_uuid: "8efaded698d24bc9a91daec087293344" member_type: VOTER last_known_addr { host: "127.10.225.130" port: 44707 } } peers { permanent_uuid: "9bc0fb0a581149cba5ea810a971964bb" member_type: VOTER last_known_addr { host: "127.10.225.131" port: 44589 } }
I20260710 13:20:24.811370 11426 leader_election.cc:290] T cf54dafda1f946e18b82294b56a5f50d P 9bc0fb0a581149cba5ea810a971964bb [CANDIDATE]: Term 4 election: Requested vote from peers 9051716d32ee4b92968dcaf5955d922c (127.10.225.129:42229), 8efaded698d24bc9a91daec087293344 (127.10.225.130:44707)
I20260710 13:20:24.812031 11277 tablet_service.cc:1917] Received RequestConsensusVote() RPC: tablet_id: "cf54dafda1f946e18b82294b56a5f50d" candidate_uuid: "9bc0fb0a581149cba5ea810a971964bb" candidate_term: 4 candidate_status { last_received { term: 3 index: 3 } } ignore_live_leader: true dest_uuid: "9051716d32ee4b92968dcaf5955d922c"
I20260710 13:20:24.812774 11277 raft_consensus.cc:3060] T cf54dafda1f946e18b82294b56a5f50d P 9051716d32ee4b92968dcaf5955d922c [term 3 FOLLOWER]: Advancing to term 4
I20260710 13:20:24.813170 11351 tablet_service.cc:1917] Received RequestConsensusVote() RPC: tablet_id: "cf54dafda1f946e18b82294b56a5f50d" candidate_uuid: "9bc0fb0a581149cba5ea810a971964bb" candidate_term: 4 candidate_status { last_received { term: 3 index: 3 } } ignore_live_leader: true dest_uuid: "8efaded698d24bc9a91daec087293344"
I20260710 13:20:24.813621 11351 raft_consensus.cc:3055] T cf54dafda1f946e18b82294b56a5f50d P 8efaded698d24bc9a91daec087293344 [term 3 LEADER]: Stepping down as leader of term 3
I20260710 13:20:24.813931 11351 raft_consensus.cc:740] T cf54dafda1f946e18b82294b56a5f50d P 8efaded698d24bc9a91daec087293344 [term 3 LEADER]: Becoming Follower/Learner. State: Replica: 8efaded698d24bc9a91daec087293344, State: Running, Role: LEADER
I20260710 13:20:24.814628 11351 consensus_queue.cc:260] T cf54dafda1f946e18b82294b56a5f50d P 8efaded698d24bc9a91daec087293344 [NON_LEADER]: Queue going to NON_LEADER mode. State: All replicated index: 0, Majority replicated index: 3, Committed index: 3, Last appended: 3.3, Last appended by leader: 3, Current term: 3, Majority size: -1, State: 0, Mode: NON_LEADER, active raft config: opid_index: -1 OBSOLETE_local: false peers { permanent_uuid: "9051716d32ee4b92968dcaf5955d922c" member_type: VOTER last_known_addr { host: "127.10.225.129" port: 42229 } } peers { permanent_uuid: "8efaded698d24bc9a91daec087293344" member_type: VOTER last_known_addr { host: "127.10.225.130" port: 44707 } } peers { permanent_uuid: "9bc0fb0a581149cba5ea810a971964bb" member_type: VOTER last_known_addr { host: "127.10.225.131" port: 44589 } }
I20260710 13:20:24.815559 11351 raft_consensus.cc:3060] T cf54dafda1f946e18b82294b56a5f50d P 8efaded698d24bc9a91daec087293344 [term 3 FOLLOWER]: Advancing to term 4
I20260710 13:20:24.817046 11277 raft_consensus.cc:2468] T cf54dafda1f946e18b82294b56a5f50d P 9051716d32ee4b92968dcaf5955d922c [term 4 FOLLOWER]: Leader election vote request: Granting yes vote for candidate 9bc0fb0a581149cba5ea810a971964bb in term 4.
I20260710 13:20:24.818109 11389 leader_election.cc:304] T cf54dafda1f946e18b82294b56a5f50d P 9bc0fb0a581149cba5ea810a971964bb [CANDIDATE]: Term 4 election: Election decided. Result: candidate won. Election summary: received 2 responses out of 3 voters: 2 yes votes; 0 no votes. yes voters: 9051716d32ee4b92968dcaf5955d922c, 9bc0fb0a581149cba5ea810a971964bb; no voters: 
I20260710 13:20:24.818919 11605 raft_consensus.cc:2804] T cf54dafda1f946e18b82294b56a5f50d P 9bc0fb0a581149cba5ea810a971964bb [term 4 FOLLOWER]: Leader election won for term 4
I20260710 13:20:24.820024 11605 raft_consensus.cc:697] T cf54dafda1f946e18b82294b56a5f50d P 9bc0fb0a581149cba5ea810a971964bb [term 4 LEADER]: Becoming Leader. State: Replica: 9bc0fb0a581149cba5ea810a971964bb, State: Running, Role: LEADER
I20260710 13:20:24.821211 11605 consensus_queue.cc:237] T cf54dafda1f946e18b82294b56a5f50d P 9bc0fb0a581149cba5ea810a971964bb [LEADER]: Queue going to LEADER mode. State: All replicated index: 0, Majority replicated index: 3, Committed index: 3, Last appended: 3.3, Last appended by leader: 3, Current term: 4, Majority size: 2, State: 0, Mode: LEADER, active raft config: opid_index: -1 OBSOLETE_local: false peers { permanent_uuid: "9051716d32ee4b92968dcaf5955d922c" member_type: VOTER last_known_addr { host: "127.10.225.129" port: 42229 } } peers { permanent_uuid: "8efaded698d24bc9a91daec087293344" member_type: VOTER last_known_addr { host: "127.10.225.130" port: 44707 } } peers { permanent_uuid: "9bc0fb0a581149cba5ea810a971964bb" member_type: VOTER last_known_addr { host: "127.10.225.131" port: 44589 } }
I20260710 13:20:24.821712 11351 raft_consensus.cc:2468] T cf54dafda1f946e18b82294b56a5f50d P 8efaded698d24bc9a91daec087293344 [term 4 FOLLOWER]: Leader election vote request: Granting yes vote for candidate 9bc0fb0a581149cba5ea810a971964bb in term 4.
I20260710 13:20:24.828725 11170 catalog_manager.cc:5697] T cf54dafda1f946e18b82294b56a5f50d P 9bc0fb0a581149cba5ea810a971964bb reported cstate change: term changed from 3 to 4, leader changed from 8efaded698d24bc9a91daec087293344 (127.10.225.130) to 9bc0fb0a581149cba5ea810a971964bb (127.10.225.131). New cstate: current_term: 4 leader_uuid: "9bc0fb0a581149cba5ea810a971964bb" committed_config { opid_index: -1 OBSOLETE_local: false peers { permanent_uuid: "9051716d32ee4b92968dcaf5955d922c" member_type: VOTER last_known_addr { host: "127.10.225.129" port: 42229 } health_report { overall_health: UNKNOWN } } peers { permanent_uuid: "8efaded698d24bc9a91daec087293344" member_type: VOTER last_known_addr { host: "127.10.225.130" port: 44707 } health_report { overall_health: UNKNOWN } } peers { permanent_uuid: "9bc0fb0a581149cba5ea810a971964bb" member_type: VOTER last_known_addr { host: "127.10.225.131" port: 44589 } health_report { overall_health: HEALTHY } } }
I20260710 13:20:24.892937 11563 raft_consensus.cc:993] T 8a20e49048f24b2482600c82e52ded1a P 8efaded698d24bc9a91daec087293344: : Instructing follower 9051716d32ee4b92968dcaf5955d922c to start an election
I20260710 13:20:24.893358 11606 raft_consensus.cc:1081] T 8a20e49048f24b2482600c82e52ded1a P 8efaded698d24bc9a91daec087293344 [term 2 LEADER]: Signalling peer 9051716d32ee4b92968dcaf5955d922c to start an election
I20260710 13:20:24.894590 11277 tablet_service.cc:2044] Received Run Leader Election RPC: tablet_id: "8a20e49048f24b2482600c82e52ded1a"
dest_uuid: "9051716d32ee4b92968dcaf5955d922c"
 from {username='slave'} at 127.0.0.1:43790
I20260710 13:20:24.895009 11277 raft_consensus.cc:493] T 8a20e49048f24b2482600c82e52ded1a P 9051716d32ee4b92968dcaf5955d922c [term 2 FOLLOWER]: Starting forced leader election (received explicit request)
I20260710 13:20:24.895273 11277 raft_consensus.cc:3060] T 8a20e49048f24b2482600c82e52ded1a P 9051716d32ee4b92968dcaf5955d922c [term 2 FOLLOWER]: Advancing to term 3
I20260710 13:20:24.899120 11277 raft_consensus.cc:515] T 8a20e49048f24b2482600c82e52ded1a P 9051716d32ee4b92968dcaf5955d922c [term 3 FOLLOWER]: Starting forced leader election with config: opid_index: -1 OBSOLETE_local: false peers { permanent_uuid: "9051716d32ee4b92968dcaf5955d922c" member_type: VOTER last_known_addr { host: "127.10.225.129" port: 42229 } } peers { permanent_uuid: "8efaded698d24bc9a91daec087293344" member_type: VOTER last_known_addr { host: "127.10.225.130" port: 44707 } } peers { permanent_uuid: "9bc0fb0a581149cba5ea810a971964bb" member_type: VOTER last_known_addr { host: "127.10.225.131" port: 44589 } }
I20260710 13:20:24.900568 11277 leader_election.cc:290] T 8a20e49048f24b2482600c82e52ded1a P 9051716d32ee4b92968dcaf5955d922c [CANDIDATE]: Term 3 election: Requested vote from peers 8efaded698d24bc9a91daec087293344 (127.10.225.130:44707), 9bc0fb0a581149cba5ea810a971964bb (127.10.225.131:44589)
I20260710 13:20:24.901436 11351 tablet_service.cc:1917] Received RequestConsensusVote() RPC: tablet_id: "8a20e49048f24b2482600c82e52ded1a" candidate_uuid: "9051716d32ee4b92968dcaf5955d922c" candidate_term: 3 candidate_status { last_received { term: 2 index: 2 } } ignore_live_leader: true dest_uuid: "8efaded698d24bc9a91daec087293344"
I20260710 13:20:24.901512 11426 tablet_service.cc:1917] Received RequestConsensusVote() RPC: tablet_id: "8a20e49048f24b2482600c82e52ded1a" candidate_uuid: "9051716d32ee4b92968dcaf5955d922c" candidate_term: 3 candidate_status { last_received { term: 2 index: 2 } } ignore_live_leader: true dest_uuid: "9bc0fb0a581149cba5ea810a971964bb"
I20260710 13:20:24.901949 11351 raft_consensus.cc:3055] T 8a20e49048f24b2482600c82e52ded1a P 8efaded698d24bc9a91daec087293344 [term 2 LEADER]: Stepping down as leader of term 2
I20260710 13:20:24.902047 11426 raft_consensus.cc:3060] T 8a20e49048f24b2482600c82e52ded1a P 9bc0fb0a581149cba5ea810a971964bb [term 2 FOLLOWER]: Advancing to term 3
I20260710 13:20:24.902355 11351 raft_consensus.cc:740] T 8a20e49048f24b2482600c82e52ded1a P 8efaded698d24bc9a91daec087293344 [term 2 LEADER]: Becoming Follower/Learner. State: Replica: 8efaded698d24bc9a91daec087293344, State: Running, Role: LEADER
I20260710 13:20:24.903053 11351 consensus_queue.cc:260] T 8a20e49048f24b2482600c82e52ded1a P 8efaded698d24bc9a91daec087293344 [NON_LEADER]: Queue going to NON_LEADER mode. State: All replicated index: 0, Majority replicated index: 2, Committed index: 2, Last appended: 2.2, Last appended by leader: 2, Current term: 2, Majority size: -1, State: 0, Mode: NON_LEADER, active raft config: opid_index: -1 OBSOLETE_local: false peers { permanent_uuid: "9051716d32ee4b92968dcaf5955d922c" member_type: VOTER last_known_addr { host: "127.10.225.129" port: 42229 } } peers { permanent_uuid: "8efaded698d24bc9a91daec087293344" member_type: VOTER last_known_addr { host: "127.10.225.130" port: 44707 } } peers { permanent_uuid: "9bc0fb0a581149cba5ea810a971964bb" member_type: VOTER last_known_addr { host: "127.10.225.131" port: 44589 } }
I20260710 13:20:24.903925 11351 raft_consensus.cc:3060] T 8a20e49048f24b2482600c82e52ded1a P 8efaded698d24bc9a91daec087293344 [term 2 FOLLOWER]: Advancing to term 3
I20260710 13:20:24.906316 11426 raft_consensus.cc:2468] T 8a20e49048f24b2482600c82e52ded1a P 9bc0fb0a581149cba5ea810a971964bb [term 3 FOLLOWER]: Leader election vote request: Granting yes vote for candidate 9051716d32ee4b92968dcaf5955d922c in term 3.
I20260710 13:20:24.907407 11241 leader_election.cc:304] T 8a20e49048f24b2482600c82e52ded1a P 9051716d32ee4b92968dcaf5955d922c [CANDIDATE]: Term 3 election: Election decided. Result: candidate won. Election summary: received 2 responses out of 3 voters: 2 yes votes; 0 no votes. yes voters: 9051716d32ee4b92968dcaf5955d922c, 9bc0fb0a581149cba5ea810a971964bb; no voters: 
I20260710 13:20:24.908795 11351 raft_consensus.cc:2468] T 8a20e49048f24b2482600c82e52ded1a P 8efaded698d24bc9a91daec087293344 [term 3 FOLLOWER]: Leader election vote request: Granting yes vote for candidate 9051716d32ee4b92968dcaf5955d922c in term 3.
I20260710 13:20:24.909034 11613 raft_consensus.cc:2804] T 8a20e49048f24b2482600c82e52ded1a P 9051716d32ee4b92968dcaf5955d922c [term 3 FOLLOWER]: Leader election won for term 3
I20260710 13:20:24.910241 11613 raft_consensus.cc:697] T 8a20e49048f24b2482600c82e52ded1a P 9051716d32ee4b92968dcaf5955d922c [term 3 LEADER]: Becoming Leader. State: Replica: 9051716d32ee4b92968dcaf5955d922c, State: Running, Role: LEADER
I20260710 13:20:24.911058 11613 consensus_queue.cc:237] T 8a20e49048f24b2482600c82e52ded1a P 9051716d32ee4b92968dcaf5955d922c [LEADER]: Queue going to LEADER mode. State: All replicated index: 0, Majority replicated index: 2, Committed index: 2, Last appended: 2.2, Last appended by leader: 2, Current term: 3, Majority size: 2, State: 0, Mode: LEADER, active raft config: opid_index: -1 OBSOLETE_local: false peers { permanent_uuid: "9051716d32ee4b92968dcaf5955d922c" member_type: VOTER last_known_addr { host: "127.10.225.129" port: 42229 } } peers { permanent_uuid: "8efaded698d24bc9a91daec087293344" member_type: VOTER last_known_addr { host: "127.10.225.130" port: 44707 } } peers { permanent_uuid: "9bc0fb0a581149cba5ea810a971964bb" member_type: VOTER last_known_addr { host: "127.10.225.131" port: 44589 } }
I20260710 13:20:24.917708 11170 catalog_manager.cc:5697] T 8a20e49048f24b2482600c82e52ded1a P 9051716d32ee4b92968dcaf5955d922c reported cstate change: term changed from 2 to 3, leader changed from 8efaded698d24bc9a91daec087293344 (127.10.225.130) to 9051716d32ee4b92968dcaf5955d922c (127.10.225.129). New cstate: current_term: 3 leader_uuid: "9051716d32ee4b92968dcaf5955d922c" committed_config { opid_index: -1 OBSOLETE_local: false peers { permanent_uuid: "9051716d32ee4b92968dcaf5955d922c" member_type: VOTER last_known_addr { host: "127.10.225.129" port: 42229 } health_report { overall_health: HEALTHY } } peers { permanent_uuid: "8efaded698d24bc9a91daec087293344" member_type: VOTER last_known_addr { host: "127.10.225.130" port: 44707 } health_report { overall_health: UNKNOWN } } peers { permanent_uuid: "9bc0fb0a581149cba5ea810a971964bb" member_type: VOTER last_known_addr { host: "127.10.225.131" port: 44589 } health_report { overall_health: UNKNOWN } } }
I20260710 13:20:25.025853 11606 raft_consensus.cc:993] T 7e8ba83e1ea14ebd89f28a7db2b79387 P 8efaded698d24bc9a91daec087293344: : Instructing follower 9051716d32ee4b92968dcaf5955d922c to start an election
I20260710 13:20:25.026242 11563 raft_consensus.cc:1081] T 7e8ba83e1ea14ebd89f28a7db2b79387 P 8efaded698d24bc9a91daec087293344 [term 1 LEADER]: Signalling peer 9051716d32ee4b92968dcaf5955d922c to start an election
I20260710 13:20:25.027499 11277 tablet_service.cc:2044] Received Run Leader Election RPC: tablet_id: "7e8ba83e1ea14ebd89f28a7db2b79387"
dest_uuid: "9051716d32ee4b92968dcaf5955d922c"
 from {username='slave'} at 127.0.0.1:43790
I20260710 13:20:25.027863 11277 raft_consensus.cc:493] T 7e8ba83e1ea14ebd89f28a7db2b79387 P 9051716d32ee4b92968dcaf5955d922c [term 1 FOLLOWER]: Starting forced leader election (received explicit request)
I20260710 13:20:25.028076 11277 raft_consensus.cc:3060] T 7e8ba83e1ea14ebd89f28a7db2b79387 P 9051716d32ee4b92968dcaf5955d922c [term 1 FOLLOWER]: Advancing to term 2
I20260710 13:20:25.032361 11277 raft_consensus.cc:515] T 7e8ba83e1ea14ebd89f28a7db2b79387 P 9051716d32ee4b92968dcaf5955d922c [term 2 FOLLOWER]: Starting forced leader election with config: opid_index: -1 OBSOLETE_local: false peers { permanent_uuid: "9051716d32ee4b92968dcaf5955d922c" member_type: VOTER last_known_addr { host: "127.10.225.129" port: 42229 } } peers { permanent_uuid: "8efaded698d24bc9a91daec087293344" member_type: VOTER last_known_addr { host: "127.10.225.130" port: 44707 } } peers { permanent_uuid: "9bc0fb0a581149cba5ea810a971964bb" member_type: VOTER last_known_addr { host: "127.10.225.131" port: 44589 } }
I20260710 13:20:25.033841 11277 leader_election.cc:290] T 7e8ba83e1ea14ebd89f28a7db2b79387 P 9051716d32ee4b92968dcaf5955d922c [CANDIDATE]: Term 2 election: Requested vote from peers 8efaded698d24bc9a91daec087293344 (127.10.225.130:44707), 9bc0fb0a581149cba5ea810a971964bb (127.10.225.131:44589)
I20260710 13:20:25.034497 11351 tablet_service.cc:1917] Received RequestConsensusVote() RPC: tablet_id: "7e8ba83e1ea14ebd89f28a7db2b79387" candidate_uuid: "9051716d32ee4b92968dcaf5955d922c" candidate_term: 2 candidate_status { last_received { term: 1 index: 1 } } ignore_live_leader: true dest_uuid: "8efaded698d24bc9a91daec087293344"
I20260710 13:20:25.035017 11351 raft_consensus.cc:3055] T 7e8ba83e1ea14ebd89f28a7db2b79387 P 8efaded698d24bc9a91daec087293344 [term 1 LEADER]: Stepping down as leader of term 1
I20260710 13:20:25.034929 11426 tablet_service.cc:1917] Received RequestConsensusVote() RPC: tablet_id: "7e8ba83e1ea14ebd89f28a7db2b79387" candidate_uuid: "9051716d32ee4b92968dcaf5955d922c" candidate_term: 2 candidate_status { last_received { term: 1 index: 1 } } ignore_live_leader: true dest_uuid: "9bc0fb0a581149cba5ea810a971964bb"
I20260710 13:20:25.035383 11351 raft_consensus.cc:740] T 7e8ba83e1ea14ebd89f28a7db2b79387 P 8efaded698d24bc9a91daec087293344 [term 1 LEADER]: Becoming Follower/Learner. State: Replica: 8efaded698d24bc9a91daec087293344, State: Running, Role: LEADER
