I20260710 13:20:54.911371 12679 raft_consensus.cc:2955] T 91b8d31ff49242939b6b017da2cb2245 P 4e0c36c2979e407ebe70b6c2fa9ebc80 [term 1 FOLLOWER]: Committing config change with OpId 1.4: config changed from index 3 to 4, VOTER 0489525e7fe044e3a1786ab92c415195 (127.10.225.129) evicted. New config: { opid_index: 4 OBSOLETE_local: false peers { permanent_uuid: "1f29fe9a81994a02aba9b65bf8f0ce4f" member_type: VOTER last_known_addr { host: "127.10.225.130" port: 38333 } } peers { permanent_uuid: "de4d33566093492db5429f620deaac11" member_type: VOTER last_known_addr { host: "127.10.225.131" port: 42605 } } peers { permanent_uuid: "4e0c36c2979e407ebe70b6c2fa9ebc80" member_type: VOTER last_known_addr { host: "127.10.225.132" port: 33609 } attrs { promote: false } } }
I20260710 13:20:54.917403 12143 catalog_manager.cc:5210] ChangeConfig:REMOVE_PEER RPC for tablet e661d7b5a8cd48b7aaa985e87234d083 with cas_config_opid_index 3: ChangeConfig:REMOVE_PEER succeeded (attempt 1)
I20260710 13:20:54.921684 12407 raft_consensus.cc:1275] T 91b8d31ff49242939b6b017da2cb2245 P de4d33566093492db5429f620deaac11 [term 1 FOLLOWER]: Refusing update from remote peer 1f29fe9a81994a02aba9b65bf8f0ce4f: Log matching property violated. Preceding OpId in replica: term: 1 index: 3. Preceding OpId from leader: term: 1 index: 4. (index mismatch)
I20260710 13:20:54.927781 12992 consensus_queue.cc:1048] T 91b8d31ff49242939b6b017da2cb2245 P 1f29fe9a81994a02aba9b65bf8f0ce4f [LEADER]: Connected to new peer: Peer: permanent_uuid: "de4d33566093492db5429f620deaac11" member_type: VOTER last_known_addr { host: "127.10.225.131" port: 42605 }, Status: LMP_MISMATCH, Last received: 0.0, Next index: 4, Last known committed idx: 3, Time since last communication: 0.000s
I20260710 13:20:54.924125 12156 catalog_manager.cc:5697] T e661d7b5a8cd48b7aaa985e87234d083 P de4d33566093492db5429f620deaac11 reported cstate change: config changed from index 3 to 4, VOTER 1f29fe9a81994a02aba9b65bf8f0ce4f (127.10.225.130) evicted. New cstate: current_term: 2 leader_uuid: "de4d33566093492db5429f620deaac11" committed_config { opid_index: 4 OBSOLETE_local: false peers { permanent_uuid: "0489525e7fe044e3a1786ab92c415195" member_type: VOTER last_known_addr { host: "127.10.225.129" port: 41587 } health_report { overall_health: HEALTHY } } peers { permanent_uuid: "de4d33566093492db5429f620deaac11" member_type: VOTER last_known_addr { host: "127.10.225.131" port: 42605 } health_report { overall_health: HEALTHY } } peers { permanent_uuid: "4e0c36c2979e407ebe70b6c2fa9ebc80" member_type: VOTER last_known_addr { host: "127.10.225.132" port: 33609 } attrs { promote: false } health_report { overall_health: HEALTHY } } }
I20260710 13:20:54.932866 12408 raft_consensus.cc:2955] T 91b8d31ff49242939b6b017da2cb2245 P de4d33566093492db5429f620deaac11 [term 1 FOLLOWER]: Committing config change with OpId 1.4: config changed from index 3 to 4, VOTER 0489525e7fe044e3a1786ab92c415195 (127.10.225.129) evicted. New config: { opid_index: 4 OBSOLETE_local: false peers { permanent_uuid: "1f29fe9a81994a02aba9b65bf8f0ce4f" member_type: VOTER last_known_addr { host: "127.10.225.130" port: 38333 } } peers { permanent_uuid: "de4d33566093492db5429f620deaac11" member_type: VOTER last_known_addr { host: "127.10.225.131" port: 42605 } } peers { permanent_uuid: "4e0c36c2979e407ebe70b6c2fa9ebc80" member_type: VOTER last_known_addr { host: "127.10.225.132" port: 33609 } attrs { promote: false } } }
I20260710 13:20:54.946738 12321 tablet_service.cc:1558] Processing DeleteTablet for tablet e661d7b5a8cd48b7aaa985e87234d083 with delete_type TABLET_DATA_TOMBSTONED (TS 1f29fe9a81994a02aba9b65bf8f0ce4f not found in new config with opid_index 4) from {username='slave'} at 127.0.0.1:45664
I20260710 13:20:54.957350 13011 tablet_replica.cc:333] T e661d7b5a8cd48b7aaa985e87234d083 P 1f29fe9a81994a02aba9b65bf8f0ce4f: stopping tablet replica
I20260710 13:20:54.961524 12145 catalog_manager.cc:5210] ChangeConfig:REMOVE_PEER RPC for tablet 91b8d31ff49242939b6b017da2cb2245 with cas_config_opid_index 3: ChangeConfig:REMOVE_PEER succeeded (attempt 1)
I20260710 13:20:54.962883 13011 raft_consensus.cc:2243] T e661d7b5a8cd48b7aaa985e87234d083 P 1f29fe9a81994a02aba9b65bf8f0ce4f [term 2 FOLLOWER]: Raft consensus shutting down.
I20260710 13:20:54.964102 13011 raft_consensus.cc:2272] T e661d7b5a8cd48b7aaa985e87234d083 P 1f29fe9a81994a02aba9b65bf8f0ce4f [term 2 FOLLOWER]: Raft consensus is shut down!
I20260710 13:20:54.968171 13011 ts_tablet_manager.cc:1916] T e661d7b5a8cd48b7aaa985e87234d083 P 1f29fe9a81994a02aba9b65bf8f0ce4f: Deleting tablet data with delete state TABLET_DATA_TOMBSTONED
I20260710 13:20:54.967916 12158 catalog_manager.cc:5697] T 91b8d31ff49242939b6b017da2cb2245 P 4e0c36c2979e407ebe70b6c2fa9ebc80 reported cstate change: config changed from index 3 to 4, VOTER 0489525e7fe044e3a1786ab92c415195 (127.10.225.129) evicted. New cstate: current_term: 1 leader_uuid: "1f29fe9a81994a02aba9b65bf8f0ce4f" committed_config { opid_index: 4 OBSOLETE_local: false peers { permanent_uuid: "1f29fe9a81994a02aba9b65bf8f0ce4f" member_type: VOTER last_known_addr { host: "127.10.225.130" port: 38333 } } peers { permanent_uuid: "de4d33566093492db5429f620deaac11" member_type: VOTER last_known_addr { host: "127.10.225.131" port: 42605 } } peers { permanent_uuid: "4e0c36c2979e407ebe70b6c2fa9ebc80" member_type: VOTER last_known_addr { host: "127.10.225.132" port: 33609 } attrs { promote: false } } }
I20260710 13:20:54.977500 12250 tablet_service.cc:1558] Processing DeleteTablet for tablet 91b8d31ff49242939b6b017da2cb2245 with delete_type TABLET_DATA_TOMBSTONED (TS 0489525e7fe044e3a1786ab92c415195 not found in new config with opid_index 4) from {username='slave'} at 127.0.0.1:43642
I20260710 13:20:54.979537 13012 tablet_replica.cc:333] T 91b8d31ff49242939b6b017da2cb2245 P 0489525e7fe044e3a1786ab92c415195: stopping tablet replica
I20260710 13:20:54.980719 13012 raft_consensus.cc:2243] T 91b8d31ff49242939b6b017da2cb2245 P 0489525e7fe044e3a1786ab92c415195 [term 1 FOLLOWER]: Raft consensus shutting down.
I20260710 13:20:54.981648 13012 raft_consensus.cc:2272] T 91b8d31ff49242939b6b017da2cb2245 P 0489525e7fe044e3a1786ab92c415195 [term 1 FOLLOWER]: Raft consensus is shut down!
I20260710 13:20:54.985455 13011 ts_tablet_manager.cc:1929] T e661d7b5a8cd48b7aaa985e87234d083 P 1f29fe9a81994a02aba9b65bf8f0ce4f: tablet deleted with delete type TABLET_DATA_TOMBSTONED: last-logged OpId 2.3
I20260710 13:20:54.985564 13012 ts_tablet_manager.cc:1916] T 91b8d31ff49242939b6b017da2cb2245 P 0489525e7fe044e3a1786ab92c415195: Deleting tablet data with delete state TABLET_DATA_TOMBSTONED
I20260710 13:20:54.985991 13011 log.cc:1199] T e661d7b5a8cd48b7aaa985e87234d083 P 1f29fe9a81994a02aba9b65bf8f0ce4f: Deleting WAL directory at /tmp/dist-test-task4OStfB/test-tmp/auto_leader_rebalancer-test.0.LeaderRebalancerTest.AddTserver.1783689613582011-11142-0/minicluster-data/ts-1-root/wals/e661d7b5a8cd48b7aaa985e87234d083
I20260710 13:20:54.987573 12145 catalog_manager.cc:5028] TS 1f29fe9a81994a02aba9b65bf8f0ce4f (127.10.225.130:38333): tablet e661d7b5a8cd48b7aaa985e87234d083 (table test-workload [id=3b28719696da49bf8d1ada6b42591b07]) successfully deleted
I20260710 13:20:54.996999 13012 ts_tablet_manager.cc:1929] T 91b8d31ff49242939b6b017da2cb2245 P 0489525e7fe044e3a1786ab92c415195: tablet deleted with delete type TABLET_DATA_TOMBSTONED: last-logged OpId 1.3
I20260710 13:20:54.997372 13012 log.cc:1199] T 91b8d31ff49242939b6b017da2cb2245 P 0489525e7fe044e3a1786ab92c415195: Deleting WAL directory at /tmp/dist-test-task4OStfB/test-tmp/auto_leader_rebalancer-test.0.LeaderRebalancerTest.AddTserver.1783689613582011-11142-0/minicluster-data/ts-0-root/wals/91b8d31ff49242939b6b017da2cb2245
I20260710 13:20:54.999099 12144 catalog_manager.cc:5028] TS 0489525e7fe044e3a1786ab92c415195 (127.10.225.129:41587): tablet 91b8d31ff49242939b6b017da2cb2245 (table test-workload [id=3b28719696da49bf8d1ada6b42591b07]) successfully deleted
I20260710 13:21:00.983029 11142 auto_leader_rebalancer.cc:141] leader rebalance for table test-workload
I20260710 13:21:01.008376 12335 tablet_service.cc:2072] Received LeaderStepDown RPC: tablet_id: "0869ec5bf9e448b1b9a00a4021948058"
dest_uuid: "1f29fe9a81994a02aba9b65bf8f0ce4f"
mode: GRACEFUL
new_leader_uuid: "4e0c36c2979e407ebe70b6c2fa9ebc80"
 from {username='slave'} at 127.0.0.1:35376
I20260710 13:21:01.008888 12335 raft_consensus.cc:606] T 0869ec5bf9e448b1b9a00a4021948058 P 1f29fe9a81994a02aba9b65bf8f0ce4f [term 1 LEADER]: Received request to transfer leadership to TS 4e0c36c2979e407ebe70b6c2fa9ebc80
I20260710 13:21:01.019973 12258 tablet_service.cc:2072] Received LeaderStepDown RPC: tablet_id: "0f6866fca81d493895f3757922f3c6bc"
dest_uuid: "0489525e7fe044e3a1786ab92c415195"
mode: GRACEFUL
new_leader_uuid: "4e0c36c2979e407ebe70b6c2fa9ebc80"
 from {username='slave'} at 127.0.0.1:60932
I20260710 13:21:01.020421 12258 raft_consensus.cc:606] T 0f6866fca81d493895f3757922f3c6bc P 0489525e7fe044e3a1786ab92c415195 [term 1 LEADER]: Received request to transfer leadership to TS 4e0c36c2979e407ebe70b6c2fa9ebc80
I20260710 13:21:01.022929 12335 tablet_service.cc:2072] Received LeaderStepDown RPC: tablet_id: "28cdbf825ef641f782f567c515f169ec"
dest_uuid: "1f29fe9a81994a02aba9b65bf8f0ce4f"
mode: GRACEFUL
new_leader_uuid: "4e0c36c2979e407ebe70b6c2fa9ebc80"
 from {username='slave'} at 127.0.0.1:35376
I20260710 13:21:01.023443 12335 raft_consensus.cc:606] T 28cdbf825ef641f782f567c515f169ec P 1f29fe9a81994a02aba9b65bf8f0ce4f [term 1 LEADER]: Received request to transfer leadership to TS 4e0c36c2979e407ebe70b6c2fa9ebc80
I20260710 13:21:01.036747 12407 tablet_service.cc:2072] Received LeaderStepDown RPC: tablet_id: "3529627f777442de8505e255365fa9b8"
dest_uuid: "de4d33566093492db5429f620deaac11"
mode: GRACEFUL
new_leader_uuid: "4e0c36c2979e407ebe70b6c2fa9ebc80"
 from {username='slave'} at 127.0.0.1:56456
I20260710 13:21:01.037263 12407 raft_consensus.cc:606] T 3529627f777442de8505e255365fa9b8 P de4d33566093492db5429f620deaac11 [term 1 LEADER]: Received request to transfer leadership to TS 4e0c36c2979e407ebe70b6c2fa9ebc80
I20260710 13:21:01.039940 12407 tablet_service.cc:2072] Received LeaderStepDown RPC: tablet_id: "90764903db124d41a3224c847345a657"
dest_uuid: "de4d33566093492db5429f620deaac11"
mode: GRACEFUL
new_leader_uuid: "0489525e7fe044e3a1786ab92c415195"
 from {username='slave'} at 127.0.0.1:56456
I20260710 13:21:01.040414 12407 raft_consensus.cc:606] T 90764903db124d41a3224c847345a657 P de4d33566093492db5429f620deaac11 [term 1 LEADER]: Received request to transfer leadership to TS 0489525e7fe044e3a1786ab92c415195
I20260710 13:21:01.041411 11142 auto_leader_rebalancer.cc:479] table: test-workload, leader rebalance finish, leader transfer count: 5
I20260710 13:21:01.042092 11142 auto_leader_rebalancer.cc:554] All tables' leader rebalancing finished this round
I20260710 13:21:01.055630 13020 raft_consensus.cc:993] T 0f6866fca81d493895f3757922f3c6bc P 0489525e7fe044e3a1786ab92c415195: : Instructing follower 4e0c36c2979e407ebe70b6c2fa9ebc80 to start an election
I20260710 13:21:01.056083 13028 raft_consensus.cc:1081] T 0f6866fca81d493895f3757922f3c6bc P 0489525e7fe044e3a1786ab92c415195 [term 1 LEADER]: Signalling peer 4e0c36c2979e407ebe70b6c2fa9ebc80 to start an election
I20260710 13:21:01.057416 12677 tablet_service.cc:2044] Received Run Leader Election RPC: tablet_id: "0f6866fca81d493895f3757922f3c6bc"
dest_uuid: "4e0c36c2979e407ebe70b6c2fa9ebc80"
 from {username='slave'} at 127.0.0.1:50420
I20260710 13:21:01.057891 12677 raft_consensus.cc:493] T 0f6866fca81d493895f3757922f3c6bc P 4e0c36c2979e407ebe70b6c2fa9ebc80 [term 1 FOLLOWER]: Starting forced leader election (received explicit request)
I20260710 13:21:01.058140 12677 raft_consensus.cc:3060] T 0f6866fca81d493895f3757922f3c6bc P 4e0c36c2979e407ebe70b6c2fa9ebc80 [term 1 FOLLOWER]: Advancing to term 2
I20260710 13:21:01.062597 12677 raft_consensus.cc:515] T 0f6866fca81d493895f3757922f3c6bc P 4e0c36c2979e407ebe70b6c2fa9ebc80 [term 2 FOLLOWER]: Starting forced leader election with config: opid_index: 4 OBSOLETE_local: false peers { permanent_uuid: "0489525e7fe044e3a1786ab92c415195" member_type: VOTER last_known_addr { host: "127.10.225.129" port: 41587 } } peers { permanent_uuid: "1f29fe9a81994a02aba9b65bf8f0ce4f" member_type: VOTER last_known_addr { host: "127.10.225.130" port: 38333 } } peers { permanent_uuid: "4e0c36c2979e407ebe70b6c2fa9ebc80" member_type: VOTER last_known_addr { host: "127.10.225.132" port: 33609 } attrs { promote: false } }
I20260710 13:21:01.064531 12677 leader_election.cc:290] T 0f6866fca81d493895f3757922f3c6bc P 4e0c36c2979e407ebe70b6c2fa9ebc80 [CANDIDATE]: Term 2 election: Requested vote from peers 0489525e7fe044e3a1786ab92c415195 (127.10.225.129:41587), 1f29fe9a81994a02aba9b65bf8f0ce4f (127.10.225.130:38333)
I20260710 13:21:01.065245 12258 tablet_service.cc:1917] Received RequestConsensusVote() RPC: tablet_id: "0f6866fca81d493895f3757922f3c6bc" candidate_uuid: "4e0c36c2979e407ebe70b6c2fa9ebc80" candidate_term: 2 candidate_status { last_received { term: 1 index: 4 } } ignore_live_leader: true dest_uuid: "0489525e7fe044e3a1786ab92c415195"
I20260710 13:21:01.065516 12333 tablet_service.cc:1917] Received RequestConsensusVote() RPC: tablet_id: "0f6866fca81d493895f3757922f3c6bc" candidate_uuid: "4e0c36c2979e407ebe70b6c2fa9ebc80" candidate_term: 2 candidate_status { last_received { term: 1 index: 4 } } ignore_live_leader: true dest_uuid: "1f29fe9a81994a02aba9b65bf8f0ce4f"
I20260710 13:21:01.065905 12258 raft_consensus.cc:3055] T 0f6866fca81d493895f3757922f3c6bc P 0489525e7fe044e3a1786ab92c415195 [term 1 LEADER]: Stepping down as leader of term 1
I20260710 13:21:01.066123 12333 raft_consensus.cc:3060] T 0f6866fca81d493895f3757922f3c6bc P 1f29fe9a81994a02aba9b65bf8f0ce4f [term 1 FOLLOWER]: Advancing to term 2
I20260710 13:21:01.066258 12258 raft_consensus.cc:740] T 0f6866fca81d493895f3757922f3c6bc P 0489525e7fe044e3a1786ab92c415195 [term 1 LEADER]: Becoming Follower/Learner. State: Replica: 0489525e7fe044e3a1786ab92c415195, State: Running, Role: LEADER
I20260710 13:21:01.067113 12258 consensus_queue.cc:260] T 0f6866fca81d493895f3757922f3c6bc P 0489525e7fe044e3a1786ab92c415195 [NON_LEADER]: Queue going to NON_LEADER mode. State: All replicated index: 0, Majority replicated index: 4, Committed index: 4, Last appended: 1.4, Last appended by leader: 4, Current term: 1, Majority size: -1, State: 0, Mode: NON_LEADER, active raft config: opid_index: 4 OBSOLETE_local: false peers { permanent_uuid: "0489525e7fe044e3a1786ab92c415195" member_type: VOTER last_known_addr { host: "127.10.225.129" port: 41587 } } peers { permanent_uuid: "1f29fe9a81994a02aba9b65bf8f0ce4f" member_type: VOTER last_known_addr { host: "127.10.225.130" port: 38333 } } peers { permanent_uuid: "4e0c36c2979e407ebe70b6c2fa9ebc80" member_type: VOTER last_known_addr { host: "127.10.225.132" port: 33609 } attrs { promote: false } }
I20260710 13:21:01.068248 12258 raft_consensus.cc:3060] T 0f6866fca81d493895f3757922f3c6bc P 0489525e7fe044e3a1786ab92c415195 [term 1 FOLLOWER]: Advancing to term 2
I20260710 13:21:01.071223 12333 raft_consensus.cc:2468] T 0f6866fca81d493895f3757922f3c6bc P 1f29fe9a81994a02aba9b65bf8f0ce4f [term 2 FOLLOWER]: Leader election vote request: Granting yes vote for candidate 4e0c36c2979e407ebe70b6c2fa9ebc80 in term 2.
I20260710 13:21:01.072331 12644 leader_election.cc:304] T 0f6866fca81d493895f3757922f3c6bc P 4e0c36c2979e407ebe70b6c2fa9ebc80 [CANDIDATE]: Term 2 election: Election decided. Result: candidate won. Election summary: received 2 responses out of 3 voters: 2 yes votes; 0 no votes. yes voters: 1f29fe9a81994a02aba9b65bf8f0ce4f, 4e0c36c2979e407ebe70b6c2fa9ebc80; no voters: 
I20260710 13:21:01.073061 12258 raft_consensus.cc:2468] T 0f6866fca81d493895f3757922f3c6bc P 0489525e7fe044e3a1786ab92c415195 [term 2 FOLLOWER]: Leader election vote request: Granting yes vote for candidate 4e0c36c2979e407ebe70b6c2fa9ebc80 in term 2.
I20260710 13:21:01.073896 13029 raft_consensus.cc:2804] T 0f6866fca81d493895f3757922f3c6bc P 4e0c36c2979e407ebe70b6c2fa9ebc80 [term 2 FOLLOWER]: Leader election won for term 2
I20260710 13:21:01.074993 13029 raft_consensus.cc:697] T 0f6866fca81d493895f3757922f3c6bc P 4e0c36c2979e407ebe70b6c2fa9ebc80 [term 2 LEADER]: Becoming Leader. State: Replica: 4e0c36c2979e407ebe70b6c2fa9ebc80, State: Running, Role: LEADER
I20260710 13:21:01.075670 13029 consensus_queue.cc:237] T 0f6866fca81d493895f3757922f3c6bc P 4e0c36c2979e407ebe70b6c2fa9ebc80 [LEADER]: Queue going to LEADER mode. State: All replicated index: 0, Majority replicated index: 4, Committed index: 4, Last appended: 1.4, Last appended by leader: 4, Current term: 2, Majority size: 2, State: 0, Mode: LEADER, active raft config: opid_index: 4 OBSOLETE_local: false peers { permanent_uuid: "0489525e7fe044e3a1786ab92c415195" member_type: VOTER last_known_addr { host: "127.10.225.129" port: 41587 } } peers { permanent_uuid: "1f29fe9a81994a02aba9b65bf8f0ce4f" member_type: VOTER last_known_addr { host: "127.10.225.130" port: 38333 } } peers { permanent_uuid: "4e0c36c2979e407ebe70b6c2fa9ebc80" member_type: VOTER last_known_addr { host: "127.10.225.132" port: 33609 } attrs { promote: false } }
I20260710 13:21:01.085697 12158 catalog_manager.cc:5697] T 0f6866fca81d493895f3757922f3c6bc P 4e0c36c2979e407ebe70b6c2fa9ebc80 reported cstate change: term changed from 1 to 2, leader changed from 0489525e7fe044e3a1786ab92c415195 (127.10.225.129) to 4e0c36c2979e407ebe70b6c2fa9ebc80 (127.10.225.132). New cstate: current_term: 2 leader_uuid: "4e0c36c2979e407ebe70b6c2fa9ebc80" committed_config { opid_index: 4 OBSOLETE_local: false peers { permanent_uuid: "0489525e7fe044e3a1786ab92c415195" member_type: VOTER last_known_addr { host: "127.10.225.129" port: 41587 } health_report { overall_health: UNKNOWN } } peers { permanent_uuid: "1f29fe9a81994a02aba9b65bf8f0ce4f" member_type: VOTER last_known_addr { host: "127.10.225.130" port: 38333 } health_report { overall_health: UNKNOWN } } peers { permanent_uuid: "4e0c36c2979e407ebe70b6c2fa9ebc80" member_type: VOTER last_known_addr { host: "127.10.225.132" port: 33609 } attrs { promote: false } health_report { overall_health: HEALTHY } } }
I20260710 13:21:01.204943 13021 raft_consensus.cc:993] T 3529627f777442de8505e255365fa9b8 P de4d33566093492db5429f620deaac11: : Instructing follower 4e0c36c2979e407ebe70b6c2fa9ebc80 to start an election
I20260710 13:21:01.205365 13026 raft_consensus.cc:1081] T 3529627f777442de8505e255365fa9b8 P de4d33566093492db5429f620deaac11 [term 1 LEADER]: Signalling peer 4e0c36c2979e407ebe70b6c2fa9ebc80 to start an election
I20260710 13:21:01.206782 12679 tablet_service.cc:2044] Received Run Leader Election RPC: tablet_id: "3529627f777442de8505e255365fa9b8"
dest_uuid: "4e0c36c2979e407ebe70b6c2fa9ebc80"
 from {username='slave'} at 127.0.0.1:50430
I20260710 13:21:01.207212 12679 raft_consensus.cc:493] T 3529627f777442de8505e255365fa9b8 P 4e0c36c2979e407ebe70b6c2fa9ebc80 [term 1 FOLLOWER]: Starting forced leader election (received explicit request)
I20260710 13:21:01.207477 12679 raft_consensus.cc:3060] T 3529627f777442de8505e255365fa9b8 P 4e0c36c2979e407ebe70b6c2fa9ebc80 [term 1 FOLLOWER]: Advancing to term 2
I20260710 13:21:01.211653 12679 raft_consensus.cc:515] T 3529627f777442de8505e255365fa9b8 P 4e0c36c2979e407ebe70b6c2fa9ebc80 [term 2 FOLLOWER]: Starting forced leader election with config: opid_index: 4 OBSOLETE_local: false peers { permanent_uuid: "1f29fe9a81994a02aba9b65bf8f0ce4f" member_type: VOTER last_known_addr { host: "127.10.225.130" port: 38333 } } peers { permanent_uuid: "de4d33566093492db5429f620deaac11" member_type: VOTER last_known_addr { host: "127.10.225.131" port: 42605 } } peers { permanent_uuid: "4e0c36c2979e407ebe70b6c2fa9ebc80" member_type: VOTER last_known_addr { host: "127.10.225.132" port: 33609 } attrs { promote: false } }
I20260710 13:21:01.213323 12679 leader_election.cc:290] T 3529627f777442de8505e255365fa9b8 P 4e0c36c2979e407ebe70b6c2fa9ebc80 [CANDIDATE]: Term 2 election: Requested vote from peers 1f29fe9a81994a02aba9b65bf8f0ce4f (127.10.225.130:38333), de4d33566093492db5429f620deaac11 (127.10.225.131:42605)
I20260710 13:21:01.214001 12333 tablet_service.cc:1917] Received RequestConsensusVote() RPC: tablet_id: "3529627f777442de8505e255365fa9b8" candidate_uuid: "4e0c36c2979e407ebe70b6c2fa9ebc80" candidate_term: 2 candidate_status { last_received { term: 1 index: 4 } } ignore_live_leader: true dest_uuid: "1f29fe9a81994a02aba9b65bf8f0ce4f"
I20260710 13:21:01.214321 12407 tablet_service.cc:1917] Received RequestConsensusVote() RPC: tablet_id: "3529627f777442de8505e255365fa9b8" candidate_uuid: "4e0c36c2979e407ebe70b6c2fa9ebc80" candidate_term: 2 candidate_status { last_received { term: 1 index: 4 } } ignore_live_leader: true dest_uuid: "de4d33566093492db5429f620deaac11"
I20260710 13:21:01.214541 12333 raft_consensus.cc:3060] T 3529627f777442de8505e255365fa9b8 P 1f29fe9a81994a02aba9b65bf8f0ce4f [term 1 FOLLOWER]: Advancing to term 2
I20260710 13:21:01.214833 12407 raft_consensus.cc:3055] T 3529627f777442de8505e255365fa9b8 P de4d33566093492db5429f620deaac11 [term 1 LEADER]: Stepping down as leader of term 1
I20260710 13:21:01.215113 12407 raft_consensus.cc:740] T 3529627f777442de8505e255365fa9b8 P de4d33566093492db5429f620deaac11 [term 1 LEADER]: Becoming Follower/Learner. State: Replica: de4d33566093492db5429f620deaac11, State: Running, Role: LEADER
I20260710 13:21:01.215781 12407 consensus_queue.cc:260] T 3529627f777442de8505e255365fa9b8 P de4d33566093492db5429f620deaac11 [NON_LEADER]: Queue going to NON_LEADER mode. State: All replicated index: 0, Majority replicated index: 4, Committed index: 4, Last appended: 1.4, Last appended by leader: 4, Current term: 1, Majority size: -1, State: 0, Mode: NON_LEADER, active raft config: opid_index: 4 OBSOLETE_local: false peers { permanent_uuid: "1f29fe9a81994a02aba9b65bf8f0ce4f" member_type: VOTER last_known_addr { host: "127.10.225.130" port: 38333 } } peers { permanent_uuid: "de4d33566093492db5429f620deaac11" member_type: VOTER last_known_addr { host: "127.10.225.131" port: 42605 } } peers { permanent_uuid: "4e0c36c2979e407ebe70b6c2fa9ebc80" member_type: VOTER last_known_addr { host: "127.10.225.132" port: 33609 } attrs { promote: false } }
I20260710 13:21:01.216638 12407 raft_consensus.cc:3060] T 3529627f777442de8505e255365fa9b8 P de4d33566093492db5429f620deaac11 [term 1 FOLLOWER]: Advancing to term 2
I20260710 13:21:01.219448 12333 raft_consensus.cc:2468] T 3529627f777442de8505e255365fa9b8 P 1f29fe9a81994a02aba9b65bf8f0ce4f [term 2 FOLLOWER]: Leader election vote request: Granting yes vote for candidate 4e0c36c2979e407ebe70b6c2fa9ebc80 in term 2.
I20260710 13:21:01.220496 12644 leader_election.cc:304] T 3529627f777442de8505e255365fa9b8 P 4e0c36c2979e407ebe70b6c2fa9ebc80 [CANDIDATE]: Term 2 election: Election decided. Result: candidate won. Election summary: received 2 responses out of 3 voters: 2 yes votes; 0 no votes. yes voters: 1f29fe9a81994a02aba9b65bf8f0ce4f, 4e0c36c2979e407ebe70b6c2fa9ebc80; no voters: 
I20260710 13:21:01.221164 13029 raft_consensus.cc:2804] T 3529627f777442de8505e255365fa9b8 P 4e0c36c2979e407ebe70b6c2fa9ebc80 [term 2 FOLLOWER]: Leader election won for term 2
I20260710 13:21:01.221617 13029 raft_consensus.cc:697] T 3529627f777442de8505e255365fa9b8 P 4e0c36c2979e407ebe70b6c2fa9ebc80 [term 2 LEADER]: Becoming Leader. State: Replica: 4e0c36c2979e407ebe70b6c2fa9ebc80, State: Running, Role: LEADER
I20260710 13:21:01.222400 13029 consensus_queue.cc:237] T 3529627f777442de8505e255365fa9b8 P 4e0c36c2979e407ebe70b6c2fa9ebc80 [LEADER]: Queue going to LEADER mode. State: All replicated index: 0, Majority replicated index: 4, Committed index: 4, Last appended: 1.4, Last appended by leader: 4, Current term: 2, Majority size: 2, State: 0, Mode: LEADER, active raft config: opid_index: 4 OBSOLETE_local: false peers { permanent_uuid: "1f29fe9a81994a02aba9b65bf8f0ce4f" member_type: VOTER last_known_addr { host: "127.10.225.130" port: 38333 } } peers { permanent_uuid: "de4d33566093492db5429f620deaac11" member_type: VOTER last_known_addr { host: "127.10.225.131" port: 42605 } } peers { permanent_uuid: "4e0c36c2979e407ebe70b6c2fa9ebc80" member_type: VOTER last_known_addr { host: "127.10.225.132" port: 33609 } attrs { promote: false } }
I20260710 13:21:01.222864 12407 raft_consensus.cc:2468] T 3529627f777442de8505e255365fa9b8 P de4d33566093492db5429f620deaac11 [term 2 FOLLOWER]: Leader election vote request: Granting yes vote for candidate 4e0c36c2979e407ebe70b6c2fa9ebc80 in term 2.
I20260710 13:21:01.230106 12158 catalog_manager.cc:5697] T 3529627f777442de8505e255365fa9b8 P 4e0c36c2979e407ebe70b6c2fa9ebc80 reported cstate change: term changed from 1 to 2, leader changed from de4d33566093492db5429f620deaac11 (127.10.225.131) to 4e0c36c2979e407ebe70b6c2fa9ebc80 (127.10.225.132). New cstate: current_term: 2 leader_uuid: "4e0c36c2979e407ebe70b6c2fa9ebc80" committed_config { opid_index: 4 OBSOLETE_local: false peers { permanent_uuid: "1f29fe9a81994a02aba9b65bf8f0ce4f" member_type: VOTER last_known_addr { host: "127.10.225.130" port: 38333 } health_report { overall_health: UNKNOWN } } peers { permanent_uuid: "de4d33566093492db5429f620deaac11" member_type: VOTER last_known_addr { host: "127.10.225.131" port: 42605 } health_report { overall_health: UNKNOWN } } peers { permanent_uuid: "4e0c36c2979e407ebe70b6c2fa9ebc80" member_type: VOTER last_known_addr { host: "127.10.225.132" port: 33609 } attrs { promote: false } health_report { overall_health: HEALTHY } } }
I20260710 13:21:01.368065 13025 raft_consensus.cc:993] T 0869ec5bf9e448b1b9a00a4021948058 P 1f29fe9a81994a02aba9b65bf8f0ce4f: : Instructing follower 4e0c36c2979e407ebe70b6c2fa9ebc80 to start an election
I20260710 13:21:01.368537 13019 raft_consensus.cc:1081] T 0869ec5bf9e448b1b9a00a4021948058 P 1f29fe9a81994a02aba9b65bf8f0ce4f [term 1 LEADER]: Signalling peer 4e0c36c2979e407ebe70b6c2fa9ebc80 to start an election
I20260710 13:21:01.369783 12679 tablet_service.cc:2044] Received Run Leader Election RPC: tablet_id: "0869ec5bf9e448b1b9a00a4021948058"
dest_uuid: "4e0c36c2979e407ebe70b6c2fa9ebc80"
 from {username='slave'} at 127.0.0.1:47964
I20260710 13:21:01.370224 12679 raft_consensus.cc:493] T 0869ec5bf9e448b1b9a00a4021948058 P 4e0c36c2979e407ebe70b6c2fa9ebc80 [term 1 FOLLOWER]: Starting forced leader election (received explicit request)
I20260710 13:21:01.370492 12679 raft_consensus.cc:3060] T 0869ec5bf9e448b1b9a00a4021948058 P 4e0c36c2979e407ebe70b6c2fa9ebc80 [term 1 FOLLOWER]: Advancing to term 2
I20260710 13:21:01.374539 12679 raft_consensus.cc:515] T 0869ec5bf9e448b1b9a00a4021948058 P 4e0c36c2979e407ebe70b6c2fa9ebc80 [term 2 FOLLOWER]: Starting forced leader election with config: opid_index: 4 OBSOLETE_local: false peers { permanent_uuid: "0489525e7fe044e3a1786ab92c415195" member_type: VOTER last_known_addr { host: "127.10.225.129" port: 41587 } } peers { permanent_uuid: "1f29fe9a81994a02aba9b65bf8f0ce4f" member_type: VOTER last_known_addr { host: "127.10.225.130" port: 38333 } } peers { permanent_uuid: "4e0c36c2979e407ebe70b6c2fa9ebc80" member_type: VOTER last_known_addr { host: "127.10.225.132" port: 33609 } attrs { promote: false } }
I20260710 13:21:01.375831 12679 leader_election.cc:290] T 0869ec5bf9e448b1b9a00a4021948058 P 4e0c36c2979e407ebe70b6c2fa9ebc80 [CANDIDATE]: Term 2 election: Requested vote from peers 0489525e7fe044e3a1786ab92c415195 (127.10.225.129:41587), 1f29fe9a81994a02aba9b65bf8f0ce4f (127.10.225.130:38333)
I20260710 13:21:01.376574 12258 tablet_service.cc:1917] Received RequestConsensusVote() RPC: tablet_id: "0869ec5bf9e448b1b9a00a4021948058" candidate_uuid: "4e0c36c2979e407ebe70b6c2fa9ebc80" candidate_term: 2 candidate_status { last_received { term: 1 index: 4 } } ignore_live_leader: true dest_uuid: "0489525e7fe044e3a1786ab92c415195"
I20260710 13:21:01.376706 12333 tablet_service.cc:1917] Received RequestConsensusVote() RPC: tablet_id: "0869ec5bf9e448b1b9a00a4021948058" candidate_uuid: "4e0c36c2979e407ebe70b6c2fa9ebc80" candidate_term: 2 candidate_status { last_received { term: 1 index: 4 } } ignore_live_leader: true dest_uuid: "1f29fe9a81994a02aba9b65bf8f0ce4f"
I20260710 13:21:01.377140 12258 raft_consensus.cc:3060] T 0869ec5bf9e448b1b9a00a4021948058 P 0489525e7fe044e3a1786ab92c415195 [term 1 FOLLOWER]: Advancing to term 2
I20260710 13:21:01.377235 12333 raft_consensus.cc:3055] T 0869ec5bf9e448b1b9a00a4021948058 P 1f29fe9a81994a02aba9b65bf8f0ce4f [term 1 LEADER]: Stepping down as leader of term 1
I20260710 13:21:01.377604 12333 raft_consensus.cc:740] T 0869ec5bf9e448b1b9a00a4021948058 P 1f29fe9a81994a02aba9b65bf8f0ce4f [term 1 LEADER]: Becoming Follower/Learner. State: Replica: 1f29fe9a81994a02aba9b65bf8f0ce4f, State: Running, Role: LEADER
I20260710 13:21:01.378269 12333 consensus_queue.cc:260] T 0869ec5bf9e448b1b9a00a4021948058 P 1f29fe9a81994a02aba9b65bf8f0ce4f [NON_LEADER]: Queue going to NON_LEADER mode. State: All replicated index: 0, Majority replicated index: 4, Committed index: 4, Last appended: 1.4, Last appended by leader: 4, Current term: 1, Majority size: -1, State: 0, Mode: NON_LEADER, active raft config: opid_index: 4 OBSOLETE_local: false peers { permanent_uuid: "0489525e7fe044e3a1786ab92c415195" member_type: VOTER last_known_addr { host: "127.10.225.129" port: 41587 } } peers { permanent_uuid: "1f29fe9a81994a02aba9b65bf8f0ce4f" member_type: VOTER last_known_addr { host: "127.10.225.130" port: 38333 } } peers { permanent_uuid: "4e0c36c2979e407ebe70b6c2fa9ebc80" member_type: VOTER last_known_addr { host: "127.10.225.132" port: 33609 } attrs { promote: false } }
I20260710 13:21:01.379127 12333 raft_consensus.cc:3060] T 0869ec5bf9e448b1b9a00a4021948058 P 1f29fe9a81994a02aba9b65bf8f0ce4f [term 1 FOLLOWER]: Advancing to term 2
I20260710 13:21:01.381305 12258 raft_consensus.cc:2468] T 0869ec5bf9e448b1b9a00a4021948058 P 0489525e7fe044e3a1786ab92c415195 [term 2 FOLLOWER]: Leader election vote request: Granting yes vote for candidate 4e0c36c2979e407ebe70b6c2fa9ebc80 in term 2.
I20260710 13:21:01.382253 12643 leader_election.cc:304] T 0869ec5bf9e448b1b9a00a4021948058 P 4e0c36c2979e407ebe70b6c2fa9ebc80 [CANDIDATE]: Term 2 election: Election decided. Result: candidate won. Election summary: received 2 responses out of 3 voters: 2 yes votes; 0 no votes. yes voters: 0489525e7fe044e3a1786ab92c415195, 4e0c36c2979e407ebe70b6c2fa9ebc80; no voters: 
I20260710 13:21:01.382926 13029 raft_consensus.cc:2804] T 0869ec5bf9e448b1b9a00a4021948058 P 4e0c36c2979e407ebe70b6c2fa9ebc80 [term 2 FOLLOWER]: Leader election won for term 2
I20260710 13:21:01.383306 13029 raft_consensus.cc:697] T 0869ec5bf9e448b1b9a00a4021948058 P 4e0c36c2979e407ebe70b6c2fa9ebc80 [term 2 LEADER]: Becoming Leader. State: Replica: 4e0c36c2979e407ebe70b6c2fa9ebc80, State: Running, Role: LEADER
I20260710 13:21:01.383639 12333 raft_consensus.cc:2468] T 0869ec5bf9e448b1b9a00a4021948058 P 1f29fe9a81994a02aba9b65bf8f0ce4f [term 2 FOLLOWER]: Leader election vote request: Granting yes vote for candidate 4e0c36c2979e407ebe70b6c2fa9ebc80 in term 2.
I20260710 13:21:01.384146 13029 consensus_queue.cc:237] T 0869ec5bf9e448b1b9a00a4021948058 P 4e0c36c2979e407ebe70b6c2fa9ebc80 [LEADER]: Queue going to LEADER mode. State: All replicated index: 0, Majority replicated index: 4, Committed index: 4, Last appended: 1.4, Last appended by leader: 4, Current term: 2, Majority size: 2, State: 0, Mode: LEADER, active raft config: opid_index: 4 OBSOLETE_local: false peers { permanent_uuid: "0489525e7fe044e3a1786ab92c415195" member_type: VOTER last_known_addr { host: "127.10.225.129" port: 41587 } } peers { permanent_uuid: "1f29fe9a81994a02aba9b65bf8f0ce4f" member_type: VOTER last_known_addr { host: "127.10.225.130" port: 38333 } } peers { permanent_uuid: "4e0c36c2979e407ebe70b6c2fa9ebc80" member_type: VOTER last_known_addr { host: "127.10.225.132" port: 33609 } attrs { promote: false } }
I20260710 13:21:01.391541 12158 catalog_manager.cc:5697] T 0869ec5bf9e448b1b9a00a4021948058 P 4e0c36c2979e407ebe70b6c2fa9ebc80 reported cstate change: term changed from 1 to 2, leader changed from 1f29fe9a81994a02aba9b65bf8f0ce4f (127.10.225.130) to 4e0c36c2979e407ebe70b6c2fa9ebc80 (127.10.225.132). New cstate: current_term: 2 leader_uuid: "4e0c36c2979e407ebe70b6c2fa9ebc80" committed_config { opid_index: 4 OBSOLETE_local: false peers { permanent_uuid: "0489525e7fe044e3a1786ab92c415195" member_type: VOTER last_known_addr { host: "127.10.225.129" port: 41587 } health_report { overall_health: UNKNOWN } } peers { permanent_uuid: "1f29fe9a81994a02aba9b65bf8f0ce4f" member_type: VOTER last_known_addr { host: "127.10.225.130" port: 38333 } health_report { overall_health: UNKNOWN } } peers { permanent_uuid: "4e0c36c2979e407ebe70b6c2fa9ebc80" member_type: VOTER last_known_addr { host: "127.10.225.132" port: 33609 } attrs { promote: false } health_report { overall_health: HEALTHY } } }
I20260710 13:21:01.423887 13026 raft_consensus.cc:993] T 90764903db124d41a3224c847345a657 P de4d33566093492db5429f620deaac11: : Instructing follower 0489525e7fe044e3a1786ab92c415195 to start an election
I20260710 13:21:01.424296 13021 raft_consensus.cc:1081] T 90764903db124d41a3224c847345a657 P de4d33566093492db5429f620deaac11 [term 1 LEADER]: Signalling peer 0489525e7fe044e3a1786ab92c415195 to start an election
I20260710 13:21:01.425599 12258 tablet_service.cc:2044] Received Run Leader Election RPC: tablet_id: "90764903db124d41a3224c847345a657"
dest_uuid: "0489525e7fe044e3a1786ab92c415195"
 from {username='slave'} at 127.0.0.1:43658
I20260710 13:21:01.426071 12258 raft_consensus.cc:493] T 90764903db124d41a3224c847345a657 P 0489525e7fe044e3a1786ab92c415195 [term 1 FOLLOWER]: Starting forced leader election (received explicit request)
I20260710 13:21:01.426347 12258 raft_consensus.cc:3060] T 90764903db124d41a3224c847345a657 P 0489525e7fe044e3a1786ab92c415195 [term 1 FOLLOWER]: Advancing to term 2
I20260710 13:21:01.430712 12258 raft_consensus.cc:515] T 90764903db124d41a3224c847345a657 P 0489525e7fe044e3a1786ab92c415195 [term 2 FOLLOWER]: Starting forced leader election with config: opid_index: -1 OBSOLETE_local: false peers { permanent_uuid: "0489525e7fe044e3a1786ab92c415195" member_type: VOTER last_known_addr { host: "127.10.225.129" port: 41587 } } peers { permanent_uuid: "1f29fe9a81994a02aba9b65bf8f0ce4f" member_type: VOTER last_known_addr { host: "127.10.225.130" port: 38333 } } peers { permanent_uuid: "de4d33566093492db5429f620deaac11" member_type: VOTER last_known_addr { host: "127.10.225.131" port: 42605 } }
I20260710 13:21:01.432428 12258 leader_election.cc:290] T 90764903db124d41a3224c847345a657 P 0489525e7fe044e3a1786ab92c415195 [CANDIDATE]: Term 2 election: Requested vote from peers 1f29fe9a81994a02aba9b65bf8f0ce4f (127.10.225.130:38333), de4d33566093492db5429f620deaac11 (127.10.225.131:42605)
I20260710 13:21:01.433159 12333 tablet_service.cc:1917] Received RequestConsensusVote() RPC: tablet_id: "90764903db124d41a3224c847345a657" candidate_uuid: "0489525e7fe044e3a1786ab92c415195" candidate_term: 2 candidate_status { last_received { term: 1 index: 1 } } ignore_live_leader: true dest_uuid: "1f29fe9a81994a02aba9b65bf8f0ce4f"
I20260710 13:21:01.433327 12407 tablet_service.cc:1917] Received RequestConsensusVote() RPC: tablet_id: "90764903db124d41a3224c847345a657" candidate_uuid: "0489525e7fe044e3a1786ab92c415195" candidate_term: 2 candidate_status { last_received { term: 1 index: 1 } } ignore_live_leader: true dest_uuid: "de4d33566093492db5429f620deaac11"
I20260710 13:21:01.433709 12333 raft_consensus.cc:3060] T 90764903db124d41a3224c847345a657 P 1f29fe9a81994a02aba9b65bf8f0ce4f [term 1 FOLLOWER]: Advancing to term 2
I20260710 13:21:01.433796 12407 raft_consensus.cc:3055] T 90764903db124d41a3224c847345a657 P de4d33566093492db5429f620deaac11 [term 1 LEADER]: Stepping down as leader of term 1
I20260710 13:21:01.434170 12407 raft_consensus.cc:740] T 90764903db124d41a3224c847345a657 P de4d33566093492db5429f620deaac11 [term 1 LEADER]: Becoming Follower/Learner. State: Replica: de4d33566093492db5429f620deaac11, State: Running, Role: LEADER
I20260710 13:21:01.434870 12407 consensus_queue.cc:260] T 90764903db124d41a3224c847345a657 P de4d33566093492db5429f620deaac11 [NON_LEADER]: Queue going to NON_LEADER mode. State: All replicated index: 0, Majority replicated index: 1, Committed index: 1, Last appended: 1.1, Last appended by leader: 1, Current term: 1, Majority size: -1, State: 0, Mode: NON_LEADER, active raft config: opid_index: -1 OBSOLETE_local: false peers { permanent_uuid: "0489525e7fe044e3a1786ab92c415195" member_type: VOTER last_known_addr { host: "127.10.225.129" port: 41587 } } peers { permanent_uuid: "1f29fe9a81994a02aba9b65bf8f0ce4f" member_type: VOTER last_known_addr { host: "127.10.225.130" port: 38333 } } peers { permanent_uuid: "de4d33566093492db5429f620deaac11" member_type: VOTER last_known_addr { host: "127.10.225.131" port: 42605 } }
I20260710 13:21:01.435954 12407 raft_consensus.cc:3060] T 90764903db124d41a3224c847345a657 P de4d33566093492db5429f620deaac11 [term 1 FOLLOWER]: Advancing to term 2
I20260710 13:21:01.439703 12333 raft_consensus.cc:2468] T 90764903db124d41a3224c847345a657 P 1f29fe9a81994a02aba9b65bf8f0ce4f [term 2 FOLLOWER]: Leader election vote request: Granting yes vote for candidate 0489525e7fe044e3a1786ab92c415195 in term 2.
I20260710 13:21:01.440688 12226 leader_election.cc:304] T 90764903db124d41a3224c847345a657 P 0489525e7fe044e3a1786ab92c415195 [CANDIDATE]: Term 2 election: Election decided. Result: candidate won. Election summary: received 2 responses out of 3 voters: 2 yes votes; 0 no votes. yes voters: 0489525e7fe044e3a1786ab92c415195, 1f29fe9a81994a02aba9b65bf8f0ce4f; no voters: 
I20260710 13:21:01.441303 13028 raft_consensus.cc:2804] T 90764903db124d41a3224c847345a657 P 0489525e7fe044e3a1786ab92c415195 [term 2 FOLLOWER]: Leader election won for term 2
I20260710 13:21:01.441916 12407 raft_consensus.cc:2468] T 90764903db124d41a3224c847345a657 P de4d33566093492db5429f620deaac11 [term 2 FOLLOWER]: Leader election vote request: Granting yes vote for candidate 0489525e7fe044e3a1786ab92c415195 in term 2.
I20260710 13:21:01.441706 13028 raft_consensus.cc:697] T 90764903db124d41a3224c847345a657 P 0489525e7fe044e3a1786ab92c415195 [term 2 LEADER]: Becoming Leader. State: Replica: 0489525e7fe044e3a1786ab92c415195, State: Running, Role: LEADER
I20260710 13:21:01.442864 13028 consensus_queue.cc:237] T 90764903db124d41a3224c847345a657 P 0489525e7fe044e3a1786ab92c415195 [LEADER]: Queue going to LEADER mode. State: All replicated index: 0, Majority replicated index: 1, Committed index: 1, Last appended: 1.1, Last appended by leader: 1, Current term: 2, Majority size: 2, State: 0, Mode: LEADER, active raft config: opid_index: -1 OBSOLETE_local: false peers { permanent_uuid: "0489525e7fe044e3a1786ab92c415195" member_type: VOTER last_known_addr { host: "127.10.225.129" port: 41587 } } peers { permanent_uuid: "1f29fe9a81994a02aba9b65bf8f0ce4f" member_type: VOTER last_known_addr { host: "127.10.225.130" port: 38333 } } peers { permanent_uuid: "de4d33566093492db5429f620deaac11" member_type: VOTER last_known_addr { host: "127.10.225.131" port: 42605 } }
I20260710 13:21:01.450662 12158 catalog_manager.cc:5697] T 90764903db124d41a3224c847345a657 P 0489525e7fe044e3a1786ab92c415195 reported cstate change: term changed from 1 to 2, leader changed from de4d33566093492db5429f620deaac11 (127.10.225.131) to 0489525e7fe044e3a1786ab92c415195 (127.10.225.129). New cstate: current_term: 2 leader_uuid: "0489525e7fe044e3a1786ab92c415195" committed_config { opid_index: -1 OBSOLETE_local: false peers { permanent_uuid: "0489525e7fe044e3a1786ab92c415195" member_type: VOTER last_known_addr { host: "127.10.225.129" port: 41587 } health_report { overall_health: HEALTHY } } peers { permanent_uuid: "1f29fe9a81994a02aba9b65bf8f0ce4f" member_type: VOTER last_known_addr { host: "127.10.225.130" port: 38333 } health_report { overall_health: UNKNOWN } } peers { permanent_uuid: "de4d33566093492db5429f620deaac11" member_type: VOTER last_known_addr { host: "127.10.225.131" port: 42605 } health_report { overall_health: UNKNOWN } } }
I20260710 13:21:01.550540 12258 raft_consensus.cc:1275] T 0f6866fca81d493895f3757922f3c6bc P 0489525e7fe044e3a1786ab92c415195 [term 2 FOLLOWER]: Refusing update from remote peer 4e0c36c2979e407ebe70b6c2fa9ebc80: Log matching property violated. Preceding OpId in replica: term: 1 index: 4. Preceding OpId from leader: term: 2 index: 5. (index mismatch)
I20260710 13:21:01.551702 13029 consensus_queue.cc:1048] T 0f6866fca81d493895f3757922f3c6bc P 4e0c36c2979e407ebe70b6c2fa9ebc80 [LEADER]: Connected to new peer: Peer: permanent_uuid: "0489525e7fe044e3a1786ab92c415195" member_type: VOTER last_known_addr { host: "127.10.225.129" port: 41587 }, Status: LMP_MISMATCH, Last received: 0.0, Next index: 5, Last known committed idx: 4, Time since last communication: 0.000s
I20260710 13:21:01.562907 12333 raft_consensus.cc:1275] T 0f6866fca81d493895f3757922f3c6bc P 1f29fe9a81994a02aba9b65bf8f0ce4f [term 2 FOLLOWER]: Refusing update from remote peer 4e0c36c2979e407ebe70b6c2fa9ebc80: Log matching property violated. Preceding OpId in replica: term: 1 index: 4. Preceding OpId from leader: term: 2 index: 5. (index mismatch)
I20260710 13:21:01.564358 13041 consensus_queue.cc:1048] T 0f6866fca81d493895f3757922f3c6bc P 4e0c36c2979e407ebe70b6c2fa9ebc80 [LEADER]: Connected to new peer: Peer: permanent_uuid: "1f29fe9a81994a02aba9b65bf8f0ce4f" member_type: VOTER last_known_addr { host: "127.10.225.130" port: 38333 }, Status: LMP_MISMATCH, Last received: 0.0, Next index: 5, Last known committed idx: 4, Time since last communication: 0.001s
I20260710 13:21:01.622308 13019 raft_consensus.cc:993] T 28cdbf825ef641f782f567c515f169ec P 1f29fe9a81994a02aba9b65bf8f0ce4f: : Instructing follower 4e0c36c2979e407ebe70b6c2fa9ebc80 to start an election
I20260710 13:21:01.622748 13025 raft_consensus.cc:1081] T 28cdbf825ef641f782f567c515f169ec P 1f29fe9a81994a02aba9b65bf8f0ce4f [term 1 LEADER]: Signalling peer 4e0c36c2979e407ebe70b6c2fa9ebc80 to start an election
I20260710 13:21:01.624090 12679 tablet_service.cc:2044] Received Run Leader Election RPC: tablet_id: "28cdbf825ef641f782f567c515f169ec"
dest_uuid: "4e0c36c2979e407ebe70b6c2fa9ebc80"
 from {username='slave'} at 127.0.0.1:47964
I20260710 13:21:01.624462 12679 raft_consensus.cc:493] T 28cdbf825ef641f782f567c515f169ec P 4e0c36c2979e407ebe70b6c2fa9ebc80 [term 1 FOLLOWER]: Starting forced leader election (received explicit request)
I20260710 13:21:01.624679 12679 raft_consensus.cc:3060] T 28cdbf825ef641f782f567c515f169ec P 4e0c36c2979e407ebe70b6c2fa9ebc80 [term 1 FOLLOWER]: Advancing to term 2
I20260710 13:21:01.628779 12679 raft_consensus.cc:515] T 28cdbf825ef641f782f567c515f169ec P 4e0c36c2979e407ebe70b6c2fa9ebc80 [term 2 FOLLOWER]: Starting forced leader election with config: opid_index: 4 OBSOLETE_local: false peers { permanent_uuid: "1f29fe9a81994a02aba9b65bf8f0ce4f" member_type: VOTER last_known_addr { host: "127.10.225.130" port: 38333 } } peers { permanent_uuid: "de4d33566093492db5429f620deaac11" member_type: VOTER last_known_addr { host: "127.10.225.131" port: 42605 } } peers { permanent_uuid: "4e0c36c2979e407ebe70b6c2fa9ebc80" member_type: VOTER last_known_addr { host: "127.10.225.132" port: 33609 } attrs { promote: false } }
I20260710 13:21:01.630110 12679 leader_election.cc:290] T 28cdbf825ef641f782f567c515f169ec P 4e0c36c2979e407ebe70b6c2fa9ebc80 [CANDIDATE]: Term 2 election: Requested vote from peers 1f29fe9a81994a02aba9b65bf8f0ce4f (127.10.225.130:38333), de4d33566093492db5429f620deaac11 (127.10.225.131:42605)
I20260710 13:21:01.630762 12333 tablet_service.cc:1917] Received RequestConsensusVote() RPC: tablet_id: "28cdbf825ef641f782f567c515f169ec" candidate_uuid: "4e0c36c2979e407ebe70b6c2fa9ebc80" candidate_term: 2 candidate_status { last_received { term: 1 index: 4 } } ignore_live_leader: true dest_uuid: "1f29fe9a81994a02aba9b65bf8f0ce4f"
I20260710 13:21:01.630946 12407 tablet_service.cc:1917] Received RequestConsensusVote() RPC: tablet_id: "28cdbf825ef641f782f567c515f169ec" candidate_uuid: "4e0c36c2979e407ebe70b6c2fa9ebc80" candidate_term: 2 candidate_status { last_received { term: 1 index: 4 } } ignore_live_leader: true dest_uuid: "de4d33566093492db5429f620deaac11"
I20260710 13:21:01.631333 12333 raft_consensus.cc:3055] T 28cdbf825ef641f782f567c515f169ec P 1f29fe9a81994a02aba9b65bf8f0ce4f [term 1 LEADER]: Stepping down as leader of term 1
I20260710 13:21:01.631439 12407 raft_consensus.cc:3060] T 28cdbf825ef641f782f567c515f169ec P de4d33566093492db5429f620deaac11 [term 1 FOLLOWER]: Advancing to term 2
I20260710 13:21:01.631657 12333 raft_consensus.cc:740] T 28cdbf825ef641f782f567c515f169ec P 1f29fe9a81994a02aba9b65bf8f0ce4f [term 1 LEADER]: Becoming Follower/Learner. State: Replica: 1f29fe9a81994a02aba9b65bf8f0ce4f, State: Running, Role: LEADER
I20260710 13:21:01.632407 12333 consensus_queue.cc:260] T 28cdbf825ef641f782f567c515f169ec P 1f29fe9a81994a02aba9b65bf8f0ce4f [NON_LEADER]: Queue going to NON_LEADER mode. State: All replicated index: 0, Majority replicated index: 4, Committed index: 4, Last appended: 1.4, Last appended by leader: 4, Current term: 1, Majority size: -1, State: 0, Mode: NON_LEADER, active raft config: opid_index: 4 OBSOLETE_local: false peers { permanent_uuid: "1f29fe9a81994a02aba9b65bf8f0ce4f" member_type: VOTER last_known_addr { host: "127.10.225.130" port: 38333 } } peers { permanent_uuid: "de4d33566093492db5429f620deaac11" member_type: VOTER last_known_addr { host: "127.10.225.131" port: 42605 } } peers { permanent_uuid: "4e0c36c2979e407ebe70b6c2fa9ebc80" member_type: VOTER last_known_addr { host: "127.10.225.132" port: 33609 } attrs { promote: false } }
I20260710 13:21:01.633442 12333 raft_consensus.cc:3060] T 28cdbf825ef641f782f567c515f169ec P 1f29fe9a81994a02aba9b65bf8f0ce4f [term 1 FOLLOWER]: Advancing to term 2
I20260710 13:21:01.635645 12407 raft_consensus.cc:2468] T 28cdbf825ef641f782f567c515f169ec P de4d33566093492db5429f620deaac11 [term 2 FOLLOWER]: Leader election vote request: Granting yes vote for candidate 4e0c36c2979e407ebe70b6c2fa9ebc80 in term 2.
I20260710 13:21:01.636627 12642 leader_election.cc:304] T 28cdbf825ef641f782f567c515f169ec P 4e0c36c2979e407ebe70b6c2fa9ebc80 [CANDIDATE]: Term 2 election: Election decided. Result: candidate won. Election summary: received 2 responses out of 3 voters: 2 yes votes; 0 no votes. yes voters: 4e0c36c2979e407ebe70b6c2fa9ebc80, de4d33566093492db5429f620deaac11; no voters: 
I20260710 13:21:01.637298 13041 raft_consensus.cc:2804] T 28cdbf825ef641f782f567c515f169ec P 4e0c36c2979e407ebe70b6c2fa9ebc80 [term 2 FOLLOWER]: Leader election won for term 2
I20260710 13:21:01.637760 13041 raft_consensus.cc:697] T 28cdbf825ef641f782f567c515f169ec P 4e0c36c2979e407ebe70b6c2fa9ebc80 [term 2 LEADER]: Becoming Leader. State: Replica: 4e0c36c2979e407ebe70b6c2fa9ebc80, State: Running, Role: LEADER
I20260710 13:21:01.638149 12333 raft_consensus.cc:2468] T 28cdbf825ef641f782f567c515f169ec P 1f29fe9a81994a02aba9b65bf8f0ce4f [term 2 FOLLOWER]: Leader election vote request: Granting yes vote for candidate 4e0c36c2979e407ebe70b6c2fa9ebc80 in term 2.
I20260710 13:21:01.638612 13041 consensus_queue.cc:237] T 28cdbf825ef641f782f567c515f169ec P 4e0c36c2979e407ebe70b6c2fa9ebc80 [LEADER]: Queue going to LEADER mode. State: All replicated index: 0, Majority replicated index: 4, Committed index: 4, Last appended: 1.4, Last appended by leader: 4, Current term: 2, Majority size: 2, State: 0, Mode: LEADER, active raft config: opid_index: 4 OBSOLETE_local: false peers { permanent_uuid: "1f29fe9a81994a02aba9b65bf8f0ce4f" member_type: VOTER last_known_addr { host: "127.10.225.130" port: 38333 } } peers { permanent_uuid: "de4d33566093492db5429f620deaac11" member_type: VOTER last_known_addr { host: "127.10.225.131" port: 42605 } } peers { permanent_uuid: "4e0c36c2979e407ebe70b6c2fa9ebc80" member_type: VOTER last_known_addr { host: "127.10.225.132" port: 33609 } attrs { promote: false } }
I20260710 13:21:01.646428 12158 catalog_manager.cc:5697] T 28cdbf825ef641f782f567c515f169ec P 4e0c36c2979e407ebe70b6c2fa9ebc80 reported cstate change: term changed from 1 to 2, leader changed from 1f29fe9a81994a02aba9b65bf8f0ce4f (127.10.225.130) to 4e0c36c2979e407ebe70b6c2fa9ebc80 (127.10.225.132). New cstate: current_term: 2 leader_uuid: "4e0c36c2979e407ebe70b6c2fa9ebc80" committed_config { opid_index: 4 OBSOLETE_local: false peers { permanent_uuid: "1f29fe9a81994a02aba9b65bf8f0ce4f" member_type: VOTER last_known_addr { host: "127.10.225.130" port: 38333 } health_report { overall_health: UNKNOWN } } peers { permanent_uuid: "de4d33566093492db5429f620deaac11" member_type: VOTER last_known_addr { host: "127.10.225.131" port: 42605 } health_report { overall_health: UNKNOWN } } peers { permanent_uuid: "4e0c36c2979e407ebe70b6c2fa9ebc80" member_type: VOTER last_known_addr { host: "127.10.225.132" port: 33609 } attrs { promote: false } health_report { overall_health: HEALTHY } } }
I20260710 13:21:01.683777 12407 raft_consensus.cc:1275] T 3529627f777442de8505e255365fa9b8 P de4d33566093492db5429f620deaac11 [term 2 FOLLOWER]: Refusing update from remote peer 4e0c36c2979e407ebe70b6c2fa9ebc80: Log matching property violated. Preceding OpId in replica: term: 1 index: 4. Preceding OpId from leader: term: 2 index: 5. (index mismatch)
I20260710 13:21:01.684813 13041 consensus_queue.cc:1048] T 3529627f777442de8505e255365fa9b8 P 4e0c36c2979e407ebe70b6c2fa9ebc80 [LEADER]: Connected to new peer: Peer: permanent_uuid: "de4d33566093492db5429f620deaac11" member_type: VOTER last_known_addr { host: "127.10.225.131" port: 42605 }, Status: LMP_MISMATCH, Last received: 0.0, Next index: 5, Last known committed idx: 4, Time since last communication: 0.000s
