I20260710 13:20:16.605393 11490 consensus_queue.cc:260] T 8cb34e76ae4a45d7a8f246759c5f014b P bd0f2722ddaa4253abd2ba810d53f4a8 [NON_LEADER]: Queue going to NON_LEADER mode. State: All replicated index: 0, Majority replicated index: 1, Committed index: 1, Last appended: 1.1, Last appended by leader: 1, Current term: 1, Majority size: -1, State: 0, Mode: NON_LEADER, active raft config: opid_index: -1 OBSOLETE_local: false peers { permanent_uuid: "839c72847ff8413d9ccbefc6f53b5e85" member_type: VOTER last_known_addr { host: "127.10.241.129" port: 36187 } } peers { permanent_uuid: "c509f2b53594468c9d17c8260dd1d597" member_type: VOTER last_known_addr { host: "127.10.241.130" port: 36823 } } peers { permanent_uuid: "bd0f2722ddaa4253abd2ba810d53f4a8" member_type: VOTER last_known_addr { host: "127.10.241.131" port: 36023 } }
I20260710 13:20:16.602448 11413 leader_election.cc:290] T 8cb34e76ae4a45d7a8f246759c5f014b P c509f2b53594468c9d17c8260dd1d597 [CANDIDATE]: Term 2 election: Requested vote from peers 839c72847ff8413d9ccbefc6f53b5e85 (127.10.241.129:36187), bd0f2722ddaa4253abd2ba810d53f4a8 (127.10.241.131:36023)
I20260710 13:20:16.606439 11490 raft_consensus.cc:3060] T 8cb34e76ae4a45d7a8f246759c5f014b P bd0f2722ddaa4253abd2ba810d53f4a8 [term 1 FOLLOWER]: Advancing to term 2
I20260710 13:20:16.614190 11237 catalog_manager.cc:5697] T 3e2235650eb24a8d816a8545c9e0cd5b P 839c72847ff8413d9ccbefc6f53b5e85 reported cstate change: term changed from 1 to 2, leader changed from c509f2b53594468c9d17c8260dd1d597 (127.10.241.130) to 839c72847ff8413d9ccbefc6f53b5e85 (127.10.241.129). New cstate: current_term: 2 leader_uuid: "839c72847ff8413d9ccbefc6f53b5e85" committed_config { opid_index: -1 OBSOLETE_local: false peers { permanent_uuid: "c509f2b53594468c9d17c8260dd1d597" member_type: VOTER last_known_addr { host: "127.10.241.130" port: 36823 } health_report { overall_health: UNKNOWN } } peers { permanent_uuid: "bd0f2722ddaa4253abd2ba810d53f4a8" member_type: VOTER last_known_addr { host: "127.10.241.131" port: 36023 } health_report { overall_health: UNKNOWN } } peers { permanent_uuid: "839c72847ff8413d9ccbefc6f53b5e85" member_type: VOTER last_known_addr { host: "127.10.241.129" port: 36187 } health_report { overall_health: HEALTHY } } }
I20260710 13:20:16.618726 11490 raft_consensus.cc:2468] T 8cb34e76ae4a45d7a8f246759c5f014b P bd0f2722ddaa4253abd2ba810d53f4a8 [term 2 FOLLOWER]: Leader election vote request: Granting yes vote for candidate c509f2b53594468c9d17c8260dd1d597 in term 2.
I20260710 13:20:16.624032 11382 leader_election.cc:304] T 8cb34e76ae4a45d7a8f246759c5f014b P c509f2b53594468c9d17c8260dd1d597 [CANDIDATE]: Term 2 election: Election decided. Result: candidate won. Election summary: received 2 responses out of 3 voters: 2 yes votes; 0 no votes. yes voters: bd0f2722ddaa4253abd2ba810d53f4a8, c509f2b53594468c9d17c8260dd1d597; no voters: 
I20260710 13:20:16.624792 11538 raft_consensus.cc:2804] T 8cb34e76ae4a45d7a8f246759c5f014b P c509f2b53594468c9d17c8260dd1d597 [term 2 FOLLOWER]: Leader election won for term 2
I20260710 13:20:16.625263 11538 raft_consensus.cc:697] T 8cb34e76ae4a45d7a8f246759c5f014b P c509f2b53594468c9d17c8260dd1d597 [term 2 LEADER]: Becoming Leader. State: Replica: c509f2b53594468c9d17c8260dd1d597, State: Running, Role: LEADER
I20260710 13:20:16.612490 11606 consensus_queue.cc:1048] T ccf83c1f944647b5873039f7db06087b P 839c72847ff8413d9ccbefc6f53b5e85 [LEADER]: Connected to new peer: Peer: permanent_uuid: "bd0f2722ddaa4253abd2ba810d53f4a8" member_type: VOTER last_known_addr { host: "127.10.241.131" port: 36023 }, Status: LMP_MISMATCH, Last received: 0.0, Next index: 1, Last known committed idx: 0, Time since last communication: 0.013s
I20260710 13:20:16.626097 11538 consensus_queue.cc:237] T 8cb34e76ae4a45d7a8f246759c5f014b P c509f2b53594468c9d17c8260dd1d597 [LEADER]: Queue going to LEADER mode. State: All replicated index: 0, Majority replicated index: 1, Committed index: 1, Last appended: 1.1, Last appended by leader: 1, Current term: 2, Majority size: 2, State: 0, Mode: LEADER, active raft config: opid_index: -1 OBSOLETE_local: false peers { permanent_uuid: "839c72847ff8413d9ccbefc6f53b5e85" member_type: VOTER last_known_addr { host: "127.10.241.129" port: 36187 } } peers { permanent_uuid: "c509f2b53594468c9d17c8260dd1d597" member_type: VOTER last_known_addr { host: "127.10.241.130" port: 36823 } } peers { permanent_uuid: "bd0f2722ddaa4253abd2ba810d53f4a8" member_type: VOTER last_known_addr { host: "127.10.241.131" port: 36023 } }
I20260710 13:20:16.634557 11341 raft_consensus.cc:2468] T 8cb34e76ae4a45d7a8f246759c5f014b P 839c72847ff8413d9ccbefc6f53b5e85 [term 2 FOLLOWER]: Leader election vote request: Granting yes vote for candidate c509f2b53594468c9d17c8260dd1d597 in term 2.
I20260710 13:20:16.637454 11340 raft_consensus.cc:515] T 50f6c583ee2e48b89835abc06ea58dde P 839c72847ff8413d9ccbefc6f53b5e85 [term 2 FOLLOWER]: Starting forced leader election with config: opid_index: -1 OBSOLETE_local: false peers { permanent_uuid: "839c72847ff8413d9ccbefc6f53b5e85" member_type: VOTER last_known_addr { host: "127.10.241.129" port: 36187 } } peers { permanent_uuid: "c509f2b53594468c9d17c8260dd1d597" member_type: VOTER last_known_addr { host: "127.10.241.130" port: 36823 } } peers { permanent_uuid: "bd0f2722ddaa4253abd2ba810d53f4a8" member_type: VOTER last_known_addr { host: "127.10.241.131" port: 36023 } }
I20260710 13:20:16.641208 11568 raft_consensus.cc:993] T 2edb27ef5d5340fdac1a6f57a22b83bc P bd0f2722ddaa4253abd2ba810d53f4a8: : Instructing follower 839c72847ff8413d9ccbefc6f53b5e85 to start an election
I20260710 13:20:16.641646 11568 raft_consensus.cc:1081] T 2edb27ef5d5340fdac1a6f57a22b83bc P bd0f2722ddaa4253abd2ba810d53f4a8 [term 1 LEADER]: Signalling peer 839c72847ff8413d9ccbefc6f53b5e85 to start an election
I20260710 13:20:16.642406 11340 leader_election.cc:290] T 50f6c583ee2e48b89835abc06ea58dde P 839c72847ff8413d9ccbefc6f53b5e85 [CANDIDATE]: Term 2 election: Requested vote from peers c509f2b53594468c9d17c8260dd1d597 (127.10.241.130:36823), bd0f2722ddaa4253abd2ba810d53f4a8 (127.10.241.131:36023)
I20260710 13:20:16.647183 11489 tablet_service.cc:1917] Received RequestConsensusVote() RPC: tablet_id: "50f6c583ee2e48b89835abc06ea58dde" candidate_uuid: "839c72847ff8413d9ccbefc6f53b5e85" candidate_term: 2 candidate_status { last_received { term: 1 index: 1 } } ignore_live_leader: true dest_uuid: "bd0f2722ddaa4253abd2ba810d53f4a8"
I20260710 13:20:16.647751 11489 raft_consensus.cc:3060] T 50f6c583ee2e48b89835abc06ea58dde P bd0f2722ddaa4253abd2ba810d53f4a8 [term 1 FOLLOWER]: Advancing to term 2
I20260710 13:20:16.650050 11415 tablet_service.cc:1917] Received RequestConsensusVote() RPC: tablet_id: "50f6c583ee2e48b89835abc06ea58dde" candidate_uuid: "839c72847ff8413d9ccbefc6f53b5e85" candidate_term: 2 candidate_status { last_received { term: 1 index: 1 } } ignore_live_leader: true dest_uuid: "c509f2b53594468c9d17c8260dd1d597"
I20260710 13:20:16.651166 11415 raft_consensus.cc:3055] T 50f6c583ee2e48b89835abc06ea58dde P c509f2b53594468c9d17c8260dd1d597 [term 1 LEADER]: Stepping down as leader of term 1
I20260710 13:20:16.651525 11415 raft_consensus.cc:740] T 50f6c583ee2e48b89835abc06ea58dde P c509f2b53594468c9d17c8260dd1d597 [term 1 LEADER]: Becoming Follower/Learner. State: Replica: c509f2b53594468c9d17c8260dd1d597, State: Running, Role: LEADER
I20260710 13:20:16.652451 11415 consensus_queue.cc:260] T 50f6c583ee2e48b89835abc06ea58dde P c509f2b53594468c9d17c8260dd1d597 [NON_LEADER]: Queue going to NON_LEADER mode. State: All replicated index: 0, Majority replicated index: 1, Committed index: 1, Last appended: 1.1, Last appended by leader: 1, Current term: 1, Majority size: -1, State: 0, Mode: NON_LEADER, active raft config: opid_index: -1 OBSOLETE_local: false peers { permanent_uuid: "839c72847ff8413d9ccbefc6f53b5e85" member_type: VOTER last_known_addr { host: "127.10.241.129" port: 36187 } } peers { permanent_uuid: "c509f2b53594468c9d17c8260dd1d597" member_type: VOTER last_known_addr { host: "127.10.241.130" port: 36823 } } peers { permanent_uuid: "bd0f2722ddaa4253abd2ba810d53f4a8" member_type: VOTER last_known_addr { host: "127.10.241.131" port: 36023 } }
I20260710 13:20:16.653713 11415 raft_consensus.cc:3060] T 50f6c583ee2e48b89835abc06ea58dde P c509f2b53594468c9d17c8260dd1d597 [term 1 FOLLOWER]: Advancing to term 2
I20260710 13:20:16.654723 11237 catalog_manager.cc:5697] T 8cb34e76ae4a45d7a8f246759c5f014b P c509f2b53594468c9d17c8260dd1d597 reported cstate change: term changed from 1 to 2, leader changed from bd0f2722ddaa4253abd2ba810d53f4a8 (127.10.241.131) to c509f2b53594468c9d17c8260dd1d597 (127.10.241.130). New cstate: current_term: 2 leader_uuid: "c509f2b53594468c9d17c8260dd1d597" committed_config { opid_index: -1 OBSOLETE_local: false peers { permanent_uuid: "839c72847ff8413d9ccbefc6f53b5e85" member_type: VOTER last_known_addr { host: "127.10.241.129" port: 36187 } health_report { overall_health: UNKNOWN } } peers { permanent_uuid: "c509f2b53594468c9d17c8260dd1d597" member_type: VOTER last_known_addr { host: "127.10.241.130" port: 36823 } health_report { overall_health: HEALTHY } } peers { permanent_uuid: "bd0f2722ddaa4253abd2ba810d53f4a8" member_type: VOTER last_known_addr { host: "127.10.241.131" port: 36023 } health_report { overall_health: UNKNOWN } } }
I20260710 13:20:16.655967 11340 tablet_service.cc:2044] Received Run Leader Election RPC: tablet_id: "2edb27ef5d5340fdac1a6f57a22b83bc"
dest_uuid: "839c72847ff8413d9ccbefc6f53b5e85"
 from {username='slave'} at 127.0.0.1:34728
I20260710 13:20:16.656556 11340 raft_consensus.cc:493] T 2edb27ef5d5340fdac1a6f57a22b83bc P 839c72847ff8413d9ccbefc6f53b5e85 [term 1 FOLLOWER]: Starting forced leader election (received explicit request)
I20260710 13:20:16.656991 11340 raft_consensus.cc:3060] T 2edb27ef5d5340fdac1a6f57a22b83bc P 839c72847ff8413d9ccbefc6f53b5e85 [term 1 FOLLOWER]: Advancing to term 2
I20260710 13:20:16.657893 11489 raft_consensus.cc:2468] T 50f6c583ee2e48b89835abc06ea58dde P bd0f2722ddaa4253abd2ba810d53f4a8 [term 2 FOLLOWER]: Leader election vote request: Granting yes vote for candidate 839c72847ff8413d9ccbefc6f53b5e85 in term 2.
I20260710 13:20:16.658980 11307 leader_election.cc:304] T 50f6c583ee2e48b89835abc06ea58dde P 839c72847ff8413d9ccbefc6f53b5e85 [CANDIDATE]: Term 2 election: Election decided. Result: candidate won. Election summary: received 2 responses out of 3 voters: 2 yes votes; 0 no votes. yes voters: 839c72847ff8413d9ccbefc6f53b5e85, bd0f2722ddaa4253abd2ba810d53f4a8; no voters: 
I20260710 13:20:16.660202 11606 raft_consensus.cc:2804] T 50f6c583ee2e48b89835abc06ea58dde P 839c72847ff8413d9ccbefc6f53b5e85 [term 2 FOLLOWER]: Leader election won for term 2
I20260710 13:20:16.660673 11606 raft_consensus.cc:697] T 50f6c583ee2e48b89835abc06ea58dde P 839c72847ff8413d9ccbefc6f53b5e85 [term 2 LEADER]: Becoming Leader. State: Replica: 839c72847ff8413d9ccbefc6f53b5e85, State: Running, Role: LEADER
I20260710 13:20:16.661424 11606 consensus_queue.cc:237] T 50f6c583ee2e48b89835abc06ea58dde P 839c72847ff8413d9ccbefc6f53b5e85 [LEADER]: Queue going to LEADER mode. State: All replicated index: 0, Majority replicated index: 1, Committed index: 1, Last appended: 1.1, Last appended by leader: 1, Current term: 2, Majority size: 2, State: 0, Mode: LEADER, active raft config: opid_index: -1 OBSOLETE_local: false peers { permanent_uuid: "839c72847ff8413d9ccbefc6f53b5e85" member_type: VOTER last_known_addr { host: "127.10.241.129" port: 36187 } } peers { permanent_uuid: "c509f2b53594468c9d17c8260dd1d597" member_type: VOTER last_known_addr { host: "127.10.241.130" port: 36823 } } peers { permanent_uuid: "bd0f2722ddaa4253abd2ba810d53f4a8" member_type: VOTER last_known_addr { host: "127.10.241.131" port: 36023 } }
I20260710 13:20:16.666172 11415 raft_consensus.cc:2468] T 50f6c583ee2e48b89835abc06ea58dde P c509f2b53594468c9d17c8260dd1d597 [term 2 FOLLOWER]: Leader election vote request: Granting yes vote for candidate 839c72847ff8413d9ccbefc6f53b5e85 in term 2.
I20260710 13:20:16.671229 11340 raft_consensus.cc:515] T 2edb27ef5d5340fdac1a6f57a22b83bc P 839c72847ff8413d9ccbefc6f53b5e85 [term 2 FOLLOWER]: Starting forced leader election with config: opid_index: -1 OBSOLETE_local: false peers { permanent_uuid: "839c72847ff8413d9ccbefc6f53b5e85" member_type: VOTER last_known_addr { host: "127.10.241.129" port: 36187 } } peers { permanent_uuid: "c509f2b53594468c9d17c8260dd1d597" member_type: VOTER last_known_addr { host: "127.10.241.130" port: 36823 } } peers { permanent_uuid: "bd0f2722ddaa4253abd2ba810d53f4a8" member_type: VOTER last_known_addr { host: "127.10.241.131" port: 36023 } }
I20260710 13:20:16.673283 11340 leader_election.cc:290] T 2edb27ef5d5340fdac1a6f57a22b83bc P 839c72847ff8413d9ccbefc6f53b5e85 [CANDIDATE]: Term 2 election: Requested vote from peers c509f2b53594468c9d17c8260dd1d597 (127.10.241.130:36823), bd0f2722ddaa4253abd2ba810d53f4a8 (127.10.241.131:36023)
I20260710 13:20:16.674297 11489 tablet_service.cc:1917] Received RequestConsensusVote() RPC: tablet_id: "2edb27ef5d5340fdac1a6f57a22b83bc" candidate_uuid: "839c72847ff8413d9ccbefc6f53b5e85" candidate_term: 2 candidate_status { last_received { term: 1 index: 1 } } ignore_live_leader: true dest_uuid: "bd0f2722ddaa4253abd2ba810d53f4a8"
I20260710 13:20:16.674297 11415 tablet_service.cc:1917] Received RequestConsensusVote() RPC: tablet_id: "2edb27ef5d5340fdac1a6f57a22b83bc" candidate_uuid: "839c72847ff8413d9ccbefc6f53b5e85" candidate_term: 2 candidate_status { last_received { term: 1 index: 1 } } ignore_live_leader: true dest_uuid: "c509f2b53594468c9d17c8260dd1d597"
I20260710 13:20:16.676966 11415 raft_consensus.cc:3060] T 2edb27ef5d5340fdac1a6f57a22b83bc P c509f2b53594468c9d17c8260dd1d597 [term 1 FOLLOWER]: Advancing to term 2
I20260710 13:20:16.674885 11489 raft_consensus.cc:3055] T 2edb27ef5d5340fdac1a6f57a22b83bc P bd0f2722ddaa4253abd2ba810d53f4a8 [term 1 LEADER]: Stepping down as leader of term 1
I20260710 13:20:16.677714 11489 raft_consensus.cc:740] T 2edb27ef5d5340fdac1a6f57a22b83bc P bd0f2722ddaa4253abd2ba810d53f4a8 [term 1 LEADER]: Becoming Follower/Learner. State: Replica: bd0f2722ddaa4253abd2ba810d53f4a8, State: Running, Role: LEADER
I20260710 13:20:16.680882 11238 catalog_manager.cc:5697] T 50f6c583ee2e48b89835abc06ea58dde P 839c72847ff8413d9ccbefc6f53b5e85 reported cstate change: term changed from 1 to 2, leader changed from c509f2b53594468c9d17c8260dd1d597 (127.10.241.130) to 839c72847ff8413d9ccbefc6f53b5e85 (127.10.241.129). New cstate: current_term: 2 leader_uuid: "839c72847ff8413d9ccbefc6f53b5e85" committed_config { opid_index: -1 OBSOLETE_local: false peers { permanent_uuid: "839c72847ff8413d9ccbefc6f53b5e85" member_type: VOTER last_known_addr { host: "127.10.241.129" port: 36187 } health_report { overall_health: HEALTHY } } peers { permanent_uuid: "c509f2b53594468c9d17c8260dd1d597" member_type: VOTER last_known_addr { host: "127.10.241.130" port: 36823 } health_report { overall_health: UNKNOWN } } peers { permanent_uuid: "bd0f2722ddaa4253abd2ba810d53f4a8" member_type: VOTER last_known_addr { host: "127.10.241.131" port: 36023 } health_report { overall_health: UNKNOWN } } }
I20260710 13:20:16.678591 11489 consensus_queue.cc:260] T 2edb27ef5d5340fdac1a6f57a22b83bc P bd0f2722ddaa4253abd2ba810d53f4a8 [NON_LEADER]: Queue going to NON_LEADER mode. State: All replicated index: 0, Majority replicated index: 1, Committed index: 1, Last appended: 1.1, Last appended by leader: 1, Current term: 1, Majority size: -1, State: 0, Mode: NON_LEADER, active raft config: opid_index: -1 OBSOLETE_local: false peers { permanent_uuid: "839c72847ff8413d9ccbefc6f53b5e85" member_type: VOTER last_known_addr { host: "127.10.241.129" port: 36187 } } peers { permanent_uuid: "c509f2b53594468c9d17c8260dd1d597" member_type: VOTER last_known_addr { host: "127.10.241.130" port: 36823 } } peers { permanent_uuid: "bd0f2722ddaa4253abd2ba810d53f4a8" member_type: VOTER last_known_addr { host: "127.10.241.131" port: 36023 } }
I20260710 13:20:16.682257 11489 raft_consensus.cc:3060] T 2edb27ef5d5340fdac1a6f57a22b83bc P bd0f2722ddaa4253abd2ba810d53f4a8 [term 1 FOLLOWER]: Advancing to term 2
I20260710 13:20:16.685161 11415 raft_consensus.cc:2468] T 2edb27ef5d5340fdac1a6f57a22b83bc P c509f2b53594468c9d17c8260dd1d597 [term 2 FOLLOWER]: Leader election vote request: Granting yes vote for candidate 839c72847ff8413d9ccbefc6f53b5e85 in term 2.
I20260710 13:20:16.686252 11306 leader_election.cc:304] T 2edb27ef5d5340fdac1a6f57a22b83bc P 839c72847ff8413d9ccbefc6f53b5e85 [CANDIDATE]: Term 2 election: Election decided. Result: candidate won. Election summary: received 2 responses out of 3 voters: 2 yes votes; 0 no votes. yes voters: 839c72847ff8413d9ccbefc6f53b5e85, c509f2b53594468c9d17c8260dd1d597; no voters: 
I20260710 13:20:16.687058 11606 raft_consensus.cc:2804] T 2edb27ef5d5340fdac1a6f57a22b83bc P 839c72847ff8413d9ccbefc6f53b5e85 [term 2 FOLLOWER]: Leader election won for term 2
I20260710 13:20:16.687501 11606 raft_consensus.cc:697] T 2edb27ef5d5340fdac1a6f57a22b83bc P 839c72847ff8413d9ccbefc6f53b5e85 [term 2 LEADER]: Becoming Leader. State: Replica: 839c72847ff8413d9ccbefc6f53b5e85, State: Running, Role: LEADER
I20260710 13:20:16.688378 11489 raft_consensus.cc:2468] T 2edb27ef5d5340fdac1a6f57a22b83bc P bd0f2722ddaa4253abd2ba810d53f4a8 [term 2 FOLLOWER]: Leader election vote request: Granting yes vote for candidate 839c72847ff8413d9ccbefc6f53b5e85 in term 2.
I20260710 13:20:16.688282 11606 consensus_queue.cc:237] T 2edb27ef5d5340fdac1a6f57a22b83bc P 839c72847ff8413d9ccbefc6f53b5e85 [LEADER]: Queue going to LEADER mode. State: All replicated index: 0, Majority replicated index: 1, Committed index: 1, Last appended: 1.1, Last appended by leader: 1, Current term: 2, Majority size: 2, State: 0, Mode: LEADER, active raft config: opid_index: -1 OBSOLETE_local: false peers { permanent_uuid: "839c72847ff8413d9ccbefc6f53b5e85" member_type: VOTER last_known_addr { host: "127.10.241.129" port: 36187 } } peers { permanent_uuid: "c509f2b53594468c9d17c8260dd1d597" member_type: VOTER last_known_addr { host: "127.10.241.130" port: 36823 } } peers { permanent_uuid: "bd0f2722ddaa4253abd2ba810d53f4a8" member_type: VOTER last_known_addr { host: "127.10.241.131" port: 36023 } }
I20260710 13:20:16.695588 11235 catalog_manager.cc:5697] T 2edb27ef5d5340fdac1a6f57a22b83bc P 839c72847ff8413d9ccbefc6f53b5e85 reported cstate change: term changed from 1 to 2, leader changed from bd0f2722ddaa4253abd2ba810d53f4a8 (127.10.241.131) to 839c72847ff8413d9ccbefc6f53b5e85 (127.10.241.129). New cstate: current_term: 2 leader_uuid: "839c72847ff8413d9ccbefc6f53b5e85" committed_config { opid_index: -1 OBSOLETE_local: false peers { permanent_uuid: "839c72847ff8413d9ccbefc6f53b5e85" member_type: VOTER last_known_addr { host: "127.10.241.129" port: 36187 } health_report { overall_health: HEALTHY } } peers { permanent_uuid: "c509f2b53594468c9d17c8260dd1d597" member_type: VOTER last_known_addr { host: "127.10.241.130" port: 36823 } health_report { overall_health: UNKNOWN } } peers { permanent_uuid: "bd0f2722ddaa4253abd2ba810d53f4a8" member_type: VOTER last_known_addr { host: "127.10.241.131" port: 36023 } health_report { overall_health: UNKNOWN } } }
I20260710 13:20:16.853147 11489 raft_consensus.cc:1275] T 84cdc6d9ee244cca92e4d3e9a1f5f353 P bd0f2722ddaa4253abd2ba810d53f4a8 [term 2 FOLLOWER]: Refusing update from remote peer c509f2b53594468c9d17c8260dd1d597: Log matching property violated. Preceding OpId in replica: term: 1 index: 1. Preceding OpId from leader: term: 2 index: 2. (index mismatch)
I20260710 13:20:16.854399 11577 consensus_queue.cc:1048] T 84cdc6d9ee244cca92e4d3e9a1f5f353 P c509f2b53594468c9d17c8260dd1d597 [LEADER]: Connected to new peer: Peer: permanent_uuid: "bd0f2722ddaa4253abd2ba810d53f4a8" member_type: VOTER last_known_addr { host: "127.10.241.131" port: 36023 }, Status: LMP_MISMATCH, Last received: 0.0, Next index: 2, Last known committed idx: 1, Time since last communication: 0.000s
I20260710 13:20:16.871424 11340 raft_consensus.cc:1275] T 84cdc6d9ee244cca92e4d3e9a1f5f353 P 839c72847ff8413d9ccbefc6f53b5e85 [term 2 FOLLOWER]: Refusing update from remote peer c509f2b53594468c9d17c8260dd1d597: Log matching property violated. Preceding OpId in replica: term: 1 index: 1. Preceding OpId from leader: term: 2 index: 2. (index mismatch)
I20260710 13:20:16.873138 11577 consensus_queue.cc:1048] T 84cdc6d9ee244cca92e4d3e9a1f5f353 P c509f2b53594468c9d17c8260dd1d597 [LEADER]: Connected to new peer: Peer: permanent_uuid: "839c72847ff8413d9ccbefc6f53b5e85" member_type: VOTER last_known_addr { host: "127.10.241.129" port: 36187 }, Status: LMP_MISMATCH, Last received: 0.0, Next index: 2, Last known committed idx: 1, Time since last communication: 0.000s
I20260710 13:20:16.907024 11489 raft_consensus.cc:1275] T fc4dd7bdb6344af7b781fddc75c5fc9a P bd0f2722ddaa4253abd2ba810d53f4a8 [term 2 FOLLOWER]: Refusing update from remote peer c509f2b53594468c9d17c8260dd1d597: Log matching property violated. Preceding OpId in replica: term: 1 index: 1. Preceding OpId from leader: term: 2 index: 2. (index mismatch)
I20260710 13:20:16.908522 11577 consensus_queue.cc:1048] T fc4dd7bdb6344af7b781fddc75c5fc9a P c509f2b53594468c9d17c8260dd1d597 [LEADER]: Connected to new peer: Peer: permanent_uuid: "bd0f2722ddaa4253abd2ba810d53f4a8" member_type: VOTER last_known_addr { host: "127.10.241.131" port: 36023 }, Status: LMP_MISMATCH, Last received: 0.0, Next index: 2, Last known committed idx: 1, Time since last communication: 0.000s
I20260710 13:20:16.917443 11340 raft_consensus.cc:1275] T fc4dd7bdb6344af7b781fddc75c5fc9a P 839c72847ff8413d9ccbefc6f53b5e85 [term 2 FOLLOWER]: Refusing update from remote peer c509f2b53594468c9d17c8260dd1d597: Log matching property violated. Preceding OpId in replica: term: 1 index: 1. Preceding OpId from leader: term: 2 index: 2. (index mismatch)
I20260710 13:20:16.918948 11580 consensus_queue.cc:1048] T fc4dd7bdb6344af7b781fddc75c5fc9a P c509f2b53594468c9d17c8260dd1d597 [LEADER]: Connected to new peer: Peer: permanent_uuid: "839c72847ff8413d9ccbefc6f53b5e85" member_type: VOTER last_known_addr { host: "127.10.241.129" port: 36187 }, Status: LMP_MISMATCH, Last received: 0.0, Next index: 2, Last known committed idx: 1, Time since last communication: 0.000s
I20260710 13:20:17.019232 11489 raft_consensus.cc:1275] T 8cb34e76ae4a45d7a8f246759c5f014b P bd0f2722ddaa4253abd2ba810d53f4a8 [term 2 FOLLOWER]: Refusing update from remote peer c509f2b53594468c9d17c8260dd1d597: Log matching property violated. Preceding OpId in replica: term: 1 index: 1. Preceding OpId from leader: term: 2 index: 2. (index mismatch)
I20260710 13:20:17.020588 11580 consensus_queue.cc:1048] T 8cb34e76ae4a45d7a8f246759c5f014b P c509f2b53594468c9d17c8260dd1d597 [LEADER]: Connected to new peer: Peer: permanent_uuid: "bd0f2722ddaa4253abd2ba810d53f4a8" member_type: VOTER last_known_addr { host: "127.10.241.131" port: 36023 }, Status: LMP_MISMATCH, Last received: 0.0, Next index: 2, Last known committed idx: 1, Time since last communication: 0.000s
I20260710 13:20:17.029299 11340 raft_consensus.cc:1275] T 8cb34e76ae4a45d7a8f246759c5f014b P 839c72847ff8413d9ccbefc6f53b5e85 [term 2 FOLLOWER]: Refusing update from remote peer c509f2b53594468c9d17c8260dd1d597: Log matching property violated. Preceding OpId in replica: term: 1 index: 1. Preceding OpId from leader: term: 2 index: 2. (index mismatch)
I20260710 13:20:17.033377 11617 consensus_queue.cc:1048] T 8cb34e76ae4a45d7a8f246759c5f014b P c509f2b53594468c9d17c8260dd1d597 [LEADER]: Connected to new peer: Peer: permanent_uuid: "839c72847ff8413d9ccbefc6f53b5e85" member_type: VOTER last_known_addr { host: "127.10.241.129" port: 36187 }, Status: LMP_MISMATCH, Last received: 0.0, Next index: 2, Last known committed idx: 1, Time since last communication: 0.001s
I20260710 13:20:17.046273 11415 raft_consensus.cc:1275] T 3e2235650eb24a8d816a8545c9e0cd5b P c509f2b53594468c9d17c8260dd1d597 [term 2 FOLLOWER]: Refusing update from remote peer 839c72847ff8413d9ccbefc6f53b5e85: Log matching property violated. Preceding OpId in replica: term: 1 index: 1. Preceding OpId from leader: term: 2 index: 2. (index mismatch)
I20260710 13:20:17.047708 11576 consensus_queue.cc:1048] T 3e2235650eb24a8d816a8545c9e0cd5b P 839c72847ff8413d9ccbefc6f53b5e85 [LEADER]: Connected to new peer: Peer: permanent_uuid: "c509f2b53594468c9d17c8260dd1d597" member_type: VOTER last_known_addr { host: "127.10.241.130" port: 36823 }, Status: LMP_MISMATCH, Last received: 0.0, Next index: 2, Last known committed idx: 1, Time since last communication: 0.000s
I20260710 13:20:17.057286 11489 raft_consensus.cc:3060] T 3e2235650eb24a8d816a8545c9e0cd5b P bd0f2722ddaa4253abd2ba810d53f4a8 [term 1 FOLLOWER]: Advancing to term 2
I20260710 13:20:17.064502 11489 raft_consensus.cc:1275] T 3e2235650eb24a8d816a8545c9e0cd5b P bd0f2722ddaa4253abd2ba810d53f4a8 [term 2 FOLLOWER]: Refusing update from remote peer 839c72847ff8413d9ccbefc6f53b5e85: Log matching property violated. Preceding OpId in replica: term: 1 index: 1. Preceding OpId from leader: term: 2 index: 2. (index mismatch)
I20260710 13:20:17.066013 11606 consensus_queue.cc:1048] T 3e2235650eb24a8d816a8545c9e0cd5b P 839c72847ff8413d9ccbefc6f53b5e85 [LEADER]: Connected to new peer: Peer: permanent_uuid: "bd0f2722ddaa4253abd2ba810d53f4a8" member_type: VOTER last_known_addr { host: "127.10.241.131" port: 36023 }, Status: LMP_MISMATCH, Last received: 0.0, Next index: 2, Last known committed idx: 1, Time since last communication: 0.000s
I20260710 13:20:17.074704 11415 raft_consensus.cc:1275] T 2edb27ef5d5340fdac1a6f57a22b83bc P c509f2b53594468c9d17c8260dd1d597 [term 2 FOLLOWER]: Refusing update from remote peer 839c72847ff8413d9ccbefc6f53b5e85: Log matching property violated. Preceding OpId in replica: term: 1 index: 1. Preceding OpId from leader: term: 2 index: 2. (index mismatch)
I20260710 13:20:17.076035 11606 consensus_queue.cc:1048] T 2edb27ef5d5340fdac1a6f57a22b83bc P 839c72847ff8413d9ccbefc6f53b5e85 [LEADER]: Connected to new peer: Peer: permanent_uuid: "c509f2b53594468c9d17c8260dd1d597" member_type: VOTER last_known_addr { host: "127.10.241.130" port: 36823 }, Status: LMP_MISMATCH, Last received: 0.0, Next index: 2, Last known committed idx: 1, Time since last communication: 0.000s
I20260710 13:20:17.086938 11489 raft_consensus.cc:1275] T 2edb27ef5d5340fdac1a6f57a22b83bc P bd0f2722ddaa4253abd2ba810d53f4a8 [term 2 FOLLOWER]: Refusing update from remote peer 839c72847ff8413d9ccbefc6f53b5e85: Log matching property violated. Preceding OpId in replica: term: 1 index: 1. Preceding OpId from leader: term: 2 index: 2. (index mismatch)
I20260710 13:20:17.088300 11606 consensus_queue.cc:1048] T 2edb27ef5d5340fdac1a6f57a22b83bc P 839c72847ff8413d9ccbefc6f53b5e85 [LEADER]: Connected to new peer: Peer: permanent_uuid: "bd0f2722ddaa4253abd2ba810d53f4a8" member_type: VOTER last_known_addr { host: "127.10.241.131" port: 36023 }, Status: LMP_MISMATCH, Last received: 0.0, Next index: 2, Last known committed idx: 1, Time since last communication: 0.000s
I20260710 13:20:17.195996 11415 raft_consensus.cc:1275] T 50f6c583ee2e48b89835abc06ea58dde P c509f2b53594468c9d17c8260dd1d597 [term 2 FOLLOWER]: Refusing update from remote peer 839c72847ff8413d9ccbefc6f53b5e85: Log matching property violated. Preceding OpId in replica: term: 1 index: 1. Preceding OpId from leader: term: 2 index: 2. (index mismatch)
I20260710 13:20:17.197170 11606 consensus_queue.cc:1048] T 50f6c583ee2e48b89835abc06ea58dde P 839c72847ff8413d9ccbefc6f53b5e85 [LEADER]: Connected to new peer: Peer: permanent_uuid: "c509f2b53594468c9d17c8260dd1d597" member_type: VOTER last_known_addr { host: "127.10.241.130" port: 36823 }, Status: LMP_MISMATCH, Last received: 0.0, Next index: 2, Last known committed idx: 1, Time since last communication: 0.000s
I20260710 13:20:17.204504 11489 raft_consensus.cc:1275] T 50f6c583ee2e48b89835abc06ea58dde P bd0f2722ddaa4253abd2ba810d53f4a8 [term 2 FOLLOWER]: Refusing update from remote peer 839c72847ff8413d9ccbefc6f53b5e85: Log matching property violated. Preceding OpId in replica: term: 1 index: 1. Preceding OpId from leader: term: 2 index: 2. (index mismatch)
I20260710 13:20:17.205858 11576 consensus_queue.cc:1048] T 50f6c583ee2e48b89835abc06ea58dde P 839c72847ff8413d9ccbefc6f53b5e85 [LEADER]: Connected to new peer: Peer: permanent_uuid: "bd0f2722ddaa4253abd2ba810d53f4a8" member_type: VOTER last_known_addr { host: "127.10.241.131" port: 36023 }, Status: LMP_MISMATCH, Last received: 0.0, Next index: 2, Last known committed idx: 1, Time since last communication: 0.000s
I20260710 13:20:19.250058 11206 auto_leader_rebalancer-test.cc:316] The leader distribution is 
I20260710 13:20:19.250977 11206 auto_leader_rebalancer.cc:141] leader rebalance for table test-workload
I20260710 13:20:19.265950 11340 tablet_service.cc:2072] Received LeaderStepDown RPC: tablet_id: "3e2235650eb24a8d816a8545c9e0cd5b"
dest_uuid: "839c72847ff8413d9ccbefc6f53b5e85"
mode: GRACEFUL
new_leader_uuid: "bd0f2722ddaa4253abd2ba810d53f4a8"
 from {username='slave'} at 127.0.0.1:34746
I20260710 13:20:19.266393 11340 raft_consensus.cc:606] T 3e2235650eb24a8d816a8545c9e0cd5b P 839c72847ff8413d9ccbefc6f53b5e85 [term 2 LEADER]: Received request to transfer leadership to TS bd0f2722ddaa4253abd2ba810d53f4a8
I20260710 13:20:19.276273 11415 tablet_service.cc:2072] Received LeaderStepDown RPC: tablet_id: "fc4dd7bdb6344af7b781fddc75c5fc9a"
dest_uuid: "c509f2b53594468c9d17c8260dd1d597"
mode: GRACEFUL
new_leader_uuid: "bd0f2722ddaa4253abd2ba810d53f4a8"
 from {username='slave'} at 127.0.0.1:43094
I20260710 13:20:19.276928 11415 raft_consensus.cc:606] T fc4dd7bdb6344af7b781fddc75c5fc9a P c509f2b53594468c9d17c8260dd1d597 [term 2 LEADER]: Received request to transfer leadership to TS bd0f2722ddaa4253abd2ba810d53f4a8
I20260710 13:20:19.278118 11206 auto_leader_rebalancer.cc:479] table: test-workload, leader rebalance finish, leader transfer count: 2
I20260710 13:20:19.278560 11206 auto_leader_rebalancer.cc:554] All tables' leader rebalancing finished this round
I20260710 13:20:19.473816 11606 raft_consensus.cc:993] T 3e2235650eb24a8d816a8545c9e0cd5b P 839c72847ff8413d9ccbefc6f53b5e85: : Instructing follower bd0f2722ddaa4253abd2ba810d53f4a8 to start an election
I20260710 13:20:19.474234 11606 raft_consensus.cc:1081] T 3e2235650eb24a8d816a8545c9e0cd5b P 839c72847ff8413d9ccbefc6f53b5e85 [term 2 LEADER]: Signalling peer bd0f2722ddaa4253abd2ba810d53f4a8 to start an election
I20260710 13:20:19.475539 11489 tablet_service.cc:2044] Received Run Leader Election RPC: tablet_id: "3e2235650eb24a8d816a8545c9e0cd5b"
dest_uuid: "bd0f2722ddaa4253abd2ba810d53f4a8"
 from {username='slave'} at 127.0.0.1:46144
I20260710 13:20:19.476029 11489 raft_consensus.cc:493] T 3e2235650eb24a8d816a8545c9e0cd5b P bd0f2722ddaa4253abd2ba810d53f4a8 [term 2 FOLLOWER]: Starting forced leader election (received explicit request)
I20260710 13:20:19.476338 11489 raft_consensus.cc:3060] T 3e2235650eb24a8d816a8545c9e0cd5b P bd0f2722ddaa4253abd2ba810d53f4a8 [term 2 FOLLOWER]: Advancing to term 3
I20260710 13:20:19.480564 11489 raft_consensus.cc:515] T 3e2235650eb24a8d816a8545c9e0cd5b P bd0f2722ddaa4253abd2ba810d53f4a8 [term 3 FOLLOWER]: Starting forced leader election with config: opid_index: -1 OBSOLETE_local: false peers { permanent_uuid: "c509f2b53594468c9d17c8260dd1d597" member_type: VOTER last_known_addr { host: "127.10.241.130" port: 36823 } } peers { permanent_uuid: "bd0f2722ddaa4253abd2ba810d53f4a8" member_type: VOTER last_known_addr { host: "127.10.241.131" port: 36023 } } peers { permanent_uuid: "839c72847ff8413d9ccbefc6f53b5e85" member_type: VOTER last_known_addr { host: "127.10.241.129" port: 36187 } }
I20260710 13:20:19.482568 11489 leader_election.cc:290] T 3e2235650eb24a8d816a8545c9e0cd5b P bd0f2722ddaa4253abd2ba810d53f4a8 [CANDIDATE]: Term 3 election: Requested vote from peers c509f2b53594468c9d17c8260dd1d597 (127.10.241.130:36823), 839c72847ff8413d9ccbefc6f53b5e85 (127.10.241.129:36187)
I20260710 13:20:19.483285 11415 tablet_service.cc:1917] Received RequestConsensusVote() RPC: tablet_id: "3e2235650eb24a8d816a8545c9e0cd5b" candidate_uuid: "bd0f2722ddaa4253abd2ba810d53f4a8" candidate_term: 3 candidate_status { last_received { term: 2 index: 2 } } ignore_live_leader: true dest_uuid: "c509f2b53594468c9d17c8260dd1d597"
I20260710 13:20:19.483575 11340 tablet_service.cc:1917] Received RequestConsensusVote() RPC: tablet_id: "3e2235650eb24a8d816a8545c9e0cd5b" candidate_uuid: "bd0f2722ddaa4253abd2ba810d53f4a8" candidate_term: 3 candidate_status { last_received { term: 2 index: 2 } } ignore_live_leader: true dest_uuid: "839c72847ff8413d9ccbefc6f53b5e85"
I20260710 13:20:19.483907 11415 raft_consensus.cc:3060] T 3e2235650eb24a8d816a8545c9e0cd5b P c509f2b53594468c9d17c8260dd1d597 [term 2 FOLLOWER]: Advancing to term 3
I20260710 13:20:19.484154 11340 raft_consensus.cc:3055] T 3e2235650eb24a8d816a8545c9e0cd5b P 839c72847ff8413d9ccbefc6f53b5e85 [term 2 LEADER]: Stepping down as leader of term 2
I20260710 13:20:19.484539 11340 raft_consensus.cc:740] T 3e2235650eb24a8d816a8545c9e0cd5b P 839c72847ff8413d9ccbefc6f53b5e85 [term 2 LEADER]: Becoming Follower/Learner. State: Replica: 839c72847ff8413d9ccbefc6f53b5e85, State: Running, Role: LEADER
I20260710 13:20:19.485196 11340 consensus_queue.cc:260] T 3e2235650eb24a8d816a8545c9e0cd5b P 839c72847ff8413d9ccbefc6f53b5e85 [NON_LEADER]: Queue going to NON_LEADER mode. State: All replicated index: 0, Majority replicated index: 2, Committed index: 2, Last appended: 2.2, Last appended by leader: 2, Current term: 2, Majority size: -1, State: 0, Mode: NON_LEADER, active raft config: opid_index: -1 OBSOLETE_local: false peers { permanent_uuid: "c509f2b53594468c9d17c8260dd1d597" member_type: VOTER last_known_addr { host: "127.10.241.130" port: 36823 } } peers { permanent_uuid: "bd0f2722ddaa4253abd2ba810d53f4a8" member_type: VOTER last_known_addr { host: "127.10.241.131" port: 36023 } } peers { permanent_uuid: "839c72847ff8413d9ccbefc6f53b5e85" member_type: VOTER last_known_addr { host: "127.10.241.129" port: 36187 } }
I20260710 13:20:19.486099 11340 raft_consensus.cc:3060] T 3e2235650eb24a8d816a8545c9e0cd5b P 839c72847ff8413d9ccbefc6f53b5e85 [term 2 FOLLOWER]: Advancing to term 3
I20260710 13:20:19.488631 11415 raft_consensus.cc:2468] T 3e2235650eb24a8d816a8545c9e0cd5b P c509f2b53594468c9d17c8260dd1d597 [term 3 FOLLOWER]: Leader election vote request: Granting yes vote for candidate bd0f2722ddaa4253abd2ba810d53f4a8 in term 3.
I20260710 13:20:19.489640 11455 leader_election.cc:304] T 3e2235650eb24a8d816a8545c9e0cd5b P bd0f2722ddaa4253abd2ba810d53f4a8 [CANDIDATE]: Term 3 election: Election decided. Result: candidate won. Election summary: received 2 responses out of 3 voters: 2 yes votes; 0 no votes. yes voters: bd0f2722ddaa4253abd2ba810d53f4a8, c509f2b53594468c9d17c8260dd1d597; no voters: 
I20260710 13:20:19.490284 11618 raft_consensus.cc:2804] T 3e2235650eb24a8d816a8545c9e0cd5b P bd0f2722ddaa4253abd2ba810d53f4a8 [term 3 FOLLOWER]: Leader election won for term 3
I20260710 13:20:19.490607 11340 raft_consensus.cc:2468] T 3e2235650eb24a8d816a8545c9e0cd5b P 839c72847ff8413d9ccbefc6f53b5e85 [term 3 FOLLOWER]: Leader election vote request: Granting yes vote for candidate bd0f2722ddaa4253abd2ba810d53f4a8 in term 3.
I20260710 13:20:19.491529 11618 raft_consensus.cc:697] T 3e2235650eb24a8d816a8545c9e0cd5b P bd0f2722ddaa4253abd2ba810d53f4a8 [term 3 LEADER]: Becoming Leader. State: Replica: bd0f2722ddaa4253abd2ba810d53f4a8, State: Running, Role: LEADER
I20260710 13:20:19.492298 11618 consensus_queue.cc:237] T 3e2235650eb24a8d816a8545c9e0cd5b P bd0f2722ddaa4253abd2ba810d53f4a8 [LEADER]: Queue going to LEADER mode. State: All replicated index: 0, Majority replicated index: 2, Committed index: 2, Last appended: 2.2, Last appended by leader: 2, Current term: 3, Majority size: 2, State: 0, Mode: LEADER, active raft config: opid_index: -1 OBSOLETE_local: false peers { permanent_uuid: "c509f2b53594468c9d17c8260dd1d597" member_type: VOTER last_known_addr { host: "127.10.241.130" port: 36823 } } peers { permanent_uuid: "bd0f2722ddaa4253abd2ba810d53f4a8" member_type: VOTER last_known_addr { host: "127.10.241.131" port: 36023 } } peers { permanent_uuid: "839c72847ff8413d9ccbefc6f53b5e85" member_type: VOTER last_known_addr { host: "127.10.241.129" port: 36187 } }
I20260710 13:20:19.498901 11237 catalog_manager.cc:5697] T 3e2235650eb24a8d816a8545c9e0cd5b P bd0f2722ddaa4253abd2ba810d53f4a8 reported cstate change: term changed from 2 to 3, leader changed from 839c72847ff8413d9ccbefc6f53b5e85 (127.10.241.129) to bd0f2722ddaa4253abd2ba810d53f4a8 (127.10.241.131). New cstate: current_term: 3 leader_uuid: "bd0f2722ddaa4253abd2ba810d53f4a8" committed_config { opid_index: -1 OBSOLETE_local: false peers { permanent_uuid: "c509f2b53594468c9d17c8260dd1d597" member_type: VOTER last_known_addr { host: "127.10.241.130" port: 36823 } health_report { overall_health: UNKNOWN } } peers { permanent_uuid: "bd0f2722ddaa4253abd2ba810d53f4a8" member_type: VOTER last_known_addr { host: "127.10.241.131" port: 36023 } health_report { overall_health: HEALTHY } } peers { permanent_uuid: "839c72847ff8413d9ccbefc6f53b5e85" member_type: VOTER last_known_addr { host: "127.10.241.129" port: 36187 } health_report { overall_health: UNKNOWN } } }
I20260710 13:20:19.580159 11580 raft_consensus.cc:993] T fc4dd7bdb6344af7b781fddc75c5fc9a P c509f2b53594468c9d17c8260dd1d597: : Instructing follower bd0f2722ddaa4253abd2ba810d53f4a8 to start an election
I20260710 13:20:19.580592 11629 raft_consensus.cc:1081] T fc4dd7bdb6344af7b781fddc75c5fc9a P c509f2b53594468c9d17c8260dd1d597 [term 2 LEADER]: Signalling peer bd0f2722ddaa4253abd2ba810d53f4a8 to start an election
I20260710 13:20:19.582120 11489 tablet_service.cc:2044] Received Run Leader Election RPC: tablet_id: "fc4dd7bdb6344af7b781fddc75c5fc9a"
dest_uuid: "bd0f2722ddaa4253abd2ba810d53f4a8"
 from {username='slave'} at 127.0.0.1:46158
I20260710 13:20:19.582551 11489 raft_consensus.cc:493] T fc4dd7bdb6344af7b781fddc75c5fc9a P bd0f2722ddaa4253abd2ba810d53f4a8 [term 2 FOLLOWER]: Starting forced leader election (received explicit request)
I20260710 13:20:19.582827 11489 raft_consensus.cc:3060] T fc4dd7bdb6344af7b781fddc75c5fc9a P bd0f2722ddaa4253abd2ba810d53f4a8 [term 2 FOLLOWER]: Advancing to term 3
I20260710 13:20:19.586571 11489 raft_consensus.cc:515] T fc4dd7bdb6344af7b781fddc75c5fc9a P bd0f2722ddaa4253abd2ba810d53f4a8 [term 3 FOLLOWER]: Starting forced leader election with config: opid_index: -1 OBSOLETE_local: false peers { permanent_uuid: "839c72847ff8413d9ccbefc6f53b5e85" member_type: VOTER last_known_addr { host: "127.10.241.129" port: 36187 } } peers { permanent_uuid: "c509f2b53594468c9d17c8260dd1d597" member_type: VOTER last_known_addr { host: "127.10.241.130" port: 36823 } } peers { permanent_uuid: "bd0f2722ddaa4253abd2ba810d53f4a8" member_type: VOTER last_known_addr { host: "127.10.241.131" port: 36023 } }
I20260710 13:20:19.588313 11489 leader_election.cc:290] T fc4dd7bdb6344af7b781fddc75c5fc9a P bd0f2722ddaa4253abd2ba810d53f4a8 [CANDIDATE]: Term 3 election: Requested vote from peers 839c72847ff8413d9ccbefc6f53b5e85 (127.10.241.129:36187), c509f2b53594468c9d17c8260dd1d597 (127.10.241.130:36823)
I20260710 13:20:19.589046 11340 tablet_service.cc:1917] Received RequestConsensusVote() RPC: tablet_id: "fc4dd7bdb6344af7b781fddc75c5fc9a" candidate_uuid: "bd0f2722ddaa4253abd2ba810d53f4a8" candidate_term: 3 candidate_status { last_received { term: 2 index: 2 } } ignore_live_leader: true dest_uuid: "839c72847ff8413d9ccbefc6f53b5e85"
I20260710 13:20:19.589345 11415 tablet_service.cc:1917] Received RequestConsensusVote() RPC: tablet_id: "fc4dd7bdb6344af7b781fddc75c5fc9a" candidate_uuid: "bd0f2722ddaa4253abd2ba810d53f4a8" candidate_term: 3 candidate_status { last_received { term: 2 index: 2 } } ignore_live_leader: true dest_uuid: "c509f2b53594468c9d17c8260dd1d597"
I20260710 13:20:19.589655 11340 raft_consensus.cc:3060] T fc4dd7bdb6344af7b781fddc75c5fc9a P 839c72847ff8413d9ccbefc6f53b5e85 [term 2 FOLLOWER]: Advancing to term 3
I20260710 13:20:19.589917 11415 raft_consensus.cc:3055] T fc4dd7bdb6344af7b781fddc75c5fc9a P c509f2b53594468c9d17c8260dd1d597 [term 2 LEADER]: Stepping down as leader of term 2
I20260710 13:20:19.590226 11415 raft_consensus.cc:740] T fc4dd7bdb6344af7b781fddc75c5fc9a P c509f2b53594468c9d17c8260dd1d597 [term 2 LEADER]: Becoming Follower/Learner. State: Replica: c509f2b53594468c9d17c8260dd1d597, State: Running, Role: LEADER
I20260710 13:20:19.590976 11415 consensus_queue.cc:260] T fc4dd7bdb6344af7b781fddc75c5fc9a P c509f2b53594468c9d17c8260dd1d597 [NON_LEADER]: Queue going to NON_LEADER mode. State: All replicated index: 0, Majority replicated index: 2, Committed index: 2, Last appended: 2.2, Last appended by leader: 2, Current term: 2, Majority size: -1, State: 0, Mode: NON_LEADER, active raft config: opid_index: -1 OBSOLETE_local: false peers { permanent_uuid: "839c72847ff8413d9ccbefc6f53b5e85" member_type: VOTER last_known_addr { host: "127.10.241.129" port: 36187 } } peers { permanent_uuid: "c509f2b53594468c9d17c8260dd1d597" member_type: VOTER last_known_addr { host: "127.10.241.130" port: 36823 } } peers { permanent_uuid: "bd0f2722ddaa4253abd2ba810d53f4a8" member_type: VOTER last_known_addr { host: "127.10.241.131" port: 36023 } }
I20260710 13:20:19.592103 11415 raft_consensus.cc:3060] T fc4dd7bdb6344af7b781fddc75c5fc9a P c509f2b53594468c9d17c8260dd1d597 [term 2 FOLLOWER]: Advancing to term 3
I20260710 13:20:19.596211 11340 raft_consensus.cc:2468] T fc4dd7bdb6344af7b781fddc75c5fc9a P 839c72847ff8413d9ccbefc6f53b5e85 [term 3 FOLLOWER]: Leader election vote request: Granting yes vote for candidate bd0f2722ddaa4253abd2ba810d53f4a8 in term 3.
I20260710 13:20:19.597185 11454 leader_election.cc:304] T fc4dd7bdb6344af7b781fddc75c5fc9a P bd0f2722ddaa4253abd2ba810d53f4a8 [CANDIDATE]: Term 3 election: Election decided. Result: candidate won. Election summary: received 2 responses out of 3 voters: 2 yes votes; 0 no votes. yes voters: 839c72847ff8413d9ccbefc6f53b5e85, bd0f2722ddaa4253abd2ba810d53f4a8; no voters: 
I20260710 13:20:19.597925 11618 raft_consensus.cc:2804] T fc4dd7bdb6344af7b781fddc75c5fc9a P bd0f2722ddaa4253abd2ba810d53f4a8 [term 3 FOLLOWER]: Leader election won for term 3
I20260710 13:20:19.598320 11618 raft_consensus.cc:697] T fc4dd7bdb6344af7b781fddc75c5fc9a P bd0f2722ddaa4253abd2ba810d53f4a8 [term 3 LEADER]: Becoming Leader. State: Replica: bd0f2722ddaa4253abd2ba810d53f4a8, State: Running, Role: LEADER
I20260710 13:20:19.598320 11415 raft_consensus.cc:2468] T fc4dd7bdb6344af7b781fddc75c5fc9a P c509f2b53594468c9d17c8260dd1d597 [term 3 FOLLOWER]: Leader election vote request: Granting yes vote for candidate bd0f2722ddaa4253abd2ba810d53f4a8 in term 3.
I20260710 13:20:19.599198 11618 consensus_queue.cc:237] T fc4dd7bdb6344af7b781fddc75c5fc9a P bd0f2722ddaa4253abd2ba810d53f4a8 [LEADER]: Queue going to LEADER mode. State: All replicated index: 0, Majority replicated index: 2, Committed index: 2, Last appended: 2.2, Last appended by leader: 2, Current term: 3, Majority size: 2, State: 0, Mode: LEADER, active raft config: opid_index: -1 OBSOLETE_local: false peers { permanent_uuid: "839c72847ff8413d9ccbefc6f53b5e85" member_type: VOTER last_known_addr { host: "127.10.241.129" port: 36187 } } peers { permanent_uuid: "c509f2b53594468c9d17c8260dd1d597" member_type: VOTER last_known_addr { host: "127.10.241.130" port: 36823 } } peers { permanent_uuid: "bd0f2722ddaa4253abd2ba810d53f4a8" member_type: VOTER last_known_addr { host: "127.10.241.131" port: 36023 } }
I20260710 13:20:19.605706 11237 catalog_manager.cc:5697] T fc4dd7bdb6344af7b781fddc75c5fc9a P bd0f2722ddaa4253abd2ba810d53f4a8 reported cstate change: term changed from 2 to 3, leader changed from c509f2b53594468c9d17c8260dd1d597 (127.10.241.130) to bd0f2722ddaa4253abd2ba810d53f4a8 (127.10.241.131). New cstate: current_term: 3 leader_uuid: "bd0f2722ddaa4253abd2ba810d53f4a8" committed_config { opid_index: -1 OBSOLETE_local: false peers { permanent_uuid: "839c72847ff8413d9ccbefc6f53b5e85" member_type: VOTER last_known_addr { host: "127.10.241.129" port: 36187 } health_report { overall_health: UNKNOWN } } peers { permanent_uuid: "c509f2b53594468c9d17c8260dd1d597" member_type: VOTER last_known_addr { host: "127.10.241.130" port: 36823 } health_report { overall_health: UNKNOWN } } peers { permanent_uuid: "bd0f2722ddaa4253abd2ba810d53f4a8" member_type: VOTER last_known_addr { host: "127.10.241.131" port: 36023 } health_report { overall_health: HEALTHY } } }
I20260710 13:20:20.053117 11415 raft_consensus.cc:1275] T fc4dd7bdb6344af7b781fddc75c5fc9a P c509f2b53594468c9d17c8260dd1d597 [term 3 FOLLOWER]: Refusing update from remote peer bd0f2722ddaa4253abd2ba810d53f4a8: Log matching property violated. Preceding OpId in replica: term: 2 index: 2. Preceding OpId from leader: term: 3 index: 3. (index mismatch)
I20260710 13:20:20.054229 11618 consensus_queue.cc:1048] T fc4dd7bdb6344af7b781fddc75c5fc9a P bd0f2722ddaa4253abd2ba810d53f4a8 [LEADER]: Connected to new peer: Peer: permanent_uuid: "c509f2b53594468c9d17c8260dd1d597" member_type: VOTER last_known_addr { host: "127.10.241.130" port: 36823 }, Status: LMP_MISMATCH, Last received: 0.0, Next index: 3, Last known committed idx: 2, Time since last communication: 0.000s
I20260710 13:20:20.062902 11340 raft_consensus.cc:1275] T fc4dd7bdb6344af7b781fddc75c5fc9a P 839c72847ff8413d9ccbefc6f53b5e85 [term 3 FOLLOWER]: Refusing update from remote peer bd0f2722ddaa4253abd2ba810d53f4a8: Log matching property violated. Preceding OpId in replica: term: 2 index: 2. Preceding OpId from leader: term: 3 index: 3. (index mismatch)
I20260710 13:20:20.065331 11633 consensus_queue.cc:1048] T fc4dd7bdb6344af7b781fddc75c5fc9a P bd0f2722ddaa4253abd2ba810d53f4a8 [LEADER]: Connected to new peer: Peer: permanent_uuid: "839c72847ff8413d9ccbefc6f53b5e85" member_type: VOTER last_known_addr { host: "127.10.241.129" port: 36187 }, Status: LMP_MISMATCH, Last received: 0.0, Next index: 3, Last known committed idx: 2, Time since last communication: 0.000s
I20260710 13:20:20.083024 11340 raft_consensus.cc:1275] T 3e2235650eb24a8d816a8545c9e0cd5b P 839c72847ff8413d9ccbefc6f53b5e85 [term 3 FOLLOWER]: Refusing update from remote peer bd0f2722ddaa4253abd2ba810d53f4a8: Log matching property violated. Preceding OpId in replica: term: 2 index: 2. Preceding OpId from leader: term: 3 index: 3. (index mismatch)
I20260710 13:20:20.084051 11633 consensus_queue.cc:1048] T 3e2235650eb24a8d816a8545c9e0cd5b P bd0f2722ddaa4253abd2ba810d53f4a8 [LEADER]: Connected to new peer: Peer: permanent_uuid: "839c72847ff8413d9ccbefc6f53b5e85" member_type: VOTER last_known_addr { host: "127.10.241.129" port: 36187 }, Status: LMP_MISMATCH, Last received: 0.0, Next index: 3, Last known committed idx: 2, Time since last communication: 0.000s
I20260710 13:20:20.091763 11415 raft_consensus.cc:1275] T 3e2235650eb24a8d816a8545c9e0cd5b P c509f2b53594468c9d17c8260dd1d597 [term 3 FOLLOWER]: Refusing update from remote peer bd0f2722ddaa4253abd2ba810d53f4a8: Log matching property violated. Preceding OpId in replica: term: 2 index: 2. Preceding OpId from leader: term: 3 index: 3. (index mismatch)
I20260710 13:20:20.093151 11618 consensus_queue.cc:1048] T 3e2235650eb24a8d816a8545c9e0cd5b P bd0f2722ddaa4253abd2ba810d53f4a8 [LEADER]: Connected to new peer: Peer: permanent_uuid: "c509f2b53594468c9d17c8260dd1d597" member_type: VOTER last_known_addr { host: "127.10.241.130" port: 36823 }, Status: LMP_MISMATCH, Last received: 0.0, Next index: 3, Last known committed idx: 2, Time since last communication: 0.000s
I20260710 13:20:20.279305 11206 auto_leader_rebalancer.cc:141] leader rebalance for table test-workload
I20260710 13:20:20.289120 11489 tablet_service.cc:2072] Received LeaderStepDown RPC: tablet_id: "3e2235650eb24a8d816a8545c9e0cd5b"
dest_uuid: "bd0f2722ddaa4253abd2ba810d53f4a8"
mode: GRACEFUL
new_leader_uuid: "c509f2b53594468c9d17c8260dd1d597"
 from {username='slave'} at 127.0.0.1:46164
I20260710 13:20:20.289598 11489 raft_consensus.cc:606] T 3e2235650eb24a8d816a8545c9e0cd5b P bd0f2722ddaa4253abd2ba810d53f4a8 [term 3 LEADER]: Received request to transfer leadership to TS c509f2b53594468c9d17c8260dd1d597
I20260710 13:20:20.293730 11340 tablet_service.cc:2072] Received LeaderStepDown RPC: tablet_id: "2edb27ef5d5340fdac1a6f57a22b83bc"
dest_uuid: "839c72847ff8413d9ccbefc6f53b5e85"
mode: GRACEFUL
new_leader_uuid: "c509f2b53594468c9d17c8260dd1d597"
 from {username='slave'} at 127.0.0.1:34744
I20260710 13:20:20.294181 11340 raft_consensus.cc:606] T 2edb27ef5d5340fdac1a6f57a22b83bc P 839c72847ff8413d9ccbefc6f53b5e85 [term 2 LEADER]: Received request to transfer leadership to TS c509f2b53594468c9d17c8260dd1d597
I20260710 13:20:20.298597 11340 tablet_service.cc:2072] Received LeaderStepDown RPC: tablet_id: "50f6c583ee2e48b89835abc06ea58dde"
dest_uuid: "839c72847ff8413d9ccbefc6f53b5e85"
mode: GRACEFUL
new_leader_uuid: "c509f2b53594468c9d17c8260dd1d597"
 from {username='slave'} at 127.0.0.1:34744
I20260710 13:20:20.298996 11340 raft_consensus.cc:606] T 50f6c583ee2e48b89835abc06ea58dde P 839c72847ff8413d9ccbefc6f53b5e85 [term 2 LEADER]: Received request to transfer leadership to TS c509f2b53594468c9d17c8260dd1d597
I20260710 13:20:20.302920 11340 tablet_service.cc:2072] Received LeaderStepDown RPC: tablet_id: "ccf83c1f944647b5873039f7db06087b"
dest_uuid: "839c72847ff8413d9ccbefc6f53b5e85"
mode: GRACEFUL
new_leader_uuid: "c509f2b53594468c9d17c8260dd1d597"
 from {username='slave'} at 127.0.0.1:34744
I20260710 13:20:20.303372 11340 raft_consensus.cc:606] T ccf83c1f944647b5873039f7db06087b P 839c72847ff8413d9ccbefc6f53b5e85 [term 1 LEADER]: Received request to transfer leadership to TS c509f2b53594468c9d17c8260dd1d597
I20260710 13:20:20.309478 11489 tablet_service.cc:2072] Received LeaderStepDown RPC: tablet_id: "fc4dd7bdb6344af7b781fddc75c5fc9a"
dest_uuid: "bd0f2722ddaa4253abd2ba810d53f4a8"
