I20260710 13:20:58.723971 12977 raft_consensus.cc:993] T ca02b51db0674e51970765d6116b8988 P 8fc1f7e3dbfa44c1a70489864425a944: : Instructing follower 87ca975a65cd4e9cb5c2a1717ed7b56c to start an election
I20260710 13:20:58.724432 12934 raft_consensus.cc:1081] T ca02b51db0674e51970765d6116b8988 P 8fc1f7e3dbfa44c1a70489864425a944 [term 1 LEADER]: Signalling peer 87ca975a65cd4e9cb5c2a1717ed7b56c to start an election
I20260710 13:20:58.725838 12621 tablet_service.cc:2044] Received Run Leader Election RPC: tablet_id: "ca02b51db0674e51970765d6116b8988"
dest_uuid: "87ca975a65cd4e9cb5c2a1717ed7b56c"
 from {username='slave'} at 127.0.0.1:50498
I20260710 13:20:58.726554 12621 raft_consensus.cc:493] T ca02b51db0674e51970765d6116b8988 P 87ca975a65cd4e9cb5c2a1717ed7b56c [term 1 FOLLOWER]: Starting forced leader election (received explicit request)
I20260710 13:20:58.726884 12621 raft_consensus.cc:3060] T ca02b51db0674e51970765d6116b8988 P 87ca975a65cd4e9cb5c2a1717ed7b56c [term 1 FOLLOWER]: Advancing to term 2
I20260710 13:20:58.733079 12621 raft_consensus.cc:515] T ca02b51db0674e51970765d6116b8988 P 87ca975a65cd4e9cb5c2a1717ed7b56c [term 2 FOLLOWER]: Starting forced leader election with config: opid_index: 4 OBSOLETE_local: false peers { permanent_uuid: "8fc1f7e3dbfa44c1a70489864425a944" member_type: VOTER last_known_addr { host: "127.10.210.131" port: 38791 } } peers { permanent_uuid: "76162d71f5dc49fdbd62551038955111" member_type: VOTER last_known_addr { host: "127.10.210.130" port: 37443 } } peers { permanent_uuid: "87ca975a65cd4e9cb5c2a1717ed7b56c" member_type: VOTER last_known_addr { host: "127.10.210.132" port: 36661 } attrs { promote: false } }
I20260710 13:20:58.734985 12621 leader_election.cc:290] T ca02b51db0674e51970765d6116b8988 P 87ca975a65cd4e9cb5c2a1717ed7b56c [CANDIDATE]: Term 2 election: Requested vote from peers 8fc1f7e3dbfa44c1a70489864425a944 (127.10.210.131:38791), 76162d71f5dc49fdbd62551038955111 (127.10.210.130:37443)
I20260710 13:20:58.735647 12366 tablet_service.cc:1917] Received RequestConsensusVote() RPC: tablet_id: "ca02b51db0674e51970765d6116b8988" candidate_uuid: "87ca975a65cd4e9cb5c2a1717ed7b56c" candidate_term: 2 candidate_status { last_received { term: 1 index: 4 } } ignore_live_leader: true dest_uuid: "8fc1f7e3dbfa44c1a70489864425a944"
I20260710 13:20:58.736058 12290 tablet_service.cc:1917] Received RequestConsensusVote() RPC: tablet_id: "ca02b51db0674e51970765d6116b8988" candidate_uuid: "87ca975a65cd4e9cb5c2a1717ed7b56c" candidate_term: 2 candidate_status { last_received { term: 1 index: 4 } } ignore_live_leader: true dest_uuid: "76162d71f5dc49fdbd62551038955111"
I20260710 13:20:58.736241 12366 raft_consensus.cc:3055] T ca02b51db0674e51970765d6116b8988 P 8fc1f7e3dbfa44c1a70489864425a944 [term 1 LEADER]: Stepping down as leader of term 1
I20260710 13:20:58.736624 12366 raft_consensus.cc:740] T ca02b51db0674e51970765d6116b8988 P 8fc1f7e3dbfa44c1a70489864425a944 [term 1 LEADER]: Becoming Follower/Learner. State: Replica: 8fc1f7e3dbfa44c1a70489864425a944, State: Running, Role: LEADER
I20260710 13:20:58.736632 12290 raft_consensus.cc:3060] T ca02b51db0674e51970765d6116b8988 P 76162d71f5dc49fdbd62551038955111 [term 1 FOLLOWER]: Advancing to term 2
I20260710 13:20:58.737401 12366 consensus_queue.cc:260] T ca02b51db0674e51970765d6116b8988 P 8fc1f7e3dbfa44c1a70489864425a944 [NON_LEADER]: Queue going to NON_LEADER mode. State: All replicated index: 0, Majority replicated index: 4, Committed index: 4, Last appended: 1.4, Last appended by leader: 4, Current term: 1, Majority size: -1, State: 0, Mode: NON_LEADER, active raft config: opid_index: 4 OBSOLETE_local: false peers { permanent_uuid: "8fc1f7e3dbfa44c1a70489864425a944" member_type: VOTER last_known_addr { host: "127.10.210.131" port: 38791 } } peers { permanent_uuid: "76162d71f5dc49fdbd62551038955111" member_type: VOTER last_known_addr { host: "127.10.210.130" port: 37443 } } peers { permanent_uuid: "87ca975a65cd4e9cb5c2a1717ed7b56c" member_type: VOTER last_known_addr { host: "127.10.210.132" port: 36661 } attrs { promote: false } }
I20260710 13:20:58.738257 12366 raft_consensus.cc:3060] T ca02b51db0674e51970765d6116b8988 P 8fc1f7e3dbfa44c1a70489864425a944 [term 1 FOLLOWER]: Advancing to term 2
I20260710 13:20:58.741487 12290 raft_consensus.cc:2468] T ca02b51db0674e51970765d6116b8988 P 76162d71f5dc49fdbd62551038955111 [term 2 FOLLOWER]: Leader election vote request: Granting yes vote for candidate 87ca975a65cd4e9cb5c2a1717ed7b56c in term 2.
I20260710 13:20:58.742415 12586 leader_election.cc:304] T ca02b51db0674e51970765d6116b8988 P 87ca975a65cd4e9cb5c2a1717ed7b56c [CANDIDATE]: Term 2 election: Election decided. Result: candidate won. Election summary: received 2 responses out of 3 voters: 2 yes votes; 0 no votes. yes voters: 76162d71f5dc49fdbd62551038955111, 87ca975a65cd4e9cb5c2a1717ed7b56c; no voters: 
I20260710 13:20:58.743196 12982 raft_consensus.cc:2804] T ca02b51db0674e51970765d6116b8988 P 87ca975a65cd4e9cb5c2a1717ed7b56c [term 2 FOLLOWER]: Leader election won for term 2
I20260710 13:20:58.743137 12366 raft_consensus.cc:2468] T ca02b51db0674e51970765d6116b8988 P 8fc1f7e3dbfa44c1a70489864425a944 [term 2 FOLLOWER]: Leader election vote request: Granting yes vote for candidate 87ca975a65cd4e9cb5c2a1717ed7b56c in term 2.
I20260710 13:20:58.743826 12982 raft_consensus.cc:697] T ca02b51db0674e51970765d6116b8988 P 87ca975a65cd4e9cb5c2a1717ed7b56c [term 2 LEADER]: Becoming Leader. State: Replica: 87ca975a65cd4e9cb5c2a1717ed7b56c, State: Running, Role: LEADER
I20260710 13:20:58.744784 12982 consensus_queue.cc:237] T ca02b51db0674e51970765d6116b8988 P 87ca975a65cd4e9cb5c2a1717ed7b56c [LEADER]: Queue going to LEADER mode. State: All replicated index: 0, Majority replicated index: 4, Committed index: 4, Last appended: 1.4, Last appended by leader: 4, Current term: 2, Majority size: 2, State: 0, Mode: LEADER, active raft config: opid_index: 4 OBSOLETE_local: false peers { permanent_uuid: "8fc1f7e3dbfa44c1a70489864425a944" member_type: VOTER last_known_addr { host: "127.10.210.131" port: 38791 } } peers { permanent_uuid: "76162d71f5dc49fdbd62551038955111" member_type: VOTER last_known_addr { host: "127.10.210.130" port: 37443 } } peers { permanent_uuid: "87ca975a65cd4e9cb5c2a1717ed7b56c" member_type: VOTER last_known_addr { host: "127.10.210.132" port: 36661 } attrs { promote: false } }
I20260710 13:20:58.752636 12115 catalog_manager.cc:5697] T ca02b51db0674e51970765d6116b8988 P 87ca975a65cd4e9cb5c2a1717ed7b56c reported cstate change: term changed from 1 to 2, leader changed from 8fc1f7e3dbfa44c1a70489864425a944 (127.10.210.131) to 87ca975a65cd4e9cb5c2a1717ed7b56c (127.10.210.132). New cstate: current_term: 2 leader_uuid: "87ca975a65cd4e9cb5c2a1717ed7b56c" committed_config { opid_index: 4 OBSOLETE_local: false peers { permanent_uuid: "8fc1f7e3dbfa44c1a70489864425a944" member_type: VOTER last_known_addr { host: "127.10.210.131" port: 38791 } health_report { overall_health: UNKNOWN } } peers { permanent_uuid: "76162d71f5dc49fdbd62551038955111" member_type: VOTER last_known_addr { host: "127.10.210.130" port: 37443 } health_report { overall_health: UNKNOWN } } peers { permanent_uuid: "87ca975a65cd4e9cb5c2a1717ed7b56c" member_type: VOTER last_known_addr { host: "127.10.210.132" port: 36661 } attrs { promote: false } health_report { overall_health: HEALTHY } } }
I20260710 13:20:58.868158 12897 raft_consensus.cc:993] T 2e884ae123c34a6fb0e6838ac39025c0 P 598004379be44ffdbf65acf1a7332e5e: : Instructing follower 87ca975a65cd4e9cb5c2a1717ed7b56c to start an election
I20260710 13:20:58.868674 12897 raft_consensus.cc:1081] T 2e884ae123c34a6fb0e6838ac39025c0 P 598004379be44ffdbf65acf1a7332e5e [term 1 LEADER]: Signalling peer 87ca975a65cd4e9cb5c2a1717ed7b56c to start an election
I20260710 13:20:58.870468 12621 tablet_service.cc:2044] Received Run Leader Election RPC: tablet_id: "2e884ae123c34a6fb0e6838ac39025c0"
dest_uuid: "87ca975a65cd4e9cb5c2a1717ed7b56c"
 from {username='slave'} at 127.0.0.1:50504
I20260710 13:20:58.870977 12621 raft_consensus.cc:493] T 2e884ae123c34a6fb0e6838ac39025c0 P 87ca975a65cd4e9cb5c2a1717ed7b56c [term 1 FOLLOWER]: Starting forced leader election (received explicit request)
I20260710 13:20:58.871261 12621 raft_consensus.cc:3060] T 2e884ae123c34a6fb0e6838ac39025c0 P 87ca975a65cd4e9cb5c2a1717ed7b56c [term 1 FOLLOWER]: Advancing to term 2
I20260710 13:20:58.875854 12621 raft_consensus.cc:515] T 2e884ae123c34a6fb0e6838ac39025c0 P 87ca975a65cd4e9cb5c2a1717ed7b56c [term 2 FOLLOWER]: Starting forced leader election with config: opid_index: 4 OBSOLETE_local: false peers { permanent_uuid: "598004379be44ffdbf65acf1a7332e5e" member_type: VOTER last_known_addr { host: "127.10.210.129" port: 45449 } } peers { permanent_uuid: "8fc1f7e3dbfa44c1a70489864425a944" member_type: VOTER last_known_addr { host: "127.10.210.131" port: 38791 } } peers { permanent_uuid: "87ca975a65cd4e9cb5c2a1717ed7b56c" member_type: VOTER last_known_addr { host: "127.10.210.132" port: 36661 } attrs { promote: false } }
I20260710 13:20:58.877485 12621 leader_election.cc:290] T 2e884ae123c34a6fb0e6838ac39025c0 P 87ca975a65cd4e9cb5c2a1717ed7b56c [CANDIDATE]: Term 2 election: Requested vote from peers 598004379be44ffdbf65acf1a7332e5e (127.10.210.129:45449), 8fc1f7e3dbfa44c1a70489864425a944 (127.10.210.131:38791)
I20260710 13:20:58.878587 12217 tablet_service.cc:1917] Received RequestConsensusVote() RPC: tablet_id: "2e884ae123c34a6fb0e6838ac39025c0" candidate_uuid: "87ca975a65cd4e9cb5c2a1717ed7b56c" candidate_term: 2 candidate_status { last_received { term: 1 index: 4 } } ignore_live_leader: true dest_uuid: "598004379be44ffdbf65acf1a7332e5e"
I20260710 13:20:58.878880 12366 tablet_service.cc:1917] Received RequestConsensusVote() RPC: tablet_id: "2e884ae123c34a6fb0e6838ac39025c0" candidate_uuid: "87ca975a65cd4e9cb5c2a1717ed7b56c" candidate_term: 2 candidate_status { last_received { term: 1 index: 4 } } ignore_live_leader: true dest_uuid: "8fc1f7e3dbfa44c1a70489864425a944"
I20260710 13:20:58.879161 12217 raft_consensus.cc:3055] T 2e884ae123c34a6fb0e6838ac39025c0 P 598004379be44ffdbf65acf1a7332e5e [term 1 LEADER]: Stepping down as leader of term 1
I20260710 13:20:58.879493 12217 raft_consensus.cc:740] T 2e884ae123c34a6fb0e6838ac39025c0 P 598004379be44ffdbf65acf1a7332e5e [term 1 LEADER]: Becoming Follower/Learner. State: Replica: 598004379be44ffdbf65acf1a7332e5e, State: Running, Role: LEADER
I20260710 13:20:58.879527 12366 raft_consensus.cc:3060] T 2e884ae123c34a6fb0e6838ac39025c0 P 8fc1f7e3dbfa44c1a70489864425a944 [term 1 FOLLOWER]: Advancing to term 2
I20260710 13:20:58.881102 12217 consensus_queue.cc:260] T 2e884ae123c34a6fb0e6838ac39025c0 P 598004379be44ffdbf65acf1a7332e5e [NON_LEADER]: Queue going to NON_LEADER mode. State: All replicated index: 0, Majority replicated index: 4, Committed index: 4, Last appended: 1.4, Last appended by leader: 4, Current term: 1, Majority size: -1, State: 0, Mode: NON_LEADER, active raft config: opid_index: 4 OBSOLETE_local: false peers { permanent_uuid: "598004379be44ffdbf65acf1a7332e5e" member_type: VOTER last_known_addr { host: "127.10.210.129" port: 45449 } } peers { permanent_uuid: "8fc1f7e3dbfa44c1a70489864425a944" member_type: VOTER last_known_addr { host: "127.10.210.131" port: 38791 } } peers { permanent_uuid: "87ca975a65cd4e9cb5c2a1717ed7b56c" member_type: VOTER last_known_addr { host: "127.10.210.132" port: 36661 } attrs { promote: false } }
I20260710 13:20:58.882018 12217 raft_consensus.cc:3060] T 2e884ae123c34a6fb0e6838ac39025c0 P 598004379be44ffdbf65acf1a7332e5e [term 1 FOLLOWER]: Advancing to term 2
I20260710 13:20:58.885164 12366 raft_consensus.cc:2468] T 2e884ae123c34a6fb0e6838ac39025c0 P 8fc1f7e3dbfa44c1a70489864425a944 [term 2 FOLLOWER]: Leader election vote request: Granting yes vote for candidate 87ca975a65cd4e9cb5c2a1717ed7b56c in term 2.
I20260710 13:20:58.885814 12217 raft_consensus.cc:2468] T 2e884ae123c34a6fb0e6838ac39025c0 P 598004379be44ffdbf65acf1a7332e5e [term 2 FOLLOWER]: Leader election vote request: Granting yes vote for candidate 87ca975a65cd4e9cb5c2a1717ed7b56c in term 2.
I20260710 13:20:58.886096 12583 leader_election.cc:304] T 2e884ae123c34a6fb0e6838ac39025c0 P 87ca975a65cd4e9cb5c2a1717ed7b56c [CANDIDATE]: Term 2 election: Election decided. Result: candidate won. Election summary: received 2 responses out of 3 voters: 2 yes votes; 0 no votes. yes voters: 87ca975a65cd4e9cb5c2a1717ed7b56c, 8fc1f7e3dbfa44c1a70489864425a944; no voters: 
I20260710 13:20:58.886909 12982 raft_consensus.cc:2804] T 2e884ae123c34a6fb0e6838ac39025c0 P 87ca975a65cd4e9cb5c2a1717ed7b56c [term 2 FOLLOWER]: Leader election won for term 2
I20260710 13:20:58.887264 12982 raft_consensus.cc:697] T 2e884ae123c34a6fb0e6838ac39025c0 P 87ca975a65cd4e9cb5c2a1717ed7b56c [term 2 LEADER]: Becoming Leader. State: Replica: 87ca975a65cd4e9cb5c2a1717ed7b56c, State: Running, Role: LEADER
I20260710 13:20:58.887980 12982 consensus_queue.cc:237] T 2e884ae123c34a6fb0e6838ac39025c0 P 87ca975a65cd4e9cb5c2a1717ed7b56c [LEADER]: Queue going to LEADER mode. State: All replicated index: 0, Majority replicated index: 4, Committed index: 4, Last appended: 1.4, Last appended by leader: 4, Current term: 2, Majority size: 2, State: 0, Mode: LEADER, active raft config: opid_index: 4 OBSOLETE_local: false peers { permanent_uuid: "598004379be44ffdbf65acf1a7332e5e" member_type: VOTER last_known_addr { host: "127.10.210.129" port: 45449 } } peers { permanent_uuid: "8fc1f7e3dbfa44c1a70489864425a944" member_type: VOTER last_known_addr { host: "127.10.210.131" port: 38791 } } peers { permanent_uuid: "87ca975a65cd4e9cb5c2a1717ed7b56c" member_type: VOTER last_known_addr { host: "127.10.210.132" port: 36661 } attrs { promote: false } }
I20260710 13:20:58.896052 12115 catalog_manager.cc:5697] T 2e884ae123c34a6fb0e6838ac39025c0 P 87ca975a65cd4e9cb5c2a1717ed7b56c reported cstate change: term changed from 1 to 2, leader changed from 598004379be44ffdbf65acf1a7332e5e (127.10.210.129) to 87ca975a65cd4e9cb5c2a1717ed7b56c (127.10.210.132). New cstate: current_term: 2 leader_uuid: "87ca975a65cd4e9cb5c2a1717ed7b56c" committed_config { opid_index: 4 OBSOLETE_local: false peers { permanent_uuid: "598004379be44ffdbf65acf1a7332e5e" member_type: VOTER last_known_addr { host: "127.10.210.129" port: 45449 } health_report { overall_health: UNKNOWN } } peers { permanent_uuid: "8fc1f7e3dbfa44c1a70489864425a944" member_type: VOTER last_known_addr { host: "127.10.210.131" port: 38791 } health_report { overall_health: UNKNOWN } } peers { permanent_uuid: "87ca975a65cd4e9cb5c2a1717ed7b56c" member_type: VOTER last_known_addr { host: "127.10.210.132" port: 36661 } attrs { promote: false } health_report { overall_health: HEALTHY } } }
I20260710 13:20:58.977799 12217 raft_consensus.cc:1275] T 199277d74c3e4dbaa70ef042e2e19030 P 598004379be44ffdbf65acf1a7332e5e [term 2 FOLLOWER]: Refusing update from remote peer 87ca975a65cd4e9cb5c2a1717ed7b56c: Log matching property violated. Preceding OpId in replica: term: 1 index: 4. Preceding OpId from leader: term: 2 index: 5. (index mismatch)
I20260710 13:20:58.978869 12982 consensus_queue.cc:1048] T 199277d74c3e4dbaa70ef042e2e19030 P 87ca975a65cd4e9cb5c2a1717ed7b56c [LEADER]: Connected to new peer: Peer: permanent_uuid: "598004379be44ffdbf65acf1a7332e5e" member_type: VOTER last_known_addr { host: "127.10.210.129" port: 45449 }, Status: LMP_MISMATCH, Last received: 0.0, Next index: 5, Last known committed idx: 4, Time since last communication: 0.000s
I20260710 13:20:58.989180 12364 raft_consensus.cc:1275] T 199277d74c3e4dbaa70ef042e2e19030 P 8fc1f7e3dbfa44c1a70489864425a944 [term 2 FOLLOWER]: Refusing update from remote peer 87ca975a65cd4e9cb5c2a1717ed7b56c: Log matching property violated. Preceding OpId in replica: term: 1 index: 4. Preceding OpId from leader: term: 2 index: 5. (index mismatch)
I20260710 13:20:58.991137 12983 consensus_queue.cc:1048] T 199277d74c3e4dbaa70ef042e2e19030 P 87ca975a65cd4e9cb5c2a1717ed7b56c [LEADER]: Connected to new peer: Peer: permanent_uuid: "8fc1f7e3dbfa44c1a70489864425a944" member_type: VOTER last_known_addr { host: "127.10.210.131" port: 38791 }, Status: LMP_MISMATCH, Last received: 0.0, Next index: 5, Last known committed idx: 4, Time since last communication: 0.001s
I20260710 13:20:58.992848 12364 raft_consensus.cc:1275] T a867939b09914e2b83c3ee471c2c2fcd P 8fc1f7e3dbfa44c1a70489864425a944 [term 2 FOLLOWER]: Refusing update from remote peer 87ca975a65cd4e9cb5c2a1717ed7b56c: Log matching property violated. Preceding OpId in replica: term: 1 index: 4. Preceding OpId from leader: term: 2 index: 5. (index mismatch)
I20260710 13:20:58.994277 12997 consensus_queue.cc:1048] T a867939b09914e2b83c3ee471c2c2fcd P 87ca975a65cd4e9cb5c2a1717ed7b56c [LEADER]: Connected to new peer: Peer: permanent_uuid: "8fc1f7e3dbfa44c1a70489864425a944" member_type: VOTER last_known_addr { host: "127.10.210.131" port: 38791 }, Status: LMP_MISMATCH, Last received: 0.0, Next index: 5, Last known committed idx: 4, Time since last communication: 0.000s
I20260710 13:20:59.008810 12290 raft_consensus.cc:1275] T a867939b09914e2b83c3ee471c2c2fcd P 76162d71f5dc49fdbd62551038955111 [term 2 FOLLOWER]: Refusing update from remote peer 87ca975a65cd4e9cb5c2a1717ed7b56c: Log matching property violated. Preceding OpId in replica: term: 1 index: 4. Preceding OpId from leader: term: 2 index: 5. (index mismatch)
I20260710 13:20:59.010241 12983 consensus_queue.cc:1048] T a867939b09914e2b83c3ee471c2c2fcd P 87ca975a65cd4e9cb5c2a1717ed7b56c [LEADER]: Connected to new peer: Peer: permanent_uuid: "76162d71f5dc49fdbd62551038955111" member_type: VOTER last_known_addr { host: "127.10.210.130" port: 37443 }, Status: LMP_MISMATCH, Last received: 0.0, Next index: 5, Last known committed idx: 4, Time since last communication: 0.000s
I20260710 13:20:59.013768 12364 raft_consensus.cc:1275] T 90426578ff3345dc80d18b36963a7a38 P 8fc1f7e3dbfa44c1a70489864425a944 [term 2 FOLLOWER]: Refusing update from remote peer 76162d71f5dc49fdbd62551038955111: Log matching property violated. Preceding OpId in replica: term: 1 index: 1. Preceding OpId from leader: term: 2 index: 2. (index mismatch)
I20260710 13:20:59.016510 12922 consensus_queue.cc:1048] T 90426578ff3345dc80d18b36963a7a38 P 76162d71f5dc49fdbd62551038955111 [LEADER]: Connected to new peer: Peer: permanent_uuid: "8fc1f7e3dbfa44c1a70489864425a944" member_type: VOTER last_known_addr { host: "127.10.210.131" port: 38791 }, Status: LMP_MISMATCH, Last received: 0.0, Next index: 2, Last known committed idx: 1, Time since last communication: 0.000s
I20260710 13:20:59.035375 12217 raft_consensus.cc:1275] T 90426578ff3345dc80d18b36963a7a38 P 598004379be44ffdbf65acf1a7332e5e [term 2 FOLLOWER]: Refusing update from remote peer 76162d71f5dc49fdbd62551038955111: Log matching property violated. Preceding OpId in replica: term: 1 index: 1. Preceding OpId from leader: term: 2 index: 2. (index mismatch)
I20260710 13:20:59.036576 12922 consensus_queue.cc:1048] T 90426578ff3345dc80d18b36963a7a38 P 76162d71f5dc49fdbd62551038955111 [LEADER]: Connected to new peer: Peer: permanent_uuid: "598004379be44ffdbf65acf1a7332e5e" member_type: VOTER last_known_addr { host: "127.10.210.129" port: 45449 }, Status: LMP_MISMATCH, Last received: 0.0, Next index: 2, Last known committed idx: 1, Time since last communication: 0.000s
I20260710 13:20:59.269977 12366 raft_consensus.cc:1275] T ca02b51db0674e51970765d6116b8988 P 8fc1f7e3dbfa44c1a70489864425a944 [term 2 FOLLOWER]: Refusing update from remote peer 87ca975a65cd4e9cb5c2a1717ed7b56c: Log matching property violated. Preceding OpId in replica: term: 1 index: 4. Preceding OpId from leader: term: 2 index: 5. (index mismatch)
I20260710 13:20:59.271118 12997 consensus_queue.cc:1048] T ca02b51db0674e51970765d6116b8988 P 87ca975a65cd4e9cb5c2a1717ed7b56c [LEADER]: Connected to new peer: Peer: permanent_uuid: "8fc1f7e3dbfa44c1a70489864425a944" member_type: VOTER last_known_addr { host: "127.10.210.131" port: 38791 }, Status: LMP_MISMATCH, Last received: 0.0, Next index: 5, Last known committed idx: 4, Time since last communication: 0.000s
I20260710 13:20:59.279244 12290 raft_consensus.cc:1275] T ca02b51db0674e51970765d6116b8988 P 76162d71f5dc49fdbd62551038955111 [term 2 FOLLOWER]: Refusing update from remote peer 87ca975a65cd4e9cb5c2a1717ed7b56c: Log matching property violated. Preceding OpId in replica: term: 1 index: 4. Preceding OpId from leader: term: 2 index: 5. (index mismatch)
I20260710 13:20:59.280961 12983 consensus_queue.cc:1048] T ca02b51db0674e51970765d6116b8988 P 87ca975a65cd4e9cb5c2a1717ed7b56c [LEADER]: Connected to new peer: Peer: permanent_uuid: "76162d71f5dc49fdbd62551038955111" member_type: VOTER last_known_addr { host: "127.10.210.130" port: 37443 }, Status: LMP_MISMATCH, Last received: 0.0, Next index: 5, Last known committed idx: 4, Time since last communication: 0.000s
I20260710 13:20:59.296701 12217 raft_consensus.cc:1275] T 2e884ae123c34a6fb0e6838ac39025c0 P 598004379be44ffdbf65acf1a7332e5e [term 2 FOLLOWER]: Refusing update from remote peer 87ca975a65cd4e9cb5c2a1717ed7b56c: Log matching property violated. Preceding OpId in replica: term: 1 index: 4. Preceding OpId from leader: term: 2 index: 5. (index mismatch)
I20260710 13:20:59.297830 12983 consensus_queue.cc:1048] T 2e884ae123c34a6fb0e6838ac39025c0 P 87ca975a65cd4e9cb5c2a1717ed7b56c [LEADER]: Connected to new peer: Peer: permanent_uuid: "598004379be44ffdbf65acf1a7332e5e" member_type: VOTER last_known_addr { host: "127.10.210.129" port: 45449 }, Status: LMP_MISMATCH, Last received: 0.0, Next index: 5, Last known committed idx: 4, Time since last communication: 0.000s
I20260710 13:20:59.308149 12366 raft_consensus.cc:1275] T 2e884ae123c34a6fb0e6838ac39025c0 P 8fc1f7e3dbfa44c1a70489864425a944 [term 2 FOLLOWER]: Refusing update from remote peer 87ca975a65cd4e9cb5c2a1717ed7b56c: Log matching property violated. Preceding OpId in replica: term: 1 index: 4. Preceding OpId from leader: term: 2 index: 5. (index mismatch)
I20260710 13:20:59.310997 12983 consensus_queue.cc:1048] T 2e884ae123c34a6fb0e6838ac39025c0 P 87ca975a65cd4e9cb5c2a1717ed7b56c [LEADER]: Connected to new peer: Peer: permanent_uuid: "8fc1f7e3dbfa44c1a70489864425a944" member_type: VOTER last_known_addr { host: "127.10.210.131" port: 38791 }, Status: LMP_MISMATCH, Last received: 0.0, Next index: 5, Last known committed idx: 4, Time since last communication: 0.001s
I20260710 13:20:59.418604 11082 auto_leader_rebalancer.cc:141] leader rebalance for table test-workload
I20260710 13:20:59.436923 11082 auto_leader_rebalancer.cc:141] leader rebalance for table test-workload
I20260710 13:20:59.452046 12366 tablet_service.cc:2072] Received LeaderStepDown RPC: tablet_id: "1ae871e6210c45b0ab9283f9dd1dff19"
dest_uuid: "8fc1f7e3dbfa44c1a70489864425a944"
mode: GRACEFUL
new_leader_uuid: "87ca975a65cd4e9cb5c2a1717ed7b56c"
 from {username='slave'} at 127.0.0.1:48786
I20260710 13:20:59.452625 12366 raft_consensus.cc:606] T 1ae871e6210c45b0ab9283f9dd1dff19 P 8fc1f7e3dbfa44c1a70489864425a944 [term 1 LEADER]: Received request to transfer leadership to TS 87ca975a65cd4e9cb5c2a1717ed7b56c
I20260710 13:20:59.455914 12366 tablet_service.cc:2072] Received LeaderStepDown RPC: tablet_id: "6b4fb3393d2e44ffba1af63d5ee45acc"
dest_uuid: "8fc1f7e3dbfa44c1a70489864425a944"
mode: GRACEFUL
new_leader_uuid: "87ca975a65cd4e9cb5c2a1717ed7b56c"
 from {username='slave'} at 127.0.0.1:48786
I20260710 13:20:59.456262 12366 raft_consensus.cc:606] T 6b4fb3393d2e44ffba1af63d5ee45acc P 8fc1f7e3dbfa44c1a70489864425a944 [term 1 LEADER]: Received request to transfer leadership to TS 87ca975a65cd4e9cb5c2a1717ed7b56c
I20260710 13:20:59.458190 12366 tablet_service.cc:2072] Received LeaderStepDown RPC: tablet_id: "d251a19755e84f0cb2ebc1bb86585ed9"
dest_uuid: "8fc1f7e3dbfa44c1a70489864425a944"
mode: GRACEFUL
new_leader_uuid: "76162d71f5dc49fdbd62551038955111"
 from {username='slave'} at 127.0.0.1:48786
I20260710 13:20:59.458534 12366 raft_consensus.cc:606] T d251a19755e84f0cb2ebc1bb86585ed9 P 8fc1f7e3dbfa44c1a70489864425a944 [term 1 LEADER]: Received request to transfer leadership to TS 76162d71f5dc49fdbd62551038955111
I20260710 13:20:59.459699 11082 auto_leader_rebalancer.cc:479] table: test-workload, leader rebalance finish, leader transfer count: 3
I20260710 13:20:59.460608 11082 auto_leader_rebalancer.cc:554] All tables' leader rebalancing finished this round
I20260710 13:20:59.682149 12934 raft_consensus.cc:993] T d251a19755e84f0cb2ebc1bb86585ed9 P 8fc1f7e3dbfa44c1a70489864425a944: : Instructing follower 76162d71f5dc49fdbd62551038955111 to start an election
I20260710 13:20:59.683106 12977 raft_consensus.cc:1081] T d251a19755e84f0cb2ebc1bb86585ed9 P 8fc1f7e3dbfa44c1a70489864425a944 [term 1 LEADER]: Signalling peer 76162d71f5dc49fdbd62551038955111 to start an election
I20260710 13:20:59.685214 12290 tablet_service.cc:2044] Received Run Leader Election RPC: tablet_id: "d251a19755e84f0cb2ebc1bb86585ed9"
dest_uuid: "76162d71f5dc49fdbd62551038955111"
 from {username='slave'} at 127.0.0.1:43078
I20260710 13:20:59.685900 12290 raft_consensus.cc:493] T d251a19755e84f0cb2ebc1bb86585ed9 P 76162d71f5dc49fdbd62551038955111 [term 1 FOLLOWER]: Starting forced leader election (received explicit request)
I20260710 13:20:59.686249 12290 raft_consensus.cc:3060] T d251a19755e84f0cb2ebc1bb86585ed9 P 76162d71f5dc49fdbd62551038955111 [term 1 FOLLOWER]: Advancing to term 2
I20260710 13:20:59.694684 12290 raft_consensus.cc:515] T d251a19755e84f0cb2ebc1bb86585ed9 P 76162d71f5dc49fdbd62551038955111 [term 2 FOLLOWER]: Starting forced leader election with config: opid_index: -1 OBSOLETE_local: false peers { permanent_uuid: "598004379be44ffdbf65acf1a7332e5e" member_type: VOTER last_known_addr { host: "127.10.210.129" port: 45449 } } peers { permanent_uuid: "76162d71f5dc49fdbd62551038955111" member_type: VOTER last_known_addr { host: "127.10.210.130" port: 37443 } } peers { permanent_uuid: "8fc1f7e3dbfa44c1a70489864425a944" member_type: VOTER last_known_addr { host: "127.10.210.131" port: 38791 } }
I20260710 13:20:59.697734 12290 leader_election.cc:290] T d251a19755e84f0cb2ebc1bb86585ed9 P 76162d71f5dc49fdbd62551038955111 [CANDIDATE]: Term 2 election: Requested vote from peers 598004379be44ffdbf65acf1a7332e5e (127.10.210.129:45449), 8fc1f7e3dbfa44c1a70489864425a944 (127.10.210.131:38791)
I20260710 13:20:59.698128 12366 tablet_service.cc:1917] Received RequestConsensusVote() RPC: tablet_id: "d251a19755e84f0cb2ebc1bb86585ed9" candidate_uuid: "76162d71f5dc49fdbd62551038955111" candidate_term: 2 candidate_status { last_received { term: 1 index: 1 } } ignore_live_leader: true dest_uuid: "8fc1f7e3dbfa44c1a70489864425a944"
I20260710 13:20:59.698012 12217 tablet_service.cc:1917] Received RequestConsensusVote() RPC: tablet_id: "d251a19755e84f0cb2ebc1bb86585ed9" candidate_uuid: "76162d71f5dc49fdbd62551038955111" candidate_term: 2 candidate_status { last_received { term: 1 index: 1 } } ignore_live_leader: true dest_uuid: "598004379be44ffdbf65acf1a7332e5e"
I20260710 13:20:59.698813 12366 raft_consensus.cc:3055] T d251a19755e84f0cb2ebc1bb86585ed9 P 8fc1f7e3dbfa44c1a70489864425a944 [term 1 LEADER]: Stepping down as leader of term 1
I20260710 13:20:59.699136 12217 raft_consensus.cc:3060] T d251a19755e84f0cb2ebc1bb86585ed9 P 598004379be44ffdbf65acf1a7332e5e [term 1 FOLLOWER]: Advancing to term 2
I20260710 13:20:59.699137 12366 raft_consensus.cc:740] T d251a19755e84f0cb2ebc1bb86585ed9 P 8fc1f7e3dbfa44c1a70489864425a944 [term 1 LEADER]: Becoming Follower/Learner. State: Replica: 8fc1f7e3dbfa44c1a70489864425a944, State: Running, Role: LEADER
I20260710 13:20:59.700390 12366 consensus_queue.cc:260] T d251a19755e84f0cb2ebc1bb86585ed9 P 8fc1f7e3dbfa44c1a70489864425a944 [NON_LEADER]: Queue going to NON_LEADER mode. State: All replicated index: 0, Majority replicated index: 1, Committed index: 1, Last appended: 1.1, Last appended by leader: 1, Current term: 1, Majority size: -1, State: 0, Mode: NON_LEADER, active raft config: opid_index: -1 OBSOLETE_local: false peers { permanent_uuid: "598004379be44ffdbf65acf1a7332e5e" member_type: VOTER last_known_addr { host: "127.10.210.129" port: 45449 } } peers { permanent_uuid: "76162d71f5dc49fdbd62551038955111" member_type: VOTER last_known_addr { host: "127.10.210.130" port: 37443 } } peers { permanent_uuid: "8fc1f7e3dbfa44c1a70489864425a944" member_type: VOTER last_known_addr { host: "127.10.210.131" port: 38791 } }
I20260710 13:20:59.701649 12366 raft_consensus.cc:3060] T d251a19755e84f0cb2ebc1bb86585ed9 P 8fc1f7e3dbfa44c1a70489864425a944 [term 1 FOLLOWER]: Advancing to term 2
I20260710 13:20:59.704721 12217 raft_consensus.cc:2468] T d251a19755e84f0cb2ebc1bb86585ed9 P 598004379be44ffdbf65acf1a7332e5e [term 2 FOLLOWER]: Leader election vote request: Granting yes vote for candidate 76162d71f5dc49fdbd62551038955111 in term 2.
I20260710 13:20:59.705994 12256 leader_election.cc:304] T d251a19755e84f0cb2ebc1bb86585ed9 P 76162d71f5dc49fdbd62551038955111 [CANDIDATE]: Term 2 election: Election decided. Result: candidate won. Election summary: received 2 responses out of 3 voters: 2 yes votes; 0 no votes. yes voters: 598004379be44ffdbf65acf1a7332e5e, 76162d71f5dc49fdbd62551038955111; no voters: 
I20260710 13:20:59.706900 12922 raft_consensus.cc:2804] T d251a19755e84f0cb2ebc1bb86585ed9 P 76162d71f5dc49fdbd62551038955111 [term 2 FOLLOWER]: Leader election won for term 2
I20260710 13:20:59.707389 12922 raft_consensus.cc:697] T d251a19755e84f0cb2ebc1bb86585ed9 P 76162d71f5dc49fdbd62551038955111 [term 2 LEADER]: Becoming Leader. State: Replica: 76162d71f5dc49fdbd62551038955111, State: Running, Role: LEADER
I20260710 13:20:59.707577 12366 raft_consensus.cc:2468] T d251a19755e84f0cb2ebc1bb86585ed9 P 8fc1f7e3dbfa44c1a70489864425a944 [term 2 FOLLOWER]: Leader election vote request: Granting yes vote for candidate 76162d71f5dc49fdbd62551038955111 in term 2.
I20260710 13:20:59.708770 12922 consensus_queue.cc:237] T d251a19755e84f0cb2ebc1bb86585ed9 P 76162d71f5dc49fdbd62551038955111 [LEADER]: Queue going to LEADER mode. State: All replicated index: 0, Majority replicated index: 1, Committed index: 1, Last appended: 1.1, Last appended by leader: 1, Current term: 2, Majority size: 2, State: 0, Mode: LEADER, active raft config: opid_index: -1 OBSOLETE_local: false peers { permanent_uuid: "598004379be44ffdbf65acf1a7332e5e" member_type: VOTER last_known_addr { host: "127.10.210.129" port: 45449 } } peers { permanent_uuid: "76162d71f5dc49fdbd62551038955111" member_type: VOTER last_known_addr { host: "127.10.210.130" port: 37443 } } peers { permanent_uuid: "8fc1f7e3dbfa44c1a70489864425a944" member_type: VOTER last_known_addr { host: "127.10.210.131" port: 38791 } }
I20260710 13:20:59.719817 12114 catalog_manager.cc:5697] T d251a19755e84f0cb2ebc1bb86585ed9 P 76162d71f5dc49fdbd62551038955111 reported cstate change: term changed from 1 to 2, leader changed from 8fc1f7e3dbfa44c1a70489864425a944 (127.10.210.131) to 76162d71f5dc49fdbd62551038955111 (127.10.210.130). New cstate: current_term: 2 leader_uuid: "76162d71f5dc49fdbd62551038955111" committed_config { opid_index: -1 OBSOLETE_local: false peers { permanent_uuid: "598004379be44ffdbf65acf1a7332e5e" member_type: VOTER last_known_addr { host: "127.10.210.129" port: 45449 } health_report { overall_health: UNKNOWN } } peers { permanent_uuid: "76162d71f5dc49fdbd62551038955111" member_type: VOTER last_known_addr { host: "127.10.210.130" port: 37443 } health_report { overall_health: HEALTHY } } peers { permanent_uuid: "8fc1f7e3dbfa44c1a70489864425a944" member_type: VOTER last_known_addr { host: "127.10.210.131" port: 38791 } health_report { overall_health: UNKNOWN } } }
I20260710 13:20:59.776386 12934 raft_consensus.cc:993] T 6b4fb3393d2e44ffba1af63d5ee45acc P 8fc1f7e3dbfa44c1a70489864425a944: : Instructing follower 87ca975a65cd4e9cb5c2a1717ed7b56c to start an election
I20260710 13:20:59.778301 12977 raft_consensus.cc:1081] T 6b4fb3393d2e44ffba1af63d5ee45acc P 8fc1f7e3dbfa44c1a70489864425a944 [term 1 LEADER]: Signalling peer 87ca975a65cd4e9cb5c2a1717ed7b56c to start an election
I20260710 13:20:59.780714 12622 tablet_service.cc:2044] Received Run Leader Election RPC: tablet_id: "6b4fb3393d2e44ffba1af63d5ee45acc"
dest_uuid: "87ca975a65cd4e9cb5c2a1717ed7b56c"
 from {username='slave'} at 127.0.0.1:50498
I20260710 13:20:59.781255 12622 raft_consensus.cc:493] T 6b4fb3393d2e44ffba1af63d5ee45acc P 87ca975a65cd4e9cb5c2a1717ed7b56c [term 1 FOLLOWER]: Starting forced leader election (received explicit request)
I20260710 13:20:59.781553 12622 raft_consensus.cc:3060] T 6b4fb3393d2e44ffba1af63d5ee45acc P 87ca975a65cd4e9cb5c2a1717ed7b56c [term 1 FOLLOWER]: Advancing to term 2
I20260710 13:20:59.786474 12622 raft_consensus.cc:515] T 6b4fb3393d2e44ffba1af63d5ee45acc P 87ca975a65cd4e9cb5c2a1717ed7b56c [term 2 FOLLOWER]: Starting forced leader election with config: opid_index: 4 OBSOLETE_local: false peers { permanent_uuid: "598004379be44ffdbf65acf1a7332e5e" member_type: VOTER last_known_addr { host: "127.10.210.129" port: 45449 } } peers { permanent_uuid: "8fc1f7e3dbfa44c1a70489864425a944" member_type: VOTER last_known_addr { host: "127.10.210.131" port: 38791 } } peers { permanent_uuid: "87ca975a65cd4e9cb5c2a1717ed7b56c" member_type: VOTER last_known_addr { host: "127.10.210.132" port: 36661 } attrs { promote: false } }
I20260710 13:20:59.787842 12622 leader_election.cc:290] T 6b4fb3393d2e44ffba1af63d5ee45acc P 87ca975a65cd4e9cb5c2a1717ed7b56c [CANDIDATE]: Term 2 election: Requested vote from peers 598004379be44ffdbf65acf1a7332e5e (127.10.210.129:45449), 8fc1f7e3dbfa44c1a70489864425a944 (127.10.210.131:38791)
I20260710 13:20:59.788818 12217 tablet_service.cc:1917] Received RequestConsensusVote() RPC: tablet_id: "6b4fb3393d2e44ffba1af63d5ee45acc" candidate_uuid: "87ca975a65cd4e9cb5c2a1717ed7b56c" candidate_term: 2 candidate_status { last_received { term: 1 index: 4 } } ignore_live_leader: true dest_uuid: "598004379be44ffdbf65acf1a7332e5e"
I20260710 13:20:59.789065 12366 tablet_service.cc:1917] Received RequestConsensusVote() RPC: tablet_id: "6b4fb3393d2e44ffba1af63d5ee45acc" candidate_uuid: "87ca975a65cd4e9cb5c2a1717ed7b56c" candidate_term: 2 candidate_status { last_received { term: 1 index: 4 } } ignore_live_leader: true dest_uuid: "8fc1f7e3dbfa44c1a70489864425a944"
I20260710 13:20:59.789448 12217 raft_consensus.cc:3060] T 6b4fb3393d2e44ffba1af63d5ee45acc P 598004379be44ffdbf65acf1a7332e5e [term 1 FOLLOWER]: Advancing to term 2
I20260710 13:20:59.789734 12366 raft_consensus.cc:3055] T 6b4fb3393d2e44ffba1af63d5ee45acc P 8fc1f7e3dbfa44c1a70489864425a944 [term 1 LEADER]: Stepping down as leader of term 1
I20260710 13:20:59.790040 12366 raft_consensus.cc:740] T 6b4fb3393d2e44ffba1af63d5ee45acc P 8fc1f7e3dbfa44c1a70489864425a944 [term 1 LEADER]: Becoming Follower/Learner. State: Replica: 8fc1f7e3dbfa44c1a70489864425a944, State: Running, Role: LEADER
I20260710 13:20:59.790935 12366 consensus_queue.cc:260] T 6b4fb3393d2e44ffba1af63d5ee45acc P 8fc1f7e3dbfa44c1a70489864425a944 [NON_LEADER]: Queue going to NON_LEADER mode. State: All replicated index: 0, Majority replicated index: 4, Committed index: 4, Last appended: 1.4, Last appended by leader: 4, Current term: 1, Majority size: -1, State: 0, Mode: NON_LEADER, active raft config: opid_index: 4 OBSOLETE_local: false peers { permanent_uuid: "598004379be44ffdbf65acf1a7332e5e" member_type: VOTER last_known_addr { host: "127.10.210.129" port: 45449 } } peers { permanent_uuid: "8fc1f7e3dbfa44c1a70489864425a944" member_type: VOTER last_known_addr { host: "127.10.210.131" port: 38791 } } peers { permanent_uuid: "87ca975a65cd4e9cb5c2a1717ed7b56c" member_type: VOTER last_known_addr { host: "127.10.210.132" port: 36661 } attrs { promote: false } }
I20260710 13:20:59.791929 12366 raft_consensus.cc:3060] T 6b4fb3393d2e44ffba1af63d5ee45acc P 8fc1f7e3dbfa44c1a70489864425a944 [term 1 FOLLOWER]: Advancing to term 2
I20260710 13:20:59.794050 12217 raft_consensus.cc:2468] T 6b4fb3393d2e44ffba1af63d5ee45acc P 598004379be44ffdbf65acf1a7332e5e [term 2 FOLLOWER]: Leader election vote request: Granting yes vote for candidate 87ca975a65cd4e9cb5c2a1717ed7b56c in term 2.
I20260710 13:20:59.795039 12584 leader_election.cc:304] T 6b4fb3393d2e44ffba1af63d5ee45acc P 87ca975a65cd4e9cb5c2a1717ed7b56c [CANDIDATE]: Term 2 election: Election decided. Result: candidate won. Election summary: received 2 responses out of 3 voters: 2 yes votes; 0 no votes. yes voters: 598004379be44ffdbf65acf1a7332e5e, 87ca975a65cd4e9cb5c2a1717ed7b56c; no voters: 
I20260710 13:20:59.795945 12983 raft_consensus.cc:2804] T 6b4fb3393d2e44ffba1af63d5ee45acc P 87ca975a65cd4e9cb5c2a1717ed7b56c [term 2 FOLLOWER]: Leader election won for term 2
I20260710 13:20:59.796378 12983 raft_consensus.cc:697] T 6b4fb3393d2e44ffba1af63d5ee45acc P 87ca975a65cd4e9cb5c2a1717ed7b56c [term 2 LEADER]: Becoming Leader. State: Replica: 87ca975a65cd4e9cb5c2a1717ed7b56c, State: Running, Role: LEADER
I20260710 13:20:59.796833 12366 raft_consensus.cc:2468] T 6b4fb3393d2e44ffba1af63d5ee45acc P 8fc1f7e3dbfa44c1a70489864425a944 [term 2 FOLLOWER]: Leader election vote request: Granting yes vote for candidate 87ca975a65cd4e9cb5c2a1717ed7b56c in term 2.
I20260710 13:20:59.797477 12983 consensus_queue.cc:237] T 6b4fb3393d2e44ffba1af63d5ee45acc P 87ca975a65cd4e9cb5c2a1717ed7b56c [LEADER]: Queue going to LEADER mode. State: All replicated index: 0, Majority replicated index: 4, Committed index: 4, Last appended: 1.4, Last appended by leader: 4, Current term: 2, Majority size: 2, State: 0, Mode: LEADER, active raft config: opid_index: 4 OBSOLETE_local: false peers { permanent_uuid: "598004379be44ffdbf65acf1a7332e5e" member_type: VOTER last_known_addr { host: "127.10.210.129" port: 45449 } } peers { permanent_uuid: "8fc1f7e3dbfa44c1a70489864425a944" member_type: VOTER last_known_addr { host: "127.10.210.131" port: 38791 } } peers { permanent_uuid: "87ca975a65cd4e9cb5c2a1717ed7b56c" member_type: VOTER last_known_addr { host: "127.10.210.132" port: 36661 } attrs { promote: false } }
I20260710 13:20:59.805191 12114 catalog_manager.cc:5697] T 6b4fb3393d2e44ffba1af63d5ee45acc P 87ca975a65cd4e9cb5c2a1717ed7b56c reported cstate change: term changed from 1 to 2, leader changed from 8fc1f7e3dbfa44c1a70489864425a944 (127.10.210.131) to 87ca975a65cd4e9cb5c2a1717ed7b56c (127.10.210.132). New cstate: current_term: 2 leader_uuid: "87ca975a65cd4e9cb5c2a1717ed7b56c" committed_config { opid_index: 4 OBSOLETE_local: false peers { permanent_uuid: "598004379be44ffdbf65acf1a7332e5e" member_type: VOTER last_known_addr { host: "127.10.210.129" port: 45449 } health_report { overall_health: UNKNOWN } } peers { permanent_uuid: "8fc1f7e3dbfa44c1a70489864425a944" member_type: VOTER last_known_addr { host: "127.10.210.131" port: 38791 } health_report { overall_health: UNKNOWN } } peers { permanent_uuid: "87ca975a65cd4e9cb5c2a1717ed7b56c" member_type: VOTER last_known_addr { host: "127.10.210.132" port: 36661 } attrs { promote: false } health_report { overall_health: HEALTHY } } }
I20260710 13:20:59.962209 12977 raft_consensus.cc:993] T 1ae871e6210c45b0ab9283f9dd1dff19 P 8fc1f7e3dbfa44c1a70489864425a944: : Instructing follower 87ca975a65cd4e9cb5c2a1717ed7b56c to start an election
I20260710 13:20:59.962857 12977 raft_consensus.cc:1081] T 1ae871e6210c45b0ab9283f9dd1dff19 P 8fc1f7e3dbfa44c1a70489864425a944 [term 1 LEADER]: Signalling peer 87ca975a65cd4e9cb5c2a1717ed7b56c to start an election
I20260710 13:20:59.964527 12622 tablet_service.cc:2044] Received Run Leader Election RPC: tablet_id: "1ae871e6210c45b0ab9283f9dd1dff19"
dest_uuid: "87ca975a65cd4e9cb5c2a1717ed7b56c"
 from {username='slave'} at 127.0.0.1:50498
I20260710 13:20:59.965080 12622 raft_consensus.cc:493] T 1ae871e6210c45b0ab9283f9dd1dff19 P 87ca975a65cd4e9cb5c2a1717ed7b56c [term 1 FOLLOWER]: Starting forced leader election (received explicit request)
I20260710 13:20:59.965421 12622 raft_consensus.cc:3060] T 1ae871e6210c45b0ab9283f9dd1dff19 P 87ca975a65cd4e9cb5c2a1717ed7b56c [term 1 FOLLOWER]: Advancing to term 2
I20260710 13:20:59.969941 12622 raft_consensus.cc:515] T 1ae871e6210c45b0ab9283f9dd1dff19 P 87ca975a65cd4e9cb5c2a1717ed7b56c [term 2 FOLLOWER]: Starting forced leader election with config: opid_index: 4 OBSOLETE_local: false peers { permanent_uuid: "76162d71f5dc49fdbd62551038955111" member_type: VOTER last_known_addr { host: "127.10.210.130" port: 37443 } } peers { permanent_uuid: "8fc1f7e3dbfa44c1a70489864425a944" member_type: VOTER last_known_addr { host: "127.10.210.131" port: 38791 } } peers { permanent_uuid: "87ca975a65cd4e9cb5c2a1717ed7b56c" member_type: VOTER last_known_addr { host: "127.10.210.132" port: 36661 } attrs { promote: false } }
I20260710 13:20:59.971253 12622 leader_election.cc:290] T 1ae871e6210c45b0ab9283f9dd1dff19 P 87ca975a65cd4e9cb5c2a1717ed7b56c [CANDIDATE]: Term 2 election: Requested vote from peers 76162d71f5dc49fdbd62551038955111 (127.10.210.130:37443), 8fc1f7e3dbfa44c1a70489864425a944 (127.10.210.131:38791)
I20260710 13:20:59.972342 12366 tablet_service.cc:1917] Received RequestConsensusVote() RPC: tablet_id: "1ae871e6210c45b0ab9283f9dd1dff19" candidate_uuid: "87ca975a65cd4e9cb5c2a1717ed7b56c" candidate_term: 2 candidate_status { last_received { term: 1 index: 4 } } ignore_live_leader: true dest_uuid: "8fc1f7e3dbfa44c1a70489864425a944"
I20260710 13:20:59.972431 12290 tablet_service.cc:1917] Received RequestConsensusVote() RPC: tablet_id: "1ae871e6210c45b0ab9283f9dd1dff19" candidate_uuid: "87ca975a65cd4e9cb5c2a1717ed7b56c" candidate_term: 2 candidate_status { last_received { term: 1 index: 4 } } ignore_live_leader: true dest_uuid: "76162d71f5dc49fdbd62551038955111"
I20260710 13:20:59.973031 12366 raft_consensus.cc:3055] T 1ae871e6210c45b0ab9283f9dd1dff19 P 8fc1f7e3dbfa44c1a70489864425a944 [term 1 LEADER]: Stepping down as leader of term 1
I20260710 13:20:59.973145 12290 raft_consensus.cc:3060] T 1ae871e6210c45b0ab9283f9dd1dff19 P 76162d71f5dc49fdbd62551038955111 [term 1 FOLLOWER]: Advancing to term 2
I20260710 13:20:59.973412 12366 raft_consensus.cc:740] T 1ae871e6210c45b0ab9283f9dd1dff19 P 8fc1f7e3dbfa44c1a70489864425a944 [term 1 LEADER]: Becoming Follower/Learner. State: Replica: 8fc1f7e3dbfa44c1a70489864425a944, State: Running, Role: LEADER
I20260710 13:20:59.974287 12366 consensus_queue.cc:260] T 1ae871e6210c45b0ab9283f9dd1dff19 P 8fc1f7e3dbfa44c1a70489864425a944 [NON_LEADER]: Queue going to NON_LEADER mode. State: All replicated index: 0, Majority replicated index: 4, Committed index: 4, Last appended: 1.4, Last appended by leader: 4, Current term: 1, Majority size: -1, State: 0, Mode: NON_LEADER, active raft config: opid_index: 4 OBSOLETE_local: false peers { permanent_uuid: "76162d71f5dc49fdbd62551038955111" member_type: VOTER last_known_addr { host: "127.10.210.130" port: 37443 } } peers { permanent_uuid: "8fc1f7e3dbfa44c1a70489864425a944" member_type: VOTER last_known_addr { host: "127.10.210.131" port: 38791 } } peers { permanent_uuid: "87ca975a65cd4e9cb5c2a1717ed7b56c" member_type: VOTER last_known_addr { host: "127.10.210.132" port: 36661 } attrs { promote: false } }
I20260710 13:20:59.975421 12366 raft_consensus.cc:3060] T 1ae871e6210c45b0ab9283f9dd1dff19 P 8fc1f7e3dbfa44c1a70489864425a944 [term 1 FOLLOWER]: Advancing to term 2
I20260710 13:20:59.977771 12290 raft_consensus.cc:2468] T 1ae871e6210c45b0ab9283f9dd1dff19 P 76162d71f5dc49fdbd62551038955111 [term 2 FOLLOWER]: Leader election vote request: Granting yes vote for candidate 87ca975a65cd4e9cb5c2a1717ed7b56c in term 2.
I20260710 13:20:59.978916 12586 leader_election.cc:304] T 1ae871e6210c45b0ab9283f9dd1dff19 P 87ca975a65cd4e9cb5c2a1717ed7b56c [CANDIDATE]: Term 2 election: Election decided. Result: candidate won. Election summary: received 2 responses out of 3 voters: 2 yes votes; 0 no votes. yes voters: 76162d71f5dc49fdbd62551038955111, 87ca975a65cd4e9cb5c2a1717ed7b56c; no voters: 
I20260710 13:20:59.979688 12997 raft_consensus.cc:2804] T 1ae871e6210c45b0ab9283f9dd1dff19 P 87ca975a65cd4e9cb5c2a1717ed7b56c [term 2 FOLLOWER]: Leader election won for term 2
I20260710 13:20:59.980077 12997 raft_consensus.cc:697] T 1ae871e6210c45b0ab9283f9dd1dff19 P 87ca975a65cd4e9cb5c2a1717ed7b56c [term 2 LEADER]: Becoming Leader. State: Replica: 87ca975a65cd4e9cb5c2a1717ed7b56c, State: Running, Role: LEADER
I20260710 13:20:59.981050 12366 raft_consensus.cc:2468] T 1ae871e6210c45b0ab9283f9dd1dff19 P 8fc1f7e3dbfa44c1a70489864425a944 [term 2 FOLLOWER]: Leader election vote request: Granting yes vote for candidate 87ca975a65cd4e9cb5c2a1717ed7b56c in term 2.
I20260710 13:20:59.981015 12997 consensus_queue.cc:237] T 1ae871e6210c45b0ab9283f9dd1dff19 P 87ca975a65cd4e9cb5c2a1717ed7b56c [LEADER]: Queue going to LEADER mode. State: All replicated index: 0, Majority replicated index: 4, Committed index: 4, Last appended: 1.4, Last appended by leader: 4, Current term: 2, Majority size: 2, State: 0, Mode: LEADER, active raft config: opid_index: 4 OBSOLETE_local: false peers { permanent_uuid: "76162d71f5dc49fdbd62551038955111" member_type: VOTER last_known_addr { host: "127.10.210.130" port: 37443 } } peers { permanent_uuid: "8fc1f7e3dbfa44c1a70489864425a944" member_type: VOTER last_known_addr { host: "127.10.210.131" port: 38791 } } peers { permanent_uuid: "87ca975a65cd4e9cb5c2a1717ed7b56c" member_type: VOTER last_known_addr { host: "127.10.210.132" port: 36661 } attrs { promote: false } }
I20260710 13:20:59.989552 12114 catalog_manager.cc:5697] T 1ae871e6210c45b0ab9283f9dd1dff19 P 87ca975a65cd4e9cb5c2a1717ed7b56c reported cstate change: term changed from 1 to 2, leader changed from 8fc1f7e3dbfa44c1a70489864425a944 (127.10.210.131) to 87ca975a65cd4e9cb5c2a1717ed7b56c (127.10.210.132). New cstate: current_term: 2 leader_uuid: "87ca975a65cd4e9cb5c2a1717ed7b56c" committed_config { opid_index: 4 OBSOLETE_local: false peers { permanent_uuid: "76162d71f5dc49fdbd62551038955111" member_type: VOTER last_known_addr { host: "127.10.210.130" port: 37443 } health_report { overall_health: UNKNOWN } } peers { permanent_uuid: "8fc1f7e3dbfa44c1a70489864425a944" member_type: VOTER last_known_addr { host: "127.10.210.131" port: 38791 } health_report { overall_health: UNKNOWN } } peers { permanent_uuid: "87ca975a65cd4e9cb5c2a1717ed7b56c" member_type: VOTER last_known_addr { host: "127.10.210.132" port: 36661 } attrs { promote: false } health_report { overall_health: HEALTHY } } }
I20260710 13:21:00.091174 12366 raft_consensus.cc:1275] T d251a19755e84f0cb2ebc1bb86585ed9 P 8fc1f7e3dbfa44c1a70489864425a944 [term 2 FOLLOWER]: Refusing update from remote peer 76162d71f5dc49fdbd62551038955111: Log matching property violated. Preceding OpId in replica: term: 1 index: 1. Preceding OpId from leader: term: 2 index: 2. (index mismatch)
I20260710 13:21:00.092777 12922 consensus_queue.cc:1048] T d251a19755e84f0cb2ebc1bb86585ed9 P 76162d71f5dc49fdbd62551038955111 [LEADER]: Connected to new peer: Peer: permanent_uuid: "8fc1f7e3dbfa44c1a70489864425a944" member_type: VOTER last_known_addr { host: "127.10.210.131" port: 38791 }, Status: LMP_MISMATCH, Last received: 0.0, Next index: 2, Last known committed idx: 1, Time since last communication: 0.001s
I20260710 13:21:00.104547 12217 raft_consensus.cc:1275] T d251a19755e84f0cb2ebc1bb86585ed9 P 598004379be44ffdbf65acf1a7332e5e [term 2 FOLLOWER]: Refusing update from remote peer 76162d71f5dc49fdbd62551038955111: Log matching property violated. Preceding OpId in replica: term: 1 index: 1. Preceding OpId from leader: term: 2 index: 2. (index mismatch)
I20260710 13:21:00.106582 12922 consensus_queue.cc:1048] T d251a19755e84f0cb2ebc1bb86585ed9 P 76162d71f5dc49fdbd62551038955111 [LEADER]: Connected to new peer: Peer: permanent_uuid: "598004379be44ffdbf65acf1a7332e5e" member_type: VOTER last_known_addr { host: "127.10.210.129" port: 45449 }, Status: LMP_MISMATCH, Last received: 0.0, Next index: 2, Last known committed idx: 1, Time since last communication: 0.000s
I20260710 13:21:00.320499 12366 raft_consensus.cc:1275] T 6b4fb3393d2e44ffba1af63d5ee45acc P 8fc1f7e3dbfa44c1a70489864425a944 [term 2 FOLLOWER]: Refusing update from remote peer 87ca975a65cd4e9cb5c2a1717ed7b56c: Log matching property violated. Preceding OpId in replica: term: 1 index: 4. Preceding OpId from leader: term: 2 index: 5. (index mismatch)
I20260710 13:21:00.322118 12997 consensus_queue.cc:1048] T 6b4fb3393d2e44ffba1af63d5ee45acc P 87ca975a65cd4e9cb5c2a1717ed7b56c [LEADER]: Connected to new peer: Peer: permanent_uuid: "8fc1f7e3dbfa44c1a70489864425a944" member_type: VOTER last_known_addr { host: "127.10.210.131" port: 38791 }, Status: LMP_MISMATCH, Last received: 0.0, Next index: 5, Last known committed idx: 4, Time since last communication: 0.000s
I20260710 13:21:00.337285 12217 raft_consensus.cc:1275] T 6b4fb3393d2e44ffba1af63d5ee45acc P 598004379be44ffdbf65acf1a7332e5e [term 2 FOLLOWER]: Refusing update from remote peer 87ca975a65cd4e9cb5c2a1717ed7b56c: Log matching property violated. Preceding OpId in replica: term: 1 index: 4. Preceding OpId from leader: term: 2 index: 5. (index mismatch)
I20260710 13:21:00.340564 12997 consensus_queue.cc:1048] T 6b4fb3393d2e44ffba1af63d5ee45acc P 87ca975a65cd4e9cb5c2a1717ed7b56c [LEADER]: Connected to new peer: Peer: permanent_uuid: "598004379be44ffdbf65acf1a7332e5e" member_type: VOTER last_known_addr { host: "127.10.210.129" port: 45449 }, Status: LMP_MISMATCH, Last received: 0.0, Next index: 5, Last known committed idx: 4, Time since last communication: 0.000s
I20260710 13:21:00.461794 11082 auto_leader_rebalancer.cc:141] leader rebalance for table test-workload
I20260710 13:21:00.477059 11082 tablet_server.cc:179] TabletServer@127.10.210.129:0 shutting down...
W20260710 13:21:00.499037 12256 proxy.cc:239] Call had error, refreshing address and retrying: Remote error: Service unavailable: service kudu.consensus.ConsensusService not registered on TabletServer [suppressed 2 similar messages]
