I20260710 13:20:36.942142 12423 raft_consensus.cc:493] T ea1b2581f6e643919717f17563c8d05a P 8fc1f7e3dbfa44c1a70489864425a944 [term 0 FOLLOWER]: Starting pre-election (no leader contacted us within the election timeout)
I20260710 13:20:36.942435 12454 raft_consensus.cc:2804] T 1ae871e6210c45b0ab9283f9dd1dff19 P 8fc1f7e3dbfa44c1a70489864425a944 [term 1 FOLLOWER]: Leader election won for term 1
I20260710 13:20:36.942739 12365 tablet_service.cc:1917] Received RequestConsensusVote() RPC: tablet_id: "a867939b09914e2b83c3ee471c2c2fcd" candidate_uuid: "76162d71f5dc49fdbd62551038955111" candidate_term: 1 candidate_status { last_received { term: 0 index: 0 } } ignore_live_leader: false dest_uuid: "8fc1f7e3dbfa44c1a70489864425a944" is_pre_election: true
I20260710 13:20:36.943301 12407 raft_consensus.cc:359] T 199277d74c3e4dbaa70ef042e2e19030 P 8fc1f7e3dbfa44c1a70489864425a944 [term 0 FOLLOWER]: Replica starting. Triggering 0 pending ops. Active config: opid_index: -1 OBSOLETE_local: false peers { permanent_uuid: "598004379be44ffdbf65acf1a7332e5e" member_type: VOTER last_known_addr { host: "127.10.210.129" port: 45449 } } peers { permanent_uuid: "76162d71f5dc49fdbd62551038955111" member_type: VOTER last_known_addr { host: "127.10.210.130" port: 37443 } } peers { permanent_uuid: "8fc1f7e3dbfa44c1a70489864425a944" member_type: VOTER last_known_addr { host: "127.10.210.131" port: 38791 } }
I20260710 13:20:36.944113 12406 ts_tablet_manager.cc:1403] T 066976e1cef74f0ca831c1a763758cbc P 598004379be44ffdbf65acf1a7332e5e: Time spent bootstrapping tablet: real 0.051s	user 0.010s	sys 0.006s
I20260710 13:20:36.945185 12290 tablet_service.cc:1917] Received RequestConsensusVote() RPC: tablet_id: "1ae871e6210c45b0ab9283f9dd1dff19" candidate_uuid: "8fc1f7e3dbfa44c1a70489864425a944" candidate_term: 1 candidate_status { last_received { term: 0 index: 0 } } ignore_live_leader: false dest_uuid: "76162d71f5dc49fdbd62551038955111"
I20260710 13:20:36.949946 12407 raft_consensus.cc:385] T 199277d74c3e4dbaa70ef042e2e19030 P 8fc1f7e3dbfa44c1a70489864425a944 [term 0 FOLLOWER]: Consensus starting up: Expiring failure detector timer to make a prompt election more likely
I20260710 13:20:36.950345 12407 raft_consensus.cc:740] T 199277d74c3e4dbaa70ef042e2e19030 P 8fc1f7e3dbfa44c1a70489864425a944 [term 0 FOLLOWER]: Becoming Follower/Learner. State: Replica: 8fc1f7e3dbfa44c1a70489864425a944, State: Initialized, Role: FOLLOWER
I20260710 13:20:36.950065 12291 tablet_service.cc:1917] Received RequestConsensusVote() RPC: tablet_id: "f8b92a6cde0c45a6af5420feb02d7b73" candidate_uuid: "8fc1f7e3dbfa44c1a70489864425a944" candidate_term: 1 candidate_status { last_received { term: 0 index: 0 } } ignore_live_leader: false dest_uuid: "76162d71f5dc49fdbd62551038955111" is_pre_election: true
I20260710 13:20:36.945283 12423 raft_consensus.cc:515] T ea1b2581f6e643919717f17563c8d05a P 8fc1f7e3dbfa44c1a70489864425a944 [term 0 FOLLOWER]: Starting pre-election with config: opid_index: -1 OBSOLETE_local: false peers { permanent_uuid: "598004379be44ffdbf65acf1a7332e5e" member_type: VOTER last_known_addr { host: "127.10.210.129" port: 45449 } } peers { permanent_uuid: "76162d71f5dc49fdbd62551038955111" member_type: VOTER last_known_addr { host: "127.10.210.130" port: 37443 } } peers { permanent_uuid: "8fc1f7e3dbfa44c1a70489864425a944" member_type: VOTER last_known_addr { host: "127.10.210.131" port: 38791 } }
I20260710 13:20:36.950510 12454 raft_consensus.cc:697] T 1ae871e6210c45b0ab9283f9dd1dff19 P 8fc1f7e3dbfa44c1a70489864425a944 [term 1 LEADER]: Becoming Leader. State: Replica: 8fc1f7e3dbfa44c1a70489864425a944, State: Running, Role: LEADER
I20260710 13:20:36.951057 12217 tablet_service.cc:1917] Received RequestConsensusVote() RPC: tablet_id: "f8b92a6cde0c45a6af5420feb02d7b73" candidate_uuid: "8fc1f7e3dbfa44c1a70489864425a944" candidate_term: 1 candidate_status { last_received { term: 0 index: 0 } } ignore_live_leader: false dest_uuid: "598004379be44ffdbf65acf1a7332e5e" is_pre_election: true
I20260710 13:20:36.951027 12407 consensus_queue.cc:260] T 199277d74c3e4dbaa70ef042e2e19030 P 8fc1f7e3dbfa44c1a70489864425a944 [NON_LEADER]: Queue going to NON_LEADER mode. State: All replicated index: 0, Majority replicated index: 0, Committed index: 0, Last appended: 0.0, Last appended by leader: 0, Current term: 0, Majority size: -1, State: 0, Mode: NON_LEADER, active raft config: opid_index: -1 OBSOLETE_local: false peers { permanent_uuid: "598004379be44ffdbf65acf1a7332e5e" member_type: VOTER last_known_addr { host: "127.10.210.129" port: 45449 } } peers { permanent_uuid: "76162d71f5dc49fdbd62551038955111" member_type: VOTER last_known_addr { host: "127.10.210.130" port: 37443 } } peers { permanent_uuid: "8fc1f7e3dbfa44c1a70489864425a944" member_type: VOTER last_known_addr { host: "127.10.210.131" port: 38791 } }
I20260710 13:20:36.951505 12290 raft_consensus.cc:3060] T 1ae871e6210c45b0ab9283f9dd1dff19 P 76162d71f5dc49fdbd62551038955111 [term 0 FOLLOWER]: Advancing to term 1
I20260710 13:20:36.951771 12217 raft_consensus.cc:2468] T f8b92a6cde0c45a6af5420feb02d7b73 P 598004379be44ffdbf65acf1a7332e5e [term 0 FOLLOWER]: Leader pre-election vote request: Granting yes vote for candidate 8fc1f7e3dbfa44c1a70489864425a944 in term 0.
I20260710 13:20:36.951797 12454 consensus_queue.cc:237] T 1ae871e6210c45b0ab9283f9dd1dff19 P 8fc1f7e3dbfa44c1a70489864425a944 [LEADER]: Queue going to LEADER mode. State: All replicated index: 0, Majority replicated index: 0, Committed index: 0, Last appended: 0.0, Last appended by leader: 0, Current term: 1, Majority size: 2, State: 0, Mode: LEADER, active raft config: opid_index: -1 OBSOLETE_local: false peers { permanent_uuid: "598004379be44ffdbf65acf1a7332e5e" member_type: VOTER last_known_addr { host: "127.10.210.129" port: 45449 } } peers { permanent_uuid: "76162d71f5dc49fdbd62551038955111" member_type: VOTER last_known_addr { host: "127.10.210.130" port: 37443 } } peers { permanent_uuid: "8fc1f7e3dbfa44c1a70489864425a944" member_type: VOTER last_known_addr { host: "127.10.210.131" port: 38791 } }
I20260710 13:20:36.953473 12407 ts_tablet_manager.cc:1434] T 199277d74c3e4dbaa70ef042e2e19030 P 8fc1f7e3dbfa44c1a70489864425a944: Time spent starting tablet: real 0.021s	user 0.007s	sys 0.000s
I20260710 13:20:36.953375 12255 leader_election.cc:304] T a867939b09914e2b83c3ee471c2c2fcd P 76162d71f5dc49fdbd62551038955111 [CANDIDATE]: Term 1 pre-election: Election decided. Result: candidate lost. Election summary: received 3 responses out of 3 voters: 1 yes votes; 2 no votes. yes voters: 76162d71f5dc49fdbd62551038955111; no voters: 598004379be44ffdbf65acf1a7332e5e, 8fc1f7e3dbfa44c1a70489864425a944
I20260710 13:20:36.947600 12452 leader_election.cc:290] T f8b92a6cde0c45a6af5420feb02d7b73 P 8fc1f7e3dbfa44c1a70489864425a944 [CANDIDATE]: Term 1 pre-election: Requested pre-vote from peers 598004379be44ffdbf65acf1a7332e5e (127.10.210.129:45449), 76162d71f5dc49fdbd62551038955111 (127.10.210.130:37443)
I20260710 13:20:36.955248 12407 tablet_bootstrap.cc:492] T ff91e071bb72418bb34f140fc15efad6 P 8fc1f7e3dbfa44c1a70489864425a944: Bootstrap starting.
I20260710 13:20:36.955164 12330 leader_election.cc:304] T f8b92a6cde0c45a6af5420feb02d7b73 P 8fc1f7e3dbfa44c1a70489864425a944 [CANDIDATE]: Term 1 pre-election: Election decided. Result: candidate won. Election summary: received 2 responses out of 3 voters: 2 yes votes; 0 no votes. yes voters: 598004379be44ffdbf65acf1a7332e5e, 8fc1f7e3dbfa44c1a70489864425a944; no voters: 
I20260710 13:20:36.956302 12423 leader_election.cc:290] T ea1b2581f6e643919717f17563c8d05a P 8fc1f7e3dbfa44c1a70489864425a944 [CANDIDATE]: Term 1 pre-election: Requested pre-vote from peers 598004379be44ffdbf65acf1a7332e5e (127.10.210.129:45449), 76162d71f5dc49fdbd62551038955111 (127.10.210.130:37443)
I20260710 13:20:36.956774 12423 raft_consensus.cc:2804] T f8b92a6cde0c45a6af5420feb02d7b73 P 8fc1f7e3dbfa44c1a70489864425a944 [term 0 FOLLOWER]: Leader pre-election won for term 1
I20260710 13:20:36.957110 12423 raft_consensus.cc:493] T f8b92a6cde0c45a6af5420feb02d7b73 P 8fc1f7e3dbfa44c1a70489864425a944 [term 0 FOLLOWER]: Starting leader election (no leader contacted us within the election timeout)
I20260710 13:20:36.957468 12423 raft_consensus.cc:3060] T f8b92a6cde0c45a6af5420feb02d7b73 P 8fc1f7e3dbfa44c1a70489864425a944 [term 0 FOLLOWER]: Advancing to term 1
I20260710 13:20:36.957971 12408 tablet_bootstrap.cc:654] T 10afa96c7b6d478b9339e8a34d5e9e93 P 76162d71f5dc49fdbd62551038955111: Neither blocks nor log segments found. Creating new log.
I20260710 13:20:36.956960 12217 tablet_service.cc:1917] Received RequestConsensusVote() RPC: tablet_id: "ea1b2581f6e643919717f17563c8d05a" candidate_uuid: "8fc1f7e3dbfa44c1a70489864425a944" candidate_term: 1 candidate_status { last_received { term: 0 index: 0 } } ignore_live_leader: false dest_uuid: "598004379be44ffdbf65acf1a7332e5e" is_pre_election: true
I20260710 13:20:36.954459 12413 raft_consensus.cc:2749] T a867939b09914e2b83c3ee471c2c2fcd P 76162d71f5dc49fdbd62551038955111 [term 0 FOLLOWER]: Leader pre-election lost for term 1. Reason: could not achieve majority
I20260710 13:20:36.958616 12290 raft_consensus.cc:2468] T 1ae871e6210c45b0ab9283f9dd1dff19 P 76162d71f5dc49fdbd62551038955111 [term 1 FOLLOWER]: Leader election vote request: Granting yes vote for candidate 8fc1f7e3dbfa44c1a70489864425a944 in term 1.
W20260710 13:20:36.960202 12330 leader_election.cc:343] T ea1b2581f6e643919717f17563c8d05a P 8fc1f7e3dbfa44c1a70489864425a944 [CANDIDATE]: Term 1 pre-election: Tablet error from VoteRequest() call to peer 598004379be44ffdbf65acf1a7332e5e (127.10.210.129:45449): Illegal state: must be running to vote when last-logged opid is not known
I20260710 13:20:36.961032 12292 tablet_service.cc:1917] Received RequestConsensusVote() RPC: tablet_id: "ea1b2581f6e643919717f17563c8d05a" candidate_uuid: "8fc1f7e3dbfa44c1a70489864425a944" candidate_term: 1 candidate_status { last_received { term: 0 index: 0 } } ignore_live_leader: false dest_uuid: "76162d71f5dc49fdbd62551038955111" is_pre_election: true
I20260710 13:20:36.951081 12291 raft_consensus.cc:2468] T f8b92a6cde0c45a6af5420feb02d7b73 P 76162d71f5dc49fdbd62551038955111 [term 0 FOLLOWER]: Leader pre-election vote request: Granting yes vote for candidate 8fc1f7e3dbfa44c1a70489864425a944 in term 0.
W20260710 13:20:36.965960 12332 leader_election.cc:343] T ea1b2581f6e643919717f17563c8d05a P 8fc1f7e3dbfa44c1a70489864425a944 [CANDIDATE]: Term 1 pre-election: Tablet error from VoteRequest() call to peer 76162d71f5dc49fdbd62551038955111 (127.10.210.130:37443): Illegal state: must be running to vote when last-logged opid is not known
I20260710 13:20:36.966498 12332 leader_election.cc:304] T ea1b2581f6e643919717f17563c8d05a P 8fc1f7e3dbfa44c1a70489864425a944 [CANDIDATE]: Term 1 pre-election: Election decided. Result: candidate lost. Election summary: received 3 responses out of 3 voters: 1 yes votes; 2 no votes. yes voters: 8fc1f7e3dbfa44c1a70489864425a944; no voters: 598004379be44ffdbf65acf1a7332e5e, 76162d71f5dc49fdbd62551038955111
I20260710 13:20:36.970323 12477 raft_consensus.cc:2749] T ea1b2581f6e643919717f17563c8d05a P 8fc1f7e3dbfa44c1a70489864425a944 [term 0 FOLLOWER]: Leader pre-election lost for term 1. Reason: could not achieve majority
I20260710 13:20:36.972349 12413 consensus_queue.cc:1048] T 779bbfde84924bf2a0fd7bb0b219f59d P 76162d71f5dc49fdbd62551038955111 [LEADER]: Connected to new peer: Peer: permanent_uuid: "8fc1f7e3dbfa44c1a70489864425a944" member_type: VOTER last_known_addr { host: "127.10.210.131" port: 38791 }, Status: LMP_MISMATCH, Last received: 0.0, Next index: 1, Last known committed idx: 0, Time since last communication: 0.000s
I20260710 13:20:36.981933 12406 raft_consensus.cc:359] T 066976e1cef74f0ca831c1a763758cbc P 598004379be44ffdbf65acf1a7332e5e [term 0 FOLLOWER]: Replica starting. Triggering 0 pending ops. Active config: opid_index: -1 OBSOLETE_local: false peers { permanent_uuid: "598004379be44ffdbf65acf1a7332e5e" member_type: VOTER last_known_addr { host: "127.10.210.129" port: 45449 } } peers { permanent_uuid: "76162d71f5dc49fdbd62551038955111" member_type: VOTER last_known_addr { host: "127.10.210.130" port: 37443 } } peers { permanent_uuid: "8fc1f7e3dbfa44c1a70489864425a944" member_type: VOTER last_known_addr { host: "127.10.210.131" port: 38791 } }
I20260710 13:20:36.982400 12406 raft_consensus.cc:385] T 066976e1cef74f0ca831c1a763758cbc P 598004379be44ffdbf65acf1a7332e5e [term 0 FOLLOWER]: Consensus starting up: Expiring failure detector timer to make a prompt election more likely
I20260710 13:20:36.982637 12406 raft_consensus.cc:740] T 066976e1cef74f0ca831c1a763758cbc P 598004379be44ffdbf65acf1a7332e5e [term 0 FOLLOWER]: Becoming Follower/Learner. State: Replica: 598004379be44ffdbf65acf1a7332e5e, State: Initialized, Role: FOLLOWER
I20260710 13:20:36.985567 12406 consensus_queue.cc:260] T 066976e1cef74f0ca831c1a763758cbc P 598004379be44ffdbf65acf1a7332e5e [NON_LEADER]: Queue going to NON_LEADER mode. State: All replicated index: 0, Majority replicated index: 0, Committed index: 0, Last appended: 0.0, Last appended by leader: 0, Current term: 0, Majority size: -1, State: 0, Mode: NON_LEADER, active raft config: opid_index: -1 OBSOLETE_local: false peers { permanent_uuid: "598004379be44ffdbf65acf1a7332e5e" member_type: VOTER last_known_addr { host: "127.10.210.129" port: 45449 } } peers { permanent_uuid: "76162d71f5dc49fdbd62551038955111" member_type: VOTER last_known_addr { host: "127.10.210.130" port: 37443 } } peers { permanent_uuid: "8fc1f7e3dbfa44c1a70489864425a944" member_type: VOTER last_known_addr { host: "127.10.210.131" port: 38791 } }
I20260710 13:20:36.990577 12406 ts_tablet_manager.cc:1434] T 066976e1cef74f0ca831c1a763758cbc P 598004379be44ffdbf65acf1a7332e5e: Time spent starting tablet: real 0.040s	user 0.007s	sys 0.005s
I20260710 13:20:36.990727 12408 tablet_bootstrap.cc:492] T 10afa96c7b6d478b9339e8a34d5e9e93 P 76162d71f5dc49fdbd62551038955111: No bootstrap required, opened a new log
I20260710 13:20:36.991178 12408 ts_tablet_manager.cc:1403] T 10afa96c7b6d478b9339e8a34d5e9e93 P 76162d71f5dc49fdbd62551038955111: Time spent bootstrapping tablet: real 0.129s	user 0.010s	sys 0.001s
I20260710 13:20:36.991428 12406 tablet_bootstrap.cc:492] T 2e884ae123c34a6fb0e6838ac39025c0 P 598004379be44ffdbf65acf1a7332e5e: Bootstrap starting.
I20260710 13:20:36.995985 12408 raft_consensus.cc:359] T 10afa96c7b6d478b9339e8a34d5e9e93 P 76162d71f5dc49fdbd62551038955111 [term 0 FOLLOWER]: Replica starting. Triggering 0 pending ops. Active config: opid_index: -1 OBSOLETE_local: false peers { permanent_uuid: "598004379be44ffdbf65acf1a7332e5e" member_type: VOTER last_known_addr { host: "127.10.210.129" port: 45449 } } peers { permanent_uuid: "76162d71f5dc49fdbd62551038955111" member_type: VOTER last_known_addr { host: "127.10.210.130" port: 37443 } } peers { permanent_uuid: "8fc1f7e3dbfa44c1a70489864425a944" member_type: VOTER last_known_addr { host: "127.10.210.131" port: 38791 } }
I20260710 13:20:36.996498 12408 raft_consensus.cc:385] T 10afa96c7b6d478b9339e8a34d5e9e93 P 76162d71f5dc49fdbd62551038955111 [term 0 FOLLOWER]: Consensus starting up: Expiring failure detector timer to make a prompt election more likely
I20260710 13:20:36.996754 12408 raft_consensus.cc:740] T 10afa96c7b6d478b9339e8a34d5e9e93 P 76162d71f5dc49fdbd62551038955111 [term 0 FOLLOWER]: Becoming Follower/Learner. State: Replica: 76162d71f5dc49fdbd62551038955111, State: Initialized, Role: FOLLOWER
I20260710 13:20:36.997301 12408 consensus_queue.cc:260] T 10afa96c7b6d478b9339e8a34d5e9e93 P 76162d71f5dc49fdbd62551038955111 [NON_LEADER]: Queue going to NON_LEADER mode. State: All replicated index: 0, Majority replicated index: 0, Committed index: 0, Last appended: 0.0, Last appended by leader: 0, Current term: 0, Majority size: -1, State: 0, Mode: NON_LEADER, active raft config: opid_index: -1 OBSOLETE_local: false peers { permanent_uuid: "598004379be44ffdbf65acf1a7332e5e" member_type: VOTER last_known_addr { host: "127.10.210.129" port: 45449 } } peers { permanent_uuid: "76162d71f5dc49fdbd62551038955111" member_type: VOTER last_known_addr { host: "127.10.210.130" port: 37443 } } peers { permanent_uuid: "8fc1f7e3dbfa44c1a70489864425a944" member_type: VOTER last_known_addr { host: "127.10.210.131" port: 38791 } }
I20260710 13:20:37.000164 12408 ts_tablet_manager.cc:1434] T 10afa96c7b6d478b9339e8a34d5e9e93 P 76162d71f5dc49fdbd62551038955111: Time spent starting tablet: real 0.009s	user 0.006s	sys 0.000s
I20260710 13:20:37.003278 12408 tablet_bootstrap.cc:492] T 90426578ff3345dc80d18b36963a7a38 P 76162d71f5dc49fdbd62551038955111: Bootstrap starting.
I20260710 13:20:37.013304 12406 tablet_bootstrap.cc:654] T 2e884ae123c34a6fb0e6838ac39025c0 P 598004379be44ffdbf65acf1a7332e5e: Neither blocks nor log segments found. Creating new log.
I20260710 13:20:37.014609 12423 raft_consensus.cc:515] T f8b92a6cde0c45a6af5420feb02d7b73 P 8fc1f7e3dbfa44c1a70489864425a944 [term 1 FOLLOWER]: Starting leader election with config: opid_index: -1 OBSOLETE_local: false peers { permanent_uuid: "598004379be44ffdbf65acf1a7332e5e" member_type: VOTER last_known_addr { host: "127.10.210.129" port: 45449 } } peers { permanent_uuid: "76162d71f5dc49fdbd62551038955111" member_type: VOTER last_known_addr { host: "127.10.210.130" port: 37443 } } peers { permanent_uuid: "8fc1f7e3dbfa44c1a70489864425a944" member_type: VOTER last_known_addr { host: "127.10.210.131" port: 38791 } }
I20260710 13:20:37.017529 12215 tablet_service.cc:1917] Received RequestConsensusVote() RPC: tablet_id: "f8b92a6cde0c45a6af5420feb02d7b73" candidate_uuid: "8fc1f7e3dbfa44c1a70489864425a944" candidate_term: 1 candidate_status { last_received { term: 0 index: 0 } } ignore_live_leader: false dest_uuid: "598004379be44ffdbf65acf1a7332e5e"
I20260710 13:20:37.018060 12215 raft_consensus.cc:3060] T f8b92a6cde0c45a6af5420feb02d7b73 P 598004379be44ffdbf65acf1a7332e5e [term 0 FOLLOWER]: Advancing to term 1
I20260710 13:20:37.021319 12112 catalog_manager.cc:5697] T 1ae871e6210c45b0ab9283f9dd1dff19 P 8fc1f7e3dbfa44c1a70489864425a944 reported cstate change: term changed from 0 to 1, leader changed from <none> to 8fc1f7e3dbfa44c1a70489864425a944 (127.10.210.131). New cstate: current_term: 1 leader_uuid: "8fc1f7e3dbfa44c1a70489864425a944" committed_config { opid_index: -1 OBSOLETE_local: false peers { permanent_uuid: "598004379be44ffdbf65acf1a7332e5e" member_type: VOTER last_known_addr { host: "127.10.210.129" port: 45449 } health_report { overall_health: UNKNOWN } } peers { permanent_uuid: "76162d71f5dc49fdbd62551038955111" member_type: VOTER last_known_addr { host: "127.10.210.130" port: 37443 } health_report { overall_health: UNKNOWN } } peers { permanent_uuid: "8fc1f7e3dbfa44c1a70489864425a944" member_type: VOTER last_known_addr { host: "127.10.210.131" port: 38791 } health_report { overall_health: HEALTHY } } }
I20260710 13:20:37.022881 12423 leader_election.cc:290] T f8b92a6cde0c45a6af5420feb02d7b73 P 8fc1f7e3dbfa44c1a70489864425a944 [CANDIDATE]: Term 1 election: Requested vote from peers 598004379be44ffdbf65acf1a7332e5e (127.10.210.129:45449), 76162d71f5dc49fdbd62551038955111 (127.10.210.130:37443)
I20260710 13:20:37.024765 12291 tablet_service.cc:1917] Received RequestConsensusVote() RPC: tablet_id: "f8b92a6cde0c45a6af5420feb02d7b73" candidate_uuid: "8fc1f7e3dbfa44c1a70489864425a944" candidate_term: 1 candidate_status { last_received { term: 0 index: 0 } } ignore_live_leader: false dest_uuid: "76162d71f5dc49fdbd62551038955111"
I20260710 13:20:37.025348 12291 raft_consensus.cc:3060] T f8b92a6cde0c45a6af5420feb02d7b73 P 76162d71f5dc49fdbd62551038955111 [term 0 FOLLOWER]: Advancing to term 1
I20260710 13:20:37.029107 12407 tablet_bootstrap.cc:654] T ff91e071bb72418bb34f140fc15efad6 P 8fc1f7e3dbfa44c1a70489864425a944: Neither blocks nor log segments found. Creating new log.
I20260710 13:20:37.030509 12406 tablet_bootstrap.cc:492] T 2e884ae123c34a6fb0e6838ac39025c0 P 598004379be44ffdbf65acf1a7332e5e: No bootstrap required, opened a new log
I20260710 13:20:37.030951 12406 ts_tablet_manager.cc:1403] T 2e884ae123c34a6fb0e6838ac39025c0 P 598004379be44ffdbf65acf1a7332e5e: Time spent bootstrapping tablet: real 0.040s	user 0.007s	sys 0.005s
I20260710 13:20:37.033165 12215 raft_consensus.cc:2468] T f8b92a6cde0c45a6af5420feb02d7b73 P 598004379be44ffdbf65acf1a7332e5e [term 1 FOLLOWER]: Leader election vote request: Granting yes vote for candidate 8fc1f7e3dbfa44c1a70489864425a944 in term 1.
I20260710 13:20:37.034718 12330 leader_election.cc:304] T f8b92a6cde0c45a6af5420feb02d7b73 P 8fc1f7e3dbfa44c1a70489864425a944 [CANDIDATE]: Term 1 election: Election decided. Result: candidate won. Election summary: received 2 responses out of 3 voters: 2 yes votes; 0 no votes. yes voters: 598004379be44ffdbf65acf1a7332e5e, 8fc1f7e3dbfa44c1a70489864425a944; no voters: 
I20260710 13:20:37.035275 12291 raft_consensus.cc:2468] T f8b92a6cde0c45a6af5420feb02d7b73 P 76162d71f5dc49fdbd62551038955111 [term 1 FOLLOWER]: Leader election vote request: Granting yes vote for candidate 8fc1f7e3dbfa44c1a70489864425a944 in term 1.
I20260710 13:20:37.035667 12423 raft_consensus.cc:2804] T f8b92a6cde0c45a6af5420feb02d7b73 P 8fc1f7e3dbfa44c1a70489864425a944 [term 1 FOLLOWER]: Leader election won for term 1
I20260710 13:20:37.036192 12423 raft_consensus.cc:697] T f8b92a6cde0c45a6af5420feb02d7b73 P 8fc1f7e3dbfa44c1a70489864425a944 [term 1 LEADER]: Becoming Leader. State: Replica: 8fc1f7e3dbfa44c1a70489864425a944, State: Running, Role: LEADER
I20260710 13:20:37.037654 12408 tablet_bootstrap.cc:654] T 90426578ff3345dc80d18b36963a7a38 P 76162d71f5dc49fdbd62551038955111: Neither blocks nor log segments found. Creating new log.
I20260710 13:20:37.037160 12423 consensus_queue.cc:237] T f8b92a6cde0c45a6af5420feb02d7b73 P 8fc1f7e3dbfa44c1a70489864425a944 [LEADER]: Queue going to LEADER mode. State: All replicated index: 0, Majority replicated index: 0, Committed index: 0, Last appended: 0.0, Last appended by leader: 0, Current term: 1, Majority size: 2, State: 0, Mode: LEADER, active raft config: opid_index: -1 OBSOLETE_local: false peers { permanent_uuid: "598004379be44ffdbf65acf1a7332e5e" member_type: VOTER last_known_addr { host: "127.10.210.129" port: 45449 } } peers { permanent_uuid: "76162d71f5dc49fdbd62551038955111" member_type: VOTER last_known_addr { host: "127.10.210.130" port: 37443 } } peers { permanent_uuid: "8fc1f7e3dbfa44c1a70489864425a944" member_type: VOTER last_known_addr { host: "127.10.210.131" port: 38791 } }
I20260710 13:20:37.033681 12406 raft_consensus.cc:359] T 2e884ae123c34a6fb0e6838ac39025c0 P 598004379be44ffdbf65acf1a7332e5e [term 0 FOLLOWER]: Replica starting. Triggering 0 pending ops. Active config: opid_index: -1 OBSOLETE_local: false peers { permanent_uuid: "598004379be44ffdbf65acf1a7332e5e" member_type: VOTER last_known_addr { host: "127.10.210.129" port: 45449 } } peers { permanent_uuid: "76162d71f5dc49fdbd62551038955111" member_type: VOTER last_known_addr { host: "127.10.210.130" port: 37443 } } peers { permanent_uuid: "8fc1f7e3dbfa44c1a70489864425a944" member_type: VOTER last_known_addr { host: "127.10.210.131" port: 38791 } }
I20260710 13:20:37.042536 12406 raft_consensus.cc:385] T 2e884ae123c34a6fb0e6838ac39025c0 P 598004379be44ffdbf65acf1a7332e5e [term 0 FOLLOWER]: Consensus starting up: Expiring failure detector timer to make a prompt election more likely
I20260710 13:20:37.042905 12406 raft_consensus.cc:740] T 2e884ae123c34a6fb0e6838ac39025c0 P 598004379be44ffdbf65acf1a7332e5e [term 0 FOLLOWER]: Becoming Follower/Learner. State: Replica: 598004379be44ffdbf65acf1a7332e5e, State: Initialized, Role: FOLLOWER
I20260710 13:20:37.047351 12407 tablet_bootstrap.cc:492] T ff91e071bb72418bb34f140fc15efad6 P 8fc1f7e3dbfa44c1a70489864425a944: No bootstrap required, opened a new log
I20260710 13:20:37.047313 12406 consensus_queue.cc:260] T 2e884ae123c34a6fb0e6838ac39025c0 P 598004379be44ffdbf65acf1a7332e5e [NON_LEADER]: Queue going to NON_LEADER mode. State: All replicated index: 0, Majority replicated index: 0, Committed index: 0, Last appended: 0.0, Last appended by leader: 0, Current term: 0, Majority size: -1, State: 0, Mode: NON_LEADER, active raft config: opid_index: -1 OBSOLETE_local: false peers { permanent_uuid: "598004379be44ffdbf65acf1a7332e5e" member_type: VOTER last_known_addr { host: "127.10.210.129" port: 45449 } } peers { permanent_uuid: "76162d71f5dc49fdbd62551038955111" member_type: VOTER last_known_addr { host: "127.10.210.130" port: 37443 } } peers { permanent_uuid: "8fc1f7e3dbfa44c1a70489864425a944" member_type: VOTER last_known_addr { host: "127.10.210.131" port: 38791 } }
I20260710 13:20:37.047834 12407 ts_tablet_manager.cc:1403] T ff91e071bb72418bb34f140fc15efad6 P 8fc1f7e3dbfa44c1a70489864425a944: Time spent bootstrapping tablet: real 0.093s	user 0.010s	sys 0.005s
I20260710 13:20:37.050601 12407 raft_consensus.cc:359] T ff91e071bb72418bb34f140fc15efad6 P 8fc1f7e3dbfa44c1a70489864425a944 [term 0 FOLLOWER]: Replica starting. Triggering 0 pending ops. Active config: opid_index: -1 OBSOLETE_local: false peers { permanent_uuid: "598004379be44ffdbf65acf1a7332e5e" member_type: VOTER last_known_addr { host: "127.10.210.129" port: 45449 } } peers { permanent_uuid: "76162d71f5dc49fdbd62551038955111" member_type: VOTER last_known_addr { host: "127.10.210.130" port: 37443 } } peers { permanent_uuid: "8fc1f7e3dbfa44c1a70489864425a944" member_type: VOTER last_known_addr { host: "127.10.210.131" port: 38791 } }
I20260710 13:20:37.051231 12407 raft_consensus.cc:385] T ff91e071bb72418bb34f140fc15efad6 P 8fc1f7e3dbfa44c1a70489864425a944 [term 0 FOLLOWER]: Consensus starting up: Expiring failure detector timer to make a prompt election more likely
I20260710 13:20:37.051515 12407 raft_consensus.cc:740] T ff91e071bb72418bb34f140fc15efad6 P 8fc1f7e3dbfa44c1a70489864425a944 [term 0 FOLLOWER]: Becoming Follower/Learner. State: Replica: 8fc1f7e3dbfa44c1a70489864425a944, State: Initialized, Role: FOLLOWER
W20260710 13:20:37.052259 12256 consensus_peers.cc:597] T b77b7e15070c4731acc7b1b32fd3e505 P 76162d71f5dc49fdbd62551038955111 -> Peer 598004379be44ffdbf65acf1a7332e5e (127.10.210.129:45449): Couldn't send request to peer 598004379be44ffdbf65acf1a7332e5e. Error code: TABLET_NOT_RUNNING (12). Status: Illegal state: Tablet not RUNNING: INITIALIZED. This is attempt 1: this message will repeat every 5th retry.
I20260710 13:20:37.052253 12407 consensus_queue.cc:260] T ff91e071bb72418bb34f140fc15efad6 P 8fc1f7e3dbfa44c1a70489864425a944 [NON_LEADER]: Queue going to NON_LEADER mode. State: All replicated index: 0, Majority replicated index: 0, Committed index: 0, Last appended: 0.0, Last appended by leader: 0, Current term: 0, Majority size: -1, State: 0, Mode: NON_LEADER, active raft config: opid_index: -1 OBSOLETE_local: false peers { permanent_uuid: "598004379be44ffdbf65acf1a7332e5e" member_type: VOTER last_known_addr { host: "127.10.210.129" port: 45449 } } peers { permanent_uuid: "76162d71f5dc49fdbd62551038955111" member_type: VOTER last_known_addr { host: "127.10.210.130" port: 37443 } } peers { permanent_uuid: "8fc1f7e3dbfa44c1a70489864425a944" member_type: VOTER last_known_addr { host: "127.10.210.131" port: 38791 } }
I20260710 13:20:37.054626 12407 ts_tablet_manager.cc:1434] T ff91e071bb72418bb34f140fc15efad6 P 8fc1f7e3dbfa44c1a70489864425a944: Time spent starting tablet: real 0.006s	user 0.005s	sys 0.000s
I20260710 13:20:37.055461 12407 tablet_bootstrap.cc:492] T 2e884ae123c34a6fb0e6838ac39025c0 P 8fc1f7e3dbfa44c1a70489864425a944: Bootstrap starting.
I20260710 13:20:37.059919 12406 ts_tablet_manager.cc:1434] T 2e884ae123c34a6fb0e6838ac39025c0 P 598004379be44ffdbf65acf1a7332e5e: Time spent starting tablet: real 0.029s	user 0.007s	sys 0.001s
I20260710 13:20:37.060752 12407 tablet_bootstrap.cc:654] T 2e884ae123c34a6fb0e6838ac39025c0 P 8fc1f7e3dbfa44c1a70489864425a944: Neither blocks nor log segments found. Creating new log.
I20260710 13:20:37.060511 12423 consensus_queue.cc:1048] T ca02b51db0674e51970765d6116b8988 P 8fc1f7e3dbfa44c1a70489864425a944 [LEADER]: Connected to new peer: Peer: permanent_uuid: "598004379be44ffdbf65acf1a7332e5e" member_type: VOTER last_known_addr { host: "127.10.210.129" port: 45449 }, Status: LMP_MISMATCH, Last received: 0.0, Next index: 1, Last known committed idx: 0, Time since last communication: 0.000s
I20260710 13:20:37.062153 12114 catalog_manager.cc:5697] T f8b92a6cde0c45a6af5420feb02d7b73 P 8fc1f7e3dbfa44c1a70489864425a944 reported cstate change: term changed from 0 to 1, leader changed from <none> to 8fc1f7e3dbfa44c1a70489864425a944 (127.10.210.131). New cstate: current_term: 1 leader_uuid: "8fc1f7e3dbfa44c1a70489864425a944" committed_config { opid_index: -1 OBSOLETE_local: false peers { permanent_uuid: "598004379be44ffdbf65acf1a7332e5e" member_type: VOTER last_known_addr { host: "127.10.210.129" port: 45449 } health_report { overall_health: UNKNOWN } } peers { permanent_uuid: "76162d71f5dc49fdbd62551038955111" member_type: VOTER last_known_addr { host: "127.10.210.130" port: 37443 } health_report { overall_health: UNKNOWN } } peers { permanent_uuid: "8fc1f7e3dbfa44c1a70489864425a944" member_type: VOTER last_known_addr { host: "127.10.210.131" port: 38791 } health_report { overall_health: HEALTHY } } }
I20260710 13:20:37.069772 12406 tablet_bootstrap.cc:492] T b77b7e15070c4731acc7b1b32fd3e505 P 598004379be44ffdbf65acf1a7332e5e: Bootstrap starting.
I20260710 13:20:37.080389 12406 tablet_bootstrap.cc:654] T b77b7e15070c4731acc7b1b32fd3e505 P 598004379be44ffdbf65acf1a7332e5e: Neither blocks nor log segments found. Creating new log.
I20260710 13:20:37.082578 12423 raft_consensus.cc:493] T 199277d74c3e4dbaa70ef042e2e19030 P 8fc1f7e3dbfa44c1a70489864425a944 [term 0 FOLLOWER]: Starting pre-election (no leader contacted us within the election timeout)
I20260710 13:20:37.083173 12423 raft_consensus.cc:515] T 199277d74c3e4dbaa70ef042e2e19030 P 8fc1f7e3dbfa44c1a70489864425a944 [term 0 FOLLOWER]: Starting pre-election with config: opid_index: -1 OBSOLETE_local: false peers { permanent_uuid: "598004379be44ffdbf65acf1a7332e5e" member_type: VOTER last_known_addr { host: "127.10.210.129" port: 45449 } } peers { permanent_uuid: "76162d71f5dc49fdbd62551038955111" member_type: VOTER last_known_addr { host: "127.10.210.130" port: 37443 } } peers { permanent_uuid: "8fc1f7e3dbfa44c1a70489864425a944" member_type: VOTER last_known_addr { host: "127.10.210.131" port: 38791 } }
I20260710 13:20:37.086588 12216 tablet_service.cc:1917] Received RequestConsensusVote() RPC: tablet_id: "199277d74c3e4dbaa70ef042e2e19030" candidate_uuid: "8fc1f7e3dbfa44c1a70489864425a944" candidate_term: 1 candidate_status { last_received { term: 0 index: 0 } } ignore_live_leader: false dest_uuid: "598004379be44ffdbf65acf1a7332e5e" is_pre_election: true
I20260710 13:20:37.087246 12423 leader_election.cc:290] T 199277d74c3e4dbaa70ef042e2e19030 P 8fc1f7e3dbfa44c1a70489864425a944 [CANDIDATE]: Term 1 pre-election: Requested pre-vote from peers 598004379be44ffdbf65acf1a7332e5e (127.10.210.129:45449), 76162d71f5dc49fdbd62551038955111 (127.10.210.130:37443)
W20260710 13:20:37.088294 12330 leader_election.cc:343] T 199277d74c3e4dbaa70ef042e2e19030 P 8fc1f7e3dbfa44c1a70489864425a944 [CANDIDATE]: Term 1 pre-election: Tablet error from VoteRequest() call to peer 598004379be44ffdbf65acf1a7332e5e (127.10.210.129:45449): Illegal state: must be running to vote when last-logged opid is not known
I20260710 13:20:37.089887 12291 tablet_service.cc:1917] Received RequestConsensusVote() RPC: tablet_id: "199277d74c3e4dbaa70ef042e2e19030" candidate_uuid: "8fc1f7e3dbfa44c1a70489864425a944" candidate_term: 1 candidate_status { last_received { term: 0 index: 0 } } ignore_live_leader: false dest_uuid: "76162d71f5dc49fdbd62551038955111" is_pre_election: true
W20260710 13:20:37.091270 12332 leader_election.cc:343] T 199277d74c3e4dbaa70ef042e2e19030 P 8fc1f7e3dbfa44c1a70489864425a944 [CANDIDATE]: Term 1 pre-election: Tablet error from VoteRequest() call to peer 76162d71f5dc49fdbd62551038955111 (127.10.210.130:37443): Illegal state: must be running to vote when last-logged opid is not known
I20260710 13:20:37.091679 12332 leader_election.cc:304] T 199277d74c3e4dbaa70ef042e2e19030 P 8fc1f7e3dbfa44c1a70489864425a944 [CANDIDATE]: Term 1 pre-election: Election decided. Result: candidate lost. Election summary: received 3 responses out of 3 voters: 1 yes votes; 2 no votes. yes voters: 8fc1f7e3dbfa44c1a70489864425a944; no voters: 598004379be44ffdbf65acf1a7332e5e, 76162d71f5dc49fdbd62551038955111
I20260710 13:20:37.093048 12454 consensus_queue.cc:1048] T ca02b51db0674e51970765d6116b8988 P 8fc1f7e3dbfa44c1a70489864425a944 [LEADER]: Connected to new peer: Peer: permanent_uuid: "76162d71f5dc49fdbd62551038955111" member_type: VOTER last_known_addr { host: "127.10.210.130" port: 37443 }, Status: LMP_MISMATCH, Last received: 0.0, Next index: 1, Last known committed idx: 0, Time since last communication: 0.000s
I20260710 13:20:37.096026 12423 raft_consensus.cc:2749] T 199277d74c3e4dbaa70ef042e2e19030 P 8fc1f7e3dbfa44c1a70489864425a944 [term 0 FOLLOWER]: Leader pre-election lost for term 1. Reason: could not achieve majority
I20260710 13:20:37.097397 12408 tablet_bootstrap.cc:492] T 90426578ff3345dc80d18b36963a7a38 P 76162d71f5dc49fdbd62551038955111: No bootstrap required, opened a new log
I20260710 13:20:37.097950 12408 ts_tablet_manager.cc:1403] T 90426578ff3345dc80d18b36963a7a38 P 76162d71f5dc49fdbd62551038955111: Time spent bootstrapping tablet: real 0.095s	user 0.006s	sys 0.020s
I20260710 13:20:37.103749 12408 raft_consensus.cc:359] T 90426578ff3345dc80d18b36963a7a38 P 76162d71f5dc49fdbd62551038955111 [term 0 FOLLOWER]: Replica starting. Triggering 0 pending ops. Active config: opid_index: -1 OBSOLETE_local: false peers { permanent_uuid: "598004379be44ffdbf65acf1a7332e5e" member_type: VOTER last_known_addr { host: "127.10.210.129" port: 45449 } } peers { permanent_uuid: "76162d71f5dc49fdbd62551038955111" member_type: VOTER last_known_addr { host: "127.10.210.130" port: 37443 } } peers { permanent_uuid: "8fc1f7e3dbfa44c1a70489864425a944" member_type: VOTER last_known_addr { host: "127.10.210.131" port: 38791 } }
I20260710 13:20:37.104606 12408 raft_consensus.cc:385] T 90426578ff3345dc80d18b36963a7a38 P 76162d71f5dc49fdbd62551038955111 [term 0 FOLLOWER]: Consensus starting up: Expiring failure detector timer to make a prompt election more likely
I20260710 13:20:37.104679 12431 raft_consensus.cc:493] T 10afa96c7b6d478b9339e8a34d5e9e93 P 598004379be44ffdbf65acf1a7332e5e [term 0 FOLLOWER]: Starting pre-election (no leader contacted us within the election timeout)
I20260710 13:20:37.105352 12431 raft_consensus.cc:515] T 10afa96c7b6d478b9339e8a34d5e9e93 P 598004379be44ffdbf65acf1a7332e5e [term 0 FOLLOWER]: Starting pre-election with config: opid_index: -1 OBSOLETE_local: false peers { permanent_uuid: "598004379be44ffdbf65acf1a7332e5e" member_type: VOTER last_known_addr { host: "127.10.210.129" port: 45449 } } peers { permanent_uuid: "76162d71f5dc49fdbd62551038955111" member_type: VOTER last_known_addr { host: "127.10.210.130" port: 37443 } } peers { permanent_uuid: "8fc1f7e3dbfa44c1a70489864425a944" member_type: VOTER last_known_addr { host: "127.10.210.131" port: 38791 } }
I20260710 13:20:37.106783 12407 tablet_bootstrap.cc:492] T 2e884ae123c34a6fb0e6838ac39025c0 P 8fc1f7e3dbfa44c1a70489864425a944: No bootstrap required, opened a new log
I20260710 13:20:37.107189 12407 ts_tablet_manager.cc:1403] T 2e884ae123c34a6fb0e6838ac39025c0 P 8fc1f7e3dbfa44c1a70489864425a944: Time spent bootstrapping tablet: real 0.052s	user 0.023s	sys 0.013s
I20260710 13:20:37.107857 12431 leader_election.cc:290] T 10afa96c7b6d478b9339e8a34d5e9e93 P 598004379be44ffdbf65acf1a7332e5e [CANDIDATE]: Term 1 pre-election: Requested pre-vote from peers 76162d71f5dc49fdbd62551038955111 (127.10.210.130:37443), 8fc1f7e3dbfa44c1a70489864425a944 (127.10.210.131:38791)
I20260710 13:20:37.109663 12407 raft_consensus.cc:359] T 2e884ae123c34a6fb0e6838ac39025c0 P 8fc1f7e3dbfa44c1a70489864425a944 [term 0 FOLLOWER]: Replica starting. Triggering 0 pending ops. Active config: opid_index: -1 OBSOLETE_local: false peers { permanent_uuid: "598004379be44ffdbf65acf1a7332e5e" member_type: VOTER last_known_addr { host: "127.10.210.129" port: 45449 } } peers { permanent_uuid: "76162d71f5dc49fdbd62551038955111" member_type: VOTER last_known_addr { host: "127.10.210.130" port: 37443 } } peers { permanent_uuid: "8fc1f7e3dbfa44c1a70489864425a944" member_type: VOTER last_known_addr { host: "127.10.210.131" port: 38791 } }
I20260710 13:20:37.109869 12291 tablet_service.cc:1917] Received RequestConsensusVote() RPC: tablet_id: "10afa96c7b6d478b9339e8a34d5e9e93" candidate_uuid: "598004379be44ffdbf65acf1a7332e5e" candidate_term: 1 candidate_status { last_received { term: 0 index: 0 } } ignore_live_leader: false dest_uuid: "76162d71f5dc49fdbd62551038955111" is_pre_election: true
I20260710 13:20:37.111953 12365 tablet_service.cc:1917] Received RequestConsensusVote() RPC: tablet_id: "10afa96c7b6d478b9339e8a34d5e9e93" candidate_uuid: "598004379be44ffdbf65acf1a7332e5e" candidate_term: 1 candidate_status { last_received { term: 0 index: 0 } } ignore_live_leader: false dest_uuid: "8fc1f7e3dbfa44c1a70489864425a944" is_pre_election: true
I20260710 13:20:37.121435 12477 consensus_queue.cc:1048] T a7b29b9af2cc460c94652349d4709511 P 8fc1f7e3dbfa44c1a70489864425a944 [LEADER]: Connected to new peer: Peer: permanent_uuid: "76162d71f5dc49fdbd62551038955111" member_type: VOTER last_known_addr { host: "127.10.210.130" port: 37443 }, Status: LMP_MISMATCH, Last received: 0.0, Next index: 1, Last known committed idx: 0, Time since last communication: 0.008s
I20260710 13:20:37.128793 12291 raft_consensus.cc:2468] T 10afa96c7b6d478b9339e8a34d5e9e93 P 76162d71f5dc49fdbd62551038955111 [term 0 FOLLOWER]: Leader pre-election vote request: Granting yes vote for candidate 598004379be44ffdbf65acf1a7332e5e in term 0.
I20260710 13:20:37.129238 12365 raft_consensus.cc:2468] T 10afa96c7b6d478b9339e8a34d5e9e93 P 8fc1f7e3dbfa44c1a70489864425a944 [term 0 FOLLOWER]: Leader pre-election vote request: Granting yes vote for candidate 598004379be44ffdbf65acf1a7332e5e in term 0.
I20260710 13:20:37.130295 12183 leader_election.cc:304] T 10afa96c7b6d478b9339e8a34d5e9e93 P 598004379be44ffdbf65acf1a7332e5e [CANDIDATE]: Term 1 pre-election: Election decided. Result: candidate won. Election summary: received 2 responses out of 3 voters: 2 yes votes; 0 no votes. yes voters: 598004379be44ffdbf65acf1a7332e5e, 76162d71f5dc49fdbd62551038955111; no voters: 
I20260710 13:20:37.131358 12431 raft_consensus.cc:2804] T 10afa96c7b6d478b9339e8a34d5e9e93 P 598004379be44ffdbf65acf1a7332e5e [term 0 FOLLOWER]: Leader pre-election won for term 1
I20260710 13:20:37.132068 12431 raft_consensus.cc:493] T 10afa96c7b6d478b9339e8a34d5e9e93 P 598004379be44ffdbf65acf1a7332e5e [term 0 FOLLOWER]: Starting leader election (no leader contacted us within the election timeout)
I20260710 13:20:37.132555 12431 raft_consensus.cc:3060] T 10afa96c7b6d478b9339e8a34d5e9e93 P 598004379be44ffdbf65acf1a7332e5e [term 0 FOLLOWER]: Advancing to term 1
I20260710 13:20:37.134763 12413 consensus_queue.cc:1048] T b77b7e15070c4731acc7b1b32fd3e505 P 76162d71f5dc49fdbd62551038955111 [LEADER]: Connected to new peer: Peer: permanent_uuid: "8fc1f7e3dbfa44c1a70489864425a944" member_type: VOTER last_known_addr { host: "127.10.210.131" port: 38791 }, Status: LMP_MISMATCH, Last received: 0.0, Next index: 1, Last known committed idx: 0, Time since last communication: 0.000s
I20260710 13:20:37.138674 12408 raft_consensus.cc:740] T 90426578ff3345dc80d18b36963a7a38 P 76162d71f5dc49fdbd62551038955111 [term 0 FOLLOWER]: Becoming Follower/Learner. State: Replica: 76162d71f5dc49fdbd62551038955111, State: Initialized, Role: FOLLOWER
I20260710 13:20:37.118654 12423 consensus_queue.cc:1048] T 90426578ff3345dc80d18b36963a7a38 P 8fc1f7e3dbfa44c1a70489864425a944 [LEADER]: Connected to new peer: Peer: permanent_uuid: "598004379be44ffdbf65acf1a7332e5e" member_type: VOTER last_known_addr { host: "127.10.210.129" port: 45449 }, Status: LMP_MISMATCH, Last received: 0.0, Next index: 1, Last known committed idx: 0, Time since last communication: 0.021s
I20260710 13:20:37.140964 12407 raft_consensus.cc:385] T 2e884ae123c34a6fb0e6838ac39025c0 P 8fc1f7e3dbfa44c1a70489864425a944 [term 0 FOLLOWER]: Consensus starting up: Expiring failure detector timer to make a prompt election more likely
I20260710 13:20:37.141378 12407 raft_consensus.cc:740] T 2e884ae123c34a6fb0e6838ac39025c0 P 8fc1f7e3dbfa44c1a70489864425a944 [term 0 FOLLOWER]: Becoming Follower/Learner. State: Replica: 8fc1f7e3dbfa44c1a70489864425a944, State: Initialized, Role: FOLLOWER
I20260710 13:20:37.142208 12407 consensus_queue.cc:260] T 2e884ae123c34a6fb0e6838ac39025c0 P 8fc1f7e3dbfa44c1a70489864425a944 [NON_LEADER]: Queue going to NON_LEADER mode. State: All replicated index: 0, Majority replicated index: 0, Committed index: 0, Last appended: 0.0, Last appended by leader: 0, Current term: 0, Majority size: -1, State: 0, Mode: NON_LEADER, active raft config: opid_index: -1 OBSOLETE_local: false peers { permanent_uuid: "598004379be44ffdbf65acf1a7332e5e" member_type: VOTER last_known_addr { host: "127.10.210.129" port: 45449 } } peers { permanent_uuid: "76162d71f5dc49fdbd62551038955111" member_type: VOTER last_known_addr { host: "127.10.210.130" port: 37443 } } peers { permanent_uuid: "8fc1f7e3dbfa44c1a70489864425a944" member_type: VOTER last_known_addr { host: "127.10.210.131" port: 38791 } }
I20260710 13:20:37.146883 12407 ts_tablet_manager.cc:1434] T 2e884ae123c34a6fb0e6838ac39025c0 P 8fc1f7e3dbfa44c1a70489864425a944: Time spent starting tablet: real 0.039s	user 0.006s	sys 0.000s
I20260710 13:20:37.147970 12407 tablet_bootstrap.cc:492] T 7a324a671ae54a84ae93c3896147d90c P 8fc1f7e3dbfa44c1a70489864425a944: Bootstrap starting.
W20260710 13:20:37.148018 12330 consensus_peers.cc:597] T a7b29b9af2cc460c94652349d4709511 P 8fc1f7e3dbfa44c1a70489864425a944 -> Peer 598004379be44ffdbf65acf1a7332e5e (127.10.210.129:45449): Couldn't send request to peer 598004379be44ffdbf65acf1a7332e5e. Error code: TABLET_NOT_RUNNING (12). Status: Illegal state: Tablet not RUNNING: INITIALIZED. This is attempt 1: this message will repeat every 5th retry.
I20260710 13:20:37.152518 12408 consensus_queue.cc:260] T 90426578ff3345dc80d18b36963a7a38 P 76162d71f5dc49fdbd62551038955111 [NON_LEADER]: Queue going to NON_LEADER mode. State: All replicated index: 0, Majority replicated index: 0, Committed index: 0, Last appended: 0.0, Last appended by leader: 0, Current term: 0, Majority size: -1, State: 0, Mode: NON_LEADER, active raft config: opid_index: -1 OBSOLETE_local: false peers { permanent_uuid: "598004379be44ffdbf65acf1a7332e5e" member_type: VOTER last_known_addr { host: "127.10.210.129" port: 45449 } } peers { permanent_uuid: "76162d71f5dc49fdbd62551038955111" member_type: VOTER last_known_addr { host: "127.10.210.130" port: 37443 } } peers { permanent_uuid: "8fc1f7e3dbfa44c1a70489864425a944" member_type: VOTER last_known_addr { host: "127.10.210.131" port: 38791 } }
I20260710 13:20:37.159271 12407 tablet_bootstrap.cc:654] T 7a324a671ae54a84ae93c3896147d90c P 8fc1f7e3dbfa44c1a70489864425a944: Neither blocks nor log segments found. Creating new log.
I20260710 13:20:37.159875 12412 raft_consensus.cc:493] T 2e884ae123c34a6fb0e6838ac39025c0 P 598004379be44ffdbf65acf1a7332e5e [term 0 FOLLOWER]: Starting pre-election (no leader contacted us within the election timeout)
I20260710 13:20:37.160576 12412 raft_consensus.cc:515] T 2e884ae123c34a6fb0e6838ac39025c0 P 598004379be44ffdbf65acf1a7332e5e [term 0 FOLLOWER]: Starting pre-election with config: opid_index: -1 OBSOLETE_local: false peers { permanent_uuid: "598004379be44ffdbf65acf1a7332e5e" member_type: VOTER last_known_addr { host: "127.10.210.129" port: 45449 } } peers { permanent_uuid: "76162d71f5dc49fdbd62551038955111" member_type: VOTER last_known_addr { host: "127.10.210.130" port: 37443 } } peers { permanent_uuid: "8fc1f7e3dbfa44c1a70489864425a944" member_type: VOTER last_known_addr { host: "127.10.210.131" port: 38791 } }
I20260710 13:20:37.163512 12412 leader_election.cc:290] T 2e884ae123c34a6fb0e6838ac39025c0 P 598004379be44ffdbf65acf1a7332e5e [CANDIDATE]: Term 1 pre-election: Requested pre-vote from peers 76162d71f5dc49fdbd62551038955111 (127.10.210.130:37443), 8fc1f7e3dbfa44c1a70489864425a944 (127.10.210.131:38791)
I20260710 13:20:37.165913 12292 tablet_service.cc:1917] Received RequestConsensusVote() RPC: tablet_id: "2e884ae123c34a6fb0e6838ac39025c0" candidate_uuid: "598004379be44ffdbf65acf1a7332e5e" candidate_term: 1 candidate_status { last_received { term: 0 index: 0 } } ignore_live_leader: false dest_uuid: "76162d71f5dc49fdbd62551038955111" is_pre_election: true
W20260710 13:20:37.167788 12183 leader_election.cc:343] T 2e884ae123c34a6fb0e6838ac39025c0 P 598004379be44ffdbf65acf1a7332e5e [CANDIDATE]: Term 1 pre-election: Tablet error from VoteRequest() call to peer 76162d71f5dc49fdbd62551038955111 (127.10.210.130:37443): Illegal state: must be running to vote when last-logged opid is not known
I20260710 13:20:37.169709 12365 tablet_service.cc:1917] Received RequestConsensusVote() RPC: tablet_id: "2e884ae123c34a6fb0e6838ac39025c0" candidate_uuid: "598004379be44ffdbf65acf1a7332e5e" candidate_term: 1 candidate_status { last_received { term: 0 index: 0 } } ignore_live_leader: false dest_uuid: "8fc1f7e3dbfa44c1a70489864425a944" is_pre_election: true
I20260710 13:20:37.170482 12365 raft_consensus.cc:2468] T 2e884ae123c34a6fb0e6838ac39025c0 P 8fc1f7e3dbfa44c1a70489864425a944 [term 0 FOLLOWER]: Leader pre-election vote request: Granting yes vote for candidate 598004379be44ffdbf65acf1a7332e5e in term 0.
I20260710 13:20:37.172127 12180 leader_election.cc:304] T 2e884ae123c34a6fb0e6838ac39025c0 P 598004379be44ffdbf65acf1a7332e5e [CANDIDATE]: Term 1 pre-election: Election decided. Result: candidate won. Election summary: received 3 responses out of 3 voters: 2 yes votes; 1 no votes. yes voters: 598004379be44ffdbf65acf1a7332e5e, 8fc1f7e3dbfa44c1a70489864425a944; no voters: 76162d71f5dc49fdbd62551038955111
I20260710 13:20:37.173149 12412 raft_consensus.cc:2804] T 2e884ae123c34a6fb0e6838ac39025c0 P 598004379be44ffdbf65acf1a7332e5e [term 0 FOLLOWER]: Leader pre-election won for term 1
I20260710 13:20:37.173584 12412 raft_consensus.cc:493] T 2e884ae123c34a6fb0e6838ac39025c0 P 598004379be44ffdbf65acf1a7332e5e [term 0 FOLLOWER]: Starting leader election (no leader contacted us within the election timeout)
I20260710 13:20:37.174005 12412 raft_consensus.cc:3060] T 2e884ae123c34a6fb0e6838ac39025c0 P 598004379be44ffdbf65acf1a7332e5e [term 0 FOLLOWER]: Advancing to term 1
I20260710 13:20:37.187517 12415 raft_consensus.cc:493] T 066976e1cef74f0ca831c1a763758cbc P 598004379be44ffdbf65acf1a7332e5e [term 0 FOLLOWER]: Starting pre-election (no leader contacted us within the election timeout)
I20260710 13:20:37.188071 12408 ts_tablet_manager.cc:1434] T 90426578ff3345dc80d18b36963a7a38 P 76162d71f5dc49fdbd62551038955111: Time spent starting tablet: real 0.090s	user 0.007s	sys 0.003s
I20260710 13:20:37.187978 12415 raft_consensus.cc:515] T 066976e1cef74f0ca831c1a763758cbc P 598004379be44ffdbf65acf1a7332e5e [term 0 FOLLOWER]: Starting pre-election with config: opid_index: -1 OBSOLETE_local: false peers { permanent_uuid: "598004379be44ffdbf65acf1a7332e5e" member_type: VOTER last_known_addr { host: "127.10.210.129" port: 45449 } } peers { permanent_uuid: "76162d71f5dc49fdbd62551038955111" member_type: VOTER last_known_addr { host: "127.10.210.130" port: 37443 } } peers { permanent_uuid: "8fc1f7e3dbfa44c1a70489864425a944" member_type: VOTER last_known_addr { host: "127.10.210.131" port: 38791 } }
I20260710 13:20:37.188949 12408 tablet_bootstrap.cc:492] T 7a324a671ae54a84ae93c3896147d90c P 76162d71f5dc49fdbd62551038955111: Bootstrap starting.
I20260710 13:20:37.190186 12415 leader_election.cc:290] T 066976e1cef74f0ca831c1a763758cbc P 598004379be44ffdbf65acf1a7332e5e [CANDIDATE]: Term 1 pre-election: Requested pre-vote from peers 76162d71f5dc49fdbd62551038955111 (127.10.210.130:37443), 8fc1f7e3dbfa44c1a70489864425a944 (127.10.210.131:38791)
I20260710 13:20:37.194588 12292 tablet_service.cc:1917] Received RequestConsensusVote() RPC: tablet_id: "066976e1cef74f0ca831c1a763758cbc" candidate_uuid: "598004379be44ffdbf65acf1a7332e5e" candidate_term: 1 candidate_status { last_received { term: 0 index: 0 } } ignore_live_leader: false dest_uuid: "76162d71f5dc49fdbd62551038955111" is_pre_election: true
I20260710 13:20:37.195005 12365 tablet_service.cc:1917] Received RequestConsensusVote() RPC: tablet_id: "066976e1cef74f0ca831c1a763758cbc" candidate_uuid: "598004379be44ffdbf65acf1a7332e5e" candidate_term: 1 candidate_status { last_received { term: 0 index: 0 } } ignore_live_leader: false dest_uuid: "8fc1f7e3dbfa44c1a70489864425a944" is_pre_election: true
I20260710 13:20:37.195597 12292 raft_consensus.cc:2393] T 066976e1cef74f0ca831c1a763758cbc P 76162d71f5dc49fdbd62551038955111 [term 1 FOLLOWER]: Leader pre-election vote request: Denying vote to candidate 598004379be44ffdbf65acf1a7332e5e in current term 1: Already voted for candidate 8fc1f7e3dbfa44c1a70489864425a944 in this term.
I20260710 13:20:37.197034 12183 leader_election.cc:304] T 066976e1cef74f0ca831c1a763758cbc P 598004379be44ffdbf65acf1a7332e5e [CANDIDATE]: Term 1 pre-election: Election decided. Result: candidate lost. Election summary: received 3 responses out of 3 voters: 1 yes votes; 2 no votes. yes voters: 598004379be44ffdbf65acf1a7332e5e; no voters: 76162d71f5dc49fdbd62551038955111, 8fc1f7e3dbfa44c1a70489864425a944
I20260710 13:20:37.198374 12415 raft_consensus.cc:3060] T 066976e1cef74f0ca831c1a763758cbc P 598004379be44ffdbf65acf1a7332e5e [term 0 FOLLOWER]: Advancing to term 1
