I20260710 13:20:41.465237 18053 raft_consensus.cc:2955] T 0a1db597054946859b98bbf9b8bf687c P ebc9cc81050c4d6685485e27b493dab8 [term 2 FOLLOWER]: Committing config change with OpId 2.4: config changed from index 2 to 4, ebc9cc81050c4d6685485e27b493dab8 (127.16.35.4) changed from NON_VOTER to VOTER. New config: { opid_index: 4 OBSOLETE_local: false peers { permanent_uuid: "c25e3397361043258a196e422d10677e" member_type: VOTER last_known_addr { host: "127.16.35.1" port: 36973 } } peers { permanent_uuid: "3d2f5bbb3e25426398457a9f0062570c" member_type: VOTER last_known_addr { host: "127.16.35.2" port: 37119 } } peers { permanent_uuid: "bc9e0cfa2a7d44e796a50eb1146d01c1" member_type: VOTER last_known_addr { host: "127.16.35.3" port: 43543 } attrs { replace: true } } peers { permanent_uuid: "ebc9cc81050c4d6685485e27b493dab8" member_type: VOTER last_known_addr { host: "127.16.35.4" port: 42785 } attrs { promote: false } } }
I20260710 13:20:41.471532 17530 catalog_manager.cc:5697] T 0a1db597054946859b98bbf9b8bf687c P c25e3397361043258a196e422d10677e reported cstate change: config changed from index 2 to 4, ebc9cc81050c4d6685485e27b493dab8 (127.16.35.4) changed from NON_VOTER to VOTER. New cstate: current_term: 2 leader_uuid: "c25e3397361043258a196e422d10677e" committed_config { opid_index: 4 OBSOLETE_local: false peers { permanent_uuid: "c25e3397361043258a196e422d10677e" member_type: VOTER last_known_addr { host: "127.16.35.1" port: 36973 } health_report { overall_health: HEALTHY } } peers { permanent_uuid: "3d2f5bbb3e25426398457a9f0062570c" member_type: VOTER last_known_addr { host: "127.16.35.2" port: 37119 } health_report { overall_health: UNKNOWN } } peers { permanent_uuid: "bc9e0cfa2a7d44e796a50eb1146d01c1" member_type: VOTER last_known_addr { host: "127.16.35.3" port: 43543 } attrs { replace: true } health_report { overall_health: HEALTHY } } peers { permanent_uuid: "ebc9cc81050c4d6685485e27b493dab8" member_type: VOTER last_known_addr { host: "127.16.35.4" port: 42785 } attrs { promote: false } health_report { overall_health: HEALTHY } } }
I20260710 13:20:41.618188 18124 raft_consensus.cc:1064] T 4dfcfc843db74833bb5c2f12e2262570 P 3d2f5bbb3e25426398457a9f0062570c: attempting to promote NON_VOTER ebc9cc81050c4d6685485e27b493dab8 to VOTER
I20260710 13:20:41.620757 18124 consensus_queue.cc:237] T 4dfcfc843db74833bb5c2f12e2262570 P 3d2f5bbb3e25426398457a9f0062570c [LEADER]: Queue going to LEADER mode. State: All replicated index: 0, Majority replicated index: 2, Committed index: 2, Last appended: 1.2, Last appended by leader: 0, Current term: 1, Majority size: 3, State: 0, Mode: LEADER, active raft config: opid_index: 3 OBSOLETE_local: false peers { permanent_uuid: "c25e3397361043258a196e422d10677e" member_type: VOTER last_known_addr { host: "127.16.35.1" port: 36973 } attrs { replace: true } } peers { permanent_uuid: "3d2f5bbb3e25426398457a9f0062570c" member_type: VOTER last_known_addr { host: "127.16.35.2" port: 37119 } } peers { permanent_uuid: "bc9e0cfa2a7d44e796a50eb1146d01c1" member_type: VOTER last_known_addr { host: "127.16.35.3" port: 43543 } } peers { permanent_uuid: "ebc9cc81050c4d6685485e27b493dab8" member_type: VOTER last_known_addr { host: "127.16.35.4" port: 42785 } attrs { promote: false } }
I20260710 13:20:41.628337 18053 raft_consensus.cc:1275] T 4dfcfc843db74833bb5c2f12e2262570 P ebc9cc81050c4d6685485e27b493dab8 [term 1 LEARNER]: Refusing update from remote peer 3d2f5bbb3e25426398457a9f0062570c: Log matching property violated. Preceding OpId in replica: term: 1 index: 2. Preceding OpId from leader: term: 1 index: 3. (index mismatch)
I20260710 13:20:41.629835 17777 raft_consensus.cc:1275] T 4dfcfc843db74833bb5c2f12e2262570 P bc9e0cfa2a7d44e796a50eb1146d01c1 [term 1 FOLLOWER]: Refusing update from remote peer 3d2f5bbb3e25426398457a9f0062570c: Log matching property violated. Preceding OpId in replica: term: 1 index: 2. Preceding OpId from leader: term: 1 index: 3. (index mismatch)
I20260710 13:20:41.631664 18123 consensus_queue.cc:1048] T 4dfcfc843db74833bb5c2f12e2262570 P 3d2f5bbb3e25426398457a9f0062570c [LEADER]: Connected to new peer: Peer: permanent_uuid: "bc9e0cfa2a7d44e796a50eb1146d01c1" member_type: VOTER last_known_addr { host: "127.16.35.3" port: 43543 }, Status: LMP_MISMATCH, Last received: 0.0, Next index: 3, Last known committed idx: 2, Time since last communication: 0.000s
I20260710 13:20:41.632927 17625 raft_consensus.cc:1275] T 4dfcfc843db74833bb5c2f12e2262570 P c25e3397361043258a196e422d10677e [term 1 FOLLOWER]: Refusing update from remote peer 3d2f5bbb3e25426398457a9f0062570c: Log matching property violated. Preceding OpId in replica: term: 1 index: 2. Preceding OpId from leader: term: 1 index: 3. (index mismatch)
I20260710 13:20:41.633615 18123 consensus_queue.cc:1048] T 4dfcfc843db74833bb5c2f12e2262570 P 3d2f5bbb3e25426398457a9f0062570c [LEADER]: Connected to new peer: Peer: permanent_uuid: "ebc9cc81050c4d6685485e27b493dab8" member_type: VOTER last_known_addr { host: "127.16.35.4" port: 42785 } attrs { promote: false }, Status: LMP_MISMATCH, Last received: 0.0, Next index: 3, Last known committed idx: 2, Time since last communication: 0.000s
I20260710 13:20:41.634766 18124 consensus_queue.cc:1048] T 4dfcfc843db74833bb5c2f12e2262570 P 3d2f5bbb3e25426398457a9f0062570c [LEADER]: Connected to new peer: Peer: permanent_uuid: "c25e3397361043258a196e422d10677e" member_type: VOTER last_known_addr { host: "127.16.35.1" port: 36973 } attrs { replace: true }, Status: LMP_MISMATCH, Last received: 0.0, Next index: 3, Last known committed idx: 2, Time since last communication: 0.000s
I20260710 13:20:41.662279 17970 raft_consensus.cc:2955] T 4dfcfc843db74833bb5c2f12e2262570 P 3d2f5bbb3e25426398457a9f0062570c [term 1 LEADER]: Committing config change with OpId 1.3: config changed from index 2 to 3, ebc9cc81050c4d6685485e27b493dab8 (127.16.35.4) changed from NON_VOTER to VOTER. New config: { opid_index: 3 OBSOLETE_local: false peers { permanent_uuid: "c25e3397361043258a196e422d10677e" member_type: VOTER last_known_addr { host: "127.16.35.1" port: 36973 } attrs { replace: true } } peers { permanent_uuid: "3d2f5bbb3e25426398457a9f0062570c" member_type: VOTER last_known_addr { host: "127.16.35.2" port: 37119 } } peers { permanent_uuid: "bc9e0cfa2a7d44e796a50eb1146d01c1" member_type: VOTER last_known_addr { host: "127.16.35.3" port: 43543 } } peers { permanent_uuid: "ebc9cc81050c4d6685485e27b493dab8" member_type: VOTER last_known_addr { host: "127.16.35.4" port: 42785 } attrs { promote: false } } }
I20260710 13:20:41.680725 17625 raft_consensus.cc:2955] T 4dfcfc843db74833bb5c2f12e2262570 P c25e3397361043258a196e422d10677e [term 1 FOLLOWER]: Committing config change with OpId 1.3: config changed from index 2 to 3, ebc9cc81050c4d6685485e27b493dab8 (127.16.35.4) changed from NON_VOTER to VOTER. New config: { opid_index: 3 OBSOLETE_local: false peers { permanent_uuid: "c25e3397361043258a196e422d10677e" member_type: VOTER last_known_addr { host: "127.16.35.1" port: 36973 } attrs { replace: true } } peers { permanent_uuid: "3d2f5bbb3e25426398457a9f0062570c" member_type: VOTER last_known_addr { host: "127.16.35.2" port: 37119 } } peers { permanent_uuid: "bc9e0cfa2a7d44e796a50eb1146d01c1" member_type: VOTER last_known_addr { host: "127.16.35.3" port: 43543 } } peers { permanent_uuid: "ebc9cc81050c4d6685485e27b493dab8" member_type: VOTER last_known_addr { host: "127.16.35.4" port: 42785 } attrs { promote: false } } }
I20260710 13:20:41.685170 17529 catalog_manager.cc:5697] T 4dfcfc843db74833bb5c2f12e2262570 P 3d2f5bbb3e25426398457a9f0062570c reported cstate change: config changed from index 2 to 3, ebc9cc81050c4d6685485e27b493dab8 (127.16.35.4) changed from NON_VOTER to VOTER. New cstate: current_term: 1 leader_uuid: "3d2f5bbb3e25426398457a9f0062570c" committed_config { opid_index: 3 OBSOLETE_local: false peers { permanent_uuid: "c25e3397361043258a196e422d10677e" member_type: VOTER last_known_addr { host: "127.16.35.1" port: 36973 } attrs { replace: true } health_report { overall_health: HEALTHY } } peers { permanent_uuid: "3d2f5bbb3e25426398457a9f0062570c" member_type: VOTER last_known_addr { host: "127.16.35.2" port: 37119 } health_report { overall_health: HEALTHY } } peers { permanent_uuid: "bc9e0cfa2a7d44e796a50eb1146d01c1" member_type: VOTER last_known_addr { host: "127.16.35.3" port: 43543 } health_report { overall_health: UNKNOWN } } peers { permanent_uuid: "ebc9cc81050c4d6685485e27b493dab8" member_type: VOTER last_known_addr { host: "127.16.35.4" port: 42785 } attrs { promote: false } health_report { overall_health: UNKNOWN } } }
I20260710 13:20:41.681206 18053 raft_consensus.cc:2955] T 4dfcfc843db74833bb5c2f12e2262570 P ebc9cc81050c4d6685485e27b493dab8 [term 1 FOLLOWER]: Committing config change with OpId 1.3: config changed from index 2 to 3, ebc9cc81050c4d6685485e27b493dab8 (127.16.35.4) changed from NON_VOTER to VOTER. New config: { opid_index: 3 OBSOLETE_local: false peers { permanent_uuid: "c25e3397361043258a196e422d10677e" member_type: VOTER last_known_addr { host: "127.16.35.1" port: 36973 } attrs { replace: true } } peers { permanent_uuid: "3d2f5bbb3e25426398457a9f0062570c" member_type: VOTER last_known_addr { host: "127.16.35.2" port: 37119 } } peers { permanent_uuid: "bc9e0cfa2a7d44e796a50eb1146d01c1" member_type: VOTER last_known_addr { host: "127.16.35.3" port: 43543 } } peers { permanent_uuid: "ebc9cc81050c4d6685485e27b493dab8" member_type: VOTER last_known_addr { host: "127.16.35.4" port: 42785 } attrs { promote: false } } }
I20260710 13:20:41.721205 17775 raft_consensus.cc:2955] T 4dfcfc843db74833bb5c2f12e2262570 P bc9e0cfa2a7d44e796a50eb1146d01c1 [term 1 FOLLOWER]: Committing config change with OpId 1.3: config changed from index 2 to 3, ebc9cc81050c4d6685485e27b493dab8 (127.16.35.4) changed from NON_VOTER to VOTER. New config: { opid_index: 3 OBSOLETE_local: false peers { permanent_uuid: "c25e3397361043258a196e422d10677e" member_type: VOTER last_known_addr { host: "127.16.35.1" port: 36973 } attrs { replace: true } } peers { permanent_uuid: "3d2f5bbb3e25426398457a9f0062570c" member_type: VOTER last_known_addr { host: "127.16.35.2" port: 37119 } } peers { permanent_uuid: "bc9e0cfa2a7d44e796a50eb1146d01c1" member_type: VOTER last_known_addr { host: "127.16.35.3" port: 43543 } } peers { permanent_uuid: "ebc9cc81050c4d6685485e27b493dab8" member_type: VOTER last_known_addr { host: "127.16.35.4" port: 42785 } attrs { promote: false } } }
I20260710 13:20:41.738799 18053 raft_consensus.cc:1217] T dfe290de186b400e960ef15ca1c4cfad P ebc9cc81050c4d6685485e27b493dab8 [term 1 LEARNER]: Deduplicated request from leader. Original: 1.1->[1.2-1.2]   Dedup: 1.2->[]
I20260710 13:20:41.751101 17707 consensus_queue.cc:237] T 4dfcfc843db74833bb5c2f12e2262570 P 3d2f5bbb3e25426398457a9f0062570c [LEADER]: Queue going to LEADER mode. State: All replicated index: 0, Majority replicated index: 3, Committed index: 3, Last appended: 1.3, Last appended by leader: 0, Current term: 1, Majority size: 2, State: 0, Mode: LEADER, active raft config: opid_index: 4 OBSOLETE_local: false peers { permanent_uuid: "3d2f5bbb3e25426398457a9f0062570c" member_type: VOTER last_known_addr { host: "127.16.35.2" port: 37119 } } peers { permanent_uuid: "bc9e0cfa2a7d44e796a50eb1146d01c1" member_type: VOTER last_known_addr { host: "127.16.35.3" port: 43543 } } peers { permanent_uuid: "ebc9cc81050c4d6685485e27b493dab8" member_type: VOTER last_known_addr { host: "127.16.35.4" port: 42785 } attrs { promote: false } }
I20260710 13:20:41.760494 18053 raft_consensus.cc:1275] T 4dfcfc843db74833bb5c2f12e2262570 P ebc9cc81050c4d6685485e27b493dab8 [term 1 FOLLOWER]: Refusing update from remote peer 3d2f5bbb3e25426398457a9f0062570c: Log matching property violated. Preceding OpId in replica: term: 1 index: 3. Preceding OpId from leader: term: 1 index: 4. (index mismatch)
I20260710 13:20:41.764585 17970 consensus_queue.cc:1048] T 4dfcfc843db74833bb5c2f12e2262570 P 3d2f5bbb3e25426398457a9f0062570c [LEADER]: Connected to new peer: Peer: permanent_uuid: "ebc9cc81050c4d6685485e27b493dab8" member_type: VOTER last_known_addr { host: "127.16.35.4" port: 42785 } attrs { promote: false }, Status: LMP_MISMATCH, Last received: 0.0, Next index: 4, Last known committed idx: 3, Time since last communication: 0.001s
I20260710 13:20:41.760581 17775 raft_consensus.cc:1275] T 4dfcfc843db74833bb5c2f12e2262570 P bc9e0cfa2a7d44e796a50eb1146d01c1 [term 1 FOLLOWER]: Refusing update from remote peer 3d2f5bbb3e25426398457a9f0062570c: Log matching property violated. Preceding OpId in replica: term: 1 index: 3. Preceding OpId from leader: term: 1 index: 4. (index mismatch)
I20260710 13:20:41.767351 17970 consensus_queue.cc:1048] T 4dfcfc843db74833bb5c2f12e2262570 P 3d2f5bbb3e25426398457a9f0062570c [LEADER]: Connected to new peer: Peer: permanent_uuid: "bc9e0cfa2a7d44e796a50eb1146d01c1" member_type: VOTER last_known_addr { host: "127.16.35.3" port: 43543 }, Status: LMP_MISMATCH, Last received: 0.0, Next index: 4, Last known committed idx: 3, Time since last communication: 0.000s
I20260710 13:20:41.771972 18124 raft_consensus.cc:2955] T 4dfcfc843db74833bb5c2f12e2262570 P 3d2f5bbb3e25426398457a9f0062570c [term 1 LEADER]: Committing config change with OpId 1.4: config changed from index 3 to 4, VOTER c25e3397361043258a196e422d10677e (127.16.35.1) evicted. New config: { opid_index: 4 OBSOLETE_local: false peers { permanent_uuid: "3d2f5bbb3e25426398457a9f0062570c" member_type: VOTER last_known_addr { host: "127.16.35.2" port: 37119 } } peers { permanent_uuid: "bc9e0cfa2a7d44e796a50eb1146d01c1" member_type: VOTER last_known_addr { host: "127.16.35.3" port: 43543 } } peers { permanent_uuid: "ebc9cc81050c4d6685485e27b493dab8" member_type: VOTER last_known_addr { host: "127.16.35.4" port: 42785 } attrs { promote: false } } }
I20260710 13:20:41.783869 18053 raft_consensus.cc:2955] T 4dfcfc843db74833bb5c2f12e2262570 P ebc9cc81050c4d6685485e27b493dab8 [term 1 FOLLOWER]: Committing config change with OpId 1.4: config changed from index 3 to 4, VOTER c25e3397361043258a196e422d10677e (127.16.35.1) evicted. New config: { opid_index: 4 OBSOLETE_local: false peers { permanent_uuid: "3d2f5bbb3e25426398457a9f0062570c" member_type: VOTER last_known_addr { host: "127.16.35.2" port: 37119 } } peers { permanent_uuid: "bc9e0cfa2a7d44e796a50eb1146d01c1" member_type: VOTER last_known_addr { host: "127.16.35.3" port: 43543 } } peers { permanent_uuid: "ebc9cc81050c4d6685485e27b493dab8" member_type: VOTER last_known_addr { host: "127.16.35.4" port: 42785 } attrs { promote: false } } }
I20260710 13:20:41.787161 17775 raft_consensus.cc:2955] T 4dfcfc843db74833bb5c2f12e2262570 P bc9e0cfa2a7d44e796a50eb1146d01c1 [term 1 FOLLOWER]: Committing config change with OpId 1.4: config changed from index 3 to 4, VOTER c25e3397361043258a196e422d10677e (127.16.35.1) evicted. New config: { opid_index: 4 OBSOLETE_local: false peers { permanent_uuid: "3d2f5bbb3e25426398457a9f0062570c" member_type: VOTER last_known_addr { host: "127.16.35.2" port: 37119 } } peers { permanent_uuid: "bc9e0cfa2a7d44e796a50eb1146d01c1" member_type: VOTER last_known_addr { host: "127.16.35.3" port: 43543 } } peers { permanent_uuid: "ebc9cc81050c4d6685485e27b493dab8" member_type: VOTER last_known_addr { host: "127.16.35.4" port: 42785 } attrs { promote: false } } }
I20260710 13:20:41.794237 17516 catalog_manager.cc:5210] ChangeConfig:REMOVE_PEER RPC for tablet 4dfcfc843db74833bb5c2f12e2262570 with cas_config_opid_index 3: ChangeConfig:REMOVE_PEER succeeded (attempt 1)
I20260710 13:20:41.800613 17529 catalog_manager.cc:5697] T 4dfcfc843db74833bb5c2f12e2262570 P 3d2f5bbb3e25426398457a9f0062570c reported cstate change: config changed from index 3 to 4, VOTER c25e3397361043258a196e422d10677e (127.16.35.1) evicted. New cstate: current_term: 1 leader_uuid: "3d2f5bbb3e25426398457a9f0062570c" committed_config { opid_index: 4 OBSOLETE_local: false peers { permanent_uuid: "3d2f5bbb3e25426398457a9f0062570c" member_type: VOTER last_known_addr { host: "127.16.35.2" port: 37119 } health_report { overall_health: HEALTHY } } peers { permanent_uuid: "bc9e0cfa2a7d44e796a50eb1146d01c1" member_type: VOTER last_known_addr { host: "127.16.35.3" port: 43543 } health_report { overall_health: HEALTHY } } peers { permanent_uuid: "ebc9cc81050c4d6685485e27b493dab8" member_type: VOTER last_known_addr { host: "127.16.35.4" port: 42785 } attrs { promote: false } health_report { overall_health: HEALTHY } } }
I20260710 13:20:41.815373 17620 tablet_service.cc:1558] Processing DeleteTablet for tablet 4dfcfc843db74833bb5c2f12e2262570 with delete_type TABLET_DATA_TOMBSTONED (TS c25e3397361043258a196e422d10677e not found in new config with opid_index 4) from {username='slave'} at 127.0.0.1:56874
I20260710 13:20:41.824549 18172 tablet_replica.cc:333] T 4dfcfc843db74833bb5c2f12e2262570 P c25e3397361043258a196e422d10677e: stopping tablet replica
I20260710 13:20:41.825480 18172 raft_consensus.cc:2243] T 4dfcfc843db74833bb5c2f12e2262570 P c25e3397361043258a196e422d10677e [term 1 FOLLOWER]: Raft consensus shutting down.
I20260710 13:20:41.826221 18172 raft_consensus.cc:2272] T 4dfcfc843db74833bb5c2f12e2262570 P c25e3397361043258a196e422d10677e [term 1 FOLLOWER]: Raft consensus is shut down!
I20260710 13:20:41.828970 18172 ts_tablet_manager.cc:1916] T 4dfcfc843db74833bb5c2f12e2262570 P c25e3397361043258a196e422d10677e: Deleting tablet data with delete state TABLET_DATA_TOMBSTONED
I20260710 13:20:41.843715 18172 ts_tablet_manager.cc:1929] T 4dfcfc843db74833bb5c2f12e2262570 P c25e3397361043258a196e422d10677e: tablet deleted with delete type TABLET_DATA_TOMBSTONED: last-logged OpId 1.3
I20260710 13:20:41.844167 18172 log.cc:1199] T 4dfcfc843db74833bb5c2f12e2262570 P c25e3397361043258a196e422d10677e: Deleting WAL directory at /tmp/dist-test-taskKy0re0/test-tmp/auto_leader_rebalancer-test.0.LeaderRebalancerTest.AddTserver.1783689608977559-16524-0/minicluster-data/ts-0-root/wals/4dfcfc843db74833bb5c2f12e2262570
I20260710 13:20:41.845791 17514 catalog_manager.cc:5028] TS c25e3397361043258a196e422d10677e (127.16.35.1:36973): tablet 4dfcfc843db74833bb5c2f12e2262570 (table test-workload [id=8461825ae48f492386822a5a28aa4523]) successfully deleted
I20260710 13:20:41.894990 18126 raft_consensus.cc:1064] T 063e50832f7149b79d62be5e2c218ad0 P c25e3397361043258a196e422d10677e: attempting to promote NON_VOTER ebc9cc81050c4d6685485e27b493dab8 to VOTER
I20260710 13:20:41.897377 18126 consensus_queue.cc:237] T 063e50832f7149b79d62be5e2c218ad0 P c25e3397361043258a196e422d10677e [LEADER]: Queue going to LEADER mode. State: All replicated index: 0, Majority replicated index: 2, Committed index: 2, Last appended: 1.2, Last appended by leader: 0, Current term: 1, Majority size: 3, State: 0, Mode: LEADER, active raft config: opid_index: 3 OBSOLETE_local: false peers { permanent_uuid: "c25e3397361043258a196e422d10677e" member_type: VOTER last_known_addr { host: "127.16.35.1" port: 36973 } } peers { permanent_uuid: "3d2f5bbb3e25426398457a9f0062570c" member_type: VOTER last_known_addr { host: "127.16.35.2" port: 37119 } attrs { replace: true } } peers { permanent_uuid: "bc9e0cfa2a7d44e796a50eb1146d01c1" member_type: VOTER last_known_addr { host: "127.16.35.3" port: 43543 } } peers { permanent_uuid: "ebc9cc81050c4d6685485e27b493dab8" member_type: VOTER last_known_addr { host: "127.16.35.4" port: 42785 } attrs { promote: false } }
I20260710 13:20:41.916565 17625 consensus_queue.cc:237] T 0a1db597054946859b98bbf9b8bf687c P c25e3397361043258a196e422d10677e [LEADER]: Queue going to LEADER mode. State: All replicated index: 0, Majority replicated index: 4, Committed index: 4, Last appended: 2.4, Last appended by leader: 2, Current term: 2, Majority size: 2, State: 0, Mode: LEADER, active raft config: opid_index: 5 OBSOLETE_local: false peers { permanent_uuid: "c25e3397361043258a196e422d10677e" member_type: VOTER last_known_addr { host: "127.16.35.1" port: 36973 } } peers { permanent_uuid: "3d2f5bbb3e25426398457a9f0062570c" member_type: VOTER last_known_addr { host: "127.16.35.2" port: 37119 } } peers { permanent_uuid: "ebc9cc81050c4d6685485e27b493dab8" member_type: VOTER last_known_addr { host: "127.16.35.4" port: 42785 } attrs { promote: false } }
I20260710 13:20:41.920130 18053 raft_consensus.cc:1275] T 063e50832f7149b79d62be5e2c218ad0 P ebc9cc81050c4d6685485e27b493dab8 [term 1 LEARNER]: Refusing update from remote peer c25e3397361043258a196e422d10677e: Log matching property violated. Preceding OpId in replica: term: 1 index: 2. Preceding OpId from leader: term: 1 index: 3. (index mismatch)
I20260710 13:20:41.921087 17775 raft_consensus.cc:1275] T 063e50832f7149b79d62be5e2c218ad0 P bc9e0cfa2a7d44e796a50eb1146d01c1 [term 1 FOLLOWER]: Refusing update from remote peer c25e3397361043258a196e422d10677e: Log matching property violated. Preceding OpId in replica: term: 1 index: 2. Preceding OpId from leader: term: 1 index: 3. (index mismatch)
I20260710 13:20:41.922526 17707 raft_consensus.cc:1275] T 063e50832f7149b79d62be5e2c218ad0 P 3d2f5bbb3e25426398457a9f0062570c [term 1 FOLLOWER]: Refusing update from remote peer c25e3397361043258a196e422d10677e: Log matching property violated. Preceding OpId in replica: term: 1 index: 2. Preceding OpId from leader: term: 1 index: 3. (index mismatch)
I20260710 13:20:41.922392 18109 consensus_queue.cc:1048] T 063e50832f7149b79d62be5e2c218ad0 P c25e3397361043258a196e422d10677e [LEADER]: Connected to new peer: Peer: permanent_uuid: "ebc9cc81050c4d6685485e27b493dab8" member_type: VOTER last_known_addr { host: "127.16.35.4" port: 42785 } attrs { promote: false }, Status: LMP_MISMATCH, Last received: 0.0, Next index: 3, Last known committed idx: 2, Time since last communication: 0.001s
I20260710 13:20:41.923950 17963 consensus_queue.cc:1048] T 063e50832f7149b79d62be5e2c218ad0 P c25e3397361043258a196e422d10677e [LEADER]: Connected to new peer: Peer: permanent_uuid: "bc9e0cfa2a7d44e796a50eb1146d01c1" member_type: VOTER last_known_addr { host: "127.16.35.3" port: 43543 }, Status: LMP_MISMATCH, Last received: 0.0, Next index: 3, Last known committed idx: 2, Time since last communication: 0.000s
I20260710 13:20:41.924937 18092 consensus_queue.cc:1048] T 063e50832f7149b79d62be5e2c218ad0 P c25e3397361043258a196e422d10677e [LEADER]: Connected to new peer: Peer: permanent_uuid: "3d2f5bbb3e25426398457a9f0062570c" member_type: VOTER last_known_addr { host: "127.16.35.2" port: 37119 } attrs { replace: true }, Status: LMP_MISMATCH, Last received: 0.0, Next index: 3, Last known committed idx: 2, Time since last communication: 0.000s
I20260710 13:20:41.932288 18053 raft_consensus.cc:1275] T 0a1db597054946859b98bbf9b8bf687c P ebc9cc81050c4d6685485e27b493dab8 [term 2 FOLLOWER]: Refusing update from remote peer c25e3397361043258a196e422d10677e: Log matching property violated. Preceding OpId in replica: term: 2 index: 4. Preceding OpId from leader: term: 2 index: 5. (index mismatch)
I20260710 13:20:41.933471 17699 raft_consensus.cc:1275] T 0a1db597054946859b98bbf9b8bf687c P 3d2f5bbb3e25426398457a9f0062570c [term 2 FOLLOWER]: Refusing update from remote peer c25e3397361043258a196e422d10677e: Log matching property violated. Preceding OpId in replica: term: 2 index: 4. Preceding OpId from leader: term: 2 index: 5. (index mismatch)
I20260710 13:20:41.936486 18126 consensus_queue.cc:1048] T 0a1db597054946859b98bbf9b8bf687c P c25e3397361043258a196e422d10677e [LEADER]: Connected to new peer: Peer: permanent_uuid: "3d2f5bbb3e25426398457a9f0062570c" member_type: VOTER last_known_addr { host: "127.16.35.2" port: 37119 }, Status: LMP_MISMATCH, Last received: 0.0, Next index: 5, Last known committed idx: 4, Time since last communication: 0.001s
I20260710 13:20:41.942102 18109 consensus_queue.cc:1048] T 0a1db597054946859b98bbf9b8bf687c P c25e3397361043258a196e422d10677e [LEADER]: Connected to new peer: Peer: permanent_uuid: "ebc9cc81050c4d6685485e27b493dab8" member_type: VOTER last_known_addr { host: "127.16.35.4" port: 42785 } attrs { promote: false }, Status: LMP_MISMATCH, Last received: 0.0, Next index: 5, Last known committed idx: 4, Time since last communication: 0.001s
I20260710 13:20:41.950382 18092 raft_consensus.cc:2955] T 063e50832f7149b79d62be5e2c218ad0 P c25e3397361043258a196e422d10677e [term 1 LEADER]: Committing config change with OpId 1.3: config changed from index 2 to 3, ebc9cc81050c4d6685485e27b493dab8 (127.16.35.4) changed from NON_VOTER to VOTER. New config: { opid_index: 3 OBSOLETE_local: false peers { permanent_uuid: "c25e3397361043258a196e422d10677e" member_type: VOTER last_known_addr { host: "127.16.35.1" port: 36973 } } peers { permanent_uuid: "3d2f5bbb3e25426398457a9f0062570c" member_type: VOTER last_known_addr { host: "127.16.35.2" port: 37119 } attrs { replace: true } } peers { permanent_uuid: "bc9e0cfa2a7d44e796a50eb1146d01c1" member_type: VOTER last_known_addr { host: "127.16.35.3" port: 43543 } } peers { permanent_uuid: "ebc9cc81050c4d6685485e27b493dab8" member_type: VOTER last_known_addr { host: "127.16.35.4" port: 42785 } attrs { promote: false } } }
I20260710 13:20:41.952998 18111 raft_consensus.cc:2955] T 0a1db597054946859b98bbf9b8bf687c P c25e3397361043258a196e422d10677e [term 2 LEADER]: Committing config change with OpId 2.5: config changed from index 4 to 5, VOTER bc9e0cfa2a7d44e796a50eb1146d01c1 (127.16.35.3) evicted. New config: { opid_index: 5 OBSOLETE_local: false peers { permanent_uuid: "c25e3397361043258a196e422d10677e" member_type: VOTER last_known_addr { host: "127.16.35.1" port: 36973 } } peers { permanent_uuid: "3d2f5bbb3e25426398457a9f0062570c" member_type: VOTER last_known_addr { host: "127.16.35.2" port: 37119 } } peers { permanent_uuid: "ebc9cc81050c4d6685485e27b493dab8" member_type: VOTER last_known_addr { host: "127.16.35.4" port: 42785 } attrs { promote: false } } }
I20260710 13:20:41.977494 18054 raft_consensus.cc:2955] T 0a1db597054946859b98bbf9b8bf687c P ebc9cc81050c4d6685485e27b493dab8 [term 2 FOLLOWER]: Committing config change with OpId 2.5: config changed from index 4 to 5, VOTER bc9e0cfa2a7d44e796a50eb1146d01c1 (127.16.35.3) evicted. New config: { opid_index: 5 OBSOLETE_local: false peers { permanent_uuid: "c25e3397361043258a196e422d10677e" member_type: VOTER last_known_addr { host: "127.16.35.1" port: 36973 } } peers { permanent_uuid: "3d2f5bbb3e25426398457a9f0062570c" member_type: VOTER last_known_addr { host: "127.16.35.2" port: 37119 } } peers { permanent_uuid: "ebc9cc81050c4d6685485e27b493dab8" member_type: VOTER last_known_addr { host: "127.16.35.4" port: 42785 } attrs { promote: false } } }
I20260710 13:20:41.984001 18053 raft_consensus.cc:2955] T 063e50832f7149b79d62be5e2c218ad0 P ebc9cc81050c4d6685485e27b493dab8 [term 1 FOLLOWER]: Committing config change with OpId 1.3: config changed from index 2 to 3, ebc9cc81050c4d6685485e27b493dab8 (127.16.35.4) changed from NON_VOTER to VOTER. New config: { opid_index: 3 OBSOLETE_local: false peers { permanent_uuid: "c25e3397361043258a196e422d10677e" member_type: VOTER last_known_addr { host: "127.16.35.1" port: 36973 } } peers { permanent_uuid: "3d2f5bbb3e25426398457a9f0062570c" member_type: VOTER last_known_addr { host: "127.16.35.2" port: 37119 } attrs { replace: true } } peers { permanent_uuid: "bc9e0cfa2a7d44e796a50eb1146d01c1" member_type: VOTER last_known_addr { host: "127.16.35.3" port: 43543 } } peers { permanent_uuid: "ebc9cc81050c4d6685485e27b493dab8" member_type: VOTER last_known_addr { host: "127.16.35.4" port: 42785 } attrs { promote: false } } }
I20260710 13:20:41.984004 17699 raft_consensus.cc:2955] T 0a1db597054946859b98bbf9b8bf687c P 3d2f5bbb3e25426398457a9f0062570c [term 2 FOLLOWER]: Committing config change with OpId 2.5: config changed from index 4 to 5, VOTER bc9e0cfa2a7d44e796a50eb1146d01c1 (127.16.35.3) evicted. New config: { opid_index: 5 OBSOLETE_local: false peers { permanent_uuid: "c25e3397361043258a196e422d10677e" member_type: VOTER last_known_addr { host: "127.16.35.1" port: 36973 } } peers { permanent_uuid: "3d2f5bbb3e25426398457a9f0062570c" member_type: VOTER last_known_addr { host: "127.16.35.2" port: 37119 } } peers { permanent_uuid: "ebc9cc81050c4d6685485e27b493dab8" member_type: VOTER last_known_addr { host: "127.16.35.4" port: 42785 } attrs { promote: false } } }
I20260710 13:20:41.997150 17707 raft_consensus.cc:2955] T 063e50832f7149b79d62be5e2c218ad0 P 3d2f5bbb3e25426398457a9f0062570c [term 1 FOLLOWER]: Committing config change with OpId 1.3: config changed from index 2 to 3, ebc9cc81050c4d6685485e27b493dab8 (127.16.35.4) changed from NON_VOTER to VOTER. New config: { opid_index: 3 OBSOLETE_local: false peers { permanent_uuid: "c25e3397361043258a196e422d10677e" member_type: VOTER last_known_addr { host: "127.16.35.1" port: 36973 } } peers { permanent_uuid: "3d2f5bbb3e25426398457a9f0062570c" member_type: VOTER last_known_addr { host: "127.16.35.2" port: 37119 } attrs { replace: true } } peers { permanent_uuid: "bc9e0cfa2a7d44e796a50eb1146d01c1" member_type: VOTER last_known_addr { host: "127.16.35.3" port: 43543 } } peers { permanent_uuid: "ebc9cc81050c4d6685485e27b493dab8" member_type: VOTER last_known_addr { host: "127.16.35.4" port: 42785 } attrs { promote: false } } }
I20260710 13:20:42.004998 17514 catalog_manager.cc:5210] ChangeConfig:REMOVE_PEER RPC for tablet 0a1db597054946859b98bbf9b8bf687c with cas_config_opid_index 4: ChangeConfig:REMOVE_PEER succeeded (attempt 1)
I20260710 13:20:41.997150 17775 raft_consensus.cc:2955] T 063e50832f7149b79d62be5e2c218ad0 P bc9e0cfa2a7d44e796a50eb1146d01c1 [term 1 FOLLOWER]: Committing config change with OpId 1.3: config changed from index 2 to 3, ebc9cc81050c4d6685485e27b493dab8 (127.16.35.4) changed from NON_VOTER to VOTER. New config: { opid_index: 3 OBSOLETE_local: false peers { permanent_uuid: "c25e3397361043258a196e422d10677e" member_type: VOTER last_known_addr { host: "127.16.35.1" port: 36973 } } peers { permanent_uuid: "3d2f5bbb3e25426398457a9f0062570c" member_type: VOTER last_known_addr { host: "127.16.35.2" port: 37119 } attrs { replace: true } } peers { permanent_uuid: "bc9e0cfa2a7d44e796a50eb1146d01c1" member_type: VOTER last_known_addr { host: "127.16.35.3" port: 43543 } } peers { permanent_uuid: "ebc9cc81050c4d6685485e27b493dab8" member_type: VOTER last_known_addr { host: "127.16.35.4" port: 42785 } attrs { promote: false } } }
I20260710 13:20:42.004743 17528 catalog_manager.cc:5697] T 063e50832f7149b79d62be5e2c218ad0 P c25e3397361043258a196e422d10677e reported cstate change: config changed from index 2 to 3, ebc9cc81050c4d6685485e27b493dab8 (127.16.35.4) changed from NON_VOTER to VOTER. New cstate: current_term: 1 leader_uuid: "c25e3397361043258a196e422d10677e" committed_config { opid_index: 3 OBSOLETE_local: false peers { permanent_uuid: "c25e3397361043258a196e422d10677e" member_type: VOTER last_known_addr { host: "127.16.35.1" port: 36973 } health_report { overall_health: HEALTHY } } peers { permanent_uuid: "3d2f5bbb3e25426398457a9f0062570c" member_type: VOTER last_known_addr { host: "127.16.35.2" port: 37119 } attrs { replace: true } health_report { overall_health: HEALTHY } } peers { permanent_uuid: "bc9e0cfa2a7d44e796a50eb1146d01c1" member_type: VOTER last_known_addr { host: "127.16.35.3" port: 43543 } health_report { overall_health: HEALTHY } } peers { permanent_uuid: "ebc9cc81050c4d6685485e27b493dab8" member_type: VOTER last_known_addr { host: "127.16.35.4" port: 42785 } attrs { promote: false } health_report { overall_health: HEALTHY } } }
I20260710 13:20:42.030517 17625 consensus_queue.cc:237] T 063e50832f7149b79d62be5e2c218ad0 P c25e3397361043258a196e422d10677e [LEADER]: Queue going to LEADER mode. State: All replicated index: 0, Majority replicated index: 3, Committed index: 3, Last appended: 1.3, Last appended by leader: 0, Current term: 1, Majority size: 2, State: 0, Mode: LEADER, active raft config: opid_index: 4 OBSOLETE_local: false peers { permanent_uuid: "c25e3397361043258a196e422d10677e" member_type: VOTER last_known_addr { host: "127.16.35.1" port: 36973 } } peers { permanent_uuid: "bc9e0cfa2a7d44e796a50eb1146d01c1" member_type: VOTER last_known_addr { host: "127.16.35.3" port: 43543 } } peers { permanent_uuid: "ebc9cc81050c4d6685485e27b493dab8" member_type: VOTER last_known_addr { host: "127.16.35.4" port: 42785 } attrs { promote: false } }
I20260710 13:20:42.044224 17775 raft_consensus.cc:1275] T 063e50832f7149b79d62be5e2c218ad0 P bc9e0cfa2a7d44e796a50eb1146d01c1 [term 1 FOLLOWER]: Refusing update from remote peer c25e3397361043258a196e422d10677e: Log matching property violated. Preceding OpId in replica: term: 1 index: 3. Preceding OpId from leader: term: 1 index: 4. (index mismatch)
I20260710 13:20:42.045670 18054 raft_consensus.cc:1275] T 063e50832f7149b79d62be5e2c218ad0 P ebc9cc81050c4d6685485e27b493dab8 [term 1 FOLLOWER]: Refusing update from remote peer c25e3397361043258a196e422d10677e: Log matching property violated. Preceding OpId in replica: term: 1 index: 3. Preceding OpId from leader: term: 1 index: 4. (index mismatch)
I20260710 13:20:42.045646 18111 consensus_queue.cc:1048] T 063e50832f7149b79d62be5e2c218ad0 P c25e3397361043258a196e422d10677e [LEADER]: Connected to new peer: Peer: permanent_uuid: "bc9e0cfa2a7d44e796a50eb1146d01c1" member_type: VOTER last_known_addr { host: "127.16.35.3" port: 43543 }, Status: LMP_MISMATCH, Last received: 0.0, Next index: 4, Last known committed idx: 3, Time since last communication: 0.000s
I20260710 13:20:42.047433 18111 consensus_queue.cc:1048] T 063e50832f7149b79d62be5e2c218ad0 P c25e3397361043258a196e422d10677e [LEADER]: Connected to new peer: Peer: permanent_uuid: "ebc9cc81050c4d6685485e27b493dab8" member_type: VOTER last_known_addr { host: "127.16.35.4" port: 42785 } attrs { promote: false }, Status: LMP_MISMATCH, Last received: 0.0, Next index: 4, Last known committed idx: 3, Time since last communication: 0.000s
I20260710 13:20:42.055058 17529 catalog_manager.cc:5697] T 0a1db597054946859b98bbf9b8bf687c P ebc9cc81050c4d6685485e27b493dab8 reported cstate change: config changed from index 4 to 5, VOTER bc9e0cfa2a7d44e796a50eb1146d01c1 (127.16.35.3) evicted. New cstate: current_term: 2 leader_uuid: "c25e3397361043258a196e422d10677e" committed_config { opid_index: 5 OBSOLETE_local: false peers { permanent_uuid: "c25e3397361043258a196e422d10677e" member_type: VOTER last_known_addr { host: "127.16.35.1" port: 36973 } } peers { permanent_uuid: "3d2f5bbb3e25426398457a9f0062570c" member_type: VOTER last_known_addr { host: "127.16.35.2" port: 37119 } } peers { permanent_uuid: "ebc9cc81050c4d6685485e27b493dab8" member_type: VOTER last_known_addr { host: "127.16.35.4" port: 42785 } attrs { promote: false } } }
I20260710 13:20:42.056259 18092 raft_consensus.cc:2955] T 063e50832f7149b79d62be5e2c218ad0 P c25e3397361043258a196e422d10677e [term 1 LEADER]: Committing config change with OpId 1.4: config changed from index 3 to 4, VOTER 3d2f5bbb3e25426398457a9f0062570c (127.16.35.2) evicted. New config: { opid_index: 4 OBSOLETE_local: false peers { permanent_uuid: "c25e3397361043258a196e422d10677e" member_type: VOTER last_known_addr { host: "127.16.35.1" port: 36973 } } peers { permanent_uuid: "bc9e0cfa2a7d44e796a50eb1146d01c1" member_type: VOTER last_known_addr { host: "127.16.35.3" port: 43543 } } peers { permanent_uuid: "ebc9cc81050c4d6685485e27b493dab8" member_type: VOTER last_known_addr { host: "127.16.35.4" port: 42785 } attrs { promote: false } } }
I20260710 13:20:42.058135 18053 raft_consensus.cc:2955] T 063e50832f7149b79d62be5e2c218ad0 P ebc9cc81050c4d6685485e27b493dab8 [term 1 FOLLOWER]: Committing config change with OpId 1.4: config changed from index 3 to 4, VOTER 3d2f5bbb3e25426398457a9f0062570c (127.16.35.2) evicted. New config: { opid_index: 4 OBSOLETE_local: false peers { permanent_uuid: "c25e3397361043258a196e422d10677e" member_type: VOTER last_known_addr { host: "127.16.35.1" port: 36973 } } peers { permanent_uuid: "bc9e0cfa2a7d44e796a50eb1146d01c1" member_type: VOTER last_known_addr { host: "127.16.35.3" port: 43543 } } peers { permanent_uuid: "ebc9cc81050c4d6685485e27b493dab8" member_type: VOTER last_known_addr { host: "127.16.35.4" port: 42785 } attrs { promote: false } } }
I20260710 13:20:42.065204 18123 raft_consensus.cc:493] T 9baf3be7feca4089b43ea6d6b782b671 P 3d2f5bbb3e25426398457a9f0062570c [term 2 FOLLOWER]: Starting pre-election (no leader contacted us within the election timeout)
I20260710 13:20:42.065735 18123 raft_consensus.cc:515] T 9baf3be7feca4089b43ea6d6b782b671 P 3d2f5bbb3e25426398457a9f0062570c [term 2 FOLLOWER]: Starting pre-election with config: opid_index: -1 OBSOLETE_local: false peers { permanent_uuid: "c25e3397361043258a196e422d10677e" member_type: VOTER last_known_addr { host: "127.16.35.1" port: 36973 } } peers { permanent_uuid: "3d2f5bbb3e25426398457a9f0062570c" member_type: VOTER last_known_addr { host: "127.16.35.2" port: 37119 } } peers { permanent_uuid: "bc9e0cfa2a7d44e796a50eb1146d01c1" member_type: VOTER last_known_addr { host: "127.16.35.3" port: 43543 } }
I20260710 13:20:42.067843 18123 leader_election.cc:290] T 9baf3be7feca4089b43ea6d6b782b671 P 3d2f5bbb3e25426398457a9f0062570c [CANDIDATE]: Term 3 pre-election: Requested pre-vote from peers c25e3397361043258a196e422d10677e (127.16.35.1:36973), bc9e0cfa2a7d44e796a50eb1146d01c1 (127.16.35.3:43543)
I20260710 13:20:42.068827 17514 catalog_manager.cc:5210] ChangeConfig:REMOVE_PEER RPC for tablet 063e50832f7149b79d62be5e2c218ad0 with cas_config_opid_index 3: ChangeConfig:REMOVE_PEER succeeded (attempt 1)
I20260710 13:20:42.070580 17777 tablet_service.cc:1917] Received RequestConsensusVote() RPC: tablet_id: "9baf3be7feca4089b43ea6d6b782b671" candidate_uuid: "3d2f5bbb3e25426398457a9f0062570c" candidate_term: 3 candidate_status { last_received { term: 1 index: 1 } } ignore_live_leader: false dest_uuid: "bc9e0cfa2a7d44e796a50eb1146d01c1" is_pre_election: true
I20260710 13:20:42.070581 17625 tablet_service.cc:1917] Received RequestConsensusVote() RPC: tablet_id: "9baf3be7feca4089b43ea6d6b782b671" candidate_uuid: "3d2f5bbb3e25426398457a9f0062570c" candidate_term: 3 candidate_status { last_received { term: 1 index: 1 } } ignore_live_leader: false dest_uuid: "c25e3397361043258a196e422d10677e" is_pre_election: true
I20260710 13:20:42.073958 17625 raft_consensus.cc:2468] T 9baf3be7feca4089b43ea6d6b782b671 P c25e3397361043258a196e422d10677e [term 2 FOLLOWER]: Leader pre-election vote request: Granting yes vote for candidate 3d2f5bbb3e25426398457a9f0062570c in term 2.
I20260710 13:20:42.075392 17670 leader_election.cc:304] T 9baf3be7feca4089b43ea6d6b782b671 P 3d2f5bbb3e25426398457a9f0062570c [CANDIDATE]: Term 3 pre-election: Election decided. Result: candidate won. Election summary: received 3 responses out of 3 voters: 2 yes votes; 1 no votes. yes voters: 3d2f5bbb3e25426398457a9f0062570c, c25e3397361043258a196e422d10677e; no voters: bc9e0cfa2a7d44e796a50eb1146d01c1
I20260710 13:20:42.078127 17764 tablet_service.cc:1558] Processing DeleteTablet for tablet 0a1db597054946859b98bbf9b8bf687c with delete_type TABLET_DATA_TOMBSTONED (TS bc9e0cfa2a7d44e796a50eb1146d01c1 not found in new config with opid_index 5) from {username='slave'} at 127.0.0.1:53422
I20260710 13:20:42.081308 18123 raft_consensus.cc:2804] T 9baf3be7feca4089b43ea6d6b782b671 P 3d2f5bbb3e25426398457a9f0062570c [term 2 FOLLOWER]: Leader pre-election won for term 3
I20260710 13:20:42.081780 18123 raft_consensus.cc:493] T 9baf3be7feca4089b43ea6d6b782b671 P 3d2f5bbb3e25426398457a9f0062570c [term 2 FOLLOWER]: Starting leader election (no leader contacted us within the election timeout)
I20260710 13:20:42.082181 18123 raft_consensus.cc:3060] T 9baf3be7feca4089b43ea6d6b782b671 P 3d2f5bbb3e25426398457a9f0062570c [term 2 FOLLOWER]: Advancing to term 3
I20260710 13:20:42.100917 18177 tablet_replica.cc:333] T 0a1db597054946859b98bbf9b8bf687c P bc9e0cfa2a7d44e796a50eb1146d01c1: stopping tablet replica
I20260710 13:20:42.102574 18177 raft_consensus.cc:2243] T 0a1db597054946859b98bbf9b8bf687c P bc9e0cfa2a7d44e796a50eb1146d01c1 [term 2 FOLLOWER]: Raft consensus shutting down.
I20260710 13:20:42.103415 18177 raft_consensus.cc:2272] T 0a1db597054946859b98bbf9b8bf687c P bc9e0cfa2a7d44e796a50eb1146d01c1 [term 2 FOLLOWER]: Raft consensus is shut down!
I20260710 13:20:42.104590 18123 raft_consensus.cc:515] T 9baf3be7feca4089b43ea6d6b782b671 P 3d2f5bbb3e25426398457a9f0062570c [term 3 FOLLOWER]: Starting leader election with config: opid_index: -1 OBSOLETE_local: false peers { permanent_uuid: "c25e3397361043258a196e422d10677e" member_type: VOTER last_known_addr { host: "127.16.35.1" port: 36973 } } peers { permanent_uuid: "3d2f5bbb3e25426398457a9f0062570c" member_type: VOTER last_known_addr { host: "127.16.35.2" port: 37119 } } peers { permanent_uuid: "bc9e0cfa2a7d44e796a50eb1146d01c1" member_type: VOTER last_known_addr { host: "127.16.35.3" port: 43543 } }
I20260710 13:20:42.103962 17775 raft_consensus.cc:2955] T 063e50832f7149b79d62be5e2c218ad0 P bc9e0cfa2a7d44e796a50eb1146d01c1 [term 1 FOLLOWER]: Committing config change with OpId 1.4: config changed from index 3 to 4, VOTER 3d2f5bbb3e25426398457a9f0062570c (127.16.35.2) evicted. New config: { opid_index: 4 OBSOLETE_local: false peers { permanent_uuid: "c25e3397361043258a196e422d10677e" member_type: VOTER last_known_addr { host: "127.16.35.1" port: 36973 } } peers { permanent_uuid: "bc9e0cfa2a7d44e796a50eb1146d01c1" member_type: VOTER last_known_addr { host: "127.16.35.3" port: 43543 } } peers { permanent_uuid: "ebc9cc81050c4d6685485e27b493dab8" member_type: VOTER last_known_addr { host: "127.16.35.4" port: 42785 } attrs { promote: false } } }
I20260710 13:20:42.108013 17625 tablet_service.cc:1917] Received RequestConsensusVote() RPC: tablet_id: "9baf3be7feca4089b43ea6d6b782b671" candidate_uuid: "3d2f5bbb3e25426398457a9f0062570c" candidate_term: 3 candidate_status { last_received { term: 1 index: 1 } } ignore_live_leader: false dest_uuid: "c25e3397361043258a196e422d10677e"
I20260710 13:20:42.108660 17625 raft_consensus.cc:3060] T 9baf3be7feca4089b43ea6d6b782b671 P c25e3397361043258a196e422d10677e [term 2 FOLLOWER]: Advancing to term 3
I20260710 13:20:42.111450 18177 ts_tablet_manager.cc:1916] T 0a1db597054946859b98bbf9b8bf687c P bc9e0cfa2a7d44e796a50eb1146d01c1: Deleting tablet data with delete state TABLET_DATA_TOMBSTONED
I20260710 13:20:42.108013 17777 tablet_service.cc:1917] Received RequestConsensusVote() RPC: tablet_id: "9baf3be7feca4089b43ea6d6b782b671" candidate_uuid: "3d2f5bbb3e25426398457a9f0062570c" candidate_term: 3 candidate_status { last_received { term: 1 index: 1 } } ignore_live_leader: false dest_uuid: "bc9e0cfa2a7d44e796a50eb1146d01c1"
I20260710 13:20:42.118369 17625 raft_consensus.cc:2468] T 9baf3be7feca4089b43ea6d6b782b671 P c25e3397361043258a196e422d10677e [term 3 FOLLOWER]: Leader election vote request: Granting yes vote for candidate 3d2f5bbb3e25426398457a9f0062570c in term 3.
I20260710 13:20:42.120029 17670 leader_election.cc:304] T 9baf3be7feca4089b43ea6d6b782b671 P 3d2f5bbb3e25426398457a9f0062570c [CANDIDATE]: Term 3 election: Election decided. Result: candidate won. Election summary: received 3 responses out of 3 voters: 2 yes votes; 1 no votes. yes voters: 3d2f5bbb3e25426398457a9f0062570c, c25e3397361043258a196e422d10677e; no voters: bc9e0cfa2a7d44e796a50eb1146d01c1
I20260710 13:20:42.120915 17970 raft_consensus.cc:2804] T 9baf3be7feca4089b43ea6d6b782b671 P 3d2f5bbb3e25426398457a9f0062570c [term 3 FOLLOWER]: Leader election won for term 3
I20260710 13:20:42.121537 17970 raft_consensus.cc:697] T 9baf3be7feca4089b43ea6d6b782b671 P 3d2f5bbb3e25426398457a9f0062570c [term 3 LEADER]: Becoming Leader. State: Replica: 3d2f5bbb3e25426398457a9f0062570c, State: Running, Role: LEADER
I20260710 13:20:42.113463 17527 catalog_manager.cc:5697] T 063e50832f7149b79d62be5e2c218ad0 P ebc9cc81050c4d6685485e27b493dab8 reported cstate change: config changed from index 3 to 4, VOTER 3d2f5bbb3e25426398457a9f0062570c (127.16.35.2) evicted. New cstate: current_term: 1 leader_uuid: "c25e3397361043258a196e422d10677e" committed_config { opid_index: 4 OBSOLETE_local: false peers { permanent_uuid: "c25e3397361043258a196e422d10677e" member_type: VOTER last_known_addr { host: "127.16.35.1" port: 36973 } } peers { permanent_uuid: "bc9e0cfa2a7d44e796a50eb1146d01c1" member_type: VOTER last_known_addr { host: "127.16.35.3" port: 43543 } } peers { permanent_uuid: "ebc9cc81050c4d6685485e27b493dab8" member_type: VOTER last_known_addr { host: "127.16.35.4" port: 42785 } attrs { promote: false } } }
I20260710 13:20:42.122386 17970 consensus_queue.cc:237] T 9baf3be7feca4089b43ea6d6b782b671 P 3d2f5bbb3e25426398457a9f0062570c [LEADER]: Queue going to LEADER mode. State: All replicated index: 0, Majority replicated index: 1, Committed index: 1, Last appended: 1.1, Last appended by leader: 1, Current term: 3, Majority size: 2, State: 0, Mode: LEADER, active raft config: opid_index: -1 OBSOLETE_local: false peers { permanent_uuid: "c25e3397361043258a196e422d10677e" member_type: VOTER last_known_addr { host: "127.16.35.1" port: 36973 } } peers { permanent_uuid: "3d2f5bbb3e25426398457a9f0062570c" member_type: VOTER last_known_addr { host: "127.16.35.2" port: 37119 } } peers { permanent_uuid: "bc9e0cfa2a7d44e796a50eb1146d01c1" member_type: VOTER last_known_addr { host: "127.16.35.3" port: 43543 } }
I20260710 13:20:42.127171 18123 leader_election.cc:290] T 9baf3be7feca4089b43ea6d6b782b671 P 3d2f5bbb3e25426398457a9f0062570c [CANDIDATE]: Term 3 election: Requested vote from peers c25e3397361043258a196e422d10677e (127.16.35.1:36973), bc9e0cfa2a7d44e796a50eb1146d01c1 (127.16.35.3:43543)
I20260710 13:20:42.143422 17697 tablet_service.cc:1558] Processing DeleteTablet for tablet 063e50832f7149b79d62be5e2c218ad0 with delete_type TABLET_DATA_TOMBSTONED (TS 3d2f5bbb3e25426398457a9f0062570c not found in new config with opid_index 4) from {username='slave'} at 127.0.0.1:58778
I20260710 13:20:42.165911 18179 tablet_replica.cc:333] T 063e50832f7149b79d62be5e2c218ad0 P 3d2f5bbb3e25426398457a9f0062570c: stopping tablet replica
I20260710 13:20:42.167102 18179 raft_consensus.cc:2243] T 063e50832f7149b79d62be5e2c218ad0 P 3d2f5bbb3e25426398457a9f0062570c [term 1 FOLLOWER]: Raft consensus shutting down.
I20260710 13:20:42.167148 17529 catalog_manager.cc:5697] T 9baf3be7feca4089b43ea6d6b782b671 P 3d2f5bbb3e25426398457a9f0062570c reported cstate change: term changed from 1 to 3. New cstate: current_term: 3 leader_uuid: "3d2f5bbb3e25426398457a9f0062570c" committed_config { opid_index: -1 OBSOLETE_local: false peers { permanent_uuid: "c25e3397361043258a196e422d10677e" member_type: VOTER last_known_addr { host: "127.16.35.1" port: 36973 } health_report { overall_health: UNKNOWN } } peers { permanent_uuid: "3d2f5bbb3e25426398457a9f0062570c" member_type: VOTER last_known_addr { host: "127.16.35.2" port: 37119 } health_report { overall_health: HEALTHY } } peers { permanent_uuid: "bc9e0cfa2a7d44e796a50eb1146d01c1" member_type: VOTER last_known_addr { host: "127.16.35.3" port: 43543 } health_report { overall_health: UNKNOWN } } }
I20260710 13:20:42.168025 18179 raft_consensus.cc:2272] T 063e50832f7149b79d62be5e2c218ad0 P 3d2f5bbb3e25426398457a9f0062570c [term 1 FOLLOWER]: Raft consensus is shut down!
I20260710 13:20:42.169819 18177 ts_tablet_manager.cc:1929] T 0a1db597054946859b98bbf9b8bf687c P bc9e0cfa2a7d44e796a50eb1146d01c1: tablet deleted with delete type TABLET_DATA_TOMBSTONED: last-logged OpId 2.4
I20260710 13:20:42.170353 18177 log.cc:1199] T 0a1db597054946859b98bbf9b8bf687c P bc9e0cfa2a7d44e796a50eb1146d01c1: Deleting WAL directory at /tmp/dist-test-taskKy0re0/test-tmp/auto_leader_rebalancer-test.0.LeaderRebalancerTest.AddTserver.1783689608977559-16524-0/minicluster-data/ts-2-root/wals/0a1db597054946859b98bbf9b8bf687c
I20260710 13:20:42.171977 17515 catalog_manager.cc:5028] TS bc9e0cfa2a7d44e796a50eb1146d01c1 (127.16.35.3:43543): tablet 0a1db597054946859b98bbf9b8bf687c (table test-workload [id=8461825ae48f492386822a5a28aa4523]) successfully deleted
I20260710 13:20:42.174147 18179 ts_tablet_manager.cc:1916] T 063e50832f7149b79d62be5e2c218ad0 P 3d2f5bbb3e25426398457a9f0062570c: Deleting tablet data with delete state TABLET_DATA_TOMBSTONED
I20260710 13:20:42.187100 18179 ts_tablet_manager.cc:1929] T 063e50832f7149b79d62be5e2c218ad0 P 3d2f5bbb3e25426398457a9f0062570c: tablet deleted with delete type TABLET_DATA_TOMBSTONED: last-logged OpId 1.3
I20260710 13:20:42.187472 18179 log.cc:1199] T 063e50832f7149b79d62be5e2c218ad0 P 3d2f5bbb3e25426398457a9f0062570c: Deleting WAL directory at /tmp/dist-test-taskKy0re0/test-tmp/auto_leader_rebalancer-test.0.LeaderRebalancerTest.AddTserver.1783689608977559-16524-0/minicluster-data/ts-1-root/wals/063e50832f7149b79d62be5e2c218ad0
I20260710 13:20:42.188862 17516 catalog_manager.cc:5028] TS 3d2f5bbb3e25426398457a9f0062570c (127.16.35.2:37119): tablet 063e50832f7149b79d62be5e2c218ad0 (table test-workload [id=8461825ae48f492386822a5a28aa4523]) successfully deleted
I20260710 13:20:42.229635 18092 raft_consensus.cc:1064] T dfe290de186b400e960ef15ca1c4cfad P c25e3397361043258a196e422d10677e: attempting to promote NON_VOTER ebc9cc81050c4d6685485e27b493dab8 to VOTER
