W20260710 13:20:30.402714 17479 leader_election.cc:343] T b09407efbade4970bf6c3250e68041e9 P 4d2f7c92d44d48f3b544514962d1cc62 [CANDIDATE]: Term 1 pre-election: Tablet error from VoteRequest() call to peer d2ee1552d4b04ee09f19303118886794 (127.16.6.66:33869): Illegal state: must be running to vote when last-logged opid is not known
I20260710 13:20:30.399106 17726 leader_election.cc:290] T b09407efbade4970bf6c3250e68041e9 P 4d2f7c92d44d48f3b544514962d1cc62 [CANDIDATE]: Term 1 pre-election: Requested pre-vote from peers d2ee1552d4b04ee09f19303118886794 (127.16.6.66:33869), b61700c4632f4e52aa24e02b826a4a74 (127.16.6.67:38367)
I20260710 13:20:30.394550 17589 raft_consensus.cc:2468] T f4ce93c2f2a7472f9fa155210e398ae5 P d2ee1552d4b04ee09f19303118886794 [term 1 FOLLOWER]: Leader election vote request: Granting yes vote for candidate 4d2f7c92d44d48f3b544514962d1cc62 in term 1.
I20260710 13:20:30.404011 17664 tablet_service.cc:1917] Received RequestConsensusVote() RPC: tablet_id: "b09407efbade4970bf6c3250e68041e9" candidate_uuid: "4d2f7c92d44d48f3b544514962d1cc62" candidate_term: 1 candidate_status { last_received { term: 0 index: 0 } } ignore_live_leader: false dest_uuid: "b61700c4632f4e52aa24e02b826a4a74" is_pre_election: true
I20260710 13:20:30.407111 17664 raft_consensus.cc:2468] T b09407efbade4970bf6c3250e68041e9 P b61700c4632f4e52aa24e02b826a4a74 [term 0 FOLLOWER]: Leader pre-election vote request: Granting yes vote for candidate 4d2f7c92d44d48f3b544514962d1cc62 in term 0.
I20260710 13:20:30.409471 17706 ts_tablet_manager.cc:1434] T 63f34325618e48e7b4000c20e3c4ac63 P 4d2f7c92d44d48f3b544514962d1cc62: Time spent starting tablet: real 0.128s	user 0.010s	sys 0.021s
I20260710 13:20:30.410157 17706 tablet_bootstrap.cc:492] T e72ab6129d034761924593df4878ecbd P 4d2f7c92d44d48f3b544514962d1cc62: Bootstrap starting.
I20260710 13:20:30.412196 17589 tablet_service.cc:1917] Received RequestConsensusVote() RPC: tablet_id: "b32354c74c7e49a9b7c15b15175989b6" candidate_uuid: "b61700c4632f4e52aa24e02b826a4a74" candidate_term: 1 candidate_status { last_received { term: 0 index: 0 } } ignore_live_leader: false dest_uuid: "d2ee1552d4b04ee09f19303118886794"
I20260710 13:20:30.415578 17514 tablet_service.cc:1917] Received RequestConsensusVote() RPC: tablet_id: "1ebef6a65dba497699a9d6e70e64d019" candidate_uuid: "b61700c4632f4e52aa24e02b826a4a74" candidate_term: 1 candidate_status { last_received { term: 0 index: 0 } } ignore_live_leader: false dest_uuid: "4d2f7c92d44d48f3b544514962d1cc62"
I20260710 13:20:30.415783 17588 tablet_service.cc:1917] Received RequestConsensusVote() RPC: tablet_id: "1ebef6a65dba497699a9d6e70e64d019" candidate_uuid: "b61700c4632f4e52aa24e02b826a4a74" candidate_term: 1 candidate_status { last_received { term: 0 index: 0 } } ignore_live_leader: false dest_uuid: "d2ee1552d4b04ee09f19303118886794"
I20260710 13:20:30.416116 17514 raft_consensus.cc:3060] T 1ebef6a65dba497699a9d6e70e64d019 P 4d2f7c92d44d48f3b544514962d1cc62 [term 0 FOLLOWER]: Advancing to term 1
I20260710 13:20:30.418356 17589 raft_consensus.cc:3060] T b32354c74c7e49a9b7c15b15175989b6 P d2ee1552d4b04ee09f19303118886794 [term 0 FOLLOWER]: Advancing to term 1
I20260710 13:20:30.420363 17706 tablet_bootstrap.cc:654] T e72ab6129d034761924593df4878ecbd P 4d2f7c92d44d48f3b544514962d1cc62: Neither blocks nor log segments found. Creating new log.
I20260710 13:20:30.420605 17663 tablet_service.cc:1917] Received RequestConsensusVote() RPC: tablet_id: "514f0a5f91814a589719fbb9b4e858fc" candidate_uuid: "d2ee1552d4b04ee09f19303118886794" candidate_term: 1 candidate_status { last_received { term: 0 index: 0 } } ignore_live_leader: false dest_uuid: "b61700c4632f4e52aa24e02b826a4a74" is_pre_election: true
I20260710 13:20:30.423887 17514 raft_consensus.cc:2468] T 1ebef6a65dba497699a9d6e70e64d019 P 4d2f7c92d44d48f3b544514962d1cc62 [term 1 FOLLOWER]: Leader election vote request: Granting yes vote for candidate b61700c4632f4e52aa24e02b826a4a74 in term 1.
W20260710 13:20:30.424276 17555 leader_election.cc:343] T 514f0a5f91814a589719fbb9b4e858fc P d2ee1552d4b04ee09f19303118886794 [CANDIDATE]: Term 1 pre-election: Tablet error from VoteRequest() call to peer b61700c4632f4e52aa24e02b826a4a74 (127.16.6.67:38367): Illegal state: must be running to vote when last-logged opid is not known
I20260710 13:20:30.424711 17555 leader_election.cc:304] T 514f0a5f91814a589719fbb9b4e858fc P d2ee1552d4b04ee09f19303118886794 [CANDIDATE]: Term 1 pre-election: Election decided. Result: candidate lost. Election summary: received 3 responses out of 3 voters: 1 yes votes; 2 no votes. yes voters: d2ee1552d4b04ee09f19303118886794; no voters: 4d2f7c92d44d48f3b544514962d1cc62, b61700c4632f4e52aa24e02b826a4a74
I20260710 13:20:30.420955 17590 tablet_service.cc:1917] Received RequestConsensusVote() RPC: tablet_id: "90d814b7155c41ce95578e2fc434a2d0" candidate_uuid: "4d2f7c92d44d48f3b544514962d1cc62" candidate_term: 1 candidate_status { last_received { term: 0 index: 0 } } ignore_live_leader: false dest_uuid: "d2ee1552d4b04ee09f19303118886794"
I20260710 13:20:30.425442 17480 leader_election.cc:304] T b09407efbade4970bf6c3250e68041e9 P 4d2f7c92d44d48f3b544514962d1cc62 [CANDIDATE]: Term 1 pre-election: Election decided. Result: candidate won. Election summary: received 3 responses out of 3 voters: 2 yes votes; 1 no votes. yes voters: 4d2f7c92d44d48f3b544514962d1cc62, b61700c4632f4e52aa24e02b826a4a74; no voters: d2ee1552d4b04ee09f19303118886794
I20260710 13:20:30.425383 17590 raft_consensus.cc:3060] T 90d814b7155c41ce95578e2fc434a2d0 P d2ee1552d4b04ee09f19303118886794 [term 0 FOLLOWER]: Advancing to term 1
I20260710 13:20:30.426689 17753 raft_consensus.cc:2804] T b09407efbade4970bf6c3250e68041e9 P 4d2f7c92d44d48f3b544514962d1cc62 [term 0 FOLLOWER]: Leader pre-election won for term 1
I20260710 13:20:30.426865 17714 raft_consensus.cc:2749] T 514f0a5f91814a589719fbb9b4e858fc P d2ee1552d4b04ee09f19303118886794 [term 0 FOLLOWER]: Leader pre-election lost for term 1. Reason: could not achieve majority
I20260710 13:20:30.427194 17753 raft_consensus.cc:493] T b09407efbade4970bf6c3250e68041e9 P 4d2f7c92d44d48f3b544514962d1cc62 [term 0 FOLLOWER]: Starting leader election (no leader contacted us within the election timeout)
I20260710 13:20:30.423116 17413 catalog_manager.cc:5697] T 8d773279559f4936815ea39350a99ca8 P 4d2f7c92d44d48f3b544514962d1cc62 reported cstate change: term changed from 0 to 1, leader changed from <none> to 4d2f7c92d44d48f3b544514962d1cc62 (127.16.6.65). New cstate: current_term: 1 leader_uuid: "4d2f7c92d44d48f3b544514962d1cc62" committed_config { opid_index: -1 OBSOLETE_local: false peers { permanent_uuid: "b61700c4632f4e52aa24e02b826a4a74" member_type: VOTER last_known_addr { host: "127.16.6.67" port: 38367 } health_report { overall_health: UNKNOWN } } peers { permanent_uuid: "4d2f7c92d44d48f3b544514962d1cc62" member_type: VOTER last_known_addr { host: "127.16.6.65" port: 44593 } health_report { overall_health: HEALTHY } } peers { permanent_uuid: "d2ee1552d4b04ee09f19303118886794" member_type: VOTER last_known_addr { host: "127.16.6.66" port: 33869 } health_report { overall_health: UNKNOWN } } }
W20260710 13:20:30.426573 17628 leader_election.cc:343] T 1ebef6a65dba497699a9d6e70e64d019 P b61700c4632f4e52aa24e02b826a4a74 [CANDIDATE]: Term 1 election: Tablet error from VoteRequest() call to peer d2ee1552d4b04ee09f19303118886794 (127.16.6.66:33869): Illegal state: must be running to vote when last-logged opid is not known
I20260710 13:20:30.427693 17753 raft_consensus.cc:3060] T b09407efbade4970bf6c3250e68041e9 P 4d2f7c92d44d48f3b544514962d1cc62 [term 0 FOLLOWER]: Advancing to term 1
I20260710 13:20:30.428397 17628 leader_election.cc:304] T 1ebef6a65dba497699a9d6e70e64d019 P b61700c4632f4e52aa24e02b826a4a74 [CANDIDATE]: Term 1 election: Election decided. Result: candidate won. Election summary: received 3 responses out of 3 voters: 2 yes votes; 1 no votes. yes voters: 4d2f7c92d44d48f3b544514962d1cc62, b61700c4632f4e52aa24e02b826a4a74; no voters: d2ee1552d4b04ee09f19303118886794
I20260710 13:20:30.430141 17751 raft_consensus.cc:2804] T 1ebef6a65dba497699a9d6e70e64d019 P b61700c4632f4e52aa24e02b826a4a74 [term 1 FOLLOWER]: Leader election won for term 1
I20260710 13:20:30.430646 17751 raft_consensus.cc:697] T 1ebef6a65dba497699a9d6e70e64d019 P b61700c4632f4e52aa24e02b826a4a74 [term 1 LEADER]: Becoming Leader. State: Replica: b61700c4632f4e52aa24e02b826a4a74, State: Running, Role: LEADER
I20260710 13:20:30.431385 17751 consensus_queue.cc:237] T 1ebef6a65dba497699a9d6e70e64d019 P b61700c4632f4e52aa24e02b826a4a74 [LEADER]: Queue going to LEADER mode. State: All replicated index: 0, Majority replicated index: 0, Committed index: 0, Last appended: 0.0, Last appended by leader: 0, Current term: 1, Majority size: 2, State: 0, Mode: LEADER, active raft config: opid_index: -1 OBSOLETE_local: false peers { permanent_uuid: "4d2f7c92d44d48f3b544514962d1cc62" member_type: VOTER last_known_addr { host: "127.16.6.65" port: 44593 } } peers { permanent_uuid: "d2ee1552d4b04ee09f19303118886794" member_type: VOTER last_known_addr { host: "127.16.6.66" port: 33869 } } peers { permanent_uuid: "b61700c4632f4e52aa24e02b826a4a74" member_type: VOTER last_known_addr { host: "127.16.6.67" port: 38367 } }
I20260710 13:20:30.436182 17590 raft_consensus.cc:2468] T 90d814b7155c41ce95578e2fc434a2d0 P d2ee1552d4b04ee09f19303118886794 [term 1 FOLLOWER]: Leader election vote request: Granting yes vote for candidate 4d2f7c92d44d48f3b544514962d1cc62 in term 1.
I20260710 13:20:30.437155 17754 leader_election.cc:290] T 90d814b7155c41ce95578e2fc434a2d0 P 4d2f7c92d44d48f3b544514962d1cc62 [CANDIDATE]: Term 1 election: Requested vote from peers d2ee1552d4b04ee09f19303118886794 (127.16.6.66:33869), b61700c4632f4e52aa24e02b826a4a74 (127.16.6.67:38367)
I20260710 13:20:30.437191 17479 leader_election.cc:304] T 90d814b7155c41ce95578e2fc434a2d0 P 4d2f7c92d44d48f3b544514962d1cc62 [CANDIDATE]: Term 1 election: Election decided. Result: candidate won. Election summary: received 2 responses out of 3 voters: 2 yes votes; 0 no votes. yes voters: 4d2f7c92d44d48f3b544514962d1cc62, d2ee1552d4b04ee09f19303118886794; no voters: 
I20260710 13:20:30.439687 17664 tablet_service.cc:1917] Received RequestConsensusVote() RPC: tablet_id: "90d814b7155c41ce95578e2fc434a2d0" candidate_uuid: "4d2f7c92d44d48f3b544514962d1cc62" candidate_term: 1 candidate_status { last_received { term: 0 index: 0 } } ignore_live_leader: false dest_uuid: "b61700c4632f4e52aa24e02b826a4a74"
I20260710 13:20:30.440217 17664 raft_consensus.cc:3060] T 90d814b7155c41ce95578e2fc434a2d0 P b61700c4632f4e52aa24e02b826a4a74 [term 0 FOLLOWER]: Advancing to term 1
I20260710 13:20:30.431828 17589 raft_consensus.cc:2468] T b32354c74c7e49a9b7c15b15175989b6 P d2ee1552d4b04ee09f19303118886794 [term 1 FOLLOWER]: Leader election vote request: Granting yes vote for candidate b61700c4632f4e52aa24e02b826a4a74 in term 1.
I20260710 13:20:30.447292 17754 raft_consensus.cc:2804] T 90d814b7155c41ce95578e2fc434a2d0 P 4d2f7c92d44d48f3b544514962d1cc62 [term 1 FOLLOWER]: Leader election won for term 1
I20260710 13:20:30.457211 17754 raft_consensus.cc:697] T 90d814b7155c41ce95578e2fc434a2d0 P 4d2f7c92d44d48f3b544514962d1cc62 [term 1 LEADER]: Becoming Leader. State: Replica: 4d2f7c92d44d48f3b544514962d1cc62, State: Running, Role: LEADER
I20260710 13:20:30.458051 17754 consensus_queue.cc:237] T 90d814b7155c41ce95578e2fc434a2d0 P 4d2f7c92d44d48f3b544514962d1cc62 [LEADER]: Queue going to LEADER mode. State: All replicated index: 0, Majority replicated index: 0, Committed index: 0, Last appended: 0.0, Last appended by leader: 0, Current term: 1, Majority size: 2, State: 0, Mode: LEADER, active raft config: opid_index: -1 OBSOLETE_local: false peers { permanent_uuid: "4d2f7c92d44d48f3b544514962d1cc62" member_type: VOTER last_known_addr { host: "127.16.6.65" port: 44593 } } peers { permanent_uuid: "d2ee1552d4b04ee09f19303118886794" member_type: VOTER last_known_addr { host: "127.16.6.66" port: 33869 } } peers { permanent_uuid: "b61700c4632f4e52aa24e02b826a4a74" member_type: VOTER last_known_addr { host: "127.16.6.67" port: 38367 } }
I20260710 13:20:30.467794 17413 catalog_manager.cc:5697] T f4ce93c2f2a7472f9fa155210e398ae5 P 4d2f7c92d44d48f3b544514962d1cc62 reported cstate change: term changed from 0 to 1, leader changed from <none> to 4d2f7c92d44d48f3b544514962d1cc62 (127.16.6.65). New cstate: current_term: 1 leader_uuid: "4d2f7c92d44d48f3b544514962d1cc62" committed_config { opid_index: -1 OBSOLETE_local: false peers { permanent_uuid: "4d2f7c92d44d48f3b544514962d1cc62" member_type: VOTER last_known_addr { host: "127.16.6.65" port: 44593 } health_report { overall_health: HEALTHY } } peers { permanent_uuid: "d2ee1552d4b04ee09f19303118886794" member_type: VOTER last_known_addr { host: "127.16.6.66" port: 33869 } health_report { overall_health: UNKNOWN } } peers { permanent_uuid: "b61700c4632f4e52aa24e02b826a4a74" member_type: VOTER last_known_addr { host: "127.16.6.67" port: 38367 } health_report { overall_health: UNKNOWN } } }
I20260710 13:20:30.463182 17664 raft_consensus.cc:2468] T 90d814b7155c41ce95578e2fc434a2d0 P b61700c4632f4e52aa24e02b826a4a74 [term 1 FOLLOWER]: Leader election vote request: Granting yes vote for candidate 4d2f7c92d44d48f3b544514962d1cc62 in term 1.
I20260710 13:20:30.472304 17753 raft_consensus.cc:515] T b09407efbade4970bf6c3250e68041e9 P 4d2f7c92d44d48f3b544514962d1cc62 [term 1 FOLLOWER]: Starting leader election with config: opid_index: -1 OBSOLETE_local: false peers { permanent_uuid: "4d2f7c92d44d48f3b544514962d1cc62" member_type: VOTER last_known_addr { host: "127.16.6.65" port: 44593 } } peers { permanent_uuid: "d2ee1552d4b04ee09f19303118886794" member_type: VOTER last_known_addr { host: "127.16.6.66" port: 33869 } } peers { permanent_uuid: "b61700c4632f4e52aa24e02b826a4a74" member_type: VOTER last_known_addr { host: "127.16.6.67" port: 38367 } }
I20260710 13:20:30.474822 17753 leader_election.cc:290] T b09407efbade4970bf6c3250e68041e9 P 4d2f7c92d44d48f3b544514962d1cc62 [CANDIDATE]: Term 1 election: Requested vote from peers d2ee1552d4b04ee09f19303118886794 (127.16.6.66:33869), b61700c4632f4e52aa24e02b826a4a74 (127.16.6.67:38367)
I20260710 13:20:30.475617 17705 tablet_bootstrap.cc:492] T 8d773279559f4936815ea39350a99ca8 P b61700c4632f4e52aa24e02b826a4a74: No bootstrap required, opened a new log
I20260710 13:20:30.475450 17589 tablet_service.cc:1917] Received RequestConsensusVote() RPC: tablet_id: "b09407efbade4970bf6c3250e68041e9" candidate_uuid: "4d2f7c92d44d48f3b544514962d1cc62" candidate_term: 1 candidate_status { last_received { term: 0 index: 0 } } ignore_live_leader: false dest_uuid: "d2ee1552d4b04ee09f19303118886794"
I20260710 13:20:30.476058 17705 ts_tablet_manager.cc:1403] T 8d773279559f4936815ea39350a99ca8 P b61700c4632f4e52aa24e02b826a4a74: Time spent bootstrapping tablet: real 0.121s	user 0.023s	sys 0.019s
W20260710 13:20:30.476778 17479 leader_election.cc:343] T b09407efbade4970bf6c3250e68041e9 P 4d2f7c92d44d48f3b544514962d1cc62 [CANDIDATE]: Term 1 election: Tablet error from VoteRequest() call to peer d2ee1552d4b04ee09f19303118886794 (127.16.6.66:33869): Illegal state: must be running to vote when last-logged opid is not known
I20260710 13:20:30.478276 17664 tablet_service.cc:1917] Received RequestConsensusVote() RPC: tablet_id: "b09407efbade4970bf6c3250e68041e9" candidate_uuid: "4d2f7c92d44d48f3b544514962d1cc62" candidate_term: 1 candidate_status { last_received { term: 0 index: 0 } } ignore_live_leader: false dest_uuid: "b61700c4632f4e52aa24e02b826a4a74"
I20260710 13:20:30.478876 17706 tablet_bootstrap.cc:492] T e72ab6129d034761924593df4878ecbd P 4d2f7c92d44d48f3b544514962d1cc62: No bootstrap required, opened a new log
I20260710 13:20:30.478585 17705 raft_consensus.cc:359] T 8d773279559f4936815ea39350a99ca8 P b61700c4632f4e52aa24e02b826a4a74 [term 0 FOLLOWER]: Replica starting. Triggering 0 pending ops. Active config: opid_index: -1 OBSOLETE_local: false peers { permanent_uuid: "b61700c4632f4e52aa24e02b826a4a74" member_type: VOTER last_known_addr { host: "127.16.6.67" port: 38367 } } peers { permanent_uuid: "4d2f7c92d44d48f3b544514962d1cc62" member_type: VOTER last_known_addr { host: "127.16.6.65" port: 44593 } } peers { permanent_uuid: "d2ee1552d4b04ee09f19303118886794" member_type: VOTER last_known_addr { host: "127.16.6.66" port: 33869 } }
I20260710 13:20:30.478839 17664 raft_consensus.cc:3060] T b09407efbade4970bf6c3250e68041e9 P b61700c4632f4e52aa24e02b826a4a74 [term 0 FOLLOWER]: Advancing to term 1
I20260710 13:20:30.479424 17705 raft_consensus.cc:385] T 8d773279559f4936815ea39350a99ca8 P b61700c4632f4e52aa24e02b826a4a74 [term 0 FOLLOWER]: Consensus starting up: Expiring failure detector timer to make a prompt election more likely
I20260710 13:20:30.479764 17705 raft_consensus.cc:740] T 8d773279559f4936815ea39350a99ca8 P b61700c4632f4e52aa24e02b826a4a74 [term 0 FOLLOWER]: Becoming Follower/Learner. State: Replica: b61700c4632f4e52aa24e02b826a4a74, State: Initialized, Role: FOLLOWER
I20260710 13:20:30.479326 17706 ts_tablet_manager.cc:1403] T e72ab6129d034761924593df4878ecbd P 4d2f7c92d44d48f3b544514962d1cc62: Time spent bootstrapping tablet: real 0.069s	user 0.020s	sys 0.007s
I20260710 13:20:30.480379 17705 consensus_queue.cc:260] T 8d773279559f4936815ea39350a99ca8 P b61700c4632f4e52aa24e02b826a4a74 [NON_LEADER]: Queue going to NON_LEADER mode. State: All replicated index: 0, Majority replicated index: 0, Committed index: 0, Last appended: 0.0, Last appended by leader: 0, Current term: 0, Majority size: -1, State: 0, Mode: NON_LEADER, active raft config: opid_index: -1 OBSOLETE_local: false peers { permanent_uuid: "b61700c4632f4e52aa24e02b826a4a74" member_type: VOTER last_known_addr { host: "127.16.6.67" port: 38367 } } peers { permanent_uuid: "4d2f7c92d44d48f3b544514962d1cc62" member_type: VOTER last_known_addr { host: "127.16.6.65" port: 44593 } } peers { permanent_uuid: "d2ee1552d4b04ee09f19303118886794" member_type: VOTER last_known_addr { host: "127.16.6.66" port: 33869 } }
I20260710 13:20:30.482245 17705 ts_tablet_manager.cc:1434] T 8d773279559f4936815ea39350a99ca8 P b61700c4632f4e52aa24e02b826a4a74: Time spent starting tablet: real 0.006s	user 0.006s	sys 0.000s
I20260710 13:20:30.482414 17706 raft_consensus.cc:359] T e72ab6129d034761924593df4878ecbd P 4d2f7c92d44d48f3b544514962d1cc62 [term 0 FOLLOWER]: Replica starting. Triggering 0 pending ops. Active config: opid_index: -1 OBSOLETE_local: false peers { permanent_uuid: "4d2f7c92d44d48f3b544514962d1cc62" member_type: VOTER last_known_addr { host: "127.16.6.65" port: 44593 } } peers { permanent_uuid: "d2ee1552d4b04ee09f19303118886794" member_type: VOTER last_known_addr { host: "127.16.6.66" port: 33869 } } peers { permanent_uuid: "b61700c4632f4e52aa24e02b826a4a74" member_type: VOTER last_known_addr { host: "127.16.6.67" port: 38367 } }
I20260710 13:20:30.483021 17705 tablet_bootstrap.cc:492] T 514f0a5f91814a589719fbb9b4e858fc P b61700c4632f4e52aa24e02b826a4a74: Bootstrap starting.
I20260710 13:20:30.482992 17706 raft_consensus.cc:385] T e72ab6129d034761924593df4878ecbd P 4d2f7c92d44d48f3b544514962d1cc62 [term 0 FOLLOWER]: Consensus starting up: Expiring failure detector timer to make a prompt election more likely
I20260710 13:20:30.483382 17706 raft_consensus.cc:740] T e72ab6129d034761924593df4878ecbd P 4d2f7c92d44d48f3b544514962d1cc62 [term 0 FOLLOWER]: Becoming Follower/Learner. State: Replica: 4d2f7c92d44d48f3b544514962d1cc62, State: Initialized, Role: FOLLOWER
I20260710 13:20:30.484047 17706 consensus_queue.cc:260] T e72ab6129d034761924593df4878ecbd P 4d2f7c92d44d48f3b544514962d1cc62 [NON_LEADER]: Queue going to NON_LEADER mode. State: All replicated index: 0, Majority replicated index: 0, Committed index: 0, Last appended: 0.0, Last appended by leader: 0, Current term: 0, Majority size: -1, State: 0, Mode: NON_LEADER, active raft config: opid_index: -1 OBSOLETE_local: false peers { permanent_uuid: "4d2f7c92d44d48f3b544514962d1cc62" member_type: VOTER last_known_addr { host: "127.16.6.65" port: 44593 } } peers { permanent_uuid: "d2ee1552d4b04ee09f19303118886794" member_type: VOTER last_known_addr { host: "127.16.6.66" port: 33869 } } peers { permanent_uuid: "b61700c4632f4e52aa24e02b826a4a74" member_type: VOTER last_known_addr { host: "127.16.6.67" port: 38367 } }
I20260710 13:20:30.484242 17411 catalog_manager.cc:5697] T 1ebef6a65dba497699a9d6e70e64d019 P b61700c4632f4e52aa24e02b826a4a74 reported cstate change: term changed from 0 to 1, leader changed from <none> to b61700c4632f4e52aa24e02b826a4a74 (127.16.6.67). New cstate: current_term: 1 leader_uuid: "b61700c4632f4e52aa24e02b826a4a74" committed_config { opid_index: -1 OBSOLETE_local: false peers { permanent_uuid: "4d2f7c92d44d48f3b544514962d1cc62" member_type: VOTER last_known_addr { host: "127.16.6.65" port: 44593 } health_report { overall_health: UNKNOWN } } peers { permanent_uuid: "d2ee1552d4b04ee09f19303118886794" member_type: VOTER last_known_addr { host: "127.16.6.66" port: 33869 } health_report { overall_health: UNKNOWN } } peers { permanent_uuid: "b61700c4632f4e52aa24e02b826a4a74" member_type: VOTER last_known_addr { host: "127.16.6.67" port: 38367 } health_report { overall_health: HEALTHY } } }
I20260710 13:20:30.485878 17706 ts_tablet_manager.cc:1434] T e72ab6129d034761924593df4878ecbd P 4d2f7c92d44d48f3b544514962d1cc62: Time spent starting tablet: real 0.006s	user 0.005s	sys 0.000s
I20260710 13:20:30.486696 17706 tablet_bootstrap.cc:492] T 0724764c47c945fd961bb4b2adeeb888 P 4d2f7c92d44d48f3b544514962d1cc62: Bootstrap starting.
I20260710 13:20:30.487627 17664 raft_consensus.cc:2468] T b09407efbade4970bf6c3250e68041e9 P b61700c4632f4e52aa24e02b826a4a74 [term 1 FOLLOWER]: Leader election vote request: Granting yes vote for candidate 4d2f7c92d44d48f3b544514962d1cc62 in term 1.
I20260710 13:20:30.488849 17705 tablet_bootstrap.cc:654] T 514f0a5f91814a589719fbb9b4e858fc P b61700c4632f4e52aa24e02b826a4a74: Neither blocks nor log segments found. Creating new log.
I20260710 13:20:30.491012 17480 leader_election.cc:304] T b09407efbade4970bf6c3250e68041e9 P 4d2f7c92d44d48f3b544514962d1cc62 [CANDIDATE]: Term 1 election: Election decided. Result: candidate won. Election summary: received 3 responses out of 3 voters: 2 yes votes; 1 no votes. yes voters: 4d2f7c92d44d48f3b544514962d1cc62, b61700c4632f4e52aa24e02b826a4a74; no voters: d2ee1552d4b04ee09f19303118886794
I20260710 13:20:30.491890 17706 tablet_bootstrap.cc:654] T 0724764c47c945fd961bb4b2adeeb888 P 4d2f7c92d44d48f3b544514962d1cc62: Neither blocks nor log segments found. Creating new log.
I20260710 13:20:30.492230 17712 raft_consensus.cc:2804] T b09407efbade4970bf6c3250e68041e9 P 4d2f7c92d44d48f3b544514962d1cc62 [term 1 FOLLOWER]: Leader election won for term 1
I20260710 13:20:30.492693 17712 raft_consensus.cc:697] T b09407efbade4970bf6c3250e68041e9 P 4d2f7c92d44d48f3b544514962d1cc62 [term 1 LEADER]: Becoming Leader. State: Replica: 4d2f7c92d44d48f3b544514962d1cc62, State: Running, Role: LEADER
I20260710 13:20:30.492892 17751 raft_consensus.cc:493] T 8d773279559f4936815ea39350a99ca8 P b61700c4632f4e52aa24e02b826a4a74 [term 0 FOLLOWER]: Starting pre-election (no leader contacted us within the election timeout)
I20260710 13:20:30.493398 17751 raft_consensus.cc:515] T 8d773279559f4936815ea39350a99ca8 P b61700c4632f4e52aa24e02b826a4a74 [term 0 FOLLOWER]: Starting pre-election with config: opid_index: -1 OBSOLETE_local: false peers { permanent_uuid: "b61700c4632f4e52aa24e02b826a4a74" member_type: VOTER last_known_addr { host: "127.16.6.67" port: 38367 } } peers { permanent_uuid: "4d2f7c92d44d48f3b544514962d1cc62" member_type: VOTER last_known_addr { host: "127.16.6.65" port: 44593 } } peers { permanent_uuid: "d2ee1552d4b04ee09f19303118886794" member_type: VOTER last_known_addr { host: "127.16.6.66" port: 33869 } }
I20260710 13:20:30.493474 17712 consensus_queue.cc:237] T b09407efbade4970bf6c3250e68041e9 P 4d2f7c92d44d48f3b544514962d1cc62 [LEADER]: Queue going to LEADER mode. State: All replicated index: 0, Majority replicated index: 0, Committed index: 0, Last appended: 0.0, Last appended by leader: 0, Current term: 1, Majority size: 2, State: 0, Mode: LEADER, active raft config: opid_index: -1 OBSOLETE_local: false peers { permanent_uuid: "4d2f7c92d44d48f3b544514962d1cc62" member_type: VOTER last_known_addr { host: "127.16.6.65" port: 44593 } } peers { permanent_uuid: "d2ee1552d4b04ee09f19303118886794" member_type: VOTER last_known_addr { host: "127.16.6.66" port: 33869 } } peers { permanent_uuid: "b61700c4632f4e52aa24e02b826a4a74" member_type: VOTER last_known_addr { host: "127.16.6.67" port: 38367 } }
I20260710 13:20:30.496440 17514 tablet_service.cc:1917] Received RequestConsensusVote() RPC: tablet_id: "8d773279559f4936815ea39350a99ca8" candidate_uuid: "b61700c4632f4e52aa24e02b826a4a74" candidate_term: 1 candidate_status { last_received { term: 0 index: 0 } } ignore_live_leader: false dest_uuid: "4d2f7c92d44d48f3b544514962d1cc62" is_pre_election: true
I20260710 13:20:30.496856 17589 tablet_service.cc:1917] Received RequestConsensusVote() RPC: tablet_id: "8d773279559f4936815ea39350a99ca8" candidate_uuid: "b61700c4632f4e52aa24e02b826a4a74" candidate_term: 1 candidate_status { last_received { term: 0 index: 0 } } ignore_live_leader: false dest_uuid: "d2ee1552d4b04ee09f19303118886794" is_pre_election: true
I20260710 13:20:30.497756 17589 raft_consensus.cc:2393] T 8d773279559f4936815ea39350a99ca8 P d2ee1552d4b04ee09f19303118886794 [term 1 FOLLOWER]: Leader pre-election vote request: Denying vote to candidate b61700c4632f4e52aa24e02b826a4a74 in current term 1: Already voted for candidate 4d2f7c92d44d48f3b544514962d1cc62 in this term.
I20260710 13:20:30.498791 17628 leader_election.cc:304] T 8d773279559f4936815ea39350a99ca8 P b61700c4632f4e52aa24e02b826a4a74 [CANDIDATE]: Term 1 pre-election: Election decided. Result: candidate lost. Election summary: received 3 responses out of 3 voters: 1 yes votes; 2 no votes. yes voters: b61700c4632f4e52aa24e02b826a4a74; no voters: 4d2f7c92d44d48f3b544514962d1cc62, d2ee1552d4b04ee09f19303118886794
I20260710 13:20:30.498560 17412 catalog_manager.cc:5697] T 90d814b7155c41ce95578e2fc434a2d0 P 4d2f7c92d44d48f3b544514962d1cc62 reported cstate change: term changed from 0 to 1, leader changed from <none> to 4d2f7c92d44d48f3b544514962d1cc62 (127.16.6.65). New cstate: current_term: 1 leader_uuid: "4d2f7c92d44d48f3b544514962d1cc62" committed_config { opid_index: -1 OBSOLETE_local: false peers { permanent_uuid: "4d2f7c92d44d48f3b544514962d1cc62" member_type: VOTER last_known_addr { host: "127.16.6.65" port: 44593 } health_report { overall_health: HEALTHY } } peers { permanent_uuid: "d2ee1552d4b04ee09f19303118886794" member_type: VOTER last_known_addr { host: "127.16.6.66" port: 33869 } health_report { overall_health: UNKNOWN } } peers { permanent_uuid: "b61700c4632f4e52aa24e02b826a4a74" member_type: VOTER last_known_addr { host: "127.16.6.67" port: 38367 } health_report { overall_health: UNKNOWN } } }
I20260710 13:20:30.499577 17711 raft_consensus.cc:3060] T 8d773279559f4936815ea39350a99ca8 P b61700c4632f4e52aa24e02b826a4a74 [term 0 FOLLOWER]: Advancing to term 1
I20260710 13:20:30.506275 17711 raft_consensus.cc:2749] T 8d773279559f4936815ea39350a99ca8 P b61700c4632f4e52aa24e02b826a4a74 [term 1 FOLLOWER]: Leader pre-election lost for term 1. Reason: could not achieve majority
I20260710 13:20:30.507160 17751 leader_election.cc:290] T 8d773279559f4936815ea39350a99ca8 P b61700c4632f4e52aa24e02b826a4a74 [CANDIDATE]: Term 1 pre-election: Requested pre-vote from peers 4d2f7c92d44d48f3b544514962d1cc62 (127.16.6.65:44593), d2ee1552d4b04ee09f19303118886794 (127.16.6.66:33869)
I20260710 13:20:30.510489 17705 tablet_bootstrap.cc:492] T 514f0a5f91814a589719fbb9b4e858fc P b61700c4632f4e52aa24e02b826a4a74: No bootstrap required, opened a new log
I20260710 13:20:30.510560 17704 tablet_bootstrap.cc:492] T b09407efbade4970bf6c3250e68041e9 P d2ee1552d4b04ee09f19303118886794: No bootstrap required, opened a new log
I20260710 13:20:30.511068 17705 ts_tablet_manager.cc:1403] T 514f0a5f91814a589719fbb9b4e858fc P b61700c4632f4e52aa24e02b826a4a74: Time spent bootstrapping tablet: real 0.028s	user 0.016s	sys 0.010s
I20260710 13:20:30.511121 17704 ts_tablet_manager.cc:1403] T b09407efbade4970bf6c3250e68041e9 P d2ee1552d4b04ee09f19303118886794: Time spent bootstrapping tablet: real 0.143s	user 0.024s	sys 0.012s
I20260710 13:20:30.513738 17705 raft_consensus.cc:359] T 514f0a5f91814a589719fbb9b4e858fc P b61700c4632f4e52aa24e02b826a4a74 [term 0 FOLLOWER]: Replica starting. Triggering 0 pending ops. Active config: opid_index: -1 OBSOLETE_local: false peers { permanent_uuid: "4d2f7c92d44d48f3b544514962d1cc62" member_type: VOTER last_known_addr { host: "127.16.6.65" port: 44593 } } peers { permanent_uuid: "d2ee1552d4b04ee09f19303118886794" member_type: VOTER last_known_addr { host: "127.16.6.66" port: 33869 } } peers { permanent_uuid: "b61700c4632f4e52aa24e02b826a4a74" member_type: VOTER last_known_addr { host: "127.16.6.67" port: 38367 } }
I20260710 13:20:30.514472 17705 raft_consensus.cc:385] T 514f0a5f91814a589719fbb9b4e858fc P b61700c4632f4e52aa24e02b826a4a74 [term 0 FOLLOWER]: Consensus starting up: Expiring failure detector timer to make a prompt election more likely
I20260710 13:20:30.514767 17705 raft_consensus.cc:740] T 514f0a5f91814a589719fbb9b4e858fc P b61700c4632f4e52aa24e02b826a4a74 [term 0 FOLLOWER]: Becoming Follower/Learner. State: Replica: b61700c4632f4e52aa24e02b826a4a74, State: Initialized, Role: FOLLOWER
I20260710 13:20:30.515416 17705 consensus_queue.cc:260] T 514f0a5f91814a589719fbb9b4e858fc P b61700c4632f4e52aa24e02b826a4a74 [NON_LEADER]: Queue going to NON_LEADER mode. State: All replicated index: 0, Majority replicated index: 0, Committed index: 0, Last appended: 0.0, Last appended by leader: 0, Current term: 0, Majority size: -1, State: 0, Mode: NON_LEADER, active raft config: opid_index: -1 OBSOLETE_local: false peers { permanent_uuid: "4d2f7c92d44d48f3b544514962d1cc62" member_type: VOTER last_known_addr { host: "127.16.6.65" port: 44593 } } peers { permanent_uuid: "d2ee1552d4b04ee09f19303118886794" member_type: VOTER last_known_addr { host: "127.16.6.66" port: 33869 } } peers { permanent_uuid: "b61700c4632f4e52aa24e02b826a4a74" member_type: VOTER last_known_addr { host: "127.16.6.67" port: 38367 } }
I20260710 13:20:30.517104 17705 ts_tablet_manager.cc:1434] T 514f0a5f91814a589719fbb9b4e858fc P b61700c4632f4e52aa24e02b826a4a74: Time spent starting tablet: real 0.006s	user 0.001s	sys 0.004s
I20260710 13:20:30.516856 17704 raft_consensus.cc:359] T b09407efbade4970bf6c3250e68041e9 P d2ee1552d4b04ee09f19303118886794 [term 0 FOLLOWER]: Replica starting. Triggering 0 pending ops. Active config: opid_index: -1 OBSOLETE_local: false peers { permanent_uuid: "4d2f7c92d44d48f3b544514962d1cc62" member_type: VOTER last_known_addr { host: "127.16.6.65" port: 44593 } } peers { permanent_uuid: "d2ee1552d4b04ee09f19303118886794" member_type: VOTER last_known_addr { host: "127.16.6.66" port: 33869 } } peers { permanent_uuid: "b61700c4632f4e52aa24e02b826a4a74" member_type: VOTER last_known_addr { host: "127.16.6.67" port: 38367 } }
I20260710 13:20:30.517568 17704 raft_consensus.cc:385] T b09407efbade4970bf6c3250e68041e9 P d2ee1552d4b04ee09f19303118886794 [term 0 FOLLOWER]: Consensus starting up: Expiring failure detector timer to make a prompt election more likely
I20260710 13:20:30.517831 17704 raft_consensus.cc:740] T b09407efbade4970bf6c3250e68041e9 P d2ee1552d4b04ee09f19303118886794 [term 0 FOLLOWER]: Becoming Follower/Learner. State: Replica: d2ee1552d4b04ee09f19303118886794, State: Initialized, Role: FOLLOWER
I20260710 13:20:30.518157 17705 tablet_bootstrap.cc:492] T 63f34325618e48e7b4000c20e3c4ac63 P b61700c4632f4e52aa24e02b826a4a74: Bootstrap starting.
I20260710 13:20:30.519804 17704 consensus_queue.cc:260] T b09407efbade4970bf6c3250e68041e9 P d2ee1552d4b04ee09f19303118886794 [NON_LEADER]: Queue going to NON_LEADER mode. State: All replicated index: 0, Majority replicated index: 0, Committed index: 0, Last appended: 0.0, Last appended by leader: 0, Current term: 0, Majority size: -1, State: 0, Mode: NON_LEADER, active raft config: opid_index: -1 OBSOLETE_local: false peers { permanent_uuid: "4d2f7c92d44d48f3b544514962d1cc62" member_type: VOTER last_known_addr { host: "127.16.6.65" port: 44593 } } peers { permanent_uuid: "d2ee1552d4b04ee09f19303118886794" member_type: VOTER last_known_addr { host: "127.16.6.66" port: 33869 } } peers { permanent_uuid: "b61700c4632f4e52aa24e02b826a4a74" member_type: VOTER last_known_addr { host: "127.16.6.67" port: 38367 } }
I20260710 13:20:30.523706 17705 tablet_bootstrap.cc:654] T 63f34325618e48e7b4000c20e3c4ac63 P b61700c4632f4e52aa24e02b826a4a74: Neither blocks nor log segments found. Creating new log.
I20260710 13:20:30.529361 17704 ts_tablet_manager.cc:1434] T b09407efbade4970bf6c3250e68041e9 P d2ee1552d4b04ee09f19303118886794: Time spent starting tablet: real 0.018s	user 0.005s	sys 0.000s
I20260710 13:20:30.530555 17751 raft_consensus.cc:493] T 3190ef2b9f7c452187896da7d3a941af P b61700c4632f4e52aa24e02b826a4a74 [term 0 FOLLOWER]: Starting pre-election (no leader contacted us within the election timeout)
I20260710 13:20:30.531085 17751 raft_consensus.cc:515] T 3190ef2b9f7c452187896da7d3a941af P b61700c4632f4e52aa24e02b826a4a74 [term 0 FOLLOWER]: Starting pre-election with config: opid_index: -1 OBSOLETE_local: false peers { permanent_uuid: "4d2f7c92d44d48f3b544514962d1cc62" member_type: VOTER last_known_addr { host: "127.16.6.65" port: 44593 } } peers { permanent_uuid: "d2ee1552d4b04ee09f19303118886794" member_type: VOTER last_known_addr { host: "127.16.6.66" port: 33869 } } peers { permanent_uuid: "b61700c4632f4e52aa24e02b826a4a74" member_type: VOTER last_known_addr { host: "127.16.6.67" port: 38367 } }
I20260710 13:20:30.534411 17751 leader_election.cc:290] T 3190ef2b9f7c452187896da7d3a941af P b61700c4632f4e52aa24e02b826a4a74 [CANDIDATE]: Term 1 pre-election: Requested pre-vote from peers 4d2f7c92d44d48f3b544514962d1cc62 (127.16.6.65:44593), d2ee1552d4b04ee09f19303118886794 (127.16.6.66:33869)
I20260710 13:20:30.536293 17514 tablet_service.cc:1917] Received RequestConsensusVote() RPC: tablet_id: "3190ef2b9f7c452187896da7d3a941af" candidate_uuid: "b61700c4632f4e52aa24e02b826a4a74" candidate_term: 1 candidate_status { last_received { term: 0 index: 0 } } ignore_live_leader: false dest_uuid: "4d2f7c92d44d48f3b544514962d1cc62" is_pre_election: true
I20260710 13:20:30.537588 17589 tablet_service.cc:1917] Received RequestConsensusVote() RPC: tablet_id: "3190ef2b9f7c452187896da7d3a941af" candidate_uuid: "b61700c4632f4e52aa24e02b826a4a74" candidate_term: 1 candidate_status { last_received { term: 0 index: 0 } } ignore_live_leader: false dest_uuid: "d2ee1552d4b04ee09f19303118886794" is_pre_election: true
W20260710 13:20:30.538990 17628 leader_election.cc:343] T 3190ef2b9f7c452187896da7d3a941af P b61700c4632f4e52aa24e02b826a4a74 [CANDIDATE]: Term 1 pre-election: Tablet error from VoteRequest() call to peer d2ee1552d4b04ee09f19303118886794 (127.16.6.66:33869): Illegal state: must be running to vote when last-logged opid is not known
W20260710 13:20:30.540397 17628 leader_election.cc:343] T 3190ef2b9f7c452187896da7d3a941af P b61700c4632f4e52aa24e02b826a4a74 [CANDIDATE]: Term 1 pre-election: Tablet error from VoteRequest() call to peer 4d2f7c92d44d48f3b544514962d1cc62 (127.16.6.65:44593): Illegal state: must be running to vote when last-logged opid is not known
I20260710 13:20:30.540846 17628 leader_election.cc:304] T 3190ef2b9f7c452187896da7d3a941af P b61700c4632f4e52aa24e02b826a4a74 [CANDIDATE]: Term 1 pre-election: Election decided. Result: candidate lost. Election summary: received 3 responses out of 3 voters: 1 yes votes; 2 no votes. yes voters: b61700c4632f4e52aa24e02b826a4a74; no voters: 4d2f7c92d44d48f3b544514962d1cc62, d2ee1552d4b04ee09f19303118886794
I20260710 13:20:30.541661 17751 raft_consensus.cc:2749] T 3190ef2b9f7c452187896da7d3a941af P b61700c4632f4e52aa24e02b826a4a74 [term 0 FOLLOWER]: Leader pre-election lost for term 1. Reason: could not achieve majority
I20260710 13:20:30.540784 17704 tablet_bootstrap.cc:492] T 1ebef6a65dba497699a9d6e70e64d019 P d2ee1552d4b04ee09f19303118886794: Bootstrap starting.
I20260710 13:20:30.549069 17704 tablet_bootstrap.cc:654] T 1ebef6a65dba497699a9d6e70e64d019 P d2ee1552d4b04ee09f19303118886794: Neither blocks nor log segments found. Creating new log.
I20260710 13:20:30.552574 17712 raft_consensus.cc:493] T 63f34325618e48e7b4000c20e3c4ac63 P 4d2f7c92d44d48f3b544514962d1cc62 [term 0 FOLLOWER]: Starting pre-election (no leader contacted us within the election timeout)
I20260710 13:20:30.553110 17712 raft_consensus.cc:515] T 63f34325618e48e7b4000c20e3c4ac63 P 4d2f7c92d44d48f3b544514962d1cc62 [term 0 FOLLOWER]: Starting pre-election with config: opid_index: -1 OBSOLETE_local: false peers { permanent_uuid: "4d2f7c92d44d48f3b544514962d1cc62" member_type: VOTER last_known_addr { host: "127.16.6.65" port: 44593 } } peers { permanent_uuid: "d2ee1552d4b04ee09f19303118886794" member_type: VOTER last_known_addr { host: "127.16.6.66" port: 33869 } } peers { permanent_uuid: "b61700c4632f4e52aa24e02b826a4a74" member_type: VOTER last_known_addr { host: "127.16.6.67" port: 38367 } }
I20260710 13:20:30.556030 17589 tablet_service.cc:1917] Received RequestConsensusVote() RPC: tablet_id: "63f34325618e48e7b4000c20e3c4ac63" candidate_uuid: "4d2f7c92d44d48f3b544514962d1cc62" candidate_term: 1 candidate_status { last_received { term: 0 index: 0 } } ignore_live_leader: false dest_uuid: "d2ee1552d4b04ee09f19303118886794" is_pre_election: true
W20260710 13:20:30.557457 17479 leader_election.cc:343] T 63f34325618e48e7b4000c20e3c4ac63 P 4d2f7c92d44d48f3b544514962d1cc62 [CANDIDATE]: Term 1 pre-election: Tablet error from VoteRequest() call to peer d2ee1552d4b04ee09f19303118886794 (127.16.6.66:33869): Illegal state: must be running to vote when last-logged opid is not known
I20260710 13:20:30.558449 17712 leader_election.cc:290] T 63f34325618e48e7b4000c20e3c4ac63 P 4d2f7c92d44d48f3b544514962d1cc62 [CANDIDATE]: Term 1 pre-election: Requested pre-vote from peers d2ee1552d4b04ee09f19303118886794 (127.16.6.66:33869), b61700c4632f4e52aa24e02b826a4a74 (127.16.6.67:38367)
I20260710 13:20:30.559067 17412 catalog_manager.cc:5697] T b09407efbade4970bf6c3250e68041e9 P 4d2f7c92d44d48f3b544514962d1cc62 reported cstate change: term changed from 0 to 1, leader changed from <none> to 4d2f7c92d44d48f3b544514962d1cc62 (127.16.6.65). New cstate: current_term: 1 leader_uuid: "4d2f7c92d44d48f3b544514962d1cc62" committed_config { opid_index: -1 OBSOLETE_local: false peers { permanent_uuid: "4d2f7c92d44d48f3b544514962d1cc62" member_type: VOTER last_known_addr { host: "127.16.6.65" port: 44593 } health_report { overall_health: HEALTHY } } peers { permanent_uuid: "d2ee1552d4b04ee09f19303118886794" member_type: VOTER last_known_addr { host: "127.16.6.66" port: 33869 } health_report { overall_health: UNKNOWN } } peers { permanent_uuid: "b61700c4632f4e52aa24e02b826a4a74" member_type: VOTER last_known_addr { host: "127.16.6.67" port: 38367 } health_report { overall_health: UNKNOWN } } }
I20260710 13:20:30.561196 17705 tablet_bootstrap.cc:492] T 63f34325618e48e7b4000c20e3c4ac63 P b61700c4632f4e52aa24e02b826a4a74: No bootstrap required, opened a new log
I20260710 13:20:30.561738 17705 ts_tablet_manager.cc:1403] T 63f34325618e48e7b4000c20e3c4ac63 P b61700c4632f4e52aa24e02b826a4a74: Time spent bootstrapping tablet: real 0.044s	user 0.019s	sys 0.023s
I20260710 13:20:30.561998 17706 tablet_bootstrap.cc:492] T 0724764c47c945fd961bb4b2adeeb888 P 4d2f7c92d44d48f3b544514962d1cc62: No bootstrap required, opened a new log
I20260710 13:20:30.561802 17664 tablet_service.cc:1917] Received RequestConsensusVote() RPC: tablet_id: "63f34325618e48e7b4000c20e3c4ac63" candidate_uuid: "4d2f7c92d44d48f3b544514962d1cc62" candidate_term: 1 candidate_status { last_received { term: 0 index: 0 } } ignore_live_leader: false dest_uuid: "b61700c4632f4e52aa24e02b826a4a74" is_pre_election: true
I20260710 13:20:30.562410 17706 ts_tablet_manager.cc:1403] T 0724764c47c945fd961bb4b2adeeb888 P 4d2f7c92d44d48f3b544514962d1cc62: Time spent bootstrapping tablet: real 0.076s	user 0.015s	sys 0.052s
W20260710 13:20:30.563804 17480 leader_election.cc:343] T 63f34325618e48e7b4000c20e3c4ac63 P 4d2f7c92d44d48f3b544514962d1cc62 [CANDIDATE]: Term 1 pre-election: Tablet error from VoteRequest() call to peer b61700c4632f4e52aa24e02b826a4a74 (127.16.6.67:38367): Illegal state: must be running to vote when last-logged opid is not known
I20260710 13:20:30.564282 17480 leader_election.cc:304] T 63f34325618e48e7b4000c20e3c4ac63 P 4d2f7c92d44d48f3b544514962d1cc62 [CANDIDATE]: Term 1 pre-election: Election decided. Result: candidate lost. Election summary: received 3 responses out of 3 voters: 1 yes votes; 2 no votes. yes voters: 4d2f7c92d44d48f3b544514962d1cc62; no voters: b61700c4632f4e52aa24e02b826a4a74, d2ee1552d4b04ee09f19303118886794
I20260710 13:20:30.564198 17705 raft_consensus.cc:359] T 63f34325618e48e7b4000c20e3c4ac63 P b61700c4632f4e52aa24e02b826a4a74 [term 0 FOLLOWER]: Replica starting. Triggering 0 pending ops. Active config: opid_index: -1 OBSOLETE_local: false peers { permanent_uuid: "4d2f7c92d44d48f3b544514962d1cc62" member_type: VOTER last_known_addr { host: "127.16.6.65" port: 44593 } } peers { permanent_uuid: "d2ee1552d4b04ee09f19303118886794" member_type: VOTER last_known_addr { host: "127.16.6.66" port: 33869 } } peers { permanent_uuid: "b61700c4632f4e52aa24e02b826a4a74" member_type: VOTER last_known_addr { host: "127.16.6.67" port: 38367 } }
I20260710 13:20:30.564877 17705 raft_consensus.cc:385] T 63f34325618e48e7b4000c20e3c4ac63 P b61700c4632f4e52aa24e02b826a4a74 [term 0 FOLLOWER]: Consensus starting up: Expiring failure detector timer to make a prompt election more likely
I20260710 13:20:30.565179 17705 raft_consensus.cc:740] T 63f34325618e48e7b4000c20e3c4ac63 P b61700c4632f4e52aa24e02b826a4a74 [term 0 FOLLOWER]: Becoming Follower/Learner. State: Replica: b61700c4632f4e52aa24e02b826a4a74, State: Initialized, Role: FOLLOWER
I20260710 13:20:30.565448 17712 raft_consensus.cc:2749] T 63f34325618e48e7b4000c20e3c4ac63 P 4d2f7c92d44d48f3b544514962d1cc62 [term 0 FOLLOWER]: Leader pre-election lost for term 1. Reason: could not achieve majority
I20260710 13:20:30.564817 17706 raft_consensus.cc:359] T 0724764c47c945fd961bb4b2adeeb888 P 4d2f7c92d44d48f3b544514962d1cc62 [term 0 FOLLOWER]: Replica starting. Triggering 0 pending ops. Active config: opid_index: -1 OBSOLETE_local: false peers { permanent_uuid: "4d2f7c92d44d48f3b544514962d1cc62" member_type: VOTER last_known_addr { host: "127.16.6.65" port: 44593 } } peers { permanent_uuid: "d2ee1552d4b04ee09f19303118886794" member_type: VOTER last_known_addr { host: "127.16.6.66" port: 33869 } } peers { permanent_uuid: "b61700c4632f4e52aa24e02b826a4a74" member_type: VOTER last_known_addr { host: "127.16.6.67" port: 38367 } }
I20260710 13:20:30.565901 17705 consensus_queue.cc:260] T 63f34325618e48e7b4000c20e3c4ac63 P b61700c4632f4e52aa24e02b826a4a74 [NON_LEADER]: Queue going to NON_LEADER mode. State: All replicated index: 0, Majority replicated index: 0, Committed index: 0, Last appended: 0.0, Last appended by leader: 0, Current term: 0, Majority size: -1, State: 0, Mode: NON_LEADER, active raft config: opid_index: -1 OBSOLETE_local: false peers { permanent_uuid: "4d2f7c92d44d48f3b544514962d1cc62" member_type: VOTER last_known_addr { host: "127.16.6.65" port: 44593 } } peers { permanent_uuid: "d2ee1552d4b04ee09f19303118886794" member_type: VOTER last_known_addr { host: "127.16.6.66" port: 33869 } } peers { permanent_uuid: "b61700c4632f4e52aa24e02b826a4a74" member_type: VOTER last_known_addr { host: "127.16.6.67" port: 38367 } }
I20260710 13:20:30.567924 17705 ts_tablet_manager.cc:1434] T 63f34325618e48e7b4000c20e3c4ac63 P b61700c4632f4e52aa24e02b826a4a74: Time spent starting tablet: real 0.006s	user 0.005s	sys 0.000s
I20260710 13:20:30.568228 17706 raft_consensus.cc:385] T 0724764c47c945fd961bb4b2adeeb888 P 4d2f7c92d44d48f3b544514962d1cc62 [term 0 FOLLOWER]: Consensus starting up: Expiring failure detector timer to make a prompt election more likely
I20260710 13:20:30.568486 17706 raft_consensus.cc:740] T 0724764c47c945fd961bb4b2adeeb888 P 4d2f7c92d44d48f3b544514962d1cc62 [term 0 FOLLOWER]: Becoming Follower/Learner. State: Replica: 4d2f7c92d44d48f3b544514962d1cc62, State: Initialized, Role: FOLLOWER
I20260710 13:20:30.568714 17704 tablet_bootstrap.cc:492] T 1ebef6a65dba497699a9d6e70e64d019 P d2ee1552d4b04ee09f19303118886794: No bootstrap required, opened a new log
I20260710 13:20:30.569245 17704 ts_tablet_manager.cc:1403] T 1ebef6a65dba497699a9d6e70e64d019 P d2ee1552d4b04ee09f19303118886794: Time spent bootstrapping tablet: real 0.029s	user 0.009s	sys 0.002s
I20260710 13:20:30.569140 17706 consensus_queue.cc:260] T 0724764c47c945fd961bb4b2adeeb888 P 4d2f7c92d44d48f3b544514962d1cc62 [NON_LEADER]: Queue going to NON_LEADER mode. State: All replicated index: 0, Majority replicated index: 0, Committed index: 0, Last appended: 0.0, Last appended by leader: 0, Current term: 0, Majority size: -1, State: 0, Mode: NON_LEADER, active raft config: opid_index: -1 OBSOLETE_local: false peers { permanent_uuid: "4d2f7c92d44d48f3b544514962d1cc62" member_type: VOTER last_known_addr { host: "127.16.6.65" port: 44593 } } peers { permanent_uuid: "d2ee1552d4b04ee09f19303118886794" member_type: VOTER last_known_addr { host: "127.16.6.66" port: 33869 } } peers { permanent_uuid: "b61700c4632f4e52aa24e02b826a4a74" member_type: VOTER last_known_addr { host: "127.16.6.67" port: 38367 } }
I20260710 13:20:30.570642 17705 tablet_bootstrap.cc:492] T f72e110dd46e4314a2408dc9be2f2c32 P b61700c4632f4e52aa24e02b826a4a74: Bootstrap starting.
I20260710 13:20:30.572865 17706 ts_tablet_manager.cc:1434] T 0724764c47c945fd961bb4b2adeeb888 P 4d2f7c92d44d48f3b544514962d1cc62: Time spent starting tablet: real 0.010s	user 0.008s	sys 0.000s
I20260710 13:20:30.573740 17706 tablet_bootstrap.cc:492] T dd67434f45174b60863a823703852647 P 4d2f7c92d44d48f3b544514962d1cc62: Bootstrap starting.
I20260710 13:20:30.575984 17705 tablet_bootstrap.cc:654] T f72e110dd46e4314a2408dc9be2f2c32 P b61700c4632f4e52aa24e02b826a4a74: Neither blocks nor log segments found. Creating new log.
I20260710 13:20:30.576593 17712 raft_consensus.cc:493] T e72ab6129d034761924593df4878ecbd P 4d2f7c92d44d48f3b544514962d1cc62 [term 0 FOLLOWER]: Starting pre-election (no leader contacted us within the election timeout)
I20260710 13:20:30.577092 17712 raft_consensus.cc:515] T e72ab6129d034761924593df4878ecbd P 4d2f7c92d44d48f3b544514962d1cc62 [term 0 FOLLOWER]: Starting pre-election with config: opid_index: -1 OBSOLETE_local: false peers { permanent_uuid: "4d2f7c92d44d48f3b544514962d1cc62" member_type: VOTER last_known_addr { host: "127.16.6.65" port: 44593 } } peers { permanent_uuid: "d2ee1552d4b04ee09f19303118886794" member_type: VOTER last_known_addr { host: "127.16.6.66" port: 33869 } } peers { permanent_uuid: "b61700c4632f4e52aa24e02b826a4a74" member_type: VOTER last_known_addr { host: "127.16.6.67" port: 38367 } }
I20260710 13:20:30.579070 17712 leader_election.cc:290] T e72ab6129d034761924593df4878ecbd P 4d2f7c92d44d48f3b544514962d1cc62 [CANDIDATE]: Term 1 pre-election: Requested pre-vote from peers d2ee1552d4b04ee09f19303118886794 (127.16.6.66:33869), b61700c4632f4e52aa24e02b826a4a74 (127.16.6.67:38367)
I20260710 13:20:30.580468 17589 tablet_service.cc:1917] Received RequestConsensusVote() RPC: tablet_id: "e72ab6129d034761924593df4878ecbd" candidate_uuid: "4d2f7c92d44d48f3b544514962d1cc62" candidate_term: 1 candidate_status { last_received { term: 0 index: 0 } } ignore_live_leader: false dest_uuid: "d2ee1552d4b04ee09f19303118886794" is_pre_election: true
I20260710 13:20:30.581204 17589 raft_consensus.cc:2393] T e72ab6129d034761924593df4878ecbd P d2ee1552d4b04ee09f19303118886794 [term 1 FOLLOWER]: Leader pre-election vote request: Denying vote to candidate 4d2f7c92d44d48f3b544514962d1cc62 in current term 1: Already voted for candidate b61700c4632f4e52aa24e02b826a4a74 in this term.
I20260710 13:20:30.583155 17704 raft_consensus.cc:359] T 1ebef6a65dba497699a9d6e70e64d019 P d2ee1552d4b04ee09f19303118886794 [term 0 FOLLOWER]: Replica starting. Triggering 0 pending ops. Active config: opid_index: -1 OBSOLETE_local: false peers { permanent_uuid: "4d2f7c92d44d48f3b544514962d1cc62" member_type: VOTER last_known_addr { host: "127.16.6.65" port: 44593 } } peers { permanent_uuid: "d2ee1552d4b04ee09f19303118886794" member_type: VOTER last_known_addr { host: "127.16.6.66" port: 33869 } } peers { permanent_uuid: "b61700c4632f4e52aa24e02b826a4a74" member_type: VOTER last_known_addr { host: "127.16.6.67" port: 38367 } }
I20260710 13:20:30.583830 17704 raft_consensus.cc:385] T 1ebef6a65dba497699a9d6e70e64d019 P d2ee1552d4b04ee09f19303118886794 [term 0 FOLLOWER]: Consensus starting up: Expiring failure detector timer to make a prompt election more likely
I20260710 13:20:30.583784 17664 tablet_service.cc:1917] Received RequestConsensusVote() RPC: tablet_id: "e72ab6129d034761924593df4878ecbd" candidate_uuid: "4d2f7c92d44d48f3b544514962d1cc62" candidate_term: 1 candidate_status { last_received { term: 0 index: 0 } } ignore_live_leader: false dest_uuid: "b61700c4632f4e52aa24e02b826a4a74" is_pre_election: true
I20260710 13:20:30.584175 17704 raft_consensus.cc:740] T 1ebef6a65dba497699a9d6e70e64d019 P d2ee1552d4b04ee09f19303118886794 [term 0 FOLLOWER]: Becoming Follower/Learner. State: Replica: d2ee1552d4b04ee09f19303118886794, State: Initialized, Role: FOLLOWER
I20260710 13:20:30.584884 17706 tablet_bootstrap.cc:654] T dd67434f45174b60863a823703852647 P 4d2f7c92d44d48f3b544514962d1cc62: Neither blocks nor log segments found. Creating new log.
