I20260710 13:20:14.317852 16776 consensus_queue.cc:1048] T cebfe7c5a7514a2cb0c459cd2eee7c14 P 547b9835ed8a47fea026e28bc9ccf387 [LEADER]: Connected to new peer: Peer: permanent_uuid: "e45544750cfd4dcd90f07d50aa88a011" member_type: VOTER last_known_addr { host: "127.15.242.67" port: 40377 }, Status: LMP_MISMATCH, Last received: 0.0, Next index: 4, Last known committed idx: 3, Time since last communication: 0.000s
I20260710 13:20:14.473937 16610 raft_consensus.cc:1275] T c3fdd749cf304842b7910a8913602b91 P e45544750cfd4dcd90f07d50aa88a011 [term 4 FOLLOWER]: Refusing update from remote peer 547b9835ed8a47fea026e28bc9ccf387: Log matching property violated. Preceding OpId in replica: term: 3 index: 3. Preceding OpId from leader: term: 4 index: 4. (index mismatch)
I20260710 13:20:14.474974 16733 consensus_queue.cc:1048] T c3fdd749cf304842b7910a8913602b91 P 547b9835ed8a47fea026e28bc9ccf387 [LEADER]: Connected to new peer: Peer: permanent_uuid: "e45544750cfd4dcd90f07d50aa88a011" member_type: VOTER last_known_addr { host: "127.15.242.67" port: 40377 }, Status: LMP_MISMATCH, Last received: 0.0, Next index: 4, Last known committed idx: 3, Time since last communication: 0.000s
I20260710 13:20:14.482282 16464 raft_consensus.cc:1275] T c3fdd749cf304842b7910a8913602b91 P b9cd1ba432e04d86b302b354c8dfcaf5 [term 4 FOLLOWER]: Refusing update from remote peer 547b9835ed8a47fea026e28bc9ccf387: Log matching property violated. Preceding OpId in replica: term: 3 index: 3. Preceding OpId from leader: term: 4 index: 4. (index mismatch)
I20260710 13:20:14.483606 16776 consensus_queue.cc:1048] T c3fdd749cf304842b7910a8913602b91 P 547b9835ed8a47fea026e28bc9ccf387 [LEADER]: Connected to new peer: Peer: permanent_uuid: "b9cd1ba432e04d86b302b354c8dfcaf5" member_type: VOTER last_known_addr { host: "127.15.242.65" port: 44449 }, Status: LMP_MISMATCH, Last received: 0.0, Next index: 4, Last known committed idx: 3, Time since last communication: 0.000s
I20260710 13:20:14.507992 16610 raft_consensus.cc:1275] T f819cea6e7d64088b6281a18044b1599 P e45544750cfd4dcd90f07d50aa88a011 [term 3 FOLLOWER]: Refusing update from remote peer 547b9835ed8a47fea026e28bc9ccf387: Log matching property violated. Preceding OpId in replica: term: 2 index: 2. Preceding OpId from leader: term: 3 index: 3. (index mismatch)
I20260710 13:20:14.508991 16776 consensus_queue.cc:1048] T f819cea6e7d64088b6281a18044b1599 P 547b9835ed8a47fea026e28bc9ccf387 [LEADER]: Connected to new peer: Peer: permanent_uuid: "e45544750cfd4dcd90f07d50aa88a011" member_type: VOTER last_known_addr { host: "127.15.242.67" port: 40377 }, Status: LMP_MISMATCH, Last received: 0.0, Next index: 3, Last known committed idx: 2, Time since last communication: 0.000s
I20260710 13:20:14.516568 16464 raft_consensus.cc:1275] T f819cea6e7d64088b6281a18044b1599 P b9cd1ba432e04d86b302b354c8dfcaf5 [term 3 FOLLOWER]: Refusing update from remote peer 547b9835ed8a47fea026e28bc9ccf387: Log matching property violated. Preceding OpId in replica: term: 2 index: 2. Preceding OpId from leader: term: 3 index: 3. (index mismatch)
I20260710 13:20:14.518311 16733 consensus_queue.cc:1048] T f819cea6e7d64088b6281a18044b1599 P 547b9835ed8a47fea026e28bc9ccf387 [LEADER]: Connected to new peer: Peer: permanent_uuid: "b9cd1ba432e04d86b302b354c8dfcaf5" member_type: VOTER last_known_addr { host: "127.15.242.65" port: 44449 }, Status: LMP_MISMATCH, Last received: 0.0, Next index: 3, Last known committed idx: 2, Time since last communication: 0.000s
I20260710 13:20:14.528939 16464 raft_consensus.cc:1275] T 428995751fb34905ad7913f40aa58460 P b9cd1ba432e04d86b302b354c8dfcaf5 [term 3 FOLLOWER]: Refusing update from remote peer 547b9835ed8a47fea026e28bc9ccf387: Log matching property violated. Preceding OpId in replica: term: 2 index: 2. Preceding OpId from leader: term: 3 index: 3. (index mismatch)
I20260710 13:20:14.529884 16792 consensus_queue.cc:1048] T 428995751fb34905ad7913f40aa58460 P 547b9835ed8a47fea026e28bc9ccf387 [LEADER]: Connected to new peer: Peer: permanent_uuid: "b9cd1ba432e04d86b302b354c8dfcaf5" member_type: VOTER last_known_addr { host: "127.15.242.65" port: 44449 }, Status: LMP_MISMATCH, Last received: 0.0, Next index: 3, Last known committed idx: 2, Time since last communication: 0.000s
I20260710 13:20:14.537142 16610 raft_consensus.cc:1275] T 428995751fb34905ad7913f40aa58460 P e45544750cfd4dcd90f07d50aa88a011 [term 3 FOLLOWER]: Refusing update from remote peer 547b9835ed8a47fea026e28bc9ccf387: Log matching property violated. Preceding OpId in replica: term: 2 index: 2. Preceding OpId from leader: term: 3 index: 3. (index mismatch)
I20260710 13:20:14.538429 16792 consensus_queue.cc:1048] T 428995751fb34905ad7913f40aa58460 P 547b9835ed8a47fea026e28bc9ccf387 [LEADER]: Connected to new peer: Peer: permanent_uuid: "e45544750cfd4dcd90f07d50aa88a011" member_type: VOTER last_known_addr { host: "127.15.242.67" port: 40377 }, Status: LMP_MISMATCH, Last received: 0.0, Next index: 3, Last known committed idx: 2, Time since last communication: 0.000s
I20260710 13:20:16.782545 16329 auto_leader_rebalancer.cc:141] leader rebalance for table test-workload
I20260710 13:20:16.789244 16539 tablet_service.cc:2072] Received LeaderStepDown RPC: tablet_id: "428995751fb34905ad7913f40aa58460"
dest_uuid: "547b9835ed8a47fea026e28bc9ccf387"
mode: GRACEFUL
new_leader_uuid: "e45544750cfd4dcd90f07d50aa88a011"
 from {username='slave'} at 127.0.0.1:52500
I20260710 13:20:16.789865 16539 raft_consensus.cc:606] T 428995751fb34905ad7913f40aa58460 P 547b9835ed8a47fea026e28bc9ccf387 [term 3 LEADER]: Received request to transfer leadership to TS e45544750cfd4dcd90f07d50aa88a011
I20260710 13:20:16.792048 16539 tablet_service.cc:2072] Received LeaderStepDown RPC: tablet_id: "9206b54227ef4bd1b08013e61c2febe8"
dest_uuid: "547b9835ed8a47fea026e28bc9ccf387"
mode: GRACEFUL
new_leader_uuid: "b9cd1ba432e04d86b302b354c8dfcaf5"
 from {username='slave'} at 127.0.0.1:52500
I20260710 13:20:16.792501 16539 raft_consensus.cc:606] T 9206b54227ef4bd1b08013e61c2febe8 P 547b9835ed8a47fea026e28bc9ccf387 [term 3 LEADER]: Received request to transfer leadership to TS b9cd1ba432e04d86b302b354c8dfcaf5
I20260710 13:20:16.794307 16539 tablet_service.cc:2072] Received LeaderStepDown RPC: tablet_id: "c5e5775d351549e0bfae9a40286a9a96"
dest_uuid: "547b9835ed8a47fea026e28bc9ccf387"
mode: GRACEFUL
new_leader_uuid: "b9cd1ba432e04d86b302b354c8dfcaf5"
 from {username='slave'} at 127.0.0.1:52500
I20260710 13:20:16.794680 16539 raft_consensus.cc:606] T c5e5775d351549e0bfae9a40286a9a96 P 547b9835ed8a47fea026e28bc9ccf387 [term 1 LEADER]: Received request to transfer leadership to TS b9cd1ba432e04d86b302b354c8dfcaf5
I20260710 13:20:16.796439 16539 tablet_service.cc:2072] Received LeaderStepDown RPC: tablet_id: "cebfe7c5a7514a2cb0c459cd2eee7c14"
dest_uuid: "547b9835ed8a47fea026e28bc9ccf387"
mode: GRACEFUL
new_leader_uuid: "b9cd1ba432e04d86b302b354c8dfcaf5"
 from {username='slave'} at 127.0.0.1:52500
I20260710 13:20:16.796801 16539 raft_consensus.cc:606] T cebfe7c5a7514a2cb0c459cd2eee7c14 P 547b9835ed8a47fea026e28bc9ccf387 [term 4 LEADER]: Received request to transfer leadership to TS b9cd1ba432e04d86b302b354c8dfcaf5
I20260710 13:20:16.798563 16539 tablet_service.cc:2072] Received LeaderStepDown RPC: tablet_id: "f819cea6e7d64088b6281a18044b1599"
dest_uuid: "547b9835ed8a47fea026e28bc9ccf387"
mode: GRACEFUL
new_leader_uuid: "e45544750cfd4dcd90f07d50aa88a011"
 from {username='slave'} at 127.0.0.1:52500
I20260710 13:20:16.798921 16539 raft_consensus.cc:606] T f819cea6e7d64088b6281a18044b1599 P 547b9835ed8a47fea026e28bc9ccf387 [term 3 LEADER]: Received request to transfer leadership to TS e45544750cfd4dcd90f07d50aa88a011
I20260710 13:20:16.799718 16329 auto_leader_rebalancer.cc:479] table: test-workload, leader rebalance finish, leader transfer count: 5
I20260710 13:20:16.800046 16329 auto_leader_rebalancer.cc:554] All tables' leader rebalancing finished this round
I20260710 13:20:16.965823 16796 raft_consensus.cc:993] T 428995751fb34905ad7913f40aa58460 P 547b9835ed8a47fea026e28bc9ccf387: : Instructing follower e45544750cfd4dcd90f07d50aa88a011 to start an election
I20260710 13:20:16.966280 16776 raft_consensus.cc:1081] T 428995751fb34905ad7913f40aa58460 P 547b9835ed8a47fea026e28bc9ccf387 [term 3 LEADER]: Signalling peer e45544750cfd4dcd90f07d50aa88a011 to start an election
I20260710 13:20:16.967589 16610 tablet_service.cc:2044] Received Run Leader Election RPC: tablet_id: "428995751fb34905ad7913f40aa58460"
dest_uuid: "e45544750cfd4dcd90f07d50aa88a011"
 from {username='slave'} at 127.0.0.1:39218
I20260710 13:20:16.967978 16610 raft_consensus.cc:493] T 428995751fb34905ad7913f40aa58460 P e45544750cfd4dcd90f07d50aa88a011 [term 3 FOLLOWER]: Starting forced leader election (received explicit request)
I20260710 13:20:16.968276 16610 raft_consensus.cc:3060] T 428995751fb34905ad7913f40aa58460 P e45544750cfd4dcd90f07d50aa88a011 [term 3 FOLLOWER]: Advancing to term 4
I20260710 13:20:16.972728 16610 raft_consensus.cc:515] T 428995751fb34905ad7913f40aa58460 P e45544750cfd4dcd90f07d50aa88a011 [term 4 FOLLOWER]: Starting forced leader election with config: opid_index: -1 OBSOLETE_local: false peers { permanent_uuid: "b9cd1ba432e04d86b302b354c8dfcaf5" member_type: VOTER last_known_addr { host: "127.15.242.65" port: 44449 } } peers { permanent_uuid: "547b9835ed8a47fea026e28bc9ccf387" member_type: VOTER last_known_addr { host: "127.15.242.66" port: 43115 } } peers { permanent_uuid: "e45544750cfd4dcd90f07d50aa88a011" member_type: VOTER last_known_addr { host: "127.15.242.67" port: 40377 } }
I20260710 13:20:16.974193 16610 leader_election.cc:290] T 428995751fb34905ad7913f40aa58460 P e45544750cfd4dcd90f07d50aa88a011 [CANDIDATE]: Term 4 election: Requested vote from peers b9cd1ba432e04d86b302b354c8dfcaf5 (127.15.242.65:44449), 547b9835ed8a47fea026e28bc9ccf387 (127.15.242.66:43115)
I20260710 13:20:16.975011 16464 tablet_service.cc:1917] Received RequestConsensusVote() RPC: tablet_id: "428995751fb34905ad7913f40aa58460" candidate_uuid: "e45544750cfd4dcd90f07d50aa88a011" candidate_term: 4 candidate_status { last_received { term: 3 index: 3 } } ignore_live_leader: true dest_uuid: "b9cd1ba432e04d86b302b354c8dfcaf5"
I20260710 13:20:16.975216 16539 tablet_service.cc:1917] Received RequestConsensusVote() RPC: tablet_id: "428995751fb34905ad7913f40aa58460" candidate_uuid: "e45544750cfd4dcd90f07d50aa88a011" candidate_term: 4 candidate_status { last_received { term: 3 index: 3 } } ignore_live_leader: true dest_uuid: "547b9835ed8a47fea026e28bc9ccf387"
I20260710 13:20:16.975630 16464 raft_consensus.cc:3060] T 428995751fb34905ad7913f40aa58460 P b9cd1ba432e04d86b302b354c8dfcaf5 [term 3 FOLLOWER]: Advancing to term 4
I20260710 13:20:16.975788 16539 raft_consensus.cc:3055] T 428995751fb34905ad7913f40aa58460 P 547b9835ed8a47fea026e28bc9ccf387 [term 3 LEADER]: Stepping down as leader of term 3
I20260710 13:20:16.976118 16539 raft_consensus.cc:740] T 428995751fb34905ad7913f40aa58460 P 547b9835ed8a47fea026e28bc9ccf387 [term 3 LEADER]: Becoming Follower/Learner. State: Replica: 547b9835ed8a47fea026e28bc9ccf387, State: Running, Role: LEADER
I20260710 13:20:16.976825 16539 consensus_queue.cc:260] T 428995751fb34905ad7913f40aa58460 P 547b9835ed8a47fea026e28bc9ccf387 [NON_LEADER]: Queue going to NON_LEADER mode. State: All replicated index: 0, Majority replicated index: 3, Committed index: 3, Last appended: 3.3, Last appended by leader: 3, Current term: 3, Majority size: -1, State: 0, Mode: NON_LEADER, active raft config: opid_index: -1 OBSOLETE_local: false peers { permanent_uuid: "b9cd1ba432e04d86b302b354c8dfcaf5" member_type: VOTER last_known_addr { host: "127.15.242.65" port: 44449 } } peers { permanent_uuid: "547b9835ed8a47fea026e28bc9ccf387" member_type: VOTER last_known_addr { host: "127.15.242.66" port: 43115 } } peers { permanent_uuid: "e45544750cfd4dcd90f07d50aa88a011" member_type: VOTER last_known_addr { host: "127.15.242.67" port: 40377 } }
I20260710 13:20:16.978008 16539 raft_consensus.cc:3060] T 428995751fb34905ad7913f40aa58460 P 547b9835ed8a47fea026e28bc9ccf387 [term 3 FOLLOWER]: Advancing to term 4
I20260710 13:20:16.980518 16464 raft_consensus.cc:2468] T 428995751fb34905ad7913f40aa58460 P b9cd1ba432e04d86b302b354c8dfcaf5 [term 4 FOLLOWER]: Leader election vote request: Granting yes vote for candidate e45544750cfd4dcd90f07d50aa88a011 in term 4.
I20260710 13:20:16.981453 16578 leader_election.cc:304] T 428995751fb34905ad7913f40aa58460 P e45544750cfd4dcd90f07d50aa88a011 [CANDIDATE]: Term 4 election: Election decided. Result: candidate won. Election summary: received 2 responses out of 3 voters: 2 yes votes; 0 no votes. yes voters: b9cd1ba432e04d86b302b354c8dfcaf5, e45544750cfd4dcd90f07d50aa88a011; no voters: 
I20260710 13:20:16.982173 16799 raft_consensus.cc:2804] T 428995751fb34905ad7913f40aa58460 P e45544750cfd4dcd90f07d50aa88a011 [term 4 FOLLOWER]: Leader election won for term 4
I20260710 13:20:16.982903 16539 raft_consensus.cc:2468] T 428995751fb34905ad7913f40aa58460 P 547b9835ed8a47fea026e28bc9ccf387 [term 4 FOLLOWER]: Leader election vote request: Granting yes vote for candidate e45544750cfd4dcd90f07d50aa88a011 in term 4.
I20260710 13:20:16.983067 16799 raft_consensus.cc:697] T 428995751fb34905ad7913f40aa58460 P e45544750cfd4dcd90f07d50aa88a011 [term 4 LEADER]: Becoming Leader. State: Replica: e45544750cfd4dcd90f07d50aa88a011, State: Running, Role: LEADER
I20260710 13:20:16.984023 16799 consensus_queue.cc:237] T 428995751fb34905ad7913f40aa58460 P e45544750cfd4dcd90f07d50aa88a011 [LEADER]: Queue going to LEADER mode. State: All replicated index: 0, Majority replicated index: 3, Committed index: 3, Last appended: 3.3, Last appended by leader: 3, Current term: 4, Majority size: 2, State: 0, Mode: LEADER, active raft config: opid_index: -1 OBSOLETE_local: false peers { permanent_uuid: "b9cd1ba432e04d86b302b354c8dfcaf5" member_type: VOTER last_known_addr { host: "127.15.242.65" port: 44449 } } peers { permanent_uuid: "547b9835ed8a47fea026e28bc9ccf387" member_type: VOTER last_known_addr { host: "127.15.242.66" port: 43115 } } peers { permanent_uuid: "e45544750cfd4dcd90f07d50aa88a011" member_type: VOTER last_known_addr { host: "127.15.242.67" port: 40377 } }
I20260710 13:20:16.989838 16359 catalog_manager.cc:5697] T 428995751fb34905ad7913f40aa58460 P e45544750cfd4dcd90f07d50aa88a011 reported cstate change: term changed from 3 to 4, leader changed from 547b9835ed8a47fea026e28bc9ccf387 (127.15.242.66) to e45544750cfd4dcd90f07d50aa88a011 (127.15.242.67). New cstate: current_term: 4 leader_uuid: "e45544750cfd4dcd90f07d50aa88a011" committed_config { opid_index: -1 OBSOLETE_local: false peers { permanent_uuid: "b9cd1ba432e04d86b302b354c8dfcaf5" member_type: VOTER last_known_addr { host: "127.15.242.65" port: 44449 } health_report { overall_health: UNKNOWN } } peers { permanent_uuid: "547b9835ed8a47fea026e28bc9ccf387" member_type: VOTER last_known_addr { host: "127.15.242.66" port: 43115 } health_report { overall_health: UNKNOWN } } peers { permanent_uuid: "e45544750cfd4dcd90f07d50aa88a011" member_type: VOTER last_known_addr { host: "127.15.242.67" port: 40377 } health_report { overall_health: HEALTHY } } }
I20260710 13:20:17.059479 16796 raft_consensus.cc:993] T cebfe7c5a7514a2cb0c459cd2eee7c14 P 547b9835ed8a47fea026e28bc9ccf387: : Instructing follower b9cd1ba432e04d86b302b354c8dfcaf5 to start an election
I20260710 13:20:17.059840 16776 raft_consensus.cc:1081] T cebfe7c5a7514a2cb0c459cd2eee7c14 P 547b9835ed8a47fea026e28bc9ccf387 [term 4 LEADER]: Signalling peer b9cd1ba432e04d86b302b354c8dfcaf5 to start an election
I20260710 13:20:17.061014 16464 tablet_service.cc:2044] Received Run Leader Election RPC: tablet_id: "cebfe7c5a7514a2cb0c459cd2eee7c14"
dest_uuid: "b9cd1ba432e04d86b302b354c8dfcaf5"
 from {username='slave'} at 127.0.0.1:45524
I20260710 13:20:17.061363 16464 raft_consensus.cc:493] T cebfe7c5a7514a2cb0c459cd2eee7c14 P b9cd1ba432e04d86b302b354c8dfcaf5 [term 4 FOLLOWER]: Starting forced leader election (received explicit request)
I20260710 13:20:17.061563 16464 raft_consensus.cc:3060] T cebfe7c5a7514a2cb0c459cd2eee7c14 P b9cd1ba432e04d86b302b354c8dfcaf5 [term 4 FOLLOWER]: Advancing to term 5
I20260710 13:20:17.065251 16464 raft_consensus.cc:515] T cebfe7c5a7514a2cb0c459cd2eee7c14 P b9cd1ba432e04d86b302b354c8dfcaf5 [term 5 FOLLOWER]: Starting forced leader election with config: opid_index: -1 OBSOLETE_local: false peers { permanent_uuid: "b9cd1ba432e04d86b302b354c8dfcaf5" member_type: VOTER last_known_addr { host: "127.15.242.65" port: 44449 } } peers { permanent_uuid: "547b9835ed8a47fea026e28bc9ccf387" member_type: VOTER last_known_addr { host: "127.15.242.66" port: 43115 } } peers { permanent_uuid: "e45544750cfd4dcd90f07d50aa88a011" member_type: VOTER last_known_addr { host: "127.15.242.67" port: 40377 } }
I20260710 13:20:17.066636 16464 leader_election.cc:290] T cebfe7c5a7514a2cb0c459cd2eee7c14 P b9cd1ba432e04d86b302b354c8dfcaf5 [CANDIDATE]: Term 5 election: Requested vote from peers 547b9835ed8a47fea026e28bc9ccf387 (127.15.242.66:43115), e45544750cfd4dcd90f07d50aa88a011 (127.15.242.67:40377)
I20260710 13:20:17.067410 16539 tablet_service.cc:1917] Received RequestConsensusVote() RPC: tablet_id: "cebfe7c5a7514a2cb0c459cd2eee7c14" candidate_uuid: "b9cd1ba432e04d86b302b354c8dfcaf5" candidate_term: 5 candidate_status { last_received { term: 4 index: 4 } } ignore_live_leader: true dest_uuid: "547b9835ed8a47fea026e28bc9ccf387"
I20260710 13:20:17.067616 16610 tablet_service.cc:1917] Received RequestConsensusVote() RPC: tablet_id: "cebfe7c5a7514a2cb0c459cd2eee7c14" candidate_uuid: "b9cd1ba432e04d86b302b354c8dfcaf5" candidate_term: 5 candidate_status { last_received { term: 4 index: 4 } } ignore_live_leader: true dest_uuid: "e45544750cfd4dcd90f07d50aa88a011"
I20260710 13:20:17.067946 16539 raft_consensus.cc:3055] T cebfe7c5a7514a2cb0c459cd2eee7c14 P 547b9835ed8a47fea026e28bc9ccf387 [term 4 LEADER]: Stepping down as leader of term 4
I20260710 13:20:17.068073 16610 raft_consensus.cc:3060] T cebfe7c5a7514a2cb0c459cd2eee7c14 P e45544750cfd4dcd90f07d50aa88a011 [term 4 FOLLOWER]: Advancing to term 5
I20260710 13:20:17.068262 16539 raft_consensus.cc:740] T cebfe7c5a7514a2cb0c459cd2eee7c14 P 547b9835ed8a47fea026e28bc9ccf387 [term 4 LEADER]: Becoming Follower/Learner. State: Replica: 547b9835ed8a47fea026e28bc9ccf387, State: Running, Role: LEADER
I20260710 13:20:17.068994 16539 consensus_queue.cc:260] T cebfe7c5a7514a2cb0c459cd2eee7c14 P 547b9835ed8a47fea026e28bc9ccf387 [NON_LEADER]: Queue going to NON_LEADER mode. State: All replicated index: 0, Majority replicated index: 4, Committed index: 4, Last appended: 4.4, Last appended by leader: 4, Current term: 4, Majority size: -1, State: 0, Mode: NON_LEADER, active raft config: opid_index: -1 OBSOLETE_local: false peers { permanent_uuid: "b9cd1ba432e04d86b302b354c8dfcaf5" member_type: VOTER last_known_addr { host: "127.15.242.65" port: 44449 } } peers { permanent_uuid: "547b9835ed8a47fea026e28bc9ccf387" member_type: VOTER last_known_addr { host: "127.15.242.66" port: 43115 } } peers { permanent_uuid: "e45544750cfd4dcd90f07d50aa88a011" member_type: VOTER last_known_addr { host: "127.15.242.67" port: 40377 } }
I20260710 13:20:17.069868 16539 raft_consensus.cc:3060] T cebfe7c5a7514a2cb0c459cd2eee7c14 P 547b9835ed8a47fea026e28bc9ccf387 [term 4 FOLLOWER]: Advancing to term 5
I20260710 13:20:17.072197 16610 raft_consensus.cc:2468] T cebfe7c5a7514a2cb0c459cd2eee7c14 P e45544750cfd4dcd90f07d50aa88a011 [term 5 FOLLOWER]: Leader election vote request: Granting yes vote for candidate b9cd1ba432e04d86b302b354c8dfcaf5 in term 5.
I20260710 13:20:17.073283 16429 leader_election.cc:304] T cebfe7c5a7514a2cb0c459cd2eee7c14 P b9cd1ba432e04d86b302b354c8dfcaf5 [CANDIDATE]: Term 5 election: Election decided. Result: candidate won. Election summary: received 2 responses out of 3 voters: 2 yes votes; 0 no votes. yes voters: b9cd1ba432e04d86b302b354c8dfcaf5, e45544750cfd4dcd90f07d50aa88a011; no voters: 
I20260710 13:20:17.074730 16539 raft_consensus.cc:2468] T cebfe7c5a7514a2cb0c459cd2eee7c14 P 547b9835ed8a47fea026e28bc9ccf387 [term 5 FOLLOWER]: Leader election vote request: Granting yes vote for candidate b9cd1ba432e04d86b302b354c8dfcaf5 in term 5.
I20260710 13:20:17.074924 16806 raft_consensus.cc:2804] T cebfe7c5a7514a2cb0c459cd2eee7c14 P b9cd1ba432e04d86b302b354c8dfcaf5 [term 5 FOLLOWER]: Leader election won for term 5
I20260710 13:20:17.076073 16806 raft_consensus.cc:697] T cebfe7c5a7514a2cb0c459cd2eee7c14 P b9cd1ba432e04d86b302b354c8dfcaf5 [term 5 LEADER]: Becoming Leader. State: Replica: b9cd1ba432e04d86b302b354c8dfcaf5, State: Running, Role: LEADER
I20260710 13:20:17.076718 16806 consensus_queue.cc:237] T cebfe7c5a7514a2cb0c459cd2eee7c14 P b9cd1ba432e04d86b302b354c8dfcaf5 [LEADER]: Queue going to LEADER mode. State: All replicated index: 0, Majority replicated index: 4, Committed index: 4, Last appended: 4.4, Last appended by leader: 4, Current term: 5, Majority size: 2, State: 0, Mode: LEADER, active raft config: opid_index: -1 OBSOLETE_local: false peers { permanent_uuid: "b9cd1ba432e04d86b302b354c8dfcaf5" member_type: VOTER last_known_addr { host: "127.15.242.65" port: 44449 } } peers { permanent_uuid: "547b9835ed8a47fea026e28bc9ccf387" member_type: VOTER last_known_addr { host: "127.15.242.66" port: 43115 } } peers { permanent_uuid: "e45544750cfd4dcd90f07d50aa88a011" member_type: VOTER last_known_addr { host: "127.15.242.67" port: 40377 } }
I20260710 13:20:17.083330 16359 catalog_manager.cc:5697] T cebfe7c5a7514a2cb0c459cd2eee7c14 P b9cd1ba432e04d86b302b354c8dfcaf5 reported cstate change: term changed from 4 to 5, leader changed from 547b9835ed8a47fea026e28bc9ccf387 (127.15.242.66) to b9cd1ba432e04d86b302b354c8dfcaf5 (127.15.242.65). New cstate: current_term: 5 leader_uuid: "b9cd1ba432e04d86b302b354c8dfcaf5" committed_config { opid_index: -1 OBSOLETE_local: false peers { permanent_uuid: "b9cd1ba432e04d86b302b354c8dfcaf5" member_type: VOTER last_known_addr { host: "127.15.242.65" port: 44449 } health_report { overall_health: HEALTHY } } peers { permanent_uuid: "547b9835ed8a47fea026e28bc9ccf387" member_type: VOTER last_known_addr { host: "127.15.242.66" port: 43115 } health_report { overall_health: UNKNOWN } } peers { permanent_uuid: "e45544750cfd4dcd90f07d50aa88a011" member_type: VOTER last_known_addr { host: "127.15.242.67" port: 40377 } health_report { overall_health: UNKNOWN } } }
I20260710 13:20:17.236261 16796 raft_consensus.cc:993] T c5e5775d351549e0bfae9a40286a9a96 P 547b9835ed8a47fea026e28bc9ccf387: : Instructing follower b9cd1ba432e04d86b302b354c8dfcaf5 to start an election
I20260710 13:20:17.236644 16776 raft_consensus.cc:1081] T c5e5775d351549e0bfae9a40286a9a96 P 547b9835ed8a47fea026e28bc9ccf387 [term 1 LEADER]: Signalling peer b9cd1ba432e04d86b302b354c8dfcaf5 to start an election
I20260710 13:20:17.237821 16464 tablet_service.cc:2044] Received Run Leader Election RPC: tablet_id: "c5e5775d351549e0bfae9a40286a9a96"
dest_uuid: "b9cd1ba432e04d86b302b354c8dfcaf5"
 from {username='slave'} at 127.0.0.1:45524
I20260710 13:20:17.238194 16464 raft_consensus.cc:493] T c5e5775d351549e0bfae9a40286a9a96 P b9cd1ba432e04d86b302b354c8dfcaf5 [term 1 FOLLOWER]: Starting forced leader election (received explicit request)
I20260710 13:20:17.238430 16464 raft_consensus.cc:3060] T c5e5775d351549e0bfae9a40286a9a96 P b9cd1ba432e04d86b302b354c8dfcaf5 [term 1 FOLLOWER]: Advancing to term 2
I20260710 13:20:17.242264 16464 raft_consensus.cc:515] T c5e5775d351549e0bfae9a40286a9a96 P b9cd1ba432e04d86b302b354c8dfcaf5 [term 2 FOLLOWER]: Starting forced leader election with config: opid_index: -1 OBSOLETE_local: false peers { permanent_uuid: "b9cd1ba432e04d86b302b354c8dfcaf5" member_type: VOTER last_known_addr { host: "127.15.242.65" port: 44449 } } peers { permanent_uuid: "547b9835ed8a47fea026e28bc9ccf387" member_type: VOTER last_known_addr { host: "127.15.242.66" port: 43115 } } peers { permanent_uuid: "e45544750cfd4dcd90f07d50aa88a011" member_type: VOTER last_known_addr { host: "127.15.242.67" port: 40377 } }
I20260710 13:20:17.243625 16464 leader_election.cc:290] T c5e5775d351549e0bfae9a40286a9a96 P b9cd1ba432e04d86b302b354c8dfcaf5 [CANDIDATE]: Term 2 election: Requested vote from peers 547b9835ed8a47fea026e28bc9ccf387 (127.15.242.66:43115), e45544750cfd4dcd90f07d50aa88a011 (127.15.242.67:40377)
I20260710 13:20:17.244189 16539 tablet_service.cc:1917] Received RequestConsensusVote() RPC: tablet_id: "c5e5775d351549e0bfae9a40286a9a96" candidate_uuid: "b9cd1ba432e04d86b302b354c8dfcaf5" candidate_term: 2 candidate_status { last_received { term: 1 index: 1 } } ignore_live_leader: true dest_uuid: "547b9835ed8a47fea026e28bc9ccf387"
I20260710 13:20:17.244550 16610 tablet_service.cc:1917] Received RequestConsensusVote() RPC: tablet_id: "c5e5775d351549e0bfae9a40286a9a96" candidate_uuid: "b9cd1ba432e04d86b302b354c8dfcaf5" candidate_term: 2 candidate_status { last_received { term: 1 index: 1 } } ignore_live_leader: true dest_uuid: "e45544750cfd4dcd90f07d50aa88a011"
I20260710 13:20:17.244673 16539 raft_consensus.cc:3055] T c5e5775d351549e0bfae9a40286a9a96 P 547b9835ed8a47fea026e28bc9ccf387 [term 1 LEADER]: Stepping down as leader of term 1
I20260710 13:20:17.244959 16539 raft_consensus.cc:740] T c5e5775d351549e0bfae9a40286a9a96 P 547b9835ed8a47fea026e28bc9ccf387 [term 1 LEADER]: Becoming Follower/Learner. State: Replica: 547b9835ed8a47fea026e28bc9ccf387, State: Running, Role: LEADER
I20260710 13:20:17.244962 16610 raft_consensus.cc:3060] T c5e5775d351549e0bfae9a40286a9a96 P e45544750cfd4dcd90f07d50aa88a011 [term 1 FOLLOWER]: Advancing to term 2
I20260710 13:20:17.245682 16539 consensus_queue.cc:260] T c5e5775d351549e0bfae9a40286a9a96 P 547b9835ed8a47fea026e28bc9ccf387 [NON_LEADER]: Queue going to NON_LEADER mode. State: All replicated index: 0, Majority replicated index: 1, Committed index: 1, Last appended: 1.1, Last appended by leader: 1, Current term: 1, Majority size: -1, State: 0, Mode: NON_LEADER, active raft config: opid_index: -1 OBSOLETE_local: false peers { permanent_uuid: "b9cd1ba432e04d86b302b354c8dfcaf5" member_type: VOTER last_known_addr { host: "127.15.242.65" port: 44449 } } peers { permanent_uuid: "547b9835ed8a47fea026e28bc9ccf387" member_type: VOTER last_known_addr { host: "127.15.242.66" port: 43115 } } peers { permanent_uuid: "e45544750cfd4dcd90f07d50aa88a011" member_type: VOTER last_known_addr { host: "127.15.242.67" port: 40377 } }
I20260710 13:20:17.246520 16539 raft_consensus.cc:3060] T c5e5775d351549e0bfae9a40286a9a96 P 547b9835ed8a47fea026e28bc9ccf387 [term 1 FOLLOWER]: Advancing to term 2
I20260710 13:20:17.248749 16610 raft_consensus.cc:2468] T c5e5775d351549e0bfae9a40286a9a96 P e45544750cfd4dcd90f07d50aa88a011 [term 2 FOLLOWER]: Leader election vote request: Granting yes vote for candidate b9cd1ba432e04d86b302b354c8dfcaf5 in term 2.
I20260710 13:20:17.249547 16429 leader_election.cc:304] T c5e5775d351549e0bfae9a40286a9a96 P b9cd1ba432e04d86b302b354c8dfcaf5 [CANDIDATE]: Term 2 election: Election decided. Result: candidate won. Election summary: received 2 responses out of 3 voters: 2 yes votes; 0 no votes. yes voters: b9cd1ba432e04d86b302b354c8dfcaf5, e45544750cfd4dcd90f07d50aa88a011; no voters: 
I20260710 13:20:17.250136 16806 raft_consensus.cc:2804] T c5e5775d351549e0bfae9a40286a9a96 P b9cd1ba432e04d86b302b354c8dfcaf5 [term 2 FOLLOWER]: Leader election won for term 2
I20260710 13:20:17.250464 16806 raft_consensus.cc:697] T c5e5775d351549e0bfae9a40286a9a96 P b9cd1ba432e04d86b302b354c8dfcaf5 [term 2 LEADER]: Becoming Leader. State: Replica: b9cd1ba432e04d86b302b354c8dfcaf5, State: Running, Role: LEADER
I20260710 13:20:17.250562 16539 raft_consensus.cc:2468] T c5e5775d351549e0bfae9a40286a9a96 P 547b9835ed8a47fea026e28bc9ccf387 [term 2 FOLLOWER]: Leader election vote request: Granting yes vote for candidate b9cd1ba432e04d86b302b354c8dfcaf5 in term 2.
I20260710 13:20:17.251188 16806 consensus_queue.cc:237] T c5e5775d351549e0bfae9a40286a9a96 P b9cd1ba432e04d86b302b354c8dfcaf5 [LEADER]: Queue going to LEADER mode. State: All replicated index: 0, Majority replicated index: 1, Committed index: 1, Last appended: 1.1, Last appended by leader: 1, Current term: 2, Majority size: 2, State: 0, Mode: LEADER, active raft config: opid_index: -1 OBSOLETE_local: false peers { permanent_uuid: "b9cd1ba432e04d86b302b354c8dfcaf5" member_type: VOTER last_known_addr { host: "127.15.242.65" port: 44449 } } peers { permanent_uuid: "547b9835ed8a47fea026e28bc9ccf387" member_type: VOTER last_known_addr { host: "127.15.242.66" port: 43115 } } peers { permanent_uuid: "e45544750cfd4dcd90f07d50aa88a011" member_type: VOTER last_known_addr { host: "127.15.242.67" port: 40377 } }
I20260710 13:20:17.255376 16796 raft_consensus.cc:993] T 9206b54227ef4bd1b08013e61c2febe8 P 547b9835ed8a47fea026e28bc9ccf387: : Instructing follower b9cd1ba432e04d86b302b354c8dfcaf5 to start an election
I20260710 13:20:17.255829 16776 raft_consensus.cc:1081] T 9206b54227ef4bd1b08013e61c2febe8 P 547b9835ed8a47fea026e28bc9ccf387 [term 3 LEADER]: Signalling peer b9cd1ba432e04d86b302b354c8dfcaf5 to start an election
I20260710 13:20:17.257056 16464 tablet_service.cc:2044] Received Run Leader Election RPC: tablet_id: "9206b54227ef4bd1b08013e61c2febe8"
dest_uuid: "b9cd1ba432e04d86b302b354c8dfcaf5"
 from {username='slave'} at 127.0.0.1:45524
I20260710 13:20:17.257418 16464 raft_consensus.cc:493] T 9206b54227ef4bd1b08013e61c2febe8 P b9cd1ba432e04d86b302b354c8dfcaf5 [term 3 FOLLOWER]: Starting forced leader election (received explicit request)
I20260710 13:20:17.257649 16464 raft_consensus.cc:3060] T 9206b54227ef4bd1b08013e61c2febe8 P b9cd1ba432e04d86b302b354c8dfcaf5 [term 3 FOLLOWER]: Advancing to term 4
I20260710 13:20:17.257997 16359 catalog_manager.cc:5697] T c5e5775d351549e0bfae9a40286a9a96 P b9cd1ba432e04d86b302b354c8dfcaf5 reported cstate change: term changed from 1 to 2, leader changed from 547b9835ed8a47fea026e28bc9ccf387 (127.15.242.66) to b9cd1ba432e04d86b302b354c8dfcaf5 (127.15.242.65). New cstate: current_term: 2 leader_uuid: "b9cd1ba432e04d86b302b354c8dfcaf5" committed_config { opid_index: -1 OBSOLETE_local: false peers { permanent_uuid: "b9cd1ba432e04d86b302b354c8dfcaf5" member_type: VOTER last_known_addr { host: "127.15.242.65" port: 44449 } health_report { overall_health: HEALTHY } } peers { permanent_uuid: "547b9835ed8a47fea026e28bc9ccf387" member_type: VOTER last_known_addr { host: "127.15.242.66" port: 43115 } health_report { overall_health: UNKNOWN } } peers { permanent_uuid: "e45544750cfd4dcd90f07d50aa88a011" member_type: VOTER last_known_addr { host: "127.15.242.67" port: 40377 } health_report { overall_health: UNKNOWN } } }
I20260710 13:20:17.262070 16464 raft_consensus.cc:515] T 9206b54227ef4bd1b08013e61c2febe8 P b9cd1ba432e04d86b302b354c8dfcaf5 [term 4 FOLLOWER]: Starting forced leader election with config: opid_index: -1 OBSOLETE_local: false peers { permanent_uuid: "b9cd1ba432e04d86b302b354c8dfcaf5" member_type: VOTER last_known_addr { host: "127.15.242.65" port: 44449 } } peers { permanent_uuid: "547b9835ed8a47fea026e28bc9ccf387" member_type: VOTER last_known_addr { host: "127.15.242.66" port: 43115 } } peers { permanent_uuid: "e45544750cfd4dcd90f07d50aa88a011" member_type: VOTER last_known_addr { host: "127.15.242.67" port: 40377 } }
I20260710 13:20:17.263556 16464 leader_election.cc:290] T 9206b54227ef4bd1b08013e61c2febe8 P b9cd1ba432e04d86b302b354c8dfcaf5 [CANDIDATE]: Term 4 election: Requested vote from peers 547b9835ed8a47fea026e28bc9ccf387 (127.15.242.66:43115), e45544750cfd4dcd90f07d50aa88a011 (127.15.242.67:40377)
I20260710 13:20:17.264108 16539 tablet_service.cc:1917] Received RequestConsensusVote() RPC: tablet_id: "9206b54227ef4bd1b08013e61c2febe8" candidate_uuid: "b9cd1ba432e04d86b302b354c8dfcaf5" candidate_term: 4 candidate_status { last_received { term: 3 index: 3 } } ignore_live_leader: true dest_uuid: "547b9835ed8a47fea026e28bc9ccf387"
I20260710 13:20:17.264416 16610 tablet_service.cc:1917] Received RequestConsensusVote() RPC: tablet_id: "9206b54227ef4bd1b08013e61c2febe8" candidate_uuid: "b9cd1ba432e04d86b302b354c8dfcaf5" candidate_term: 4 candidate_status { last_received { term: 3 index: 3 } } ignore_live_leader: true dest_uuid: "e45544750cfd4dcd90f07d50aa88a011"
I20260710 13:20:17.264629 16539 raft_consensus.cc:3055] T 9206b54227ef4bd1b08013e61c2febe8 P 547b9835ed8a47fea026e28bc9ccf387 [term 3 LEADER]: Stepping down as leader of term 3
I20260710 13:20:17.264880 16610 raft_consensus.cc:3060] T 9206b54227ef4bd1b08013e61c2febe8 P e45544750cfd4dcd90f07d50aa88a011 [term 3 FOLLOWER]: Advancing to term 4
I20260710 13:20:17.264966 16539 raft_consensus.cc:740] T 9206b54227ef4bd1b08013e61c2febe8 P 547b9835ed8a47fea026e28bc9ccf387 [term 3 LEADER]: Becoming Follower/Learner. State: Replica: 547b9835ed8a47fea026e28bc9ccf387, State: Running, Role: LEADER
I20260710 13:20:17.265904 16539 consensus_queue.cc:260] T 9206b54227ef4bd1b08013e61c2febe8 P 547b9835ed8a47fea026e28bc9ccf387 [NON_LEADER]: Queue going to NON_LEADER mode. State: All replicated index: 0, Majority replicated index: 3, Committed index: 3, Last appended: 3.3, Last appended by leader: 3, Current term: 3, Majority size: -1, State: 0, Mode: NON_LEADER, active raft config: opid_index: -1 OBSOLETE_local: false peers { permanent_uuid: "b9cd1ba432e04d86b302b354c8dfcaf5" member_type: VOTER last_known_addr { host: "127.15.242.65" port: 44449 } } peers { permanent_uuid: "547b9835ed8a47fea026e28bc9ccf387" member_type: VOTER last_known_addr { host: "127.15.242.66" port: 43115 } } peers { permanent_uuid: "e45544750cfd4dcd90f07d50aa88a011" member_type: VOTER last_known_addr { host: "127.15.242.67" port: 40377 } }
I20260710 13:20:17.267009 16539 raft_consensus.cc:3060] T 9206b54227ef4bd1b08013e61c2febe8 P 547b9835ed8a47fea026e28bc9ccf387 [term 3 FOLLOWER]: Advancing to term 4
I20260710 13:20:17.269624 16610 raft_consensus.cc:2468] T 9206b54227ef4bd1b08013e61c2febe8 P e45544750cfd4dcd90f07d50aa88a011 [term 4 FOLLOWER]: Leader election vote request: Granting yes vote for candidate b9cd1ba432e04d86b302b354c8dfcaf5 in term 4.
I20260710 13:20:17.270447 16429 leader_election.cc:304] T 9206b54227ef4bd1b08013e61c2febe8 P b9cd1ba432e04d86b302b354c8dfcaf5 [CANDIDATE]: Term 4 election: Election decided. Result: candidate won. Election summary: received 2 responses out of 3 voters: 2 yes votes; 0 no votes. yes voters: b9cd1ba432e04d86b302b354c8dfcaf5, e45544750cfd4dcd90f07d50aa88a011; no voters: 
I20260710 13:20:17.271149 16806 raft_consensus.cc:2804] T 9206b54227ef4bd1b08013e61c2febe8 P b9cd1ba432e04d86b302b354c8dfcaf5 [term 4 FOLLOWER]: Leader election won for term 4
I20260710 13:20:17.271330 16539 raft_consensus.cc:2468] T 9206b54227ef4bd1b08013e61c2febe8 P 547b9835ed8a47fea026e28bc9ccf387 [term 4 FOLLOWER]: Leader election vote request: Granting yes vote for candidate b9cd1ba432e04d86b302b354c8dfcaf5 in term 4.
I20260710 13:20:17.271552 16806 raft_consensus.cc:697] T 9206b54227ef4bd1b08013e61c2febe8 P b9cd1ba432e04d86b302b354c8dfcaf5 [term 4 LEADER]: Becoming Leader. State: Replica: b9cd1ba432e04d86b302b354c8dfcaf5, State: Running, Role: LEADER
I20260710 13:20:17.272559 16806 consensus_queue.cc:237] T 9206b54227ef4bd1b08013e61c2febe8 P b9cd1ba432e04d86b302b354c8dfcaf5 [LEADER]: Queue going to LEADER mode. State: All replicated index: 0, Majority replicated index: 3, Committed index: 3, Last appended: 3.3, Last appended by leader: 3, Current term: 4, Majority size: 2, State: 0, Mode: LEADER, active raft config: opid_index: -1 OBSOLETE_local: false peers { permanent_uuid: "b9cd1ba432e04d86b302b354c8dfcaf5" member_type: VOTER last_known_addr { host: "127.15.242.65" port: 44449 } } peers { permanent_uuid: "547b9835ed8a47fea026e28bc9ccf387" member_type: VOTER last_known_addr { host: "127.15.242.66" port: 43115 } } peers { permanent_uuid: "e45544750cfd4dcd90f07d50aa88a011" member_type: VOTER last_known_addr { host: "127.15.242.67" port: 40377 } }
I20260710 13:20:17.278594 16359 catalog_manager.cc:5697] T 9206b54227ef4bd1b08013e61c2febe8 P b9cd1ba432e04d86b302b354c8dfcaf5 reported cstate change: term changed from 3 to 4, leader changed from 547b9835ed8a47fea026e28bc9ccf387 (127.15.242.66) to b9cd1ba432e04d86b302b354c8dfcaf5 (127.15.242.65). New cstate: current_term: 4 leader_uuid: "b9cd1ba432e04d86b302b354c8dfcaf5" committed_config { opid_index: -1 OBSOLETE_local: false peers { permanent_uuid: "b9cd1ba432e04d86b302b354c8dfcaf5" member_type: VOTER last_known_addr { host: "127.15.242.65" port: 44449 } health_report { overall_health: HEALTHY } } peers { permanent_uuid: "547b9835ed8a47fea026e28bc9ccf387" member_type: VOTER last_known_addr { host: "127.15.242.66" port: 43115 } health_report { overall_health: UNKNOWN } } peers { permanent_uuid: "e45544750cfd4dcd90f07d50aa88a011" member_type: VOTER last_known_addr { host: "127.15.242.67" port: 40377 } health_report { overall_health: UNKNOWN } } }
I20260710 13:20:17.297875 16796 raft_consensus.cc:993] T f819cea6e7d64088b6281a18044b1599 P 547b9835ed8a47fea026e28bc9ccf387: : Instructing follower e45544750cfd4dcd90f07d50aa88a011 to start an election
I20260710 13:20:17.298285 16776 raft_consensus.cc:1081] T f819cea6e7d64088b6281a18044b1599 P 547b9835ed8a47fea026e28bc9ccf387 [term 3 LEADER]: Signalling peer e45544750cfd4dcd90f07d50aa88a011 to start an election
I20260710 13:20:17.299454 16610 tablet_service.cc:2044] Received Run Leader Election RPC: tablet_id: "f819cea6e7d64088b6281a18044b1599"
dest_uuid: "e45544750cfd4dcd90f07d50aa88a011"
 from {username='slave'} at 127.0.0.1:39218
I20260710 13:20:17.299873 16610 raft_consensus.cc:493] T f819cea6e7d64088b6281a18044b1599 P e45544750cfd4dcd90f07d50aa88a011 [term 3 FOLLOWER]: Starting forced leader election (received explicit request)
I20260710 13:20:17.300102 16610 raft_consensus.cc:3060] T f819cea6e7d64088b6281a18044b1599 P e45544750cfd4dcd90f07d50aa88a011 [term 3 FOLLOWER]: Advancing to term 4
I20260710 13:20:17.303524 16610 raft_consensus.cc:515] T f819cea6e7d64088b6281a18044b1599 P e45544750cfd4dcd90f07d50aa88a011 [term 4 FOLLOWER]: Starting forced leader election with config: opid_index: -1 OBSOLETE_local: false peers { permanent_uuid: "b9cd1ba432e04d86b302b354c8dfcaf5" member_type: VOTER last_known_addr { host: "127.15.242.65" port: 44449 } } peers { permanent_uuid: "547b9835ed8a47fea026e28bc9ccf387" member_type: VOTER last_known_addr { host: "127.15.242.66" port: 43115 } } peers { permanent_uuid: "e45544750cfd4dcd90f07d50aa88a011" member_type: VOTER last_known_addr { host: "127.15.242.67" port: 40377 } }
I20260710 13:20:17.304710 16610 leader_election.cc:290] T f819cea6e7d64088b6281a18044b1599 P e45544750cfd4dcd90f07d50aa88a011 [CANDIDATE]: Term 4 election: Requested vote from peers b9cd1ba432e04d86b302b354c8dfcaf5 (127.15.242.65:44449), 547b9835ed8a47fea026e28bc9ccf387 (127.15.242.66:43115)
I20260710 13:20:17.305418 16464 tablet_service.cc:1917] Received RequestConsensusVote() RPC: tablet_id: "f819cea6e7d64088b6281a18044b1599" candidate_uuid: "e45544750cfd4dcd90f07d50aa88a011" candidate_term: 4 candidate_status { last_received { term: 3 index: 3 } } ignore_live_leader: true dest_uuid: "b9cd1ba432e04d86b302b354c8dfcaf5"
I20260710 13:20:17.305617 16539 tablet_service.cc:1917] Received RequestConsensusVote() RPC: tablet_id: "f819cea6e7d64088b6281a18044b1599" candidate_uuid: "e45544750cfd4dcd90f07d50aa88a011" candidate_term: 4 candidate_status { last_received { term: 3 index: 3 } } ignore_live_leader: true dest_uuid: "547b9835ed8a47fea026e28bc9ccf387"
I20260710 13:20:17.305841 16464 raft_consensus.cc:3060] T f819cea6e7d64088b6281a18044b1599 P b9cd1ba432e04d86b302b354c8dfcaf5 [term 3 FOLLOWER]: Advancing to term 4
I20260710 13:20:17.306121 16539 raft_consensus.cc:3055] T f819cea6e7d64088b6281a18044b1599 P 547b9835ed8a47fea026e28bc9ccf387 [term 3 LEADER]: Stepping down as leader of term 3
I20260710 13:20:17.306383 16539 raft_consensus.cc:740] T f819cea6e7d64088b6281a18044b1599 P 547b9835ed8a47fea026e28bc9ccf387 [term 3 LEADER]: Becoming Follower/Learner. State: Replica: 547b9835ed8a47fea026e28bc9ccf387, State: Running, Role: LEADER
I20260710 13:20:17.306921 16539 consensus_queue.cc:260] T f819cea6e7d64088b6281a18044b1599 P 547b9835ed8a47fea026e28bc9ccf387 [NON_LEADER]: Queue going to NON_LEADER mode. State: All replicated index: 0, Majority replicated index: 3, Committed index: 3, Last appended: 3.3, Last appended by leader: 3, Current term: 3, Majority size: -1, State: 0, Mode: NON_LEADER, active raft config: opid_index: -1 OBSOLETE_local: false peers { permanent_uuid: "b9cd1ba432e04d86b302b354c8dfcaf5" member_type: VOTER last_known_addr { host: "127.15.242.65" port: 44449 } } peers { permanent_uuid: "547b9835ed8a47fea026e28bc9ccf387" member_type: VOTER last_known_addr { host: "127.15.242.66" port: 43115 } } peers { permanent_uuid: "e45544750cfd4dcd90f07d50aa88a011" member_type: VOTER last_known_addr { host: "127.15.242.67" port: 40377 } }
I20260710 13:20:17.307829 16539 raft_consensus.cc:3060] T f819cea6e7d64088b6281a18044b1599 P 547b9835ed8a47fea026e28bc9ccf387 [term 3 FOLLOWER]: Advancing to term 4
I20260710 13:20:17.309594 16464 raft_consensus.cc:2468] T f819cea6e7d64088b6281a18044b1599 P b9cd1ba432e04d86b302b354c8dfcaf5 [term 4 FOLLOWER]: Leader election vote request: Granting yes vote for candidate e45544750cfd4dcd90f07d50aa88a011 in term 4.
I20260710 13:20:17.310367 16578 leader_election.cc:304] T f819cea6e7d64088b6281a18044b1599 P e45544750cfd4dcd90f07d50aa88a011 [CANDIDATE]: Term 4 election: Election decided. Result: candidate won. Election summary: received 2 responses out of 3 voters: 2 yes votes; 0 no votes. yes voters: b9cd1ba432e04d86b302b354c8dfcaf5, e45544750cfd4dcd90f07d50aa88a011; no voters: 
I20260710 13:20:17.311094 16799 raft_consensus.cc:2804] T f819cea6e7d64088b6281a18044b1599 P e45544750cfd4dcd90f07d50aa88a011 [term 4 FOLLOWER]: Leader election won for term 4
I20260710 13:20:17.311549 16799 raft_consensus.cc:697] T f819cea6e7d64088b6281a18044b1599 P e45544750cfd4dcd90f07d50aa88a011 [term 4 LEADER]: Becoming Leader. State: Replica: e45544750cfd4dcd90f07d50aa88a011, State: Running, Role: LEADER
I20260710 13:20:17.312311 16799 consensus_queue.cc:237] T f819cea6e7d64088b6281a18044b1599 P e45544750cfd4dcd90f07d50aa88a011 [LEADER]: Queue going to LEADER mode. State: All replicated index: 0, Majority replicated index: 3, Committed index: 3, Last appended: 3.3, Last appended by leader: 3, Current term: 4, Majority size: 2, State: 0, Mode: LEADER, active raft config: opid_index: -1 OBSOLETE_local: false peers { permanent_uuid: "b9cd1ba432e04d86b302b354c8dfcaf5" member_type: VOTER last_known_addr { host: "127.15.242.65" port: 44449 } } peers { permanent_uuid: "547b9835ed8a47fea026e28bc9ccf387" member_type: VOTER last_known_addr { host: "127.15.242.66" port: 43115 } } peers { permanent_uuid: "e45544750cfd4dcd90f07d50aa88a011" member_type: VOTER last_known_addr { host: "127.15.242.67" port: 40377 } }
I20260710 13:20:17.312541 16539 raft_consensus.cc:2468] T f819cea6e7d64088b6281a18044b1599 P 547b9835ed8a47fea026e28bc9ccf387 [term 4 FOLLOWER]: Leader election vote request: Granting yes vote for candidate e45544750cfd4dcd90f07d50aa88a011 in term 4.
I20260710 13:20:17.318169 16359 catalog_manager.cc:5697] T f819cea6e7d64088b6281a18044b1599 P e45544750cfd4dcd90f07d50aa88a011 reported cstate change: term changed from 3 to 4, leader changed from 547b9835ed8a47fea026e28bc9ccf387 (127.15.242.66) to e45544750cfd4dcd90f07d50aa88a011 (127.15.242.67). New cstate: current_term: 4 leader_uuid: "e45544750cfd4dcd90f07d50aa88a011" committed_config { opid_index: -1 OBSOLETE_local: false peers { permanent_uuid: "b9cd1ba432e04d86b302b354c8dfcaf5" member_type: VOTER last_known_addr { host: "127.15.242.65" port: 44449 } health_report { overall_health: UNKNOWN } } peers { permanent_uuid: "547b9835ed8a47fea026e28bc9ccf387" member_type: VOTER last_known_addr { host: "127.15.242.66" port: 43115 } health_report { overall_health: UNKNOWN } } peers { permanent_uuid: "e45544750cfd4dcd90f07d50aa88a011" member_type: VOTER last_known_addr { host: "127.15.242.67" port: 40377 } health_report { overall_health: HEALTHY } } }
I20260710 13:20:17.446063 16539 raft_consensus.cc:1275] T 428995751fb34905ad7913f40aa58460 P 547b9835ed8a47fea026e28bc9ccf387 [term 4 FOLLOWER]: Refusing update from remote peer e45544750cfd4dcd90f07d50aa88a011: Log matching property violated. Preceding OpId in replica: term: 3 index: 3. Preceding OpId from leader: term: 4 index: 4. (index mismatch)
I20260710 13:20:17.447355 16799 consensus_queue.cc:1048] T 428995751fb34905ad7913f40aa58460 P e45544750cfd4dcd90f07d50aa88a011 [LEADER]: Connected to new peer: Peer: permanent_uuid: "547b9835ed8a47fea026e28bc9ccf387" member_type: VOTER last_known_addr { host: "127.15.242.66" port: 43115 }, Status: LMP_MISMATCH, Last received: 0.0, Next index: 4, Last known committed idx: 3, Time since last communication: 0.000s
I20260710 13:20:17.456527 16464 raft_consensus.cc:1275] T 428995751fb34905ad7913f40aa58460 P b9cd1ba432e04d86b302b354c8dfcaf5 [term 4 FOLLOWER]: Refusing update from remote peer e45544750cfd4dcd90f07d50aa88a011: Log matching property violated. Preceding OpId in replica: term: 3 index: 3. Preceding OpId from leader: term: 4 index: 4. (index mismatch)
I20260710 13:20:17.457688 16799 consensus_queue.cc:1048] T 428995751fb34905ad7913f40aa58460 P e45544750cfd4dcd90f07d50aa88a011 [LEADER]: Connected to new peer: Peer: permanent_uuid: "b9cd1ba432e04d86b302b354c8dfcaf5" member_type: VOTER last_known_addr { host: "127.15.242.65" port: 44449 }, Status: LMP_MISMATCH, Last received: 0.0, Next index: 4, Last known committed idx: 3, Time since last communication: 0.000s
I20260710 13:20:17.525590 16539 raft_consensus.cc:1275] T cebfe7c5a7514a2cb0c459cd2eee7c14 P 547b9835ed8a47fea026e28bc9ccf387 [term 5 FOLLOWER]: Refusing update from remote peer b9cd1ba432e04d86b302b354c8dfcaf5: Log matching property violated. Preceding OpId in replica: term: 4 index: 4. Preceding OpId from leader: term: 5 index: 5. (index mismatch)
I20260710 13:20:17.526599 16806 consensus_queue.cc:1048] T cebfe7c5a7514a2cb0c459cd2eee7c14 P b9cd1ba432e04d86b302b354c8dfcaf5 [LEADER]: Connected to new peer: Peer: permanent_uuid: "547b9835ed8a47fea026e28bc9ccf387" member_type: VOTER last_known_addr { host: "127.15.242.66" port: 43115 }, Status: LMP_MISMATCH, Last received: 0.0, Next index: 5, Last known committed idx: 4, Time since last communication: 0.000s
I20260710 13:20:17.534128 16610 raft_consensus.cc:1275] T cebfe7c5a7514a2cb0c459cd2eee7c14 P e45544750cfd4dcd90f07d50aa88a011 [term 5 FOLLOWER]: Refusing update from remote peer b9cd1ba432e04d86b302b354c8dfcaf5: Log matching property violated. Preceding OpId in replica: term: 4 index: 4. Preceding OpId from leader: term: 5 index: 5. (index mismatch)
I20260710 13:20:17.535764 16818 consensus_queue.cc:1048] T cebfe7c5a7514a2cb0c459cd2eee7c14 P b9cd1ba432e04d86b302b354c8dfcaf5 [LEADER]: Connected to new peer: Peer: permanent_uuid: "e45544750cfd4dcd90f07d50aa88a011" member_type: VOTER last_known_addr { host: "127.15.242.67" port: 40377 }, Status: LMP_MISMATCH, Last received: 0.0, Next index: 5, Last known committed idx: 4, Time since last communication: 0.000s
I20260710 13:20:17.668792 16610 raft_consensus.cc:1275] T c5e5775d351549e0bfae9a40286a9a96 P e45544750cfd4dcd90f07d50aa88a011 [term 2 FOLLOWER]: Refusing update from remote peer b9cd1ba432e04d86b302b354c8dfcaf5: Log matching property violated. Preceding OpId in replica: term: 1 index: 1. Preceding OpId from leader: term: 2 index: 2. (index mismatch)
I20260710 13:20:17.669824 16818 consensus_queue.cc:1048] T c5e5775d351549e0bfae9a40286a9a96 P b9cd1ba432e04d86b302b354c8dfcaf5 [LEADER]: Connected to new peer: Peer: permanent_uuid: "e45544750cfd4dcd90f07d50aa88a011" member_type: VOTER last_known_addr { host: "127.15.242.67" port: 40377 }, Status: LMP_MISMATCH, Last received: 0.0, Next index: 2, Last known committed idx: 1, Time since last communication: 0.000s
I20260710 13:20:17.677922 16539 raft_consensus.cc:1275] T c5e5775d351549e0bfae9a40286a9a96 P 547b9835ed8a47fea026e28bc9ccf387 [term 2 FOLLOWER]: Refusing update from remote peer b9cd1ba432e04d86b302b354c8dfcaf5: Log matching property violated. Preceding OpId in replica: term: 1 index: 1. Preceding OpId from leader: term: 2 index: 2. (index mismatch)
I20260710 13:20:17.679421 16821 consensus_queue.cc:1048] T c5e5775d351549e0bfae9a40286a9a96 P b9cd1ba432e04d86b302b354c8dfcaf5 [LEADER]: Connected to new peer: Peer: permanent_uuid: "547b9835ed8a47fea026e28bc9ccf387" member_type: VOTER last_known_addr { host: "127.15.242.66" port: 43115 }, Status: LMP_MISMATCH, Last received: 0.0, Next index: 2, Last known committed idx: 1, Time since last communication: 0.001s
I20260710 13:20:17.705677 16610 raft_consensus.cc:1275] T 9206b54227ef4bd1b08013e61c2febe8 P e45544750cfd4dcd90f07d50aa88a011 [term 4 FOLLOWER]: Refusing update from remote peer b9cd1ba432e04d86b302b354c8dfcaf5: Log matching property violated. Preceding OpId in replica: term: 3 index: 3. Preceding OpId from leader: term: 4 index: 4. (index mismatch)
I20260710 13:20:17.706619 16821 consensus_queue.cc:1048] T 9206b54227ef4bd1b08013e61c2febe8 P b9cd1ba432e04d86b302b354c8dfcaf5 [LEADER]: Connected to new peer: Peer: permanent_uuid: "e45544750cfd4dcd90f07d50aa88a011" member_type: VOTER last_known_addr { host: "127.15.242.67" port: 40377 }, Status: LMP_MISMATCH, Last received: 0.0, Next index: 4, Last known committed idx: 3, Time since last communication: 0.000s
I20260710 13:20:17.714210 16539 raft_consensus.cc:1275] T 9206b54227ef4bd1b08013e61c2febe8 P 547b9835ed8a47fea026e28bc9ccf387 [term 4 FOLLOWER]: Refusing update from remote peer b9cd1ba432e04d86b302b354c8dfcaf5: Log matching property violated. Preceding OpId in replica: term: 3 index: 3. Preceding OpId from leader: term: 4 index: 4. (index mismatch)
