I20260710 13:20:09.905107 16693 consensus_queue.cc:1048] T c3fdd749cf304842b7910a8913602b91 P e45544750cfd4dcd90f07d50aa88a011 [LEADER]: Connected to new peer: Peer: permanent_uuid: "b9cd1ba432e04d86b302b354c8dfcaf5" member_type: VOTER last_known_addr { host: "127.15.242.65" port: 44449 }, Status: LMP_MISMATCH, Last received: 0.0, Next index: 1, Last known committed idx: 0, Time since last communication: 0.000s
I20260710 13:20:09.915518 16730 consensus_queue.cc:1048] T c3fdd749cf304842b7910a8913602b91 P e45544750cfd4dcd90f07d50aa88a011 [LEADER]: Connected to new peer: Peer: permanent_uuid: "547b9835ed8a47fea026e28bc9ccf387" member_type: VOTER last_known_addr { host: "127.15.242.66" port: 43115 }, Status: LMP_MISMATCH, Last received: 0.0, Next index: 1, Last known committed idx: 0, Time since last communication: 0.000s
I20260710 13:20:09.923346 16730 raft_consensus.cc:993] T c3fdd749cf304842b7910a8913602b91 P e45544750cfd4dcd90f07d50aa88a011: : Instructing follower 547b9835ed8a47fea026e28bc9ccf387 to start an election
I20260710 13:20:09.923808 16693 raft_consensus.cc:1081] T c3fdd749cf304842b7910a8913602b91 P e45544750cfd4dcd90f07d50aa88a011 [term 1 LEADER]: Signalling peer 547b9835ed8a47fea026e28bc9ccf387 to start an election
I20260710 13:20:09.925681 16538 tablet_service.cc:2044] Received Run Leader Election RPC: tablet_id: "c3fdd749cf304842b7910a8913602b91"
dest_uuid: "547b9835ed8a47fea026e28bc9ccf387"
 from {username='slave'} at 127.0.0.1:52454
I20260710 13:20:09.926203 16538 raft_consensus.cc:493] T c3fdd749cf304842b7910a8913602b91 P 547b9835ed8a47fea026e28bc9ccf387 [term 1 FOLLOWER]: Starting forced leader election (received explicit request)
I20260710 13:20:09.926508 16538 raft_consensus.cc:3060] T c3fdd749cf304842b7910a8913602b91 P 547b9835ed8a47fea026e28bc9ccf387 [term 1 FOLLOWER]: Advancing to term 2
I20260710 13:20:09.931021 16538 raft_consensus.cc:515] T c3fdd749cf304842b7910a8913602b91 P 547b9835ed8a47fea026e28bc9ccf387 [term 2 FOLLOWER]: Starting forced leader election with config: opid_index: -1 OBSOLETE_local: false peers { permanent_uuid: "b9cd1ba432e04d86b302b354c8dfcaf5" member_type: VOTER last_known_addr { host: "127.15.242.65" port: 44449 } } peers { permanent_uuid: "547b9835ed8a47fea026e28bc9ccf387" member_type: VOTER last_known_addr { host: "127.15.242.66" port: 43115 } } peers { permanent_uuid: "e45544750cfd4dcd90f07d50aa88a011" member_type: VOTER last_known_addr { host: "127.15.242.67" port: 40377 } }
I20260710 13:20:09.932785 16538 leader_election.cc:290] T c3fdd749cf304842b7910a8913602b91 P 547b9835ed8a47fea026e28bc9ccf387 [CANDIDATE]: Term 2 election: Requested vote from peers b9cd1ba432e04d86b302b354c8dfcaf5 (127.15.242.65:44449), e45544750cfd4dcd90f07d50aa88a011 (127.15.242.67:40377)
I20260710 13:20:09.934176 16610 tablet_service.cc:1917] Received RequestConsensusVote() RPC: tablet_id: "c3fdd749cf304842b7910a8913602b91" candidate_uuid: "547b9835ed8a47fea026e28bc9ccf387" candidate_term: 2 candidate_status { last_received { term: 1 index: 1 } } ignore_live_leader: true dest_uuid: "e45544750cfd4dcd90f07d50aa88a011"
I20260710 13:20:09.934149 16464 tablet_service.cc:1917] Received RequestConsensusVote() RPC: tablet_id: "c3fdd749cf304842b7910a8913602b91" candidate_uuid: "547b9835ed8a47fea026e28bc9ccf387" candidate_term: 2 candidate_status { last_received { term: 1 index: 1 } } ignore_live_leader: true dest_uuid: "b9cd1ba432e04d86b302b354c8dfcaf5"
I20260710 13:20:09.934868 16610 raft_consensus.cc:3055] T c3fdd749cf304842b7910a8913602b91 P e45544750cfd4dcd90f07d50aa88a011 [term 1 LEADER]: Stepping down as leader of term 1
I20260710 13:20:09.934940 16464 raft_consensus.cc:3060] T c3fdd749cf304842b7910a8913602b91 P b9cd1ba432e04d86b302b354c8dfcaf5 [term 1 FOLLOWER]: Advancing to term 2
I20260710 13:20:09.935312 16610 raft_consensus.cc:740] T c3fdd749cf304842b7910a8913602b91 P e45544750cfd4dcd90f07d50aa88a011 [term 1 LEADER]: Becoming Follower/Learner. State: Replica: e45544750cfd4dcd90f07d50aa88a011, State: Running, Role: LEADER
I20260710 13:20:09.936203 16610 consensus_queue.cc:260] T c3fdd749cf304842b7910a8913602b91 P e45544750cfd4dcd90f07d50aa88a011 [NON_LEADER]: Queue going to NON_LEADER mode. State: All replicated index: 0, Majority replicated index: 1, Committed index: 1, Last appended: 1.1, Last appended by leader: 1, Current term: 1, Majority size: -1, State: 0, Mode: NON_LEADER, active raft config: opid_index: -1 OBSOLETE_local: false peers { permanent_uuid: "b9cd1ba432e04d86b302b354c8dfcaf5" member_type: VOTER last_known_addr { host: "127.15.242.65" port: 44449 } } peers { permanent_uuid: "547b9835ed8a47fea026e28bc9ccf387" member_type: VOTER last_known_addr { host: "127.15.242.66" port: 43115 } } peers { permanent_uuid: "e45544750cfd4dcd90f07d50aa88a011" member_type: VOTER last_known_addr { host: "127.15.242.67" port: 40377 } }
I20260710 13:20:09.937412 16610 raft_consensus.cc:3060] T c3fdd749cf304842b7910a8913602b91 P e45544750cfd4dcd90f07d50aa88a011 [term 1 FOLLOWER]: Advancing to term 2
I20260710 13:20:09.941359 16464 raft_consensus.cc:2468] T c3fdd749cf304842b7910a8913602b91 P b9cd1ba432e04d86b302b354c8dfcaf5 [term 2 FOLLOWER]: Leader election vote request: Granting yes vote for candidate 547b9835ed8a47fea026e28bc9ccf387 in term 2.
I20260710 13:20:09.941833 16610 raft_consensus.cc:2468] T c3fdd749cf304842b7910a8913602b91 P e45544750cfd4dcd90f07d50aa88a011 [term 2 FOLLOWER]: Leader election vote request: Granting yes vote for candidate 547b9835ed8a47fea026e28bc9ccf387 in term 2.
I20260710 13:20:09.942497 16504 leader_election.cc:304] T c3fdd749cf304842b7910a8913602b91 P 547b9835ed8a47fea026e28bc9ccf387 [CANDIDATE]: Term 2 election: Election decided. Result: candidate won. Election summary: received 2 responses out of 3 voters: 2 yes votes; 0 no votes. yes voters: 547b9835ed8a47fea026e28bc9ccf387, b9cd1ba432e04d86b302b354c8dfcaf5; no voters: 
I20260710 13:20:09.943179 16662 raft_consensus.cc:2804] T c3fdd749cf304842b7910a8913602b91 P 547b9835ed8a47fea026e28bc9ccf387 [term 2 FOLLOWER]: Leader election won for term 2
I20260710 13:20:09.943666 16662 raft_consensus.cc:697] T c3fdd749cf304842b7910a8913602b91 P 547b9835ed8a47fea026e28bc9ccf387 [term 2 LEADER]: Becoming Leader. State: Replica: 547b9835ed8a47fea026e28bc9ccf387, State: Running, Role: LEADER
I20260710 13:20:09.944370 16662 consensus_queue.cc:237] T c3fdd749cf304842b7910a8913602b91 P 547b9835ed8a47fea026e28bc9ccf387 [LEADER]: Queue going to LEADER mode. State: All replicated index: 0, Majority replicated index: 1, Committed index: 1, Last appended: 1.1, Last appended by leader: 1, Current term: 2, Majority size: 2, State: 0, Mode: LEADER, active raft config: opid_index: -1 OBSOLETE_local: false peers { permanent_uuid: "b9cd1ba432e04d86b302b354c8dfcaf5" member_type: VOTER last_known_addr { host: "127.15.242.65" port: 44449 } } peers { permanent_uuid: "547b9835ed8a47fea026e28bc9ccf387" member_type: VOTER last_known_addr { host: "127.15.242.66" port: 43115 } } peers { permanent_uuid: "e45544750cfd4dcd90f07d50aa88a011" member_type: VOTER last_known_addr { host: "127.15.242.67" port: 40377 } }
I20260710 13:20:09.949805 16359 catalog_manager.cc:5697] T c3fdd749cf304842b7910a8913602b91 P 547b9835ed8a47fea026e28bc9ccf387 reported cstate change: term changed from 1 to 2, leader changed from e45544750cfd4dcd90f07d50aa88a011 (127.15.242.67) to 547b9835ed8a47fea026e28bc9ccf387 (127.15.242.66). New cstate: current_term: 2 leader_uuid: "547b9835ed8a47fea026e28bc9ccf387" committed_config { opid_index: -1 OBSOLETE_local: false peers { permanent_uuid: "b9cd1ba432e04d86b302b354c8dfcaf5" member_type: VOTER last_known_addr { host: "127.15.242.65" port: 44449 } health_report { overall_health: UNKNOWN } } peers { permanent_uuid: "547b9835ed8a47fea026e28bc9ccf387" member_type: VOTER last_known_addr { host: "127.15.242.66" port: 43115 } health_report { overall_health: HEALTHY } } peers { permanent_uuid: "e45544750cfd4dcd90f07d50aa88a011" member_type: VOTER last_known_addr { host: "127.15.242.67" port: 40377 } health_report { overall_health: UNKNOWN } } }
I20260710 13:20:09.972460 16730 raft_consensus.cc:993] T e785cd4983f64301b3a0476fd9ecfb9b P e45544750cfd4dcd90f07d50aa88a011: : Instructing follower 547b9835ed8a47fea026e28bc9ccf387 to start an election
I20260710 13:20:09.972844 16693 raft_consensus.cc:1081] T e785cd4983f64301b3a0476fd9ecfb9b P e45544750cfd4dcd90f07d50aa88a011 [term 1 LEADER]: Signalling peer 547b9835ed8a47fea026e28bc9ccf387 to start an election
I20260710 13:20:09.974166 16538 tablet_service.cc:2044] Received Run Leader Election RPC: tablet_id: "e785cd4983f64301b3a0476fd9ecfb9b"
dest_uuid: "547b9835ed8a47fea026e28bc9ccf387"
 from {username='slave'} at 127.0.0.1:52454
I20260710 13:20:09.974591 16538 raft_consensus.cc:493] T e785cd4983f64301b3a0476fd9ecfb9b P 547b9835ed8a47fea026e28bc9ccf387 [term 1 FOLLOWER]: Starting forced leader election (received explicit request)
I20260710 13:20:09.974857 16538 raft_consensus.cc:3060] T e785cd4983f64301b3a0476fd9ecfb9b P 547b9835ed8a47fea026e28bc9ccf387 [term 1 FOLLOWER]: Advancing to term 2
I20260710 13:20:09.979868 16538 raft_consensus.cc:515] T e785cd4983f64301b3a0476fd9ecfb9b P 547b9835ed8a47fea026e28bc9ccf387 [term 2 FOLLOWER]: Starting forced leader election with config: opid_index: -1 OBSOLETE_local: false peers { permanent_uuid: "b9cd1ba432e04d86b302b354c8dfcaf5" member_type: VOTER last_known_addr { host: "127.15.242.65" port: 44449 } } peers { permanent_uuid: "547b9835ed8a47fea026e28bc9ccf387" member_type: VOTER last_known_addr { host: "127.15.242.66" port: 43115 } } peers { permanent_uuid: "e45544750cfd4dcd90f07d50aa88a011" member_type: VOTER last_known_addr { host: "127.15.242.67" port: 40377 } }
I20260710 13:20:09.982308 16538 leader_election.cc:290] T e785cd4983f64301b3a0476fd9ecfb9b P 547b9835ed8a47fea026e28bc9ccf387 [CANDIDATE]: Term 2 election: Requested vote from peers b9cd1ba432e04d86b302b354c8dfcaf5 (127.15.242.65:44449), e45544750cfd4dcd90f07d50aa88a011 (127.15.242.67:40377)
I20260710 13:20:09.983640 16463 tablet_service.cc:1917] Received RequestConsensusVote() RPC: tablet_id: "e785cd4983f64301b3a0476fd9ecfb9b" candidate_uuid: "547b9835ed8a47fea026e28bc9ccf387" candidate_term: 2 candidate_status { last_received { term: 1 index: 1 } } ignore_live_leader: true dest_uuid: "b9cd1ba432e04d86b302b354c8dfcaf5"
I20260710 13:20:09.983963 16610 tablet_service.cc:1917] Received RequestConsensusVote() RPC: tablet_id: "e785cd4983f64301b3a0476fd9ecfb9b" candidate_uuid: "547b9835ed8a47fea026e28bc9ccf387" candidate_term: 2 candidate_status { last_received { term: 1 index: 1 } } ignore_live_leader: true dest_uuid: "e45544750cfd4dcd90f07d50aa88a011"
I20260710 13:20:09.984385 16463 raft_consensus.cc:3060] T e785cd4983f64301b3a0476fd9ecfb9b P b9cd1ba432e04d86b302b354c8dfcaf5 [term 1 FOLLOWER]: Advancing to term 2
I20260710 13:20:09.984659 16610 raft_consensus.cc:3055] T e785cd4983f64301b3a0476fd9ecfb9b P e45544750cfd4dcd90f07d50aa88a011 [term 1 LEADER]: Stepping down as leader of term 1
I20260710 13:20:09.985186 16610 raft_consensus.cc:740] T e785cd4983f64301b3a0476fd9ecfb9b P e45544750cfd4dcd90f07d50aa88a011 [term 1 LEADER]: Becoming Follower/Learner. State: Replica: e45544750cfd4dcd90f07d50aa88a011, State: Running, Role: LEADER
I20260710 13:20:09.986224 16610 consensus_queue.cc:260] T e785cd4983f64301b3a0476fd9ecfb9b P e45544750cfd4dcd90f07d50aa88a011 [NON_LEADER]: Queue going to NON_LEADER mode. State: All replicated index: 0, Majority replicated index: 1, Committed index: 1, Last appended: 1.1, Last appended by leader: 1, Current term: 1, Majority size: -1, State: 0, Mode: NON_LEADER, active raft config: opid_index: -1 OBSOLETE_local: false peers { permanent_uuid: "b9cd1ba432e04d86b302b354c8dfcaf5" member_type: VOTER last_known_addr { host: "127.15.242.65" port: 44449 } } peers { permanent_uuid: "547b9835ed8a47fea026e28bc9ccf387" member_type: VOTER last_known_addr { host: "127.15.242.66" port: 43115 } } peers { permanent_uuid: "e45544750cfd4dcd90f07d50aa88a011" member_type: VOTER last_known_addr { host: "127.15.242.67" port: 40377 } }
I20260710 13:20:09.986934 16730 raft_consensus.cc:993] T 9206b54227ef4bd1b08013e61c2febe8 P e45544750cfd4dcd90f07d50aa88a011: : Instructing follower b9cd1ba432e04d86b302b354c8dfcaf5 to start an election
I20260710 13:20:09.987473 16727 raft_consensus.cc:1081] T 9206b54227ef4bd1b08013e61c2febe8 P e45544750cfd4dcd90f07d50aa88a011 [term 1 LEADER]: Signalling peer b9cd1ba432e04d86b302b354c8dfcaf5 to start an election
I20260710 13:20:09.987797 16610 raft_consensus.cc:3060] T e785cd4983f64301b3a0476fd9ecfb9b P e45544750cfd4dcd90f07d50aa88a011 [term 1 FOLLOWER]: Advancing to term 2
I20260710 13:20:09.989262 16464 tablet_service.cc:2044] Received Run Leader Election RPC: tablet_id: "9206b54227ef4bd1b08013e61c2febe8"
dest_uuid: "b9cd1ba432e04d86b302b354c8dfcaf5"
 from {username='slave'} at 127.0.0.1:45534
I20260710 13:20:09.989780 16464 raft_consensus.cc:493] T 9206b54227ef4bd1b08013e61c2febe8 P b9cd1ba432e04d86b302b354c8dfcaf5 [term 1 FOLLOWER]: Starting forced leader election (received explicit request)
I20260710 13:20:09.990173 16464 raft_consensus.cc:3060] T 9206b54227ef4bd1b08013e61c2febe8 P b9cd1ba432e04d86b302b354c8dfcaf5 [term 1 FOLLOWER]: Advancing to term 2
I20260710 13:20:09.993156 16463 raft_consensus.cc:2468] T e785cd4983f64301b3a0476fd9ecfb9b P b9cd1ba432e04d86b302b354c8dfcaf5 [term 2 FOLLOWER]: Leader election vote request: Granting yes vote for candidate 547b9835ed8a47fea026e28bc9ccf387 in term 2.
I20260710 13:20:09.994515 16610 raft_consensus.cc:2468] T e785cd4983f64301b3a0476fd9ecfb9b P e45544750cfd4dcd90f07d50aa88a011 [term 2 FOLLOWER]: Leader election vote request: Granting yes vote for candidate 547b9835ed8a47fea026e28bc9ccf387 in term 2.
I20260710 13:20:09.994752 16504 leader_election.cc:304] T e785cd4983f64301b3a0476fd9ecfb9b P 547b9835ed8a47fea026e28bc9ccf387 [CANDIDATE]: Term 2 election: Election decided. Result: candidate won. Election summary: received 2 responses out of 3 voters: 2 yes votes; 0 no votes. yes voters: 547b9835ed8a47fea026e28bc9ccf387, b9cd1ba432e04d86b302b354c8dfcaf5; no voters: 
I20260710 13:20:09.995738 16662 raft_consensus.cc:2804] T e785cd4983f64301b3a0476fd9ecfb9b P 547b9835ed8a47fea026e28bc9ccf387 [term 2 FOLLOWER]: Leader election won for term 2
I20260710 13:20:09.996186 16662 raft_consensus.cc:697] T e785cd4983f64301b3a0476fd9ecfb9b P 547b9835ed8a47fea026e28bc9ccf387 [term 2 LEADER]: Becoming Leader. State: Replica: 547b9835ed8a47fea026e28bc9ccf387, State: Running, Role: LEADER
I20260710 13:20:09.996948 16662 consensus_queue.cc:237] T e785cd4983f64301b3a0476fd9ecfb9b P 547b9835ed8a47fea026e28bc9ccf387 [LEADER]: Queue going to LEADER mode. State: All replicated index: 0, Majority replicated index: 1, Committed index: 1, Last appended: 1.1, Last appended by leader: 1, Current term: 2, Majority size: 2, State: 0, Mode: LEADER, active raft config: opid_index: -1 OBSOLETE_local: false peers { permanent_uuid: "b9cd1ba432e04d86b302b354c8dfcaf5" member_type: VOTER last_known_addr { host: "127.15.242.65" port: 44449 } } peers { permanent_uuid: "547b9835ed8a47fea026e28bc9ccf387" member_type: VOTER last_known_addr { host: "127.15.242.66" port: 43115 } } peers { permanent_uuid: "e45544750cfd4dcd90f07d50aa88a011" member_type: VOTER last_known_addr { host: "127.15.242.67" port: 40377 } }
I20260710 13:20:09.996969 16464 raft_consensus.cc:515] T 9206b54227ef4bd1b08013e61c2febe8 P b9cd1ba432e04d86b302b354c8dfcaf5 [term 2 FOLLOWER]: Starting forced leader election with config: opid_index: -1 OBSOLETE_local: false peers { permanent_uuid: "b9cd1ba432e04d86b302b354c8dfcaf5" member_type: VOTER last_known_addr { host: "127.15.242.65" port: 44449 } } peers { permanent_uuid: "547b9835ed8a47fea026e28bc9ccf387" member_type: VOTER last_known_addr { host: "127.15.242.66" port: 43115 } } peers { permanent_uuid: "e45544750cfd4dcd90f07d50aa88a011" member_type: VOTER last_known_addr { host: "127.15.242.67" port: 40377 } }
I20260710 13:20:09.999047 16464 leader_election.cc:290] T 9206b54227ef4bd1b08013e61c2febe8 P b9cd1ba432e04d86b302b354c8dfcaf5 [CANDIDATE]: Term 2 election: Requested vote from peers 547b9835ed8a47fea026e28bc9ccf387 (127.15.242.66:43115), e45544750cfd4dcd90f07d50aa88a011 (127.15.242.67:40377)
I20260710 13:20:09.999905 16538 tablet_service.cc:1917] Received RequestConsensusVote() RPC: tablet_id: "9206b54227ef4bd1b08013e61c2febe8" candidate_uuid: "b9cd1ba432e04d86b302b354c8dfcaf5" candidate_term: 2 candidate_status { last_received { term: 1 index: 1 } } ignore_live_leader: true dest_uuid: "547b9835ed8a47fea026e28bc9ccf387"
I20260710 13:20:10.000267 16538 raft_consensus.cc:3060] T 9206b54227ef4bd1b08013e61c2febe8 P 547b9835ed8a47fea026e28bc9ccf387 [term 1 FOLLOWER]: Advancing to term 2
I20260710 13:20:10.000856 16610 tablet_service.cc:1917] Received RequestConsensusVote() RPC: tablet_id: "9206b54227ef4bd1b08013e61c2febe8" candidate_uuid: "b9cd1ba432e04d86b302b354c8dfcaf5" candidate_term: 2 candidate_status { last_received { term: 1 index: 1 } } ignore_live_leader: true dest_uuid: "e45544750cfd4dcd90f07d50aa88a011"
I20260710 13:20:10.001382 16610 raft_consensus.cc:3055] T 9206b54227ef4bd1b08013e61c2febe8 P e45544750cfd4dcd90f07d50aa88a011 [term 1 LEADER]: Stepping down as leader of term 1
I20260710 13:20:10.001669 16610 raft_consensus.cc:740] T 9206b54227ef4bd1b08013e61c2febe8 P e45544750cfd4dcd90f07d50aa88a011 [term 1 LEADER]: Becoming Follower/Learner. State: Replica: e45544750cfd4dcd90f07d50aa88a011, State: Running, Role: LEADER
I20260710 13:20:10.002403 16610 consensus_queue.cc:260] T 9206b54227ef4bd1b08013e61c2febe8 P e45544750cfd4dcd90f07d50aa88a011 [NON_LEADER]: Queue going to NON_LEADER mode. State: All replicated index: 0, Majority replicated index: 1, Committed index: 1, Last appended: 1.1, Last appended by leader: 1, Current term: 1, Majority size: -1, State: 0, Mode: NON_LEADER, active raft config: opid_index: -1 OBSOLETE_local: false peers { permanent_uuid: "b9cd1ba432e04d86b302b354c8dfcaf5" member_type: VOTER last_known_addr { host: "127.15.242.65" port: 44449 } } peers { permanent_uuid: "547b9835ed8a47fea026e28bc9ccf387" member_type: VOTER last_known_addr { host: "127.15.242.66" port: 43115 } } peers { permanent_uuid: "e45544750cfd4dcd90f07d50aa88a011" member_type: VOTER last_known_addr { host: "127.15.242.67" port: 40377 } }
I20260710 13:20:10.003526 16610 raft_consensus.cc:3060] T 9206b54227ef4bd1b08013e61c2febe8 P e45544750cfd4dcd90f07d50aa88a011 [term 1 FOLLOWER]: Advancing to term 2
I20260710 13:20:10.005213 16359 catalog_manager.cc:5697] T e785cd4983f64301b3a0476fd9ecfb9b P 547b9835ed8a47fea026e28bc9ccf387 reported cstate change: term changed from 1 to 2, leader changed from e45544750cfd4dcd90f07d50aa88a011 (127.15.242.67) to 547b9835ed8a47fea026e28bc9ccf387 (127.15.242.66). New cstate: current_term: 2 leader_uuid: "547b9835ed8a47fea026e28bc9ccf387" committed_config { opid_index: -1 OBSOLETE_local: false peers { permanent_uuid: "b9cd1ba432e04d86b302b354c8dfcaf5" member_type: VOTER last_known_addr { host: "127.15.242.65" port: 44449 } health_report { overall_health: UNKNOWN } } peers { permanent_uuid: "547b9835ed8a47fea026e28bc9ccf387" member_type: VOTER last_known_addr { host: "127.15.242.66" port: 43115 } health_report { overall_health: HEALTHY } } peers { permanent_uuid: "e45544750cfd4dcd90f07d50aa88a011" member_type: VOTER last_known_addr { host: "127.15.242.67" port: 40377 } health_report { overall_health: UNKNOWN } } }
I20260710 13:20:10.008065 16538 raft_consensus.cc:2468] T 9206b54227ef4bd1b08013e61c2febe8 P 547b9835ed8a47fea026e28bc9ccf387 [term 2 FOLLOWER]: Leader election vote request: Granting yes vote for candidate b9cd1ba432e04d86b302b354c8dfcaf5 in term 2.
I20260710 13:20:10.009397 16610 raft_consensus.cc:2468] T 9206b54227ef4bd1b08013e61c2febe8 P e45544750cfd4dcd90f07d50aa88a011 [term 2 FOLLOWER]: Leader election vote request: Granting yes vote for candidate b9cd1ba432e04d86b302b354c8dfcaf5 in term 2.
I20260710 13:20:10.009497 16428 leader_election.cc:304] T 9206b54227ef4bd1b08013e61c2febe8 P b9cd1ba432e04d86b302b354c8dfcaf5 [CANDIDATE]: Term 2 election: Election decided. Result: candidate won. Election summary: received 2 responses out of 3 voters: 2 yes votes; 0 no votes. yes voters: 547b9835ed8a47fea026e28bc9ccf387, b9cd1ba432e04d86b302b354c8dfcaf5; no voters: 
I20260710 13:20:10.010401 16664 raft_consensus.cc:2804] T 9206b54227ef4bd1b08013e61c2febe8 P b9cd1ba432e04d86b302b354c8dfcaf5 [term 2 FOLLOWER]: Leader election won for term 2
I20260710 13:20:10.010828 16664 raft_consensus.cc:697] T 9206b54227ef4bd1b08013e61c2febe8 P b9cd1ba432e04d86b302b354c8dfcaf5 [term 2 LEADER]: Becoming Leader. State: Replica: b9cd1ba432e04d86b302b354c8dfcaf5, State: Running, Role: LEADER
I20260710 13:20:10.011577 16664 consensus_queue.cc:237] T 9206b54227ef4bd1b08013e61c2febe8 P b9cd1ba432e04d86b302b354c8dfcaf5 [LEADER]: Queue going to LEADER mode. State: All replicated index: 0, Majority replicated index: 1, Committed index: 1, Last appended: 1.1, Last appended by leader: 1, Current term: 2, Majority size: 2, State: 0, Mode: LEADER, active raft config: opid_index: -1 OBSOLETE_local: false peers { permanent_uuid: "b9cd1ba432e04d86b302b354c8dfcaf5" member_type: VOTER last_known_addr { host: "127.15.242.65" port: 44449 } } peers { permanent_uuid: "547b9835ed8a47fea026e28bc9ccf387" member_type: VOTER last_known_addr { host: "127.15.242.66" port: 43115 } } peers { permanent_uuid: "e45544750cfd4dcd90f07d50aa88a011" member_type: VOTER last_known_addr { host: "127.15.242.67" port: 40377 } }
I20260710 13:20:10.017707 16359 catalog_manager.cc:5697] T 9206b54227ef4bd1b08013e61c2febe8 P b9cd1ba432e04d86b302b354c8dfcaf5 reported cstate change: term changed from 1 to 2, leader changed from e45544750cfd4dcd90f07d50aa88a011 (127.15.242.67) to b9cd1ba432e04d86b302b354c8dfcaf5 (127.15.242.65). New cstate: current_term: 2 leader_uuid: "b9cd1ba432e04d86b302b354c8dfcaf5" committed_config { opid_index: -1 OBSOLETE_local: false peers { permanent_uuid: "b9cd1ba432e04d86b302b354c8dfcaf5" member_type: VOTER last_known_addr { host: "127.15.242.65" port: 44449 } health_report { overall_health: HEALTHY } } peers { permanent_uuid: "547b9835ed8a47fea026e28bc9ccf387" member_type: VOTER last_known_addr { host: "127.15.242.66" port: 43115 } health_report { overall_health: UNKNOWN } } peers { permanent_uuid: "e45544750cfd4dcd90f07d50aa88a011" member_type: VOTER last_known_addr { host: "127.15.242.67" port: 40377 } health_report { overall_health: UNKNOWN } } }
I20260710 13:20:10.097514 16730 raft_consensus.cc:993] T 428995751fb34905ad7913f40aa58460 P e45544750cfd4dcd90f07d50aa88a011: : Instructing follower b9cd1ba432e04d86b302b354c8dfcaf5 to start an election
I20260710 13:20:10.097868 16727 raft_consensus.cc:1081] T 428995751fb34905ad7913f40aa58460 P e45544750cfd4dcd90f07d50aa88a011 [term 1 LEADER]: Signalling peer b9cd1ba432e04d86b302b354c8dfcaf5 to start an election
I20260710 13:20:10.099027 16464 tablet_service.cc:2044] Received Run Leader Election RPC: tablet_id: "428995751fb34905ad7913f40aa58460"
dest_uuid: "b9cd1ba432e04d86b302b354c8dfcaf5"
 from {username='slave'} at 127.0.0.1:45534
I20260710 13:20:10.099429 16464 raft_consensus.cc:493] T 428995751fb34905ad7913f40aa58460 P b9cd1ba432e04d86b302b354c8dfcaf5 [term 1 FOLLOWER]: Starting forced leader election (received explicit request)
I20260710 13:20:10.099663 16464 raft_consensus.cc:3060] T 428995751fb34905ad7913f40aa58460 P b9cd1ba432e04d86b302b354c8dfcaf5 [term 1 FOLLOWER]: Advancing to term 2
I20260710 13:20:10.103869 16464 raft_consensus.cc:515] T 428995751fb34905ad7913f40aa58460 P b9cd1ba432e04d86b302b354c8dfcaf5 [term 2 FOLLOWER]: Starting forced leader election with config: opid_index: -1 OBSOLETE_local: false peers { permanent_uuid: "b9cd1ba432e04d86b302b354c8dfcaf5" member_type: VOTER last_known_addr { host: "127.15.242.65" port: 44449 } } peers { permanent_uuid: "547b9835ed8a47fea026e28bc9ccf387" member_type: VOTER last_known_addr { host: "127.15.242.66" port: 43115 } } peers { permanent_uuid: "e45544750cfd4dcd90f07d50aa88a011" member_type: VOTER last_known_addr { host: "127.15.242.67" port: 40377 } }
I20260710 13:20:10.105253 16464 leader_election.cc:290] T 428995751fb34905ad7913f40aa58460 P b9cd1ba432e04d86b302b354c8dfcaf5 [CANDIDATE]: Term 2 election: Requested vote from peers 547b9835ed8a47fea026e28bc9ccf387 (127.15.242.66:43115), e45544750cfd4dcd90f07d50aa88a011 (127.15.242.67:40377)
I20260710 13:20:10.106122 16610 tablet_service.cc:1917] Received RequestConsensusVote() RPC: tablet_id: "428995751fb34905ad7913f40aa58460" candidate_uuid: "b9cd1ba432e04d86b302b354c8dfcaf5" candidate_term: 2 candidate_status { last_received { term: 1 index: 1 } } ignore_live_leader: true dest_uuid: "e45544750cfd4dcd90f07d50aa88a011"
I20260710 13:20:10.106175 16538 tablet_service.cc:1917] Received RequestConsensusVote() RPC: tablet_id: "428995751fb34905ad7913f40aa58460" candidate_uuid: "b9cd1ba432e04d86b302b354c8dfcaf5" candidate_term: 2 candidate_status { last_received { term: 1 index: 1 } } ignore_live_leader: true dest_uuid: "547b9835ed8a47fea026e28bc9ccf387"
I20260710 13:20:10.106613 16610 raft_consensus.cc:3055] T 428995751fb34905ad7913f40aa58460 P e45544750cfd4dcd90f07d50aa88a011 [term 1 LEADER]: Stepping down as leader of term 1
I20260710 13:20:10.106662 16538 raft_consensus.cc:3060] T 428995751fb34905ad7913f40aa58460 P 547b9835ed8a47fea026e28bc9ccf387 [term 1 FOLLOWER]: Advancing to term 2
I20260710 13:20:10.106897 16610 raft_consensus.cc:740] T 428995751fb34905ad7913f40aa58460 P e45544750cfd4dcd90f07d50aa88a011 [term 1 LEADER]: Becoming Follower/Learner. State: Replica: e45544750cfd4dcd90f07d50aa88a011, State: Running, Role: LEADER
I20260710 13:20:10.107626 16610 consensus_queue.cc:260] T 428995751fb34905ad7913f40aa58460 P e45544750cfd4dcd90f07d50aa88a011 [NON_LEADER]: Queue going to NON_LEADER mode. State: All replicated index: 0, Majority replicated index: 1, Committed index: 1, Last appended: 1.1, Last appended by leader: 1, Current term: 1, Majority size: -1, State: 0, Mode: NON_LEADER, active raft config: opid_index: -1 OBSOLETE_local: false peers { permanent_uuid: "b9cd1ba432e04d86b302b354c8dfcaf5" member_type: VOTER last_known_addr { host: "127.15.242.65" port: 44449 } } peers { permanent_uuid: "547b9835ed8a47fea026e28bc9ccf387" member_type: VOTER last_known_addr { host: "127.15.242.66" port: 43115 } } peers { permanent_uuid: "e45544750cfd4dcd90f07d50aa88a011" member_type: VOTER last_known_addr { host: "127.15.242.67" port: 40377 } }
I20260710 13:20:10.108425 16610 raft_consensus.cc:3060] T 428995751fb34905ad7913f40aa58460 P e45544750cfd4dcd90f07d50aa88a011 [term 1 FOLLOWER]: Advancing to term 2
I20260710 13:20:10.110777 16538 raft_consensus.cc:2468] T 428995751fb34905ad7913f40aa58460 P 547b9835ed8a47fea026e28bc9ccf387 [term 2 FOLLOWER]: Leader election vote request: Granting yes vote for candidate b9cd1ba432e04d86b302b354c8dfcaf5 in term 2.
I20260710 13:20:10.111610 16428 leader_election.cc:304] T 428995751fb34905ad7913f40aa58460 P b9cd1ba432e04d86b302b354c8dfcaf5 [CANDIDATE]: Term 2 election: Election decided. Result: candidate won. Election summary: received 2 responses out of 3 voters: 2 yes votes; 0 no votes. yes voters: 547b9835ed8a47fea026e28bc9ccf387, b9cd1ba432e04d86b302b354c8dfcaf5; no voters: 
I20260710 13:20:10.112169 16664 raft_consensus.cc:2804] T 428995751fb34905ad7913f40aa58460 P b9cd1ba432e04d86b302b354c8dfcaf5 [term 2 FOLLOWER]: Leader election won for term 2
I20260710 13:20:10.112473 16610 raft_consensus.cc:2468] T 428995751fb34905ad7913f40aa58460 P e45544750cfd4dcd90f07d50aa88a011 [term 2 FOLLOWER]: Leader election vote request: Granting yes vote for candidate b9cd1ba432e04d86b302b354c8dfcaf5 in term 2.
I20260710 13:20:10.112506 16664 raft_consensus.cc:697] T 428995751fb34905ad7913f40aa58460 P b9cd1ba432e04d86b302b354c8dfcaf5 [term 2 LEADER]: Becoming Leader. State: Replica: b9cd1ba432e04d86b302b354c8dfcaf5, State: Running, Role: LEADER
I20260710 13:20:10.113350 16664 consensus_queue.cc:237] T 428995751fb34905ad7913f40aa58460 P b9cd1ba432e04d86b302b354c8dfcaf5 [LEADER]: Queue going to LEADER mode. State: All replicated index: 0, Majority replicated index: 1, Committed index: 1, Last appended: 1.1, Last appended by leader: 1, Current term: 2, Majority size: 2, State: 0, Mode: LEADER, active raft config: opid_index: -1 OBSOLETE_local: false peers { permanent_uuid: "b9cd1ba432e04d86b302b354c8dfcaf5" member_type: VOTER last_known_addr { host: "127.15.242.65" port: 44449 } } peers { permanent_uuid: "547b9835ed8a47fea026e28bc9ccf387" member_type: VOTER last_known_addr { host: "127.15.242.66" port: 43115 } } peers { permanent_uuid: "e45544750cfd4dcd90f07d50aa88a011" member_type: VOTER last_known_addr { host: "127.15.242.67" port: 40377 } }
I20260710 13:20:10.119017 16359 catalog_manager.cc:5697] T 428995751fb34905ad7913f40aa58460 P b9cd1ba432e04d86b302b354c8dfcaf5 reported cstate change: term changed from 1 to 2, leader changed from e45544750cfd4dcd90f07d50aa88a011 (127.15.242.67) to b9cd1ba432e04d86b302b354c8dfcaf5 (127.15.242.65). New cstate: current_term: 2 leader_uuid: "b9cd1ba432e04d86b302b354c8dfcaf5" committed_config { opid_index: -1 OBSOLETE_local: false peers { permanent_uuid: "b9cd1ba432e04d86b302b354c8dfcaf5" member_type: VOTER last_known_addr { host: "127.15.242.65" port: 44449 } health_report { overall_health: HEALTHY } } peers { permanent_uuid: "547b9835ed8a47fea026e28bc9ccf387" member_type: VOTER last_known_addr { host: "127.15.242.66" port: 43115 } health_report { overall_health: UNKNOWN } } peers { permanent_uuid: "e45544750cfd4dcd90f07d50aa88a011" member_type: VOTER last_known_addr { host: "127.15.242.67" port: 40377 } health_report { overall_health: UNKNOWN } } }
I20260710 13:20:10.218806 16538 raft_consensus.cc:1275] T f819cea6e7d64088b6281a18044b1599 P 547b9835ed8a47fea026e28bc9ccf387 [term 2 FOLLOWER]: Refusing update from remote peer b9cd1ba432e04d86b302b354c8dfcaf5: Log matching property violated. Preceding OpId in replica: term: 1 index: 1. Preceding OpId from leader: term: 2 index: 2. (index mismatch)
I20260710 13:20:10.219952 16664 consensus_queue.cc:1048] T f819cea6e7d64088b6281a18044b1599 P b9cd1ba432e04d86b302b354c8dfcaf5 [LEADER]: Connected to new peer: Peer: permanent_uuid: "547b9835ed8a47fea026e28bc9ccf387" member_type: VOTER last_known_addr { host: "127.15.242.66" port: 43115 }, Status: LMP_MISMATCH, Last received: 0.0, Next index: 2, Last known committed idx: 1, Time since last communication: 0.000s
I20260710 13:20:10.229046 16610 raft_consensus.cc:3060] T f819cea6e7d64088b6281a18044b1599 P e45544750cfd4dcd90f07d50aa88a011 [term 1 FOLLOWER]: Advancing to term 2
I20260710 13:20:10.234804 16610 raft_consensus.cc:1275] T f819cea6e7d64088b6281a18044b1599 P e45544750cfd4dcd90f07d50aa88a011 [term 2 FOLLOWER]: Refusing update from remote peer b9cd1ba432e04d86b302b354c8dfcaf5: Log matching property violated. Preceding OpId in replica: term: 1 index: 1. Preceding OpId from leader: term: 2 index: 2. (index mismatch)
I20260710 13:20:10.235870 16664 consensus_queue.cc:1048] T f819cea6e7d64088b6281a18044b1599 P b9cd1ba432e04d86b302b354c8dfcaf5 [LEADER]: Connected to new peer: Peer: permanent_uuid: "e45544750cfd4dcd90f07d50aa88a011" member_type: VOTER last_known_addr { host: "127.15.242.67" port: 40377 }, Status: LMP_MISMATCH, Last received: 0.0, Next index: 2, Last known committed idx: 1, Time since last communication: 0.000s
I20260710 13:20:10.286765 16538 raft_consensus.cc:1275] T cebfe7c5a7514a2cb0c459cd2eee7c14 P 547b9835ed8a47fea026e28bc9ccf387 [term 2 FOLLOWER]: Refusing update from remote peer b9cd1ba432e04d86b302b354c8dfcaf5: Log matching property violated. Preceding OpId in replica: term: 1 index: 1. Preceding OpId from leader: term: 2 index: 2. (index mismatch)
I20260710 13:20:10.287822 16664 consensus_queue.cc:1048] T cebfe7c5a7514a2cb0c459cd2eee7c14 P b9cd1ba432e04d86b302b354c8dfcaf5 [LEADER]: Connected to new peer: Peer: permanent_uuid: "547b9835ed8a47fea026e28bc9ccf387" member_type: VOTER last_known_addr { host: "127.15.242.66" port: 43115 }, Status: LMP_MISMATCH, Last received: 0.0, Next index: 2, Last known committed idx: 1, Time since last communication: 0.000s
I20260710 13:20:10.294203 16610 raft_consensus.cc:1275] T cebfe7c5a7514a2cb0c459cd2eee7c14 P e45544750cfd4dcd90f07d50aa88a011 [term 2 FOLLOWER]: Refusing update from remote peer b9cd1ba432e04d86b302b354c8dfcaf5: Log matching property violated. Preceding OpId in replica: term: 1 index: 1. Preceding OpId from leader: term: 2 index: 2. (index mismatch)
I20260710 13:20:10.295687 16664 consensus_queue.cc:1048] T cebfe7c5a7514a2cb0c459cd2eee7c14 P b9cd1ba432e04d86b302b354c8dfcaf5 [LEADER]: Connected to new peer: Peer: permanent_uuid: "e45544750cfd4dcd90f07d50aa88a011" member_type: VOTER last_known_addr { host: "127.15.242.67" port: 40377 }, Status: LMP_MISMATCH, Last received: 0.0, Next index: 2, Last known committed idx: 1, Time since last communication: 0.000s
I20260710 13:20:10.400434 16464 raft_consensus.cc:1275] T e785cd4983f64301b3a0476fd9ecfb9b P b9cd1ba432e04d86b302b354c8dfcaf5 [term 2 FOLLOWER]: Refusing update from remote peer 547b9835ed8a47fea026e28bc9ccf387: Log matching property violated. Preceding OpId in replica: term: 1 index: 1. Preceding OpId from leader: term: 2 index: 2. (index mismatch)
I20260710 13:20:10.401675 16662 consensus_queue.cc:1048] T e785cd4983f64301b3a0476fd9ecfb9b P 547b9835ed8a47fea026e28bc9ccf387 [LEADER]: Connected to new peer: Peer: permanent_uuid: "b9cd1ba432e04d86b302b354c8dfcaf5" member_type: VOTER last_known_addr { host: "127.15.242.65" port: 44449 }, Status: LMP_MISMATCH, Last received: 0.0, Next index: 2, Last known committed idx: 1, Time since last communication: 0.000s
I20260710 13:20:10.402719 16610 raft_consensus.cc:1275] T c3fdd749cf304842b7910a8913602b91 P e45544750cfd4dcd90f07d50aa88a011 [term 2 FOLLOWER]: Refusing update from remote peer 547b9835ed8a47fea026e28bc9ccf387: Log matching property violated. Preceding OpId in replica: term: 1 index: 1. Preceding OpId from leader: term: 2 index: 2. (index mismatch)
I20260710 13:20:10.403869 16662 consensus_queue.cc:1048] T c3fdd749cf304842b7910a8913602b91 P 547b9835ed8a47fea026e28bc9ccf387 [LEADER]: Connected to new peer: Peer: permanent_uuid: "e45544750cfd4dcd90f07d50aa88a011" member_type: VOTER last_known_addr { host: "127.15.242.67" port: 40377 }, Status: LMP_MISMATCH, Last received: 0.0, Next index: 2, Last known committed idx: 1, Time since last communication: 0.000s
I20260710 13:20:10.409278 16609 raft_consensus.cc:1275] T e785cd4983f64301b3a0476fd9ecfb9b P e45544750cfd4dcd90f07d50aa88a011 [term 2 FOLLOWER]: Refusing update from remote peer 547b9835ed8a47fea026e28bc9ccf387: Log matching property violated. Preceding OpId in replica: term: 1 index: 1. Preceding OpId from leader: term: 2 index: 2. (index mismatch)
I20260710 13:20:10.410989 16733 consensus_queue.cc:1048] T e785cd4983f64301b3a0476fd9ecfb9b P 547b9835ed8a47fea026e28bc9ccf387 [LEADER]: Connected to new peer: Peer: permanent_uuid: "e45544750cfd4dcd90f07d50aa88a011" member_type: VOTER last_known_addr { host: "127.15.242.67" port: 40377 }, Status: LMP_MISMATCH, Last received: 0.0, Next index: 2, Last known committed idx: 1, Time since last communication: 0.000s
I20260710 13:20:10.417279 16464 raft_consensus.cc:1275] T c3fdd749cf304842b7910a8913602b91 P b9cd1ba432e04d86b302b354c8dfcaf5 [term 2 FOLLOWER]: Refusing update from remote peer 547b9835ed8a47fea026e28bc9ccf387: Log matching property violated. Preceding OpId in replica: term: 1 index: 1. Preceding OpId from leader: term: 2 index: 2. (index mismatch)
I20260710 13:20:10.419016 16538 raft_consensus.cc:1275] T 9206b54227ef4bd1b08013e61c2febe8 P 547b9835ed8a47fea026e28bc9ccf387 [term 2 FOLLOWER]: Refusing update from remote peer b9cd1ba432e04d86b302b354c8dfcaf5: Log matching property violated. Preceding OpId in replica: term: 1 index: 1. Preceding OpId from leader: term: 2 index: 2. (index mismatch)
I20260710 13:20:10.421043 16690 consensus_queue.cc:1048] T c3fdd749cf304842b7910a8913602b91 P 547b9835ed8a47fea026e28bc9ccf387 [LEADER]: Connected to new peer: Peer: permanent_uuid: "b9cd1ba432e04d86b302b354c8dfcaf5" member_type: VOTER last_known_addr { host: "127.15.242.65" port: 44449 }, Status: LMP_MISMATCH, Last received: 0.0, Next index: 2, Last known committed idx: 1, Time since last communication: 0.000s
I20260710 13:20:10.422384 16746 consensus_queue.cc:1048] T 9206b54227ef4bd1b08013e61c2febe8 P b9cd1ba432e04d86b302b354c8dfcaf5 [LEADER]: Connected to new peer: Peer: permanent_uuid: "547b9835ed8a47fea026e28bc9ccf387" member_type: VOTER last_known_addr { host: "127.15.242.66" port: 43115 }, Status: LMP_MISMATCH, Last received: 0.0, Next index: 2, Last known committed idx: 1, Time since last communication: 0.000s
I20260710 13:20:10.431550 16610 raft_consensus.cc:1275] T 9206b54227ef4bd1b08013e61c2febe8 P e45544750cfd4dcd90f07d50aa88a011 [term 2 FOLLOWER]: Refusing update from remote peer b9cd1ba432e04d86b302b354c8dfcaf5: Log matching property violated. Preceding OpId in replica: term: 1 index: 1. Preceding OpId from leader: term: 2 index: 2. (index mismatch)
I20260710 13:20:10.432828 16745 consensus_queue.cc:1048] T 9206b54227ef4bd1b08013e61c2febe8 P b9cd1ba432e04d86b302b354c8dfcaf5 [LEADER]: Connected to new peer: Peer: permanent_uuid: "e45544750cfd4dcd90f07d50aa88a011" member_type: VOTER last_known_addr { host: "127.15.242.67" port: 40377 }, Status: LMP_MISMATCH, Last received: 0.0, Next index: 2, Last known committed idx: 1, Time since last communication: 0.000s
I20260710 13:20:10.649122 16610 raft_consensus.cc:1275] T 428995751fb34905ad7913f40aa58460 P e45544750cfd4dcd90f07d50aa88a011 [term 2 FOLLOWER]: Refusing update from remote peer b9cd1ba432e04d86b302b354c8dfcaf5: Log matching property violated. Preceding OpId in replica: term: 1 index: 1. Preceding OpId from leader: term: 2 index: 2. (index mismatch)
I20260710 13:20:10.650070 16745 consensus_queue.cc:1048] T 428995751fb34905ad7913f40aa58460 P b9cd1ba432e04d86b302b354c8dfcaf5 [LEADER]: Connected to new peer: Peer: permanent_uuid: "e45544750cfd4dcd90f07d50aa88a011" member_type: VOTER last_known_addr { host: "127.15.242.67" port: 40377 }, Status: LMP_MISMATCH, Last received: 0.0, Next index: 2, Last known committed idx: 1, Time since last communication: 0.000s
I20260710 13:20:10.657217 16538 raft_consensus.cc:1275] T 428995751fb34905ad7913f40aa58460 P 547b9835ed8a47fea026e28bc9ccf387 [term 2 FOLLOWER]: Refusing update from remote peer b9cd1ba432e04d86b302b354c8dfcaf5: Log matching property violated. Preceding OpId in replica: term: 1 index: 1. Preceding OpId from leader: term: 2 index: 2. (index mismatch)
I20260710 13:20:10.659425 16742 consensus_queue.cc:1048] T 428995751fb34905ad7913f40aa58460 P b9cd1ba432e04d86b302b354c8dfcaf5 [LEADER]: Connected to new peer: Peer: permanent_uuid: "547b9835ed8a47fea026e28bc9ccf387" member_type: VOTER last_known_addr { host: "127.15.242.66" port: 43115 }, Status: LMP_MISMATCH, Last received: 0.0, Next index: 2, Last known committed idx: 1, Time since last communication: 0.000s
I20260710 13:20:12.704113 16329 auto_leader_rebalancer-test.cc:316] The leader distribution is 
I20260710 13:20:12.705029 16329 auto_leader_rebalancer.cc:141] leader rebalance for table test-workload
I20260710 13:20:12.723096 16538 tablet_service.cc:2072] Received LeaderStepDown RPC: tablet_id: "c3fdd749cf304842b7910a8913602b91"
dest_uuid: "547b9835ed8a47fea026e28bc9ccf387"
mode: GRACEFUL
new_leader_uuid: "e45544750cfd4dcd90f07d50aa88a011"
 from {username='slave'} at 127.0.0.1:52500
I20260710 13:20:12.723599 16538 raft_consensus.cc:606] T c3fdd749cf304842b7910a8913602b91 P 547b9835ed8a47fea026e28bc9ccf387 [term 2 LEADER]: Received request to transfer leadership to TS e45544750cfd4dcd90f07d50aa88a011
I20260710 13:20:12.736001 16464 tablet_service.cc:2072] Received LeaderStepDown RPC: tablet_id: "cebfe7c5a7514a2cb0c459cd2eee7c14"
dest_uuid: "b9cd1ba432e04d86b302b354c8dfcaf5"
mode: GRACEFUL
new_leader_uuid: "e45544750cfd4dcd90f07d50aa88a011"
 from {username='slave'} at 127.0.0.1:45538
I20260710 13:20:12.736513 16464 raft_consensus.cc:606] T cebfe7c5a7514a2cb0c459cd2eee7c14 P b9cd1ba432e04d86b302b354c8dfcaf5 [term 2 LEADER]: Received request to transfer leadership to TS e45544750cfd4dcd90f07d50aa88a011
I20260710 13:20:12.738088 16329 auto_leader_rebalancer.cc:479] table: test-workload, leader rebalance finish, leader transfer count: 2
I20260710 13:20:12.738623 16329 auto_leader_rebalancer.cc:554] All tables' leader rebalancing finished this round
I20260710 13:20:12.863546 16756 raft_consensus.cc:993] T cebfe7c5a7514a2cb0c459cd2eee7c14 P b9cd1ba432e04d86b302b354c8dfcaf5: : Instructing follower e45544750cfd4dcd90f07d50aa88a011 to start an election
I20260710 13:20:12.863910 16745 raft_consensus.cc:1081] T cebfe7c5a7514a2cb0c459cd2eee7c14 P b9cd1ba432e04d86b302b354c8dfcaf5 [term 2 LEADER]: Signalling peer e45544750cfd4dcd90f07d50aa88a011 to start an election
I20260710 13:20:12.865126 16610 tablet_service.cc:2044] Received Run Leader Election RPC: tablet_id: "cebfe7c5a7514a2cb0c459cd2eee7c14"
dest_uuid: "e45544750cfd4dcd90f07d50aa88a011"
 from {username='slave'} at 127.0.0.1:39230
I20260710 13:20:12.865535 16610 raft_consensus.cc:493] T cebfe7c5a7514a2cb0c459cd2eee7c14 P e45544750cfd4dcd90f07d50aa88a011 [term 2 FOLLOWER]: Starting forced leader election (received explicit request)
I20260710 13:20:12.865826 16610 raft_consensus.cc:3060] T cebfe7c5a7514a2cb0c459cd2eee7c14 P e45544750cfd4dcd90f07d50aa88a011 [term 2 FOLLOWER]: Advancing to term 3
I20260710 13:20:12.869992 16610 raft_consensus.cc:515] T cebfe7c5a7514a2cb0c459cd2eee7c14 P e45544750cfd4dcd90f07d50aa88a011 [term 3 FOLLOWER]: Starting forced leader election with config: opid_index: -1 OBSOLETE_local: false peers { permanent_uuid: "b9cd1ba432e04d86b302b354c8dfcaf5" member_type: VOTER last_known_addr { host: "127.15.242.65" port: 44449 } } peers { permanent_uuid: "547b9835ed8a47fea026e28bc9ccf387" member_type: VOTER last_known_addr { host: "127.15.242.66" port: 43115 } } peers { permanent_uuid: "e45544750cfd4dcd90f07d50aa88a011" member_type: VOTER last_known_addr { host: "127.15.242.67" port: 40377 } }
I20260710 13:20:12.871409 16610 leader_election.cc:290] T cebfe7c5a7514a2cb0c459cd2eee7c14 P e45544750cfd4dcd90f07d50aa88a011 [CANDIDATE]: Term 3 election: Requested vote from peers b9cd1ba432e04d86b302b354c8dfcaf5 (127.15.242.65:44449), 547b9835ed8a47fea026e28bc9ccf387 (127.15.242.66:43115)
I20260710 13:20:12.871953 16464 tablet_service.cc:1917] Received RequestConsensusVote() RPC: tablet_id: "cebfe7c5a7514a2cb0c459cd2eee7c14" candidate_uuid: "e45544750cfd4dcd90f07d50aa88a011" candidate_term: 3 candidate_status { last_received { term: 2 index: 2 } } ignore_live_leader: true dest_uuid: "b9cd1ba432e04d86b302b354c8dfcaf5"
I20260710 13:20:12.872460 16464 raft_consensus.cc:3055] T cebfe7c5a7514a2cb0c459cd2eee7c14 P b9cd1ba432e04d86b302b354c8dfcaf5 [term 2 LEADER]: Stepping down as leader of term 2
I20260710 13:20:12.872382 16538 tablet_service.cc:1917] Received RequestConsensusVote() RPC: tablet_id: "cebfe7c5a7514a2cb0c459cd2eee7c14" candidate_uuid: "e45544750cfd4dcd90f07d50aa88a011" candidate_term: 3 candidate_status { last_received { term: 2 index: 2 } } ignore_live_leader: true dest_uuid: "547b9835ed8a47fea026e28bc9ccf387"
I20260710 13:20:12.872782 16464 raft_consensus.cc:740] T cebfe7c5a7514a2cb0c459cd2eee7c14 P b9cd1ba432e04d86b302b354c8dfcaf5 [term 2 LEADER]: Becoming Follower/Learner. State: Replica: b9cd1ba432e04d86b302b354c8dfcaf5, State: Running, Role: LEADER
I20260710 13:20:12.872929 16538 raft_consensus.cc:3060] T cebfe7c5a7514a2cb0c459cd2eee7c14 P 547b9835ed8a47fea026e28bc9ccf387 [term 2 FOLLOWER]: Advancing to term 3
I20260710 13:20:12.873454 16464 consensus_queue.cc:260] T cebfe7c5a7514a2cb0c459cd2eee7c14 P b9cd1ba432e04d86b302b354c8dfcaf5 [NON_LEADER]: Queue going to NON_LEADER mode. State: All replicated index: 0, Majority replicated index: 2, Committed index: 2, Last appended: 2.2, Last appended by leader: 2, Current term: 2, Majority size: -1, State: 0, Mode: NON_LEADER, active raft config: opid_index: -1 OBSOLETE_local: false peers { permanent_uuid: "b9cd1ba432e04d86b302b354c8dfcaf5" member_type: VOTER last_known_addr { host: "127.15.242.65" port: 44449 } } peers { permanent_uuid: "547b9835ed8a47fea026e28bc9ccf387" member_type: VOTER last_known_addr { host: "127.15.242.66" port: 43115 } } peers { permanent_uuid: "e45544750cfd4dcd90f07d50aa88a011" member_type: VOTER last_known_addr { host: "127.15.242.67" port: 40377 } }
I20260710 13:20:12.874461 16464 raft_consensus.cc:3060] T cebfe7c5a7514a2cb0c459cd2eee7c14 P b9cd1ba432e04d86b302b354c8dfcaf5 [term 2 FOLLOWER]: Advancing to term 3
I20260710 13:20:12.878253 16538 raft_consensus.cc:2468] T cebfe7c5a7514a2cb0c459cd2eee7c14 P 547b9835ed8a47fea026e28bc9ccf387 [term 3 FOLLOWER]: Leader election vote request: Granting yes vote for candidate e45544750cfd4dcd90f07d50aa88a011 in term 3.
I20260710 13:20:12.879225 16577 leader_election.cc:304] T cebfe7c5a7514a2cb0c459cd2eee7c14 P e45544750cfd4dcd90f07d50aa88a011 [CANDIDATE]: Term 3 election: Election decided. Result: candidate won. Election summary: received 2 responses out of 3 voters: 2 yes votes; 0 no votes. yes voters: 547b9835ed8a47fea026e28bc9ccf387, e45544750cfd4dcd90f07d50aa88a011; no voters: 
I20260710 13:20:12.879596 16464 raft_consensus.cc:2468] T cebfe7c5a7514a2cb0c459cd2eee7c14 P b9cd1ba432e04d86b302b354c8dfcaf5 [term 3 FOLLOWER]: Leader election vote request: Granting yes vote for candidate e45544750cfd4dcd90f07d50aa88a011 in term 3.
I20260710 13:20:12.879839 16751 raft_consensus.cc:2804] T cebfe7c5a7514a2cb0c459cd2eee7c14 P e45544750cfd4dcd90f07d50aa88a011 [term 3 FOLLOWER]: Leader election won for term 3
I20260710 13:20:12.880892 16751 raft_consensus.cc:697] T cebfe7c5a7514a2cb0c459cd2eee7c14 P e45544750cfd4dcd90f07d50aa88a011 [term 3 LEADER]: Becoming Leader. State: Replica: e45544750cfd4dcd90f07d50aa88a011, State: Running, Role: LEADER
I20260710 13:20:12.881562 16751 consensus_queue.cc:237] T cebfe7c5a7514a2cb0c459cd2eee7c14 P e45544750cfd4dcd90f07d50aa88a011 [LEADER]: Queue going to LEADER mode. State: All replicated index: 0, Majority replicated index: 2, Committed index: 2, Last appended: 2.2, Last appended by leader: 2, Current term: 3, Majority size: 2, State: 0, Mode: LEADER, active raft config: opid_index: -1 OBSOLETE_local: false peers { permanent_uuid: "b9cd1ba432e04d86b302b354c8dfcaf5" member_type: VOTER last_known_addr { host: "127.15.242.65" port: 44449 } } peers { permanent_uuid: "547b9835ed8a47fea026e28bc9ccf387" member_type: VOTER last_known_addr { host: "127.15.242.66" port: 43115 } } peers { permanent_uuid: "e45544750cfd4dcd90f07d50aa88a011" member_type: VOTER last_known_addr { host: "127.15.242.67" port: 40377 } }
I20260710 13:20:12.887338 16359 catalog_manager.cc:5697] T cebfe7c5a7514a2cb0c459cd2eee7c14 P e45544750cfd4dcd90f07d50aa88a011 reported cstate change: term changed from 2 to 3, leader changed from b9cd1ba432e04d86b302b354c8dfcaf5 (127.15.242.65) to e45544750cfd4dcd90f07d50aa88a011 (127.15.242.67). New cstate: current_term: 3 leader_uuid: "e45544750cfd4dcd90f07d50aa88a011" committed_config { opid_index: -1 OBSOLETE_local: false peers { permanent_uuid: "b9cd1ba432e04d86b302b354c8dfcaf5" member_type: VOTER last_known_addr { host: "127.15.242.65" port: 44449 } health_report { overall_health: UNKNOWN } } peers { permanent_uuid: "547b9835ed8a47fea026e28bc9ccf387" member_type: VOTER last_known_addr { host: "127.15.242.66" port: 43115 } health_report { overall_health: UNKNOWN } } peers { permanent_uuid: "e45544750cfd4dcd90f07d50aa88a011" member_type: VOTER last_known_addr { host: "127.15.242.67" port: 40377 } health_report { overall_health: HEALTHY } } }
I20260710 13:20:12.923952 16763 raft_consensus.cc:993] T c3fdd749cf304842b7910a8913602b91 P 547b9835ed8a47fea026e28bc9ccf387: : Instructing follower e45544750cfd4dcd90f07d50aa88a011 to start an election
I20260710 13:20:12.924312 16733 raft_consensus.cc:1081] T c3fdd749cf304842b7910a8913602b91 P 547b9835ed8a47fea026e28bc9ccf387 [term 2 LEADER]: Signalling peer e45544750cfd4dcd90f07d50aa88a011 to start an election
I20260710 13:20:12.925575 16610 tablet_service.cc:2044] Received Run Leader Election RPC: tablet_id: "c3fdd749cf304842b7910a8913602b91"
dest_uuid: "e45544750cfd4dcd90f07d50aa88a011"
 from {username='slave'} at 127.0.0.1:39218
I20260710 13:20:12.925967 16610 raft_consensus.cc:493] T c3fdd749cf304842b7910a8913602b91 P e45544750cfd4dcd90f07d50aa88a011 [term 2 FOLLOWER]: Starting forced leader election (received explicit request)
I20260710 13:20:12.926204 16610 raft_consensus.cc:3060] T c3fdd749cf304842b7910a8913602b91 P e45544750cfd4dcd90f07d50aa88a011 [term 2 FOLLOWER]: Advancing to term 3
I20260710 13:20:12.929883 16610 raft_consensus.cc:515] T c3fdd749cf304842b7910a8913602b91 P e45544750cfd4dcd90f07d50aa88a011 [term 3 FOLLOWER]: Starting forced leader election with config: opid_index: -1 OBSOLETE_local: false peers { permanent_uuid: "b9cd1ba432e04d86b302b354c8dfcaf5" member_type: VOTER last_known_addr { host: "127.15.242.65" port: 44449 } } peers { permanent_uuid: "547b9835ed8a47fea026e28bc9ccf387" member_type: VOTER last_known_addr { host: "127.15.242.66" port: 43115 } } peers { permanent_uuid: "e45544750cfd4dcd90f07d50aa88a011" member_type: VOTER last_known_addr { host: "127.15.242.67" port: 40377 } }
I20260710 13:20:12.931157 16610 leader_election.cc:290] T c3fdd749cf304842b7910a8913602b91 P e45544750cfd4dcd90f07d50aa88a011 [CANDIDATE]: Term 3 election: Requested vote from peers b9cd1ba432e04d86b302b354c8dfcaf5 (127.15.242.65:44449), 547b9835ed8a47fea026e28bc9ccf387 (127.15.242.66:43115)
