I20260710 13:20:30.490692 17908 raft_consensus.cc:359] T e9486b9fcf564c7381ea4525f7abc9ba P 7f13a87bfd8643e8bad23a9a5b98bef1 [term 0 FOLLOWER]: Replica starting. Triggering 0 pending ops. Active config: opid_index: -1 OBSOLETE_local: false peers { permanent_uuid: "640a92adc55f4c5ca5a59e7798736a33" member_type: VOTER last_known_addr { host: "127.16.51.129" port: 42955 } } peers { permanent_uuid: "7f13a87bfd8643e8bad23a9a5b98bef1" member_type: VOTER last_known_addr { host: "127.16.51.130" port: 33905 } } peers { permanent_uuid: "e335df548d2042388990a72cd308f88d" member_type: VOTER last_known_addr { host: "127.16.51.131" port: 45889 } }
I20260710 13:20:30.491910 17984 leader_election.cc:290] T 3f4d9afb63fd4c1986a5f4b7041594ed P e335df548d2042388990a72cd308f88d [CANDIDATE]: Term 1 pre-election: Requested pre-vote from peers 640a92adc55f4c5ca5a59e7798736a33 (127.16.51.129:42955), 7f13a87bfd8643e8bad23a9a5b98bef1 (127.16.51.130:33905)
I20260710 13:20:30.493180 17908 raft_consensus.cc:385] T e9486b9fcf564c7381ea4525f7abc9ba P 7f13a87bfd8643e8bad23a9a5b98bef1 [term 0 FOLLOWER]: Consensus starting up: Expiring failure detector timer to make a prompt election more likely
I20260710 13:20:30.493535 17908 raft_consensus.cc:740] T e9486b9fcf564c7381ea4525f7abc9ba P 7f13a87bfd8643e8bad23a9a5b98bef1 [term 0 FOLLOWER]: Becoming Follower/Learner. State: Replica: 7f13a87bfd8643e8bad23a9a5b98bef1, State: Initialized, Role: FOLLOWER
I20260710 13:20:30.494199 17908 consensus_queue.cc:260] T e9486b9fcf564c7381ea4525f7abc9ba P 7f13a87bfd8643e8bad23a9a5b98bef1 [NON_LEADER]: Queue going to NON_LEADER mode. State: All replicated index: 0, Majority replicated index: 0, Committed index: 0, Last appended: 0.0, Last appended by leader: 0, Current term: 0, Majority size: -1, State: 0, Mode: NON_LEADER, active raft config: opid_index: -1 OBSOLETE_local: false peers { permanent_uuid: "640a92adc55f4c5ca5a59e7798736a33" member_type: VOTER last_known_addr { host: "127.16.51.129" port: 42955 } } peers { permanent_uuid: "7f13a87bfd8643e8bad23a9a5b98bef1" member_type: VOTER last_known_addr { host: "127.16.51.130" port: 33905 } } peers { permanent_uuid: "e335df548d2042388990a72cd308f88d" member_type: VOTER last_known_addr { host: "127.16.51.131" port: 45889 } }
I20260710 13:20:30.493218 17906 tablet_bootstrap.cc:492] T e9486b9fcf564c7381ea4525f7abc9ba P e335df548d2042388990a72cd308f88d: No bootstrap required, opened a new log
I20260710 13:20:30.495167 17933 raft_consensus.cc:2749] T 3f4d9afb63fd4c1986a5f4b7041594ed P e335df548d2042388990a72cd308f88d [term 1 FOLLOWER]: Leader pre-election lost for term 1. Reason: could not achieve majority
I20260710 13:20:30.495549 17906 ts_tablet_manager.cc:1403] T e9486b9fcf564c7381ea4525f7abc9ba P e335df548d2042388990a72cd308f88d: Time spent bootstrapping tablet: real 0.104s	user 0.010s	sys 0.012s
I20260710 13:20:30.484100 17903 ts_tablet_manager.cc:1403] T 732b2665c01347bcaee5d5d9faebfac1 P 640a92adc55f4c5ca5a59e7798736a33: Time spent bootstrapping tablet: real 0.062s	user 0.011s	sys 0.001s
I20260710 13:20:30.498369 17906 raft_consensus.cc:359] T e9486b9fcf564c7381ea4525f7abc9ba P e335df548d2042388990a72cd308f88d [term 0 FOLLOWER]: Replica starting. Triggering 0 pending ops. Active config: opid_index: -1 OBSOLETE_local: false peers { permanent_uuid: "640a92adc55f4c5ca5a59e7798736a33" member_type: VOTER last_known_addr { host: "127.16.51.129" port: 42955 } } peers { permanent_uuid: "7f13a87bfd8643e8bad23a9a5b98bef1" member_type: VOTER last_known_addr { host: "127.16.51.130" port: 33905 } } peers { permanent_uuid: "e335df548d2042388990a72cd308f88d" member_type: VOTER last_known_addr { host: "127.16.51.131" port: 45889 } }
I20260710 13:20:30.498549 17903 raft_consensus.cc:359] T 732b2665c01347bcaee5d5d9faebfac1 P 640a92adc55f4c5ca5a59e7798736a33 [term 0 FOLLOWER]: Replica starting. Triggering 0 pending ops. Active config: opid_index: -1 OBSOLETE_local: false peers { permanent_uuid: "640a92adc55f4c5ca5a59e7798736a33" member_type: VOTER last_known_addr { host: "127.16.51.129" port: 42955 } } peers { permanent_uuid: "7f13a87bfd8643e8bad23a9a5b98bef1" member_type: VOTER last_known_addr { host: "127.16.51.130" port: 33905 } } peers { permanent_uuid: "e335df548d2042388990a72cd308f88d" member_type: VOTER last_known_addr { host: "127.16.51.131" port: 45889 } }
I20260710 13:20:30.499169 17906 raft_consensus.cc:385] T e9486b9fcf564c7381ea4525f7abc9ba P e335df548d2042388990a72cd308f88d [term 0 FOLLOWER]: Consensus starting up: Expiring failure detector timer to make a prompt election more likely
I20260710 13:20:30.499369 17903 raft_consensus.cc:385] T 732b2665c01347bcaee5d5d9faebfac1 P 640a92adc55f4c5ca5a59e7798736a33 [term 0 FOLLOWER]: Consensus starting up: Expiring failure detector timer to make a prompt election more likely
I20260710 13:20:30.499487 17906 raft_consensus.cc:740] T e9486b9fcf564c7381ea4525f7abc9ba P e335df548d2042388990a72cd308f88d [term 0 FOLLOWER]: Becoming Follower/Learner. State: Replica: e335df548d2042388990a72cd308f88d, State: Initialized, Role: FOLLOWER
I20260710 13:20:30.499873 17903 raft_consensus.cc:740] T 732b2665c01347bcaee5d5d9faebfac1 P 640a92adc55f4c5ca5a59e7798736a33 [term 0 FOLLOWER]: Becoming Follower/Learner. State: Replica: 640a92adc55f4c5ca5a59e7798736a33, State: Initialized, Role: FOLLOWER
I20260710 13:20:30.500284 17906 consensus_queue.cc:260] T e9486b9fcf564c7381ea4525f7abc9ba P e335df548d2042388990a72cd308f88d [NON_LEADER]: Queue going to NON_LEADER mode. State: All replicated index: 0, Majority replicated index: 0, Committed index: 0, Last appended: 0.0, Last appended by leader: 0, Current term: 0, Majority size: -1, State: 0, Mode: NON_LEADER, active raft config: opid_index: -1 OBSOLETE_local: false peers { permanent_uuid: "640a92adc55f4c5ca5a59e7798736a33" member_type: VOTER last_known_addr { host: "127.16.51.129" port: 42955 } } peers { permanent_uuid: "7f13a87bfd8643e8bad23a9a5b98bef1" member_type: VOTER last_known_addr { host: "127.16.51.130" port: 33905 } } peers { permanent_uuid: "e335df548d2042388990a72cd308f88d" member_type: VOTER last_known_addr { host: "127.16.51.131" port: 45889 } }
I20260710 13:20:30.500882 17903 consensus_queue.cc:260] T 732b2665c01347bcaee5d5d9faebfac1 P 640a92adc55f4c5ca5a59e7798736a33 [NON_LEADER]: Queue going to NON_LEADER mode. State: All replicated index: 0, Majority replicated index: 0, Committed index: 0, Last appended: 0.0, Last appended by leader: 0, Current term: 0, Majority size: -1, State: 0, Mode: NON_LEADER, active raft config: opid_index: -1 OBSOLETE_local: false peers { permanent_uuid: "640a92adc55f4c5ca5a59e7798736a33" member_type: VOTER last_known_addr { host: "127.16.51.129" port: 42955 } } peers { permanent_uuid: "7f13a87bfd8643e8bad23a9a5b98bef1" member_type: VOTER last_known_addr { host: "127.16.51.130" port: 33905 } } peers { permanent_uuid: "e335df548d2042388990a72cd308f88d" member_type: VOTER last_known_addr { host: "127.16.51.131" port: 45889 } }
I20260710 13:20:30.502367 17906 ts_tablet_manager.cc:1434] T e9486b9fcf564c7381ea4525f7abc9ba P e335df548d2042388990a72cd308f88d: Time spent starting tablet: real 0.007s	user 0.004s	sys 0.000s
I20260710 13:20:30.504011 17903 ts_tablet_manager.cc:1434] T 732b2665c01347bcaee5d5d9faebfac1 P 640a92adc55f4c5ca5a59e7798736a33: Time spent starting tablet: real 0.008s	user 0.005s	sys 0.000s
I20260710 13:20:30.504381 17906 tablet_bootstrap.cc:492] T 362da02f23c646c1aefd59f03426c49d P e335df548d2042388990a72cd308f88d: Bootstrap starting.
I20260710 13:20:30.505189 17903 tablet_bootstrap.cc:492] T 243ba958f265495fa116529599f5a43c P 640a92adc55f4c5ca5a59e7798736a33: Bootstrap starting.
I20260710 13:20:30.508427 17908 ts_tablet_manager.cc:1434] T e9486b9fcf564c7381ea4525f7abc9ba P 7f13a87bfd8643e8bad23a9a5b98bef1: Time spent starting tablet: real 0.020s	user 0.007s	sys 0.000s
I20260710 13:20:30.509403 17908 tablet_bootstrap.cc:492] T 749d6db4444249bc89e256b45f4948b9 P 7f13a87bfd8643e8bad23a9a5b98bef1: Bootstrap starting.
I20260710 13:20:30.512192 17906 tablet_bootstrap.cc:654] T 362da02f23c646c1aefd59f03426c49d P e335df548d2042388990a72cd308f88d: Neither blocks nor log segments found. Creating new log.
I20260710 13:20:30.516098 17908 tablet_bootstrap.cc:654] T 749d6db4444249bc89e256b45f4948b9 P 7f13a87bfd8643e8bad23a9a5b98bef1: Neither blocks nor log segments found. Creating new log.
I20260710 13:20:30.521310 17903 tablet_bootstrap.cc:654] T 243ba958f265495fa116529599f5a43c P 640a92adc55f4c5ca5a59e7798736a33: Neither blocks nor log segments found. Creating new log.
I20260710 13:20:30.528348 17908 tablet_bootstrap.cc:492] T 749d6db4444249bc89e256b45f4948b9 P 7f13a87bfd8643e8bad23a9a5b98bef1: No bootstrap required, opened a new log
I20260710 13:20:30.528849 17908 ts_tablet_manager.cc:1403] T 749d6db4444249bc89e256b45f4948b9 P 7f13a87bfd8643e8bad23a9a5b98bef1: Time spent bootstrapping tablet: real 0.020s	user 0.009s	sys 0.007s
I20260710 13:20:30.531572 17908 raft_consensus.cc:359] T 749d6db4444249bc89e256b45f4948b9 P 7f13a87bfd8643e8bad23a9a5b98bef1 [term 0 FOLLOWER]: Replica starting. Triggering 0 pending ops. Active config: opid_index: -1 OBSOLETE_local: false peers { permanent_uuid: "640a92adc55f4c5ca5a59e7798736a33" member_type: VOTER last_known_addr { host: "127.16.51.129" port: 42955 } } peers { permanent_uuid: "7f13a87bfd8643e8bad23a9a5b98bef1" member_type: VOTER last_known_addr { host: "127.16.51.130" port: 33905 } } peers { permanent_uuid: "e335df548d2042388990a72cd308f88d" member_type: VOTER last_known_addr { host: "127.16.51.131" port: 45889 } }
I20260710 13:20:30.532263 17908 raft_consensus.cc:385] T 749d6db4444249bc89e256b45f4948b9 P 7f13a87bfd8643e8bad23a9a5b98bef1 [term 0 FOLLOWER]: Consensus starting up: Expiring failure detector timer to make a prompt election more likely
I20260710 13:20:30.532532 17908 raft_consensus.cc:740] T 749d6db4444249bc89e256b45f4948b9 P 7f13a87bfd8643e8bad23a9a5b98bef1 [term 0 FOLLOWER]: Becoming Follower/Learner. State: Replica: 7f13a87bfd8643e8bad23a9a5b98bef1, State: Initialized, Role: FOLLOWER
I20260710 13:20:30.533382 17908 consensus_queue.cc:260] T 749d6db4444249bc89e256b45f4948b9 P 7f13a87bfd8643e8bad23a9a5b98bef1 [NON_LEADER]: Queue going to NON_LEADER mode. State: All replicated index: 0, Majority replicated index: 0, Committed index: 0, Last appended: 0.0, Last appended by leader: 0, Current term: 0, Majority size: -1, State: 0, Mode: NON_LEADER, active raft config: opid_index: -1 OBSOLETE_local: false peers { permanent_uuid: "640a92adc55f4c5ca5a59e7798736a33" member_type: VOTER last_known_addr { host: "127.16.51.129" port: 42955 } } peers { permanent_uuid: "7f13a87bfd8643e8bad23a9a5b98bef1" member_type: VOTER last_known_addr { host: "127.16.51.130" port: 33905 } } peers { permanent_uuid: "e335df548d2042388990a72cd308f88d" member_type: VOTER last_known_addr { host: "127.16.51.131" port: 45889 } }
I20260710 13:20:30.535746 17908 ts_tablet_manager.cc:1434] T 749d6db4444249bc89e256b45f4948b9 P 7f13a87bfd8643e8bad23a9a5b98bef1: Time spent starting tablet: real 0.007s	user 0.004s	sys 0.003s
I20260710 13:20:30.536931 17908 tablet_bootstrap.cc:492] T 10eb92ecdeb3468ba01fc8b8de9474c0 P 7f13a87bfd8643e8bad23a9a5b98bef1: Bootstrap starting.
I20260710 13:20:30.538985 17946 raft_consensus.cc:493] T e9486b9fcf564c7381ea4525f7abc9ba P 7f13a87bfd8643e8bad23a9a5b98bef1 [term 0 FOLLOWER]: Starting pre-election (no leader contacted us within the election timeout)
I20260710 13:20:30.539610 17946 raft_consensus.cc:515] T e9486b9fcf564c7381ea4525f7abc9ba P 7f13a87bfd8643e8bad23a9a5b98bef1 [term 0 FOLLOWER]: Starting pre-election with config: opid_index: -1 OBSOLETE_local: false peers { permanent_uuid: "640a92adc55f4c5ca5a59e7798736a33" member_type: VOTER last_known_addr { host: "127.16.51.129" port: 42955 } } peers { permanent_uuid: "7f13a87bfd8643e8bad23a9a5b98bef1" member_type: VOTER last_known_addr { host: "127.16.51.130" port: 33905 } } peers { permanent_uuid: "e335df548d2042388990a72cd308f88d" member_type: VOTER last_known_addr { host: "127.16.51.131" port: 45889 } }
I20260710 13:20:30.541216 17906 tablet_bootstrap.cc:492] T 362da02f23c646c1aefd59f03426c49d P e335df548d2042388990a72cd308f88d: No bootstrap required, opened a new log
I20260710 13:20:30.541656 17906 ts_tablet_manager.cc:1403] T 362da02f23c646c1aefd59f03426c49d P e335df548d2042388990a72cd308f88d: Time spent bootstrapping tablet: real 0.037s	user 0.012s	sys 0.020s
I20260710 13:20:30.541831 17946 leader_election.cc:290] T e9486b9fcf564c7381ea4525f7abc9ba P 7f13a87bfd8643e8bad23a9a5b98bef1 [CANDIDATE]: Term 1 pre-election: Requested pre-vote from peers 640a92adc55f4c5ca5a59e7798736a33 (127.16.51.129:42955), e335df548d2042388990a72cd308f88d (127.16.51.131:45889)
I20260710 13:20:30.545889 17908 tablet_bootstrap.cc:654] T 10eb92ecdeb3468ba01fc8b8de9474c0 P 7f13a87bfd8643e8bad23a9a5b98bef1: Neither blocks nor log segments found. Creating new log.
I20260710 13:20:30.549714 17906 raft_consensus.cc:359] T 362da02f23c646c1aefd59f03426c49d P e335df548d2042388990a72cd308f88d [term 0 FOLLOWER]: Replica starting. Triggering 0 pending ops. Active config: opid_index: -1 OBSOLETE_local: false peers { permanent_uuid: "640a92adc55f4c5ca5a59e7798736a33" member_type: VOTER last_known_addr { host: "127.16.51.129" port: 42955 } } peers { permanent_uuid: "7f13a87bfd8643e8bad23a9a5b98bef1" member_type: VOTER last_known_addr { host: "127.16.51.130" port: 33905 } } peers { permanent_uuid: "e335df548d2042388990a72cd308f88d" member_type: VOTER last_known_addr { host: "127.16.51.131" port: 45889 } }
I20260710 13:20:30.550366 17906 raft_consensus.cc:385] T 362da02f23c646c1aefd59f03426c49d P e335df548d2042388990a72cd308f88d [term 0 FOLLOWER]: Consensus starting up: Expiring failure detector timer to make a prompt election more likely
I20260710 13:20:30.550604 17906 raft_consensus.cc:740] T 362da02f23c646c1aefd59f03426c49d P e335df548d2042388990a72cd308f88d [term 0 FOLLOWER]: Becoming Follower/Learner. State: Replica: e335df548d2042388990a72cd308f88d, State: Initialized, Role: FOLLOWER
I20260710 13:20:30.551267 17906 consensus_queue.cc:260] T 362da02f23c646c1aefd59f03426c49d P e335df548d2042388990a72cd308f88d [NON_LEADER]: Queue going to NON_LEADER mode. State: All replicated index: 0, Majority replicated index: 0, Committed index: 0, Last appended: 0.0, Last appended by leader: 0, Current term: 0, Majority size: -1, State: 0, Mode: NON_LEADER, active raft config: opid_index: -1 OBSOLETE_local: false peers { permanent_uuid: "640a92adc55f4c5ca5a59e7798736a33" member_type: VOTER last_known_addr { host: "127.16.51.129" port: 42955 } } peers { permanent_uuid: "7f13a87bfd8643e8bad23a9a5b98bef1" member_type: VOTER last_known_addr { host: "127.16.51.130" port: 33905 } } peers { permanent_uuid: "e335df548d2042388990a72cd308f88d" member_type: VOTER last_known_addr { host: "127.16.51.131" port: 45889 } }
I20260710 13:20:30.553136 17906 ts_tablet_manager.cc:1434] T 362da02f23c646c1aefd59f03426c49d P e335df548d2042388990a72cd308f88d: Time spent starting tablet: real 0.011s	user 0.005s	sys 0.000s
I20260710 13:20:30.553915 17714 tablet_service.cc:1917] Received RequestConsensusVote() RPC: tablet_id: "e9486b9fcf564c7381ea4525f7abc9ba" candidate_uuid: "7f13a87bfd8643e8bad23a9a5b98bef1" candidate_term: 1 candidate_status { last_received { term: 0 index: 0 } } ignore_live_leader: false dest_uuid: "640a92adc55f4c5ca5a59e7798736a33" is_pre_election: true
W20260710 13:20:30.556938 17752 leader_election.cc:343] T e9486b9fcf564c7381ea4525f7abc9ba P 7f13a87bfd8643e8bad23a9a5b98bef1 [CANDIDATE]: Term 1 pre-election: Tablet error from VoteRequest() call to peer 640a92adc55f4c5ca5a59e7798736a33 (127.16.51.129:42955): Illegal state: must be running to vote when last-logged opid is not known
I20260710 13:20:30.558612 17903 tablet_bootstrap.cc:492] T 243ba958f265495fa116529599f5a43c P 640a92adc55f4c5ca5a59e7798736a33: No bootstrap required, opened a new log
I20260710 13:20:30.559162 17903 ts_tablet_manager.cc:1403] T 243ba958f265495fa116529599f5a43c P 640a92adc55f4c5ca5a59e7798736a33: Time spent bootstrapping tablet: real 0.054s	user 0.019s	sys 0.001s
I20260710 13:20:30.560123 17861 tablet_service.cc:1917] Received RequestConsensusVote() RPC: tablet_id: "e9486b9fcf564c7381ea4525f7abc9ba" candidate_uuid: "7f13a87bfd8643e8bad23a9a5b98bef1" candidate_term: 1 candidate_status { last_received { term: 0 index: 0 } } ignore_live_leader: false dest_uuid: "e335df548d2042388990a72cd308f88d" is_pre_election: true
I20260710 13:20:30.560947 17861 raft_consensus.cc:2468] T e9486b9fcf564c7381ea4525f7abc9ba P e335df548d2042388990a72cd308f88d [term 0 FOLLOWER]: Leader pre-election vote request: Granting yes vote for candidate 7f13a87bfd8643e8bad23a9a5b98bef1 in term 0.
I20260710 13:20:30.561048 17958 consensus_queue.cc:1048] T 07a5abefcb01494f85ede97881026f56 P 640a92adc55f4c5ca5a59e7798736a33 [LEADER]: Connected to new peer: Peer: permanent_uuid: "e335df548d2042388990a72cd308f88d" member_type: VOTER last_known_addr { host: "127.16.51.131" port: 45889 }, Status: LMP_MISMATCH, Last received: 0.0, Next index: 1, Last known committed idx: 0, Time since last communication: 0.000s
I20260710 13:20:30.562214 17903 raft_consensus.cc:359] T 243ba958f265495fa116529599f5a43c P 640a92adc55f4c5ca5a59e7798736a33 [term 0 FOLLOWER]: Replica starting. Triggering 0 pending ops. Active config: opid_index: -1 OBSOLETE_local: false peers { permanent_uuid: "640a92adc55f4c5ca5a59e7798736a33" member_type: VOTER last_known_addr { host: "127.16.51.129" port: 42955 } } peers { permanent_uuid: "7f13a87bfd8643e8bad23a9a5b98bef1" member_type: VOTER last_known_addr { host: "127.16.51.130" port: 33905 } } peers { permanent_uuid: "e335df548d2042388990a72cd308f88d" member_type: VOTER last_known_addr { host: "127.16.51.131" port: 45889 } }
I20260710 13:20:30.562981 17903 raft_consensus.cc:385] T 243ba958f265495fa116529599f5a43c P 640a92adc55f4c5ca5a59e7798736a33 [term 0 FOLLOWER]: Consensus starting up: Expiring failure detector timer to make a prompt election more likely
I20260710 13:20:30.564158 17903 raft_consensus.cc:740] T 243ba958f265495fa116529599f5a43c P 640a92adc55f4c5ca5a59e7798736a33 [term 0 FOLLOWER]: Becoming Follower/Learner. State: Replica: 640a92adc55f4c5ca5a59e7798736a33, State: Initialized, Role: FOLLOWER
I20260710 13:20:30.562777 17754 leader_election.cc:304] T e9486b9fcf564c7381ea4525f7abc9ba P 7f13a87bfd8643e8bad23a9a5b98bef1 [CANDIDATE]: Term 1 pre-election: Election decided. Result: candidate won. Election summary: received 3 responses out of 3 voters: 2 yes votes; 1 no votes. yes voters: 7f13a87bfd8643e8bad23a9a5b98bef1, e335df548d2042388990a72cd308f88d; no voters: 640a92adc55f4c5ca5a59e7798736a33
I20260710 13:20:30.565383 17946 raft_consensus.cc:2804] T e9486b9fcf564c7381ea4525f7abc9ba P 7f13a87bfd8643e8bad23a9a5b98bef1 [term 0 FOLLOWER]: Leader pre-election won for term 1
I20260710 13:20:30.565867 17946 raft_consensus.cc:493] T e9486b9fcf564c7381ea4525f7abc9ba P 7f13a87bfd8643e8bad23a9a5b98bef1 [term 0 FOLLOWER]: Starting leader election (no leader contacted us within the election timeout)
I20260710 13:20:30.566313 17946 raft_consensus.cc:3060] T e9486b9fcf564c7381ea4525f7abc9ba P 7f13a87bfd8643e8bad23a9a5b98bef1 [term 0 FOLLOWER]: Advancing to term 1
I20260710 13:20:30.563884 17906 tablet_bootstrap.cc:492] T 749d6db4444249bc89e256b45f4948b9 P e335df548d2042388990a72cd308f88d: Bootstrap starting.
I20260710 13:20:30.565065 17903 consensus_queue.cc:260] T 243ba958f265495fa116529599f5a43c P 640a92adc55f4c5ca5a59e7798736a33 [NON_LEADER]: Queue going to NON_LEADER mode. State: All replicated index: 0, Majority replicated index: 0, Committed index: 0, Last appended: 0.0, Last appended by leader: 0, Current term: 0, Majority size: -1, State: 0, Mode: NON_LEADER, active raft config: opid_index: -1 OBSOLETE_local: false peers { permanent_uuid: "640a92adc55f4c5ca5a59e7798736a33" member_type: VOTER last_known_addr { host: "127.16.51.129" port: 42955 } } peers { permanent_uuid: "7f13a87bfd8643e8bad23a9a5b98bef1" member_type: VOTER last_known_addr { host: "127.16.51.130" port: 33905 } } peers { permanent_uuid: "e335df548d2042388990a72cd308f88d" member_type: VOTER last_known_addr { host: "127.16.51.131" port: 45889 } }
I20260710 13:20:30.577000 17906 tablet_bootstrap.cc:654] T 749d6db4444249bc89e256b45f4948b9 P e335df548d2042388990a72cd308f88d: Neither blocks nor log segments found. Creating new log.
I20260710 13:20:30.576495 17946 raft_consensus.cc:515] T e9486b9fcf564c7381ea4525f7abc9ba P 7f13a87bfd8643e8bad23a9a5b98bef1 [term 1 FOLLOWER]: Starting leader election with config: opid_index: -1 OBSOLETE_local: false peers { permanent_uuid: "640a92adc55f4c5ca5a59e7798736a33" member_type: VOTER last_known_addr { host: "127.16.51.129" port: 42955 } } peers { permanent_uuid: "7f13a87bfd8643e8bad23a9a5b98bef1" member_type: VOTER last_known_addr { host: "127.16.51.130" port: 33905 } } peers { permanent_uuid: "e335df548d2042388990a72cd308f88d" member_type: VOTER last_known_addr { host: "127.16.51.131" port: 45889 } }
I20260710 13:20:30.589910 17905 consensus_queue.cc:1048] T 07a5abefcb01494f85ede97881026f56 P 640a92adc55f4c5ca5a59e7798736a33 [LEADER]: Connected to new peer: Peer: permanent_uuid: "7f13a87bfd8643e8bad23a9a5b98bef1" member_type: VOTER last_known_addr { host: "127.16.51.130" port: 33905 }, Status: LMP_MISMATCH, Last received: 0.0, Next index: 1, Last known committed idx: 0, Time since last communication: 0.000s
I20260710 13:20:30.590449 17946 leader_election.cc:290] T e9486b9fcf564c7381ea4525f7abc9ba P 7f13a87bfd8643e8bad23a9a5b98bef1 [CANDIDATE]: Term 1 election: Requested vote from peers 640a92adc55f4c5ca5a59e7798736a33 (127.16.51.129:42955), e335df548d2042388990a72cd308f88d (127.16.51.131:45889)
I20260710 13:20:30.582989 17908 tablet_bootstrap.cc:492] T 10eb92ecdeb3468ba01fc8b8de9474c0 P 7f13a87bfd8643e8bad23a9a5b98bef1: No bootstrap required, opened a new log
I20260710 13:20:30.591235 17908 ts_tablet_manager.cc:1403] T 10eb92ecdeb3468ba01fc8b8de9474c0 P 7f13a87bfd8643e8bad23a9a5b98bef1: Time spent bootstrapping tablet: real 0.054s	user 0.030s	sys 0.006s
I20260710 13:20:30.591187 17714 tablet_service.cc:1917] Received RequestConsensusVote() RPC: tablet_id: "e9486b9fcf564c7381ea4525f7abc9ba" candidate_uuid: "7f13a87bfd8643e8bad23a9a5b98bef1" candidate_term: 1 candidate_status { last_received { term: 0 index: 0 } } ignore_live_leader: false dest_uuid: "640a92adc55f4c5ca5a59e7798736a33"
I20260710 13:20:30.588351 17949 consensus_queue.cc:1048] T 90a43b59f86043c4a6d01c395062af56 P 7f13a87bfd8643e8bad23a9a5b98bef1 [LEADER]: Connected to new peer: Peer: permanent_uuid: "640a92adc55f4c5ca5a59e7798736a33" member_type: VOTER last_known_addr { host: "127.16.51.129" port: 42955 }, Status: LMP_MISMATCH, Last received: 0.0, Next index: 1, Last known committed idx: 0, Time since last communication: 0.000s
I20260710 13:20:30.594110 17908 raft_consensus.cc:359] T 10eb92ecdeb3468ba01fc8b8de9474c0 P 7f13a87bfd8643e8bad23a9a5b98bef1 [term 0 FOLLOWER]: Replica starting. Triggering 0 pending ops. Active config: opid_index: -1 OBSOLETE_local: false peers { permanent_uuid: "640a92adc55f4c5ca5a59e7798736a33" member_type: VOTER last_known_addr { host: "127.16.51.129" port: 42955 } } peers { permanent_uuid: "7f13a87bfd8643e8bad23a9a5b98bef1" member_type: VOTER last_known_addr { host: "127.16.51.130" port: 33905 } } peers { permanent_uuid: "e335df548d2042388990a72cd308f88d" member_type: VOTER last_known_addr { host: "127.16.51.131" port: 45889 } }
I20260710 13:20:30.595022 17908 raft_consensus.cc:385] T 10eb92ecdeb3468ba01fc8b8de9474c0 P 7f13a87bfd8643e8bad23a9a5b98bef1 [term 0 FOLLOWER]: Consensus starting up: Expiring failure detector timer to make a prompt election more likely
I20260710 13:20:30.595278 17908 raft_consensus.cc:740] T 10eb92ecdeb3468ba01fc8b8de9474c0 P 7f13a87bfd8643e8bad23a9a5b98bef1 [term 0 FOLLOWER]: Becoming Follower/Learner. State: Replica: 7f13a87bfd8643e8bad23a9a5b98bef1, State: Initialized, Role: FOLLOWER
I20260710 13:20:30.595865 17908 consensus_queue.cc:260] T 10eb92ecdeb3468ba01fc8b8de9474c0 P 7f13a87bfd8643e8bad23a9a5b98bef1 [NON_LEADER]: Queue going to NON_LEADER mode. State: All replicated index: 0, Majority replicated index: 0, Committed index: 0, Last appended: 0.0, Last appended by leader: 0, Current term: 0, Majority size: -1, State: 0, Mode: NON_LEADER, active raft config: opid_index: -1 OBSOLETE_local: false peers { permanent_uuid: "640a92adc55f4c5ca5a59e7798736a33" member_type: VOTER last_known_addr { host: "127.16.51.129" port: 42955 } } peers { permanent_uuid: "7f13a87bfd8643e8bad23a9a5b98bef1" member_type: VOTER last_known_addr { host: "127.16.51.130" port: 33905 } } peers { permanent_uuid: "e335df548d2042388990a72cd308f88d" member_type: VOTER last_known_addr { host: "127.16.51.131" port: 45889 } }
W20260710 13:20:30.597820 17752 leader_election.cc:343] T e9486b9fcf564c7381ea4525f7abc9ba P 7f13a87bfd8643e8bad23a9a5b98bef1 [CANDIDATE]: Term 1 election: Tablet error from VoteRequest() call to peer 640a92adc55f4c5ca5a59e7798736a33 (127.16.51.129:42955): Illegal state: must be running to vote when last-logged opid is not known
I20260710 13:20:30.599031 17908 ts_tablet_manager.cc:1434] T 10eb92ecdeb3468ba01fc8b8de9474c0 P 7f13a87bfd8643e8bad23a9a5b98bef1: Time spent starting tablet: real 0.007s	user 0.003s	sys 0.002s
I20260710 13:20:30.599946 17908 tablet_bootstrap.cc:492] T 362da02f23c646c1aefd59f03426c49d P 7f13a87bfd8643e8bad23a9a5b98bef1: Bootstrap starting.
I20260710 13:20:30.586202 17903 ts_tablet_manager.cc:1434] T 243ba958f265495fa116529599f5a43c P 640a92adc55f4c5ca5a59e7798736a33: Time spent starting tablet: real 0.027s	user 0.005s	sys 0.000s
I20260710 13:20:30.606091 17908 tablet_bootstrap.cc:654] T 362da02f23c646c1aefd59f03426c49d P 7f13a87bfd8643e8bad23a9a5b98bef1: Neither blocks nor log segments found. Creating new log.
I20260710 13:20:30.607049 17903 tablet_bootstrap.cc:492] T 576766cd0a654c4dadc7d131e94c3d03 P 640a92adc55f4c5ca5a59e7798736a33: Bootstrap starting.
I20260710 13:20:30.609802 17861 tablet_service.cc:1917] Received RequestConsensusVote() RPC: tablet_id: "e9486b9fcf564c7381ea4525f7abc9ba" candidate_uuid: "7f13a87bfd8643e8bad23a9a5b98bef1" candidate_term: 1 candidate_status { last_received { term: 0 index: 0 } } ignore_live_leader: false dest_uuid: "e335df548d2042388990a72cd308f88d"
I20260710 13:20:30.610562 17861 raft_consensus.cc:3060] T e9486b9fcf564c7381ea4525f7abc9ba P e335df548d2042388990a72cd308f88d [term 0 FOLLOWER]: Advancing to term 1
I20260710 13:20:30.615222 17933 consensus_queue.cc:1048] T 09c90b69388a4af2a48ee17fe5184e7f P e335df548d2042388990a72cd308f88d [LEADER]: Connected to new peer: Peer: permanent_uuid: "7f13a87bfd8643e8bad23a9a5b98bef1" member_type: VOTER last_known_addr { host: "127.16.51.130" port: 33905 }, Status: LMP_MISMATCH, Last received: 0.0, Next index: 1, Last known committed idx: 0, Time since last communication: 0.001s
I20260710 13:20:30.606483 17958 consensus_queue.cc:1048] T 3f4d9afb63fd4c1986a5f4b7041594ed P 640a92adc55f4c5ca5a59e7798736a33 [LEADER]: Connected to new peer: Peer: permanent_uuid: "7f13a87bfd8643e8bad23a9a5b98bef1" member_type: VOTER last_known_addr { host: "127.16.51.130" port: 33905 }, Status: LMP_MISMATCH, Last received: 0.0, Next index: 1, Last known committed idx: 0, Time since last communication: 0.001s
I20260710 13:20:30.622334 17903 tablet_bootstrap.cc:654] T 576766cd0a654c4dadc7d131e94c3d03 P 640a92adc55f4c5ca5a59e7798736a33: Neither blocks nor log segments found. Creating new log.
I20260710 13:20:30.625603 17958 raft_consensus.cc:493] T 243ba958f265495fa116529599f5a43c P 640a92adc55f4c5ca5a59e7798736a33 [term 0 FOLLOWER]: Starting pre-election (no leader contacted us within the election timeout)
I20260710 13:20:30.626570 17958 raft_consensus.cc:515] T 243ba958f265495fa116529599f5a43c P 640a92adc55f4c5ca5a59e7798736a33 [term 0 FOLLOWER]: Starting pre-election with config: opid_index: -1 OBSOLETE_local: false peers { permanent_uuid: "640a92adc55f4c5ca5a59e7798736a33" member_type: VOTER last_known_addr { host: "127.16.51.129" port: 42955 } } peers { permanent_uuid: "7f13a87bfd8643e8bad23a9a5b98bef1" member_type: VOTER last_known_addr { host: "127.16.51.130" port: 33905 } } peers { permanent_uuid: "e335df548d2042388990a72cd308f88d" member_type: VOTER last_known_addr { host: "127.16.51.131" port: 45889 } }
I20260710 13:20:30.631536 17861 raft_consensus.cc:2468] T e9486b9fcf564c7381ea4525f7abc9ba P e335df548d2042388990a72cd308f88d [term 1 FOLLOWER]: Leader election vote request: Granting yes vote for candidate 7f13a87bfd8643e8bad23a9a5b98bef1 in term 1.
I20260710 13:20:30.633855 17863 tablet_service.cc:1917] Received RequestConsensusVote() RPC: tablet_id: "243ba958f265495fa116529599f5a43c" candidate_uuid: "640a92adc55f4c5ca5a59e7798736a33" candidate_term: 1 candidate_status { last_received { term: 0 index: 0 } } ignore_live_leader: false dest_uuid: "e335df548d2042388990a72cd308f88d" is_pre_election: true
I20260710 13:20:30.634608 17863 raft_consensus.cc:2468] T 243ba958f265495fa116529599f5a43c P e335df548d2042388990a72cd308f88d [term 0 FOLLOWER]: Leader pre-election vote request: Granting yes vote for candidate 640a92adc55f4c5ca5a59e7798736a33 in term 0.
I20260710 13:20:30.632512 17958 leader_election.cc:290] T 243ba958f265495fa116529599f5a43c P 640a92adc55f4c5ca5a59e7798736a33 [CANDIDATE]: Term 1 pre-election: Requested pre-vote from peers 7f13a87bfd8643e8bad23a9a5b98bef1 (127.16.51.130:33905), e335df548d2042388990a72cd308f88d (127.16.51.131:45889)
I20260710 13:20:30.645458 17906 tablet_bootstrap.cc:492] T 749d6db4444249bc89e256b45f4948b9 P e335df548d2042388990a72cd308f88d: No bootstrap required, opened a new log
I20260710 13:20:30.645308 17786 tablet_service.cc:1917] Received RequestConsensusVote() RPC: tablet_id: "243ba958f265495fa116529599f5a43c" candidate_uuid: "640a92adc55f4c5ca5a59e7798736a33" candidate_term: 1 candidate_status { last_received { term: 0 index: 0 } } ignore_live_leader: false dest_uuid: "7f13a87bfd8643e8bad23a9a5b98bef1" is_pre_election: true
I20260710 13:20:30.645934 17906 ts_tablet_manager.cc:1403] T 749d6db4444249bc89e256b45f4948b9 P e335df548d2042388990a72cd308f88d: Time spent bootstrapping tablet: real 0.082s	user 0.025s	sys 0.019s
I20260710 13:20:30.648994 17679 leader_election.cc:304] T 243ba958f265495fa116529599f5a43c P 640a92adc55f4c5ca5a59e7798736a33 [CANDIDATE]: Term 1 pre-election: Election decided. Result: candidate won. Election summary: received 2 responses out of 3 voters: 2 yes votes; 0 no votes. yes voters: 640a92adc55f4c5ca5a59e7798736a33, e335df548d2042388990a72cd308f88d; no voters: 
I20260710 13:20:30.649755 17905 raft_consensus.cc:493] T 749d6db4444249bc89e256b45f4948b9 P 640a92adc55f4c5ca5a59e7798736a33 [term 0 FOLLOWER]: Starting pre-election (no leader contacted us within the election timeout)
I20260710 13:20:30.639243 17754 leader_election.cc:304] T e9486b9fcf564c7381ea4525f7abc9ba P 7f13a87bfd8643e8bad23a9a5b98bef1 [CANDIDATE]: Term 1 election: Election decided. Result: candidate won. Election summary: received 3 responses out of 3 voters: 2 yes votes; 1 no votes. yes voters: 7f13a87bfd8643e8bad23a9a5b98bef1, e335df548d2042388990a72cd308f88d; no voters: 640a92adc55f4c5ca5a59e7798736a33
I20260710 13:20:30.651068 17933 consensus_queue.cc:1048] T 09c90b69388a4af2a48ee17fe5184e7f P e335df548d2042388990a72cd308f88d [LEADER]: Connected to new peer: Peer: permanent_uuid: "640a92adc55f4c5ca5a59e7798736a33" member_type: VOTER last_known_addr { host: "127.16.51.129" port: 42955 }, Status: LMP_MISMATCH, Last received: 0.0, Next index: 1, Last known committed idx: 0, Time since last communication: 0.000s
I20260710 13:20:30.651515 17957 raft_consensus.cc:2804] T 243ba958f265495fa116529599f5a43c P 640a92adc55f4c5ca5a59e7798736a33 [term 0 FOLLOWER]: Leader pre-election won for term 1
I20260710 13:20:30.650933 17905 raft_consensus.cc:515] T 749d6db4444249bc89e256b45f4948b9 P 640a92adc55f4c5ca5a59e7798736a33 [term 0 FOLLOWER]: Starting pre-election with config: opid_index: -1 OBSOLETE_local: false peers { permanent_uuid: "640a92adc55f4c5ca5a59e7798736a33" member_type: VOTER last_known_addr { host: "127.16.51.129" port: 42955 } } peers { permanent_uuid: "7f13a87bfd8643e8bad23a9a5b98bef1" member_type: VOTER last_known_addr { host: "127.16.51.130" port: 33905 } } peers { permanent_uuid: "e335df548d2042388990a72cd308f88d" member_type: VOTER last_known_addr { host: "127.16.51.131" port: 45889 } }
I20260710 13:20:30.651924 17957 raft_consensus.cc:493] T 243ba958f265495fa116529599f5a43c P 640a92adc55f4c5ca5a59e7798736a33 [term 0 FOLLOWER]: Starting leader election (no leader contacted us within the election timeout)
I20260710 13:20:30.652287 17957 raft_consensus.cc:3060] T 243ba958f265495fa116529599f5a43c P 640a92adc55f4c5ca5a59e7798736a33 [term 0 FOLLOWER]: Advancing to term 1
I20260710 13:20:30.653335 17905 leader_election.cc:290] T 749d6db4444249bc89e256b45f4948b9 P 640a92adc55f4c5ca5a59e7798736a33 [CANDIDATE]: Term 1 pre-election: Requested pre-vote from peers 7f13a87bfd8643e8bad23a9a5b98bef1 (127.16.51.130:33905), e335df548d2042388990a72cd308f88d (127.16.51.131:45889)
I20260710 13:20:30.653677 17906 raft_consensus.cc:359] T 749d6db4444249bc89e256b45f4948b9 P e335df548d2042388990a72cd308f88d [term 0 FOLLOWER]: Replica starting. Triggering 0 pending ops. Active config: opid_index: -1 OBSOLETE_local: false peers { permanent_uuid: "640a92adc55f4c5ca5a59e7798736a33" member_type: VOTER last_known_addr { host: "127.16.51.129" port: 42955 } } peers { permanent_uuid: "7f13a87bfd8643e8bad23a9a5b98bef1" member_type: VOTER last_known_addr { host: "127.16.51.130" port: 33905 } } peers { permanent_uuid: "e335df548d2042388990a72cd308f88d" member_type: VOTER last_known_addr { host: "127.16.51.131" port: 45889 } }
I20260710 13:20:30.651320 17949 raft_consensus.cc:2804] T e9486b9fcf564c7381ea4525f7abc9ba P 7f13a87bfd8643e8bad23a9a5b98bef1 [term 1 FOLLOWER]: Leader election won for term 1
I20260710 13:20:30.654361 17906 raft_consensus.cc:385] T 749d6db4444249bc89e256b45f4948b9 P e335df548d2042388990a72cd308f88d [term 0 FOLLOWER]: Consensus starting up: Expiring failure detector timer to make a prompt election more likely
I20260710 13:20:30.654639 17949 raft_consensus.cc:697] T e9486b9fcf564c7381ea4525f7abc9ba P 7f13a87bfd8643e8bad23a9a5b98bef1 [term 1 LEADER]: Becoming Leader. State: Replica: 7f13a87bfd8643e8bad23a9a5b98bef1, State: Running, Role: LEADER
W20260710 13:20:30.655531 17679 leader_election.cc:343] T 243ba958f265495fa116529599f5a43c P 640a92adc55f4c5ca5a59e7798736a33 [CANDIDATE]: Term 1 pre-election: Tablet error from VoteRequest() call to peer 7f13a87bfd8643e8bad23a9a5b98bef1 (127.16.51.130:33905): Illegal state: must be running to vote when last-logged opid is not known
I20260710 13:20:30.656335 17906 raft_consensus.cc:740] T 749d6db4444249bc89e256b45f4948b9 P e335df548d2042388990a72cd308f88d [term 0 FOLLOWER]: Becoming Follower/Learner. State: Replica: e335df548d2042388990a72cd308f88d, State: Initialized, Role: FOLLOWER
I20260710 13:20:30.658063 17906 consensus_queue.cc:260] T 749d6db4444249bc89e256b45f4948b9 P e335df548d2042388990a72cd308f88d [NON_LEADER]: Queue going to NON_LEADER mode. State: All replicated index: 0, Majority replicated index: 0, Committed index: 0, Last appended: 0.0, Last appended by leader: 0, Current term: 0, Majority size: -1, State: 0, Mode: NON_LEADER, active raft config: opid_index: -1 OBSOLETE_local: false peers { permanent_uuid: "640a92adc55f4c5ca5a59e7798736a33" member_type: VOTER last_known_addr { host: "127.16.51.129" port: 42955 } } peers { permanent_uuid: "7f13a87bfd8643e8bad23a9a5b98bef1" member_type: VOTER last_known_addr { host: "127.16.51.130" port: 33905 } } peers { permanent_uuid: "e335df548d2042388990a72cd308f88d" member_type: VOTER last_known_addr { host: "127.16.51.131" port: 45889 } }
I20260710 13:20:30.655706 17949 consensus_queue.cc:237] T e9486b9fcf564c7381ea4525f7abc9ba P 7f13a87bfd8643e8bad23a9a5b98bef1 [LEADER]: Queue going to LEADER mode. State: All replicated index: 0, Majority replicated index: 0, Committed index: 0, Last appended: 0.0, Last appended by leader: 0, Current term: 1, Majority size: 2, State: 0, Mode: LEADER, active raft config: opid_index: -1 OBSOLETE_local: false peers { permanent_uuid: "640a92adc55f4c5ca5a59e7798736a33" member_type: VOTER last_known_addr { host: "127.16.51.129" port: 42955 } } peers { permanent_uuid: "7f13a87bfd8643e8bad23a9a5b98bef1" member_type: VOTER last_known_addr { host: "127.16.51.130" port: 33905 } } peers { permanent_uuid: "e335df548d2042388990a72cd308f88d" member_type: VOTER last_known_addr { host: "127.16.51.131" port: 45889 } }
I20260710 13:20:30.662261 17863 tablet_service.cc:1917] Received RequestConsensusVote() RPC: tablet_id: "749d6db4444249bc89e256b45f4948b9" candidate_uuid: "640a92adc55f4c5ca5a59e7798736a33" candidate_term: 1 candidate_status { last_received { term: 0 index: 0 } } ignore_live_leader: false dest_uuid: "e335df548d2042388990a72cd308f88d" is_pre_election: true
I20260710 13:20:30.663120 17863 raft_consensus.cc:2468] T 749d6db4444249bc89e256b45f4948b9 P e335df548d2042388990a72cd308f88d [term 0 FOLLOWER]: Leader pre-election vote request: Granting yes vote for candidate 640a92adc55f4c5ca5a59e7798736a33 in term 0.
I20260710 13:20:30.667804 17908 tablet_bootstrap.cc:492] T 362da02f23c646c1aefd59f03426c49d P 7f13a87bfd8643e8bad23a9a5b98bef1: No bootstrap required, opened a new log
I20260710 13:20:30.668249 17908 ts_tablet_manager.cc:1403] T 362da02f23c646c1aefd59f03426c49d P 7f13a87bfd8643e8bad23a9a5b98bef1: Time spent bootstrapping tablet: real 0.068s	user 0.015s	sys 0.000s
I20260710 13:20:30.670020 17906 ts_tablet_manager.cc:1434] T 749d6db4444249bc89e256b45f4948b9 P e335df548d2042388990a72cd308f88d: Time spent starting tablet: real 0.023s	user 0.007s	sys 0.002s
I20260710 13:20:30.671504 17906 tablet_bootstrap.cc:492] T d91faf65c8ee4472bb51f077e270da41 P e335df548d2042388990a72cd308f88d: Bootstrap starting.
I20260710 13:20:30.669735 17946 consensus_queue.cc:1048] T 90a43b59f86043c4a6d01c395062af56 P 7f13a87bfd8643e8bad23a9a5b98bef1 [LEADER]: Connected to new peer: Peer: permanent_uuid: "e335df548d2042388990a72cd308f88d" member_type: VOTER last_known_addr { host: "127.16.51.131" port: 45889 }, Status: LMP_MISMATCH, Last received: 0.0, Next index: 1, Last known committed idx: 0, Time since last communication: 0.003s
I20260710 13:20:30.674842 17908 raft_consensus.cc:359] T 362da02f23c646c1aefd59f03426c49d P 7f13a87bfd8643e8bad23a9a5b98bef1 [term 0 FOLLOWER]: Replica starting. Triggering 0 pending ops. Active config: opid_index: -1 OBSOLETE_local: false peers { permanent_uuid: "640a92adc55f4c5ca5a59e7798736a33" member_type: VOTER last_known_addr { host: "127.16.51.129" port: 42955 } } peers { permanent_uuid: "7f13a87bfd8643e8bad23a9a5b98bef1" member_type: VOTER last_known_addr { host: "127.16.51.130" port: 33905 } } peers { permanent_uuid: "e335df548d2042388990a72cd308f88d" member_type: VOTER last_known_addr { host: "127.16.51.131" port: 45889 } }
I20260710 13:20:30.676585 17908 raft_consensus.cc:385] T 362da02f23c646c1aefd59f03426c49d P 7f13a87bfd8643e8bad23a9a5b98bef1 [term 0 FOLLOWER]: Consensus starting up: Expiring failure detector timer to make a prompt election more likely
I20260710 13:20:30.676960 17908 raft_consensus.cc:740] T 362da02f23c646c1aefd59f03426c49d P 7f13a87bfd8643e8bad23a9a5b98bef1 [term 0 FOLLOWER]: Becoming Follower/Learner. State: Replica: 7f13a87bfd8643e8bad23a9a5b98bef1, State: Initialized, Role: FOLLOWER
I20260710 13:20:30.678836 17786 tablet_service.cc:1917] Received RequestConsensusVote() RPC: tablet_id: "749d6db4444249bc89e256b45f4948b9" candidate_uuid: "640a92adc55f4c5ca5a59e7798736a33" candidate_term: 1 candidate_status { last_received { term: 0 index: 0 } } ignore_live_leader: false dest_uuid: "7f13a87bfd8643e8bad23a9a5b98bef1" is_pre_election: true
I20260710 13:20:30.679466 17786 raft_consensus.cc:2468] T 749d6db4444249bc89e256b45f4948b9 P 7f13a87bfd8643e8bad23a9a5b98bef1 [term 0 FOLLOWER]: Leader pre-election vote request: Granting yes vote for candidate 640a92adc55f4c5ca5a59e7798736a33 in term 0.
I20260710 13:20:30.669759 17679 leader_election.cc:304] T 749d6db4444249bc89e256b45f4948b9 P 640a92adc55f4c5ca5a59e7798736a33 [CANDIDATE]: Term 1 pre-election: Election decided. Result: candidate won. Election summary: received 2 responses out of 3 voters: 2 yes votes; 0 no votes. yes voters: 640a92adc55f4c5ca5a59e7798736a33, e335df548d2042388990a72cd308f88d; no voters: 
I20260710 13:20:30.691175 17958 raft_consensus.cc:2804] T 749d6db4444249bc89e256b45f4948b9 P 640a92adc55f4c5ca5a59e7798736a33 [term 0 FOLLOWER]: Leader pre-election won for term 1
I20260710 13:20:30.691740 17958 raft_consensus.cc:493] T 749d6db4444249bc89e256b45f4948b9 P 640a92adc55f4c5ca5a59e7798736a33 [term 0 FOLLOWER]: Starting leader election (no leader contacted us within the election timeout)
I20260710 13:20:30.692168 17958 raft_consensus.cc:3060] T 749d6db4444249bc89e256b45f4948b9 P 640a92adc55f4c5ca5a59e7798736a33 [term 0 FOLLOWER]: Advancing to term 1
I20260710 13:20:30.717003 17958 raft_consensus.cc:515] T 749d6db4444249bc89e256b45f4948b9 P 640a92adc55f4c5ca5a59e7798736a33 [term 1 FOLLOWER]: Starting leader election with config: opid_index: -1 OBSOLETE_local: false peers { permanent_uuid: "640a92adc55f4c5ca5a59e7798736a33" member_type: VOTER last_known_addr { host: "127.16.51.129" port: 42955 } } peers { permanent_uuid: "7f13a87bfd8643e8bad23a9a5b98bef1" member_type: VOTER last_known_addr { host: "127.16.51.130" port: 33905 } } peers { permanent_uuid: "e335df548d2042388990a72cd308f88d" member_type: VOTER last_known_addr { host: "127.16.51.131" port: 45889 } }
I20260710 13:20:30.720762 17958 leader_election.cc:290] T 749d6db4444249bc89e256b45f4948b9 P 640a92adc55f4c5ca5a59e7798736a33 [CANDIDATE]: Term 1 election: Requested vote from peers 7f13a87bfd8643e8bad23a9a5b98bef1 (127.16.51.130:33905), e335df548d2042388990a72cd308f88d (127.16.51.131:45889)
I20260710 13:20:30.725406 17946 raft_consensus.cc:493] T 10eb92ecdeb3468ba01fc8b8de9474c0 P 7f13a87bfd8643e8bad23a9a5b98bef1 [term 0 FOLLOWER]: Starting pre-election (no leader contacted us within the election timeout)
I20260710 13:20:30.726154 17946 raft_consensus.cc:515] T 10eb92ecdeb3468ba01fc8b8de9474c0 P 7f13a87bfd8643e8bad23a9a5b98bef1 [term 0 FOLLOWER]: Starting pre-election with config: opid_index: -1 OBSOLETE_local: false peers { permanent_uuid: "640a92adc55f4c5ca5a59e7798736a33" member_type: VOTER last_known_addr { host: "127.16.51.129" port: 42955 } } peers { permanent_uuid: "7f13a87bfd8643e8bad23a9a5b98bef1" member_type: VOTER last_known_addr { host: "127.16.51.130" port: 33905 } } peers { permanent_uuid: "e335df548d2042388990a72cd308f88d" member_type: VOTER last_known_addr { host: "127.16.51.131" port: 45889 } }
I20260710 13:20:30.747882 17957 raft_consensus.cc:515] T 243ba958f265495fa116529599f5a43c P 640a92adc55f4c5ca5a59e7798736a33 [term 1 FOLLOWER]: Starting leader election with config: opid_index: -1 OBSOLETE_local: false peers { permanent_uuid: "640a92adc55f4c5ca5a59e7798736a33" member_type: VOTER last_known_addr { host: "127.16.51.129" port: 42955 } } peers { permanent_uuid: "7f13a87bfd8643e8bad23a9a5b98bef1" member_type: VOTER last_known_addr { host: "127.16.51.130" port: 33905 } } peers { permanent_uuid: "e335df548d2042388990a72cd308f88d" member_type: VOTER last_known_addr { host: "127.16.51.131" port: 45889 } }
I20260710 13:20:30.765575 17908 consensus_queue.cc:260] T 362da02f23c646c1aefd59f03426c49d P 7f13a87bfd8643e8bad23a9a5b98bef1 [NON_LEADER]: Queue going to NON_LEADER mode. State: All replicated index: 0, Majority replicated index: 0, Committed index: 0, Last appended: 0.0, Last appended by leader: 0, Current term: 0, Majority size: -1, State: 0, Mode: NON_LEADER, active raft config: opid_index: -1 OBSOLETE_local: false peers { permanent_uuid: "640a92adc55f4c5ca5a59e7798736a33" member_type: VOTER last_known_addr { host: "127.16.51.129" port: 42955 } } peers { permanent_uuid: "7f13a87bfd8643e8bad23a9a5b98bef1" member_type: VOTER last_known_addr { host: "127.16.51.130" port: 33905 } } peers { permanent_uuid: "e335df548d2042388990a72cd308f88d" member_type: VOTER last_known_addr { host: "127.16.51.131" port: 45889 } }
I20260710 13:20:30.763262 17946 leader_election.cc:290] T 10eb92ecdeb3468ba01fc8b8de9474c0 P 7f13a87bfd8643e8bad23a9a5b98bef1 [CANDIDATE]: Term 1 pre-election: Requested pre-vote from peers 640a92adc55f4c5ca5a59e7798736a33 (127.16.51.129:42955), e335df548d2042388990a72cd308f88d (127.16.51.131:45889)
I20260710 13:20:30.765228 17862 tablet_service.cc:1917] Received RequestConsensusVote() RPC: tablet_id: "10eb92ecdeb3468ba01fc8b8de9474c0" candidate_uuid: "7f13a87bfd8643e8bad23a9a5b98bef1" candidate_term: 1 candidate_status { last_received { term: 0 index: 0 } } ignore_live_leader: false dest_uuid: "e335df548d2042388990a72cd308f88d" is_pre_election: true
I20260710 13:20:30.783787 17862 raft_consensus.cc:2468] T 10eb92ecdeb3468ba01fc8b8de9474c0 P e335df548d2042388990a72cd308f88d [term 0 FOLLOWER]: Leader pre-election vote request: Granting yes vote for candidate 7f13a87bfd8643e8bad23a9a5b98bef1 in term 0.
I20260710 13:20:30.768886 17958 consensus_queue.cc:1048] T 3f4d9afb63fd4c1986a5f4b7041594ed P 640a92adc55f4c5ca5a59e7798736a33 [LEADER]: Connected to new peer: Peer: permanent_uuid: "e335df548d2042388990a72cd308f88d" member_type: VOTER last_known_addr { host: "127.16.51.131" port: 45889 }, Status: LMP_MISMATCH, Last received: 0.0, Next index: 1, Last known committed idx: 0, Time since last communication: 0.016s
I20260710 13:20:30.768447 17859 tablet_service.cc:1917] Received RequestConsensusVote() RPC: tablet_id: "243ba958f265495fa116529599f5a43c" candidate_uuid: "640a92adc55f4c5ca5a59e7798736a33" candidate_term: 1 candidate_status { last_received { term: 0 index: 0 } } ignore_live_leader: false dest_uuid: "e335df548d2042388990a72cd308f88d"
I20260710 13:20:30.750617 17957 leader_election.cc:290] T 243ba958f265495fa116529599f5a43c P 640a92adc55f4c5ca5a59e7798736a33 [CANDIDATE]: Term 1 election: Requested vote from peers 7f13a87bfd8643e8bad23a9a5b98bef1 (127.16.51.130:33905), e335df548d2042388990a72cd308f88d (127.16.51.131:45889)
I20260710 13:20:30.769888 17711 tablet_service.cc:1917] Received RequestConsensusVote() RPC: tablet_id: "10eb92ecdeb3468ba01fc8b8de9474c0" candidate_uuid: "7f13a87bfd8643e8bad23a9a5b98bef1" candidate_term: 1 candidate_status { last_received { term: 0 index: 0 } } ignore_live_leader: false dest_uuid: "640a92adc55f4c5ca5a59e7798736a33" is_pre_election: true
I20260710 13:20:30.764516 17861 tablet_service.cc:1917] Received RequestConsensusVote() RPC: tablet_id: "749d6db4444249bc89e256b45f4948b9" candidate_uuid: "640a92adc55f4c5ca5a59e7798736a33" candidate_term: 1 candidate_status { last_received { term: 0 index: 0 } } ignore_live_leader: false dest_uuid: "e335df548d2042388990a72cd308f88d"
I20260710 13:20:30.765239 17787 tablet_service.cc:1917] Received RequestConsensusVote() RPC: tablet_id: "749d6db4444249bc89e256b45f4948b9" candidate_uuid: "640a92adc55f4c5ca5a59e7798736a33" candidate_term: 1 candidate_status { last_received { term: 0 index: 0 } } ignore_live_leader: false dest_uuid: "7f13a87bfd8643e8bad23a9a5b98bef1"
I20260710 13:20:30.788165 17908 ts_tablet_manager.cc:1434] T 362da02f23c646c1aefd59f03426c49d P 7f13a87bfd8643e8bad23a9a5b98bef1: Time spent starting tablet: real 0.120s	user 0.013s	sys 0.004s
I20260710 13:20:30.791568 17788 tablet_service.cc:1917] Received RequestConsensusVote() RPC: tablet_id: "243ba958f265495fa116529599f5a43c" candidate_uuid: "640a92adc55f4c5ca5a59e7798736a33" candidate_term: 1 candidate_status { last_received { term: 0 index: 0 } } ignore_live_leader: false dest_uuid: "7f13a87bfd8643e8bad23a9a5b98bef1"
I20260710 13:20:30.792868 17711 raft_consensus.cc:2468] T 10eb92ecdeb3468ba01fc8b8de9474c0 P 640a92adc55f4c5ca5a59e7798736a33 [term 0 FOLLOWER]: Leader pre-election vote request: Granting yes vote for candidate 7f13a87bfd8643e8bad23a9a5b98bef1 in term 0.
I20260710 13:20:30.793407 17754 leader_election.cc:304] T 10eb92ecdeb3468ba01fc8b8de9474c0 P 7f13a87bfd8643e8bad23a9a5b98bef1 [CANDIDATE]: Term 1 pre-election: Election decided. Result: candidate won. Election summary: received 2 responses out of 3 voters: 2 yes votes; 0 no votes. yes voters: 7f13a87bfd8643e8bad23a9a5b98bef1, e335df548d2042388990a72cd308f88d; no voters: 
I20260710 13:20:30.790961 17787 raft_consensus.cc:3060] T 749d6db4444249bc89e256b45f4948b9 P 7f13a87bfd8643e8bad23a9a5b98bef1 [term 0 FOLLOWER]: Advancing to term 1
I20260710 13:20:30.790793 17861 raft_consensus.cc:3060] T 749d6db4444249bc89e256b45f4948b9 P e335df548d2042388990a72cd308f88d [term 0 FOLLOWER]: Advancing to term 1
I20260710 13:20:30.787415 17958 raft_consensus.cc:493] T 732b2665c01347bcaee5d5d9faebfac1 P 640a92adc55f4c5ca5a59e7798736a33 [term 0 FOLLOWER]: Starting pre-election (no leader contacted us within the election timeout)
I20260710 13:20:30.785365 17859 raft_consensus.cc:3060] T 243ba958f265495fa116529599f5a43c P e335df548d2042388990a72cd308f88d [term 0 FOLLOWER]: Advancing to term 1
I20260710 13:20:30.799100 17908 tablet_bootstrap.cc:492] T b37f829779014e8eba2f269f625f2caf P 7f13a87bfd8643e8bad23a9a5b98bef1: Bootstrap starting.
I20260710 13:20:30.801550 17903 tablet_bootstrap.cc:492] T 576766cd0a654c4dadc7d131e94c3d03 P 640a92adc55f4c5ca5a59e7798736a33: No bootstrap required, opened a new log
I20260710 13:20:30.802237 17903 ts_tablet_manager.cc:1403] T 576766cd0a654c4dadc7d131e94c3d03 P 640a92adc55f4c5ca5a59e7798736a33: Time spent bootstrapping tablet: real 0.195s	user 0.013s	sys 0.001s
I20260710 13:20:30.808005 17952 raft_consensus.cc:2804] T 10eb92ecdeb3468ba01fc8b8de9474c0 P 7f13a87bfd8643e8bad23a9a5b98bef1 [term 0 FOLLOWER]: Leader pre-election won for term 1
