I20260710 13:14:48.887290  1255 raft_consensus.cc:359] T af2e7739d7f14dc9a194270643fc329c P e1ad3b6fcb1f4fdd9919074da0204d34 [term 0 FOLLOWER]: Replica starting. Triggering 0 pending ops. Active config: opid_index: -1 OBSOLETE_local: false peers { permanent_uuid: "800fa340068842159eb52d70d590adca" member_type: VOTER last_known_addr { host: "127.0.107.193" port: 40329 } } peers { permanent_uuid: "4e533740ab4d4ab7842e0b023cbe7f44" member_type: VOTER last_known_addr { host: "127.0.107.194" port: 35907 } } peers { permanent_uuid: "e1ad3b6fcb1f4fdd9919074da0204d34" member_type: VOTER last_known_addr { host: "127.0.107.195" port: 46663 } }
I20260710 13:14:48.887394  1256 raft_consensus.cc:359] T af2e7739d7f14dc9a194270643fc329c P 4e533740ab4d4ab7842e0b023cbe7f44 [term 0 FOLLOWER]: Replica starting. Triggering 0 pending ops. Active config: opid_index: -1 OBSOLETE_local: false peers { permanent_uuid: "800fa340068842159eb52d70d590adca" member_type: VOTER last_known_addr { host: "127.0.107.193" port: 40329 } } peers { permanent_uuid: "4e533740ab4d4ab7842e0b023cbe7f44" member_type: VOTER last_known_addr { host: "127.0.107.194" port: 35907 } } peers { permanent_uuid: "e1ad3b6fcb1f4fdd9919074da0204d34" member_type: VOTER last_known_addr { host: "127.0.107.195" port: 46663 } }
I20260710 13:14:48.888235  1255 raft_consensus.cc:385] T af2e7739d7f14dc9a194270643fc329c P e1ad3b6fcb1f4fdd9919074da0204d34 [term 0 FOLLOWER]: Consensus starting up: Expiring failure detector timer to make a prompt election more likely
I20260710 13:14:48.888319  1256 raft_consensus.cc:385] T af2e7739d7f14dc9a194270643fc329c P 4e533740ab4d4ab7842e0b023cbe7f44 [term 0 FOLLOWER]: Consensus starting up: Expiring failure detector timer to make a prompt election more likely
I20260710 13:14:48.888656  1255 raft_consensus.cc:740] T af2e7739d7f14dc9a194270643fc329c P e1ad3b6fcb1f4fdd9919074da0204d34 [term 0 FOLLOWER]: Becoming Follower/Learner. State: Replica: e1ad3b6fcb1f4fdd9919074da0204d34, State: Initialized, Role: FOLLOWER
I20260710 13:14:48.888760  1256 raft_consensus.cc:740] T af2e7739d7f14dc9a194270643fc329c P 4e533740ab4d4ab7842e0b023cbe7f44 [term 0 FOLLOWER]: Becoming Follower/Learner. State: Replica: 4e533740ab4d4ab7842e0b023cbe7f44, State: Initialized, Role: FOLLOWER
I20260710 13:14:48.888357  1254 consensus_queue.cc:260] T b78565d5f296480eab5015a227a65889 P 800fa340068842159eb52d70d590adca [NON_LEADER]: Queue going to NON_LEADER mode. State: All replicated index: 0, Majority replicated index: 0, Committed index: 0, Last appended: 0.0, Last appended by leader: 0, Current term: 0, Majority size: -1, State: 0, Mode: NON_LEADER, active raft config: opid_index: -1 OBSOLETE_local: false peers { permanent_uuid: "800fa340068842159eb52d70d590adca" member_type: VOTER last_known_addr { host: "127.0.107.193" port: 40329 } } peers { permanent_uuid: "4e533740ab4d4ab7842e0b023cbe7f44" member_type: VOTER last_known_addr { host: "127.0.107.194" port: 35907 } } peers { permanent_uuid: "e1ad3b6fcb1f4fdd9919074da0204d34" member_type: VOTER last_known_addr { host: "127.0.107.195" port: 46663 } }
I20260710 13:14:48.889518  1256 consensus_queue.cc:260] T af2e7739d7f14dc9a194270643fc329c P 4e533740ab4d4ab7842e0b023cbe7f44 [NON_LEADER]: Queue going to NON_LEADER mode. State: All replicated index: 0, Majority replicated index: 0, Committed index: 0, Last appended: 0.0, Last appended by leader: 0, Current term: 0, Majority size: -1, State: 0, Mode: NON_LEADER, active raft config: opid_index: -1 OBSOLETE_local: false peers { permanent_uuid: "800fa340068842159eb52d70d590adca" member_type: VOTER last_known_addr { host: "127.0.107.193" port: 40329 } } peers { permanent_uuid: "4e533740ab4d4ab7842e0b023cbe7f44" member_type: VOTER last_known_addr { host: "127.0.107.194" port: 35907 } } peers { permanent_uuid: "e1ad3b6fcb1f4fdd9919074da0204d34" member_type: VOTER last_known_addr { host: "127.0.107.195" port: 46663 } }
I20260710 13:14:48.889526  1255 consensus_queue.cc:260] T af2e7739d7f14dc9a194270643fc329c P e1ad3b6fcb1f4fdd9919074da0204d34 [NON_LEADER]: Queue going to NON_LEADER mode. State: All replicated index: 0, Majority replicated index: 0, Committed index: 0, Last appended: 0.0, Last appended by leader: 0, Current term: 0, Majority size: -1, State: 0, Mode: NON_LEADER, active raft config: opid_index: -1 OBSOLETE_local: false peers { permanent_uuid: "800fa340068842159eb52d70d590adca" member_type: VOTER last_known_addr { host: "127.0.107.193" port: 40329 } } peers { permanent_uuid: "4e533740ab4d4ab7842e0b023cbe7f44" member_type: VOTER last_known_addr { host: "127.0.107.194" port: 35907 } } peers { permanent_uuid: "e1ad3b6fcb1f4fdd9919074da0204d34" member_type: VOTER last_known_addr { host: "127.0.107.195" port: 46663 } }
I20260710 13:14:48.890794  1254 ts_tablet_manager.cc:1434] T b78565d5f296480eab5015a227a65889 P 800fa340068842159eb52d70d590adca: Time spent starting tablet: real 0.006s	user 0.006s	sys 0.000s
I20260710 13:14:48.891830  1254 tablet_bootstrap.cc:492] T 6b1be42e1f524d168f847885c4bed159 P 800fa340068842159eb52d70d590adca: Bootstrap starting.
I20260710 13:14:48.892315  1255 ts_tablet_manager.cc:1434] T af2e7739d7f14dc9a194270643fc329c P e1ad3b6fcb1f4fdd9919074da0204d34: Time spent starting tablet: real 0.008s	user 0.005s	sys 0.001s
I20260710 13:14:48.893427  1255 tablet_bootstrap.cc:492] T 31812e935cb74e23afd8f0d0bd713eb8 P e1ad3b6fcb1f4fdd9919074da0204d34: Bootstrap starting.
I20260710 13:14:48.894276  1256 ts_tablet_manager.cc:1434] T af2e7739d7f14dc9a194270643fc329c P 4e533740ab4d4ab7842e0b023cbe7f44: Time spent starting tablet: real 0.009s	user 0.004s	sys 0.002s
I20260710 13:14:48.895289  1256 tablet_bootstrap.cc:492] T f4d56c83f2034b73b8e4943691584cf6 P 4e533740ab4d4ab7842e0b023cbe7f44: Bootstrap starting.
I20260710 13:14:48.898429  1254 tablet_bootstrap.cc:654] T 6b1be42e1f524d168f847885c4bed159 P 800fa340068842159eb52d70d590adca: Neither blocks nor log segments found. Creating new log.
I20260710 13:14:48.900341  1255 tablet_bootstrap.cc:654] T 31812e935cb74e23afd8f0d0bd713eb8 P e1ad3b6fcb1f4fdd9919074da0204d34: Neither blocks nor log segments found. Creating new log.
I20260710 13:14:48.901783  1256 tablet_bootstrap.cc:654] T f4d56c83f2034b73b8e4943691584cf6 P 4e533740ab4d4ab7842e0b023cbe7f44: Neither blocks nor log segments found. Creating new log.
I20260710 13:14:48.910200  1254 tablet_bootstrap.cc:492] T 6b1be42e1f524d168f847885c4bed159 P 800fa340068842159eb52d70d590adca: No bootstrap required, opened a new log
I20260710 13:14:48.910775  1254 ts_tablet_manager.cc:1403] T 6b1be42e1f524d168f847885c4bed159 P 800fa340068842159eb52d70d590adca: Time spent bootstrapping tablet: real 0.019s	user 0.011s	sys 0.004s
I20260710 13:14:48.914044  1255 tablet_bootstrap.cc:492] T 31812e935cb74e23afd8f0d0bd713eb8 P e1ad3b6fcb1f4fdd9919074da0204d34: No bootstrap required, opened a new log
I20260710 13:14:48.913815  1254 raft_consensus.cc:359] T 6b1be42e1f524d168f847885c4bed159 P 800fa340068842159eb52d70d590adca [term 0 FOLLOWER]: Replica starting. Triggering 0 pending ops. Active config: opid_index: -1 OBSOLETE_local: false peers { permanent_uuid: "800fa340068842159eb52d70d590adca" member_type: VOTER last_known_addr { host: "127.0.107.193" port: 40329 } } peers { permanent_uuid: "4e533740ab4d4ab7842e0b023cbe7f44" member_type: VOTER last_known_addr { host: "127.0.107.194" port: 35907 } } peers { permanent_uuid: "e1ad3b6fcb1f4fdd9919074da0204d34" member_type: VOTER last_known_addr { host: "127.0.107.195" port: 46663 } }
I20260710 13:14:48.914618  1254 raft_consensus.cc:385] T 6b1be42e1f524d168f847885c4bed159 P 800fa340068842159eb52d70d590adca [term 0 FOLLOWER]: Consensus starting up: Expiring failure detector timer to make a prompt election more likely
I20260710 13:14:48.914819  1255 ts_tablet_manager.cc:1403] T 31812e935cb74e23afd8f0d0bd713eb8 P e1ad3b6fcb1f4fdd9919074da0204d34: Time spent bootstrapping tablet: real 0.022s	user 0.010s	sys 0.009s
I20260710 13:14:48.914933  1254 raft_consensus.cc:740] T 6b1be42e1f524d168f847885c4bed159 P 800fa340068842159eb52d70d590adca [term 0 FOLLOWER]: Becoming Follower/Learner. State: Replica: 800fa340068842159eb52d70d590adca, State: Initialized, Role: FOLLOWER
I20260710 13:14:48.915877  1254 consensus_queue.cc:260] T 6b1be42e1f524d168f847885c4bed159 P 800fa340068842159eb52d70d590adca [NON_LEADER]: Queue going to NON_LEADER mode. State: All replicated index: 0, Majority replicated index: 0, Committed index: 0, Last appended: 0.0, Last appended by leader: 0, Current term: 0, Majority size: -1, State: 0, Mode: NON_LEADER, active raft config: opid_index: -1 OBSOLETE_local: false peers { permanent_uuid: "800fa340068842159eb52d70d590adca" member_type: VOTER last_known_addr { host: "127.0.107.193" port: 40329 } } peers { permanent_uuid: "4e533740ab4d4ab7842e0b023cbe7f44" member_type: VOTER last_known_addr { host: "127.0.107.194" port: 35907 } } peers { permanent_uuid: "e1ad3b6fcb1f4fdd9919074da0204d34" member_type: VOTER last_known_addr { host: "127.0.107.195" port: 46663 } }
I20260710 13:14:48.919047  1254 ts_tablet_manager.cc:1434] T 6b1be42e1f524d168f847885c4bed159 P 800fa340068842159eb52d70d590adca: Time spent starting tablet: real 0.008s	user 0.001s	sys 0.009s
I20260710 13:14:48.920126  1254 tablet_bootstrap.cc:492] T e97c5ba126d747d993a24ceda7aba454 P 800fa340068842159eb52d70d590adca: Bootstrap starting.
I20260710 13:14:48.919492  1255 raft_consensus.cc:359] T 31812e935cb74e23afd8f0d0bd713eb8 P e1ad3b6fcb1f4fdd9919074da0204d34 [term 0 FOLLOWER]: Replica starting. Triggering 0 pending ops. Active config: opid_index: -1 OBSOLETE_local: false peers { permanent_uuid: "800fa340068842159eb52d70d590adca" member_type: VOTER last_known_addr { host: "127.0.107.193" port: 40329 } } peers { permanent_uuid: "4e533740ab4d4ab7842e0b023cbe7f44" member_type: VOTER last_known_addr { host: "127.0.107.194" port: 35907 } } peers { permanent_uuid: "e1ad3b6fcb1f4fdd9919074da0204d34" member_type: VOTER last_known_addr { host: "127.0.107.195" port: 46663 } }
I20260710 13:14:48.920732  1255 raft_consensus.cc:385] T 31812e935cb74e23afd8f0d0bd713eb8 P e1ad3b6fcb1f4fdd9919074da0204d34 [term 0 FOLLOWER]: Consensus starting up: Expiring failure detector timer to make a prompt election more likely
I20260710 13:14:48.921180  1255 raft_consensus.cc:740] T 31812e935cb74e23afd8f0d0bd713eb8 P e1ad3b6fcb1f4fdd9919074da0204d34 [term 0 FOLLOWER]: Becoming Follower/Learner. State: Replica: e1ad3b6fcb1f4fdd9919074da0204d34, State: Initialized, Role: FOLLOWER
I20260710 13:14:48.922503  1255 consensus_queue.cc:260] T 31812e935cb74e23afd8f0d0bd713eb8 P e1ad3b6fcb1f4fdd9919074da0204d34 [NON_LEADER]: Queue going to NON_LEADER mode. State: All replicated index: 0, Majority replicated index: 0, Committed index: 0, Last appended: 0.0, Last appended by leader: 0, Current term: 0, Majority size: -1, State: 0, Mode: NON_LEADER, active raft config: opid_index: -1 OBSOLETE_local: false peers { permanent_uuid: "800fa340068842159eb52d70d590adca" member_type: VOTER last_known_addr { host: "127.0.107.193" port: 40329 } } peers { permanent_uuid: "4e533740ab4d4ab7842e0b023cbe7f44" member_type: VOTER last_known_addr { host: "127.0.107.194" port: 35907 } } peers { permanent_uuid: "e1ad3b6fcb1f4fdd9919074da0204d34" member_type: VOTER last_known_addr { host: "127.0.107.195" port: 46663 } }
I20260710 13:14:48.926151  1255 ts_tablet_manager.cc:1434] T 31812e935cb74e23afd8f0d0bd713eb8 P e1ad3b6fcb1f4fdd9919074da0204d34: Time spent starting tablet: real 0.011s	user 0.004s	sys 0.003s
I20260710 13:14:48.926353  1256 tablet_bootstrap.cc:492] T f4d56c83f2034b73b8e4943691584cf6 P 4e533740ab4d4ab7842e0b023cbe7f44: No bootstrap required, opened a new log
I20260710 13:14:48.926805  1256 ts_tablet_manager.cc:1403] T f4d56c83f2034b73b8e4943691584cf6 P 4e533740ab4d4ab7842e0b023cbe7f44: Time spent bootstrapping tablet: real 0.032s	user 0.010s	sys 0.006s
I20260710 13:14:48.927151  1254 tablet_bootstrap.cc:654] T e97c5ba126d747d993a24ceda7aba454 P 800fa340068842159eb52d70d590adca: Neither blocks nor log segments found. Creating new log.
I20260710 13:14:48.929795  1256 raft_consensus.cc:359] T f4d56c83f2034b73b8e4943691584cf6 P 4e533740ab4d4ab7842e0b023cbe7f44 [term 0 FOLLOWER]: Replica starting. Triggering 0 pending ops. Active config: opid_index: -1 OBSOLETE_local: false peers { permanent_uuid: "800fa340068842159eb52d70d590adca" member_type: VOTER last_known_addr { host: "127.0.107.193" port: 40329 } } peers { permanent_uuid: "4e533740ab4d4ab7842e0b023cbe7f44" member_type: VOTER last_known_addr { host: "127.0.107.194" port: 35907 } } peers { permanent_uuid: "e1ad3b6fcb1f4fdd9919074da0204d34" member_type: VOTER last_known_addr { host: "127.0.107.195" port: 46663 } }
I20260710 13:14:48.930564  1256 raft_consensus.cc:385] T f4d56c83f2034b73b8e4943691584cf6 P 4e533740ab4d4ab7842e0b023cbe7f44 [term 0 FOLLOWER]: Consensus starting up: Expiring failure detector timer to make a prompt election more likely
I20260710 13:14:48.930896  1256 raft_consensus.cc:740] T f4d56c83f2034b73b8e4943691584cf6 P 4e533740ab4d4ab7842e0b023cbe7f44 [term 0 FOLLOWER]: Becoming Follower/Learner. State: Replica: 4e533740ab4d4ab7842e0b023cbe7f44, State: Initialized, Role: FOLLOWER
I20260710 13:14:48.931783  1256 consensus_queue.cc:260] T f4d56c83f2034b73b8e4943691584cf6 P 4e533740ab4d4ab7842e0b023cbe7f44 [NON_LEADER]: Queue going to NON_LEADER mode. State: All replicated index: 0, Majority replicated index: 0, Committed index: 0, Last appended: 0.0, Last appended by leader: 0, Current term: 0, Majority size: -1, State: 0, Mode: NON_LEADER, active raft config: opid_index: -1 OBSOLETE_local: false peers { permanent_uuid: "800fa340068842159eb52d70d590adca" member_type: VOTER last_known_addr { host: "127.0.107.193" port: 40329 } } peers { permanent_uuid: "4e533740ab4d4ab7842e0b023cbe7f44" member_type: VOTER last_known_addr { host: "127.0.107.194" port: 35907 } } peers { permanent_uuid: "e1ad3b6fcb1f4fdd9919074da0204d34" member_type: VOTER last_known_addr { host: "127.0.107.195" port: 46663 } }
I20260710 13:14:48.933422  1262 raft_consensus.cc:493] T b78565d5f296480eab5015a227a65889 P e1ad3b6fcb1f4fdd9919074da0204d34 [term 0 FOLLOWER]: Starting pre-election (no leader contacted us within the election timeout)
I20260710 13:14:48.934131  1256 ts_tablet_manager.cc:1434] T f4d56c83f2034b73b8e4943691584cf6 P 4e533740ab4d4ab7842e0b023cbe7f44: Time spent starting tablet: real 0.007s	user 0.008s	sys 0.000s
I20260710 13:14:48.933912  1262 raft_consensus.cc:515] T b78565d5f296480eab5015a227a65889 P e1ad3b6fcb1f4fdd9919074da0204d34 [term 0 FOLLOWER]: Starting pre-election with config: opid_index: -1 OBSOLETE_local: false peers { permanent_uuid: "800fa340068842159eb52d70d590adca" member_type: VOTER last_known_addr { host: "127.0.107.193" port: 40329 } } peers { permanent_uuid: "4e533740ab4d4ab7842e0b023cbe7f44" member_type: VOTER last_known_addr { host: "127.0.107.194" port: 35907 } } peers { permanent_uuid: "e1ad3b6fcb1f4fdd9919074da0204d34" member_type: VOTER last_known_addr { host: "127.0.107.195" port: 46663 } }
I20260710 13:14:48.935154  1256 tablet_bootstrap.cc:492] T e97c5ba126d747d993a24ceda7aba454 P 4e533740ab4d4ab7842e0b023cbe7f44: Bootstrap starting.
I20260710 13:14:48.936929  1262 leader_election.cc:290] T b78565d5f296480eab5015a227a65889 P e1ad3b6fcb1f4fdd9919074da0204d34 [CANDIDATE]: Term 1 pre-election: Requested pre-vote from peers 800fa340068842159eb52d70d590adca (127.0.107.193:40329), 4e533740ab4d4ab7842e0b023cbe7f44 (127.0.107.194:35907)
I20260710 13:14:48.942725  1256 tablet_bootstrap.cc:654] T e97c5ba126d747d993a24ceda7aba454 P 4e533740ab4d4ab7842e0b023cbe7f44: Neither blocks nor log segments found. Creating new log.
I20260710 13:14:48.950083  1255 tablet_bootstrap.cc:492] T 6f58a47b509a4fd4b438d7e1e6da26f9 P e1ad3b6fcb1f4fdd9919074da0204d34: Bootstrap starting.
I20260710 13:14:48.955432  1255 tablet_bootstrap.cc:654] T 6f58a47b509a4fd4b438d7e1e6da26f9 P e1ad3b6fcb1f4fdd9919074da0204d34: Neither blocks nor log segments found. Creating new log.
I20260710 13:14:48.958313  1065 tablet_service.cc:1917] Received RequestConsensusVote() RPC: tablet_id: "b78565d5f296480eab5015a227a65889" candidate_uuid: "e1ad3b6fcb1f4fdd9919074da0204d34" candidate_term: 1 candidate_status { last_received { term: 0 index: 0 } } ignore_live_leader: false dest_uuid: "800fa340068842159eb52d70d590adca" is_pre_election: true
I20260710 13:14:48.959060  1065 raft_consensus.cc:2468] T b78565d5f296480eab5015a227a65889 P 800fa340068842159eb52d70d590adca [term 0 FOLLOWER]: Leader pre-election vote request: Granting yes vote for candidate e1ad3b6fcb1f4fdd9919074da0204d34 in term 0.
I20260710 13:14:48.960457  1177 leader_election.cc:304] T b78565d5f296480eab5015a227a65889 P e1ad3b6fcb1f4fdd9919074da0204d34 [CANDIDATE]: Term 1 pre-election: Election decided. Result: candidate won. Election summary: received 2 responses out of 3 voters: 2 yes votes; 0 no votes. yes voters: 800fa340068842159eb52d70d590adca, e1ad3b6fcb1f4fdd9919074da0204d34; no voters: 
I20260710 13:14:48.961272  1262 raft_consensus.cc:2804] T b78565d5f296480eab5015a227a65889 P e1ad3b6fcb1f4fdd9919074da0204d34 [term 0 FOLLOWER]: Leader pre-election won for term 1
I20260710 13:14:48.961638  1262 raft_consensus.cc:493] T b78565d5f296480eab5015a227a65889 P e1ad3b6fcb1f4fdd9919074da0204d34 [term 0 FOLLOWER]: Starting leader election (no leader contacted us within the election timeout)
I20260710 13:14:48.961964  1262 raft_consensus.cc:3060] T b78565d5f296480eab5015a227a65889 P e1ad3b6fcb1f4fdd9919074da0204d34 [term 0 FOLLOWER]: Advancing to term 1
I20260710 13:14:48.970039  1262 raft_consensus.cc:515] T b78565d5f296480eab5015a227a65889 P e1ad3b6fcb1f4fdd9919074da0204d34 [term 1 FOLLOWER]: Starting leader election with config: opid_index: -1 OBSOLETE_local: false peers { permanent_uuid: "800fa340068842159eb52d70d590adca" member_type: VOTER last_known_addr { host: "127.0.107.193" port: 40329 } } peers { permanent_uuid: "4e533740ab4d4ab7842e0b023cbe7f44" member_type: VOTER last_known_addr { host: "127.0.107.194" port: 35907 } } peers { permanent_uuid: "e1ad3b6fcb1f4fdd9919074da0204d34" member_type: VOTER last_known_addr { host: "127.0.107.195" port: 46663 } }
I20260710 13:14:48.974530  1260 raft_consensus.cc:493] T 31812e935cb74e23afd8f0d0bd713eb8 P 800fa340068842159eb52d70d590adca [term 0 FOLLOWER]: Starting pre-election (no leader contacted us within the election timeout)
I20260710 13:14:48.975098  1260 raft_consensus.cc:515] T 31812e935cb74e23afd8f0d0bd713eb8 P 800fa340068842159eb52d70d590adca [term 0 FOLLOWER]: Starting pre-election with config: opid_index: -1 OBSOLETE_local: false peers { permanent_uuid: "800fa340068842159eb52d70d590adca" member_type: VOTER last_known_addr { host: "127.0.107.193" port: 40329 } } peers { permanent_uuid: "4e533740ab4d4ab7842e0b023cbe7f44" member_type: VOTER last_known_addr { host: "127.0.107.194" port: 35907 } } peers { permanent_uuid: "e1ad3b6fcb1f4fdd9919074da0204d34" member_type: VOTER last_known_addr { host: "127.0.107.195" port: 46663 } }
I20260710 13:14:48.976425  1065 tablet_service.cc:1917] Received RequestConsensusVote() RPC: tablet_id: "b78565d5f296480eab5015a227a65889" candidate_uuid: "e1ad3b6fcb1f4fdd9919074da0204d34" candidate_term: 1 candidate_status { last_received { term: 0 index: 0 } } ignore_live_leader: false dest_uuid: "800fa340068842159eb52d70d590adca"
I20260710 13:14:48.977063  1065 raft_consensus.cc:3060] T b78565d5f296480eab5015a227a65889 P 800fa340068842159eb52d70d590adca [term 0 FOLLOWER]: Advancing to term 1
I20260710 13:14:48.977969  1260 leader_election.cc:290] T 31812e935cb74e23afd8f0d0bd713eb8 P 800fa340068842159eb52d70d590adca [CANDIDATE]: Term 1 pre-election: Requested pre-vote from peers 4e533740ab4d4ab7842e0b023cbe7f44 (127.0.107.194:35907), e1ad3b6fcb1f4fdd9919074da0204d34 (127.0.107.195:46663)
I20260710 13:14:48.978497  1260 raft_consensus.cc:493] T 6b1be42e1f524d168f847885c4bed159 P 800fa340068842159eb52d70d590adca [term 0 FOLLOWER]: Starting pre-election (no leader contacted us within the election timeout)
I20260710 13:14:48.978910  1260 raft_consensus.cc:515] T 6b1be42e1f524d168f847885c4bed159 P 800fa340068842159eb52d70d590adca [term 0 FOLLOWER]: Starting pre-election with config: opid_index: -1 OBSOLETE_local: false peers { permanent_uuid: "800fa340068842159eb52d70d590adca" member_type: VOTER last_known_addr { host: "127.0.107.193" port: 40329 } } peers { permanent_uuid: "4e533740ab4d4ab7842e0b023cbe7f44" member_type: VOTER last_known_addr { host: "127.0.107.194" port: 35907 } } peers { permanent_uuid: "e1ad3b6fcb1f4fdd9919074da0204d34" member_type: VOTER last_known_addr { host: "127.0.107.195" port: 46663 } }
I20260710 13:14:48.987587  1262 leader_election.cc:290] T b78565d5f296480eab5015a227a65889 P e1ad3b6fcb1f4fdd9919074da0204d34 [CANDIDATE]: Term 1 election: Requested vote from peers 800fa340068842159eb52d70d590adca (127.0.107.193:40329), 4e533740ab4d4ab7842e0b023cbe7f44 (127.0.107.194:35907)
I20260710 13:14:48.992100  1260 leader_election.cc:290] T 6b1be42e1f524d168f847885c4bed159 P 800fa340068842159eb52d70d590adca [CANDIDATE]: Term 1 pre-election: Requested pre-vote from peers 4e533740ab4d4ab7842e0b023cbe7f44 (127.0.107.194:35907), e1ad3b6fcb1f4fdd9919074da0204d34 (127.0.107.195:46663)
I20260710 13:14:48.994365  1255 tablet_bootstrap.cc:492] T 6f58a47b509a4fd4b438d7e1e6da26f9 P e1ad3b6fcb1f4fdd9919074da0204d34: No bootstrap required, opened a new log
I20260710 13:14:48.994999  1255 ts_tablet_manager.cc:1403] T 6f58a47b509a4fd4b438d7e1e6da26f9 P e1ad3b6fcb1f4fdd9919074da0204d34: Time spent bootstrapping tablet: real 0.045s	user 0.010s	sys 0.001s
I20260710 13:14:48.998188  1255 raft_consensus.cc:359] T 6f58a47b509a4fd4b438d7e1e6da26f9 P e1ad3b6fcb1f4fdd9919074da0204d34 [term 0 FOLLOWER]: Replica starting. Triggering 0 pending ops. Active config: opid_index: -1 OBSOLETE_local: false peers { permanent_uuid: "800fa340068842159eb52d70d590adca" member_type: VOTER last_known_addr { host: "127.0.107.193" port: 40329 } } peers { permanent_uuid: "4e533740ab4d4ab7842e0b023cbe7f44" member_type: VOTER last_known_addr { host: "127.0.107.194" port: 35907 } } peers { permanent_uuid: "e1ad3b6fcb1f4fdd9919074da0204d34" member_type: VOTER last_known_addr { host: "127.0.107.195" port: 46663 } }
I20260710 13:14:48.998908  1255 raft_consensus.cc:385] T 6f58a47b509a4fd4b438d7e1e6da26f9 P e1ad3b6fcb1f4fdd9919074da0204d34 [term 0 FOLLOWER]: Consensus starting up: Expiring failure detector timer to make a prompt election more likely
I20260710 13:14:49.000488  1255 raft_consensus.cc:740] T 6f58a47b509a4fd4b438d7e1e6da26f9 P e1ad3b6fcb1f4fdd9919074da0204d34 [term 0 FOLLOWER]: Becoming Follower/Learner. State: Replica: e1ad3b6fcb1f4fdd9919074da0204d34, State: Initialized, Role: FOLLOWER
I20260710 13:14:49.001401  1255 consensus_queue.cc:260] T 6f58a47b509a4fd4b438d7e1e6da26f9 P e1ad3b6fcb1f4fdd9919074da0204d34 [NON_LEADER]: Queue going to NON_LEADER mode. State: All replicated index: 0, Majority replicated index: 0, Committed index: 0, Last appended: 0.0, Last appended by leader: 0, Current term: 0, Majority size: -1, State: 0, Mode: NON_LEADER, active raft config: opid_index: -1 OBSOLETE_local: false peers { permanent_uuid: "800fa340068842159eb52d70d590adca" member_type: VOTER last_known_addr { host: "127.0.107.193" port: 40329 } } peers { permanent_uuid: "4e533740ab4d4ab7842e0b023cbe7f44" member_type: VOTER last_known_addr { host: "127.0.107.194" port: 35907 } } peers { permanent_uuid: "e1ad3b6fcb1f4fdd9919074da0204d34" member_type: VOTER last_known_addr { host: "127.0.107.195" port: 46663 } }
I20260710 13:14:49.005817  1262 raft_consensus.cc:493] T af2e7739d7f14dc9a194270643fc329c P e1ad3b6fcb1f4fdd9919074da0204d34 [term 0 FOLLOWER]: Starting pre-election (no leader contacted us within the election timeout)
I20260710 13:14:49.006307  1262 raft_consensus.cc:515] T af2e7739d7f14dc9a194270643fc329c P e1ad3b6fcb1f4fdd9919074da0204d34 [term 0 FOLLOWER]: Starting pre-election with config: opid_index: -1 OBSOLETE_local: false peers { permanent_uuid: "800fa340068842159eb52d70d590adca" member_type: VOTER last_known_addr { host: "127.0.107.193" port: 40329 } } peers { permanent_uuid: "4e533740ab4d4ab7842e0b023cbe7f44" member_type: VOTER last_known_addr { host: "127.0.107.194" port: 35907 } } peers { permanent_uuid: "e1ad3b6fcb1f4fdd9919074da0204d34" member_type: VOTER last_known_addr { host: "127.0.107.195" port: 46663 } }
I20260710 13:14:49.007956  1214 tablet_service.cc:1917] Received RequestConsensusVote() RPC: tablet_id: "31812e935cb74e23afd8f0d0bd713eb8" candidate_uuid: "800fa340068842159eb52d70d590adca" candidate_term: 1 candidate_status { last_received { term: 0 index: 0 } } ignore_live_leader: false dest_uuid: "e1ad3b6fcb1f4fdd9919074da0204d34" is_pre_election: true
I20260710 13:14:49.008643  1262 leader_election.cc:290] T af2e7739d7f14dc9a194270643fc329c P e1ad3b6fcb1f4fdd9919074da0204d34 [CANDIDATE]: Term 1 pre-election: Requested pre-vote from peers 800fa340068842159eb52d70d590adca (127.0.107.193:40329), 4e533740ab4d4ab7842e0b023cbe7f44 (127.0.107.194:35907)
I20260710 13:14:49.008759  1214 raft_consensus.cc:2468] T 31812e935cb74e23afd8f0d0bd713eb8 P e1ad3b6fcb1f4fdd9919074da0204d34 [term 0 FOLLOWER]: Leader pre-election vote request: Granting yes vote for candidate 800fa340068842159eb52d70d590adca in term 0.
I20260710 13:14:49.012202  1213 tablet_service.cc:1917] Received RequestConsensusVote() RPC: tablet_id: "6b1be42e1f524d168f847885c4bed159" candidate_uuid: "800fa340068842159eb52d70d590adca" candidate_term: 1 candidate_status { last_received { term: 0 index: 0 } } ignore_live_leader: false dest_uuid: "e1ad3b6fcb1f4fdd9919074da0204d34" is_pre_election: true
I20260710 13:14:49.014807  1029 leader_election.cc:304] T 31812e935cb74e23afd8f0d0bd713eb8 P 800fa340068842159eb52d70d590adca [CANDIDATE]: Term 1 pre-election: Election decided. Result: candidate won. Election summary: received 2 responses out of 3 voters: 2 yes votes; 0 no votes. yes voters: 800fa340068842159eb52d70d590adca, e1ad3b6fcb1f4fdd9919074da0204d34; no voters: 
I20260710 13:14:48.986135  1065 raft_consensus.cc:2468] T b78565d5f296480eab5015a227a65889 P 800fa340068842159eb52d70d590adca [term 1 FOLLOWER]: Leader election vote request: Granting yes vote for candidate e1ad3b6fcb1f4fdd9919074da0204d34 in term 1.
W20260710 13:14:49.015800  1029 leader_election.cc:343] T 6b1be42e1f524d168f847885c4bed159 P 800fa340068842159eb52d70d590adca [CANDIDATE]: Term 1 pre-election: Tablet error from VoteRequest() call to peer e1ad3b6fcb1f4fdd9919074da0204d34 (127.0.107.195:46663): Illegal state: must be running to vote when last-logged opid is not known
I20260710 13:14:49.016266  1177 leader_election.cc:304] T b78565d5f296480eab5015a227a65889 P e1ad3b6fcb1f4fdd9919074da0204d34 [CANDIDATE]: Term 1 election: Election decided. Result: candidate won. Election summary: received 2 responses out of 3 voters: 2 yes votes; 0 no votes. yes voters: 800fa340068842159eb52d70d590adca, e1ad3b6fcb1f4fdd9919074da0204d34; no voters: 
I20260710 13:14:49.016659  1064 tablet_service.cc:1917] Received RequestConsensusVote() RPC: tablet_id: "af2e7739d7f14dc9a194270643fc329c" candidate_uuid: "e1ad3b6fcb1f4fdd9919074da0204d34" candidate_term: 1 candidate_status { last_received { term: 0 index: 0 } } ignore_live_leader: false dest_uuid: "800fa340068842159eb52d70d590adca" is_pre_election: true
I20260710 13:14:49.017158  1262 raft_consensus.cc:2804] T b78565d5f296480eab5015a227a65889 P e1ad3b6fcb1f4fdd9919074da0204d34 [term 1 FOLLOWER]: Leader election won for term 1
I20260710 13:14:49.017364  1064 raft_consensus.cc:2468] T af2e7739d7f14dc9a194270643fc329c P 800fa340068842159eb52d70d590adca [term 0 FOLLOWER]: Leader pre-election vote request: Granting yes vote for candidate e1ad3b6fcb1f4fdd9919074da0204d34 in term 0.
W20260710 13:14:49.017998  1011 auto_rebalancer.cc:288] Could not retrieve cluster info: Service unavailable: Tablet not running
I20260710 13:14:49.019690  1177 leader_election.cc:304] T af2e7739d7f14dc9a194270643fc329c P e1ad3b6fcb1f4fdd9919074da0204d34 [CANDIDATE]: Term 1 pre-election: Election decided. Result: candidate won. Election summary: received 2 responses out of 3 voters: 2 yes votes; 0 no votes. yes voters: 800fa340068842159eb52d70d590adca, e1ad3b6fcb1f4fdd9919074da0204d34; no voters: 
I20260710 13:14:49.021078  1260 raft_consensus.cc:2804] T 31812e935cb74e23afd8f0d0bd713eb8 P 800fa340068842159eb52d70d590adca [term 0 FOLLOWER]: Leader pre-election won for term 1
I20260710 13:14:49.021582  1260 raft_consensus.cc:493] T 31812e935cb74e23afd8f0d0bd713eb8 P 800fa340068842159eb52d70d590adca [term 0 FOLLOWER]: Starting leader election (no leader contacted us within the election timeout)
I20260710 13:14:49.022017  1260 raft_consensus.cc:3060] T 31812e935cb74e23afd8f0d0bd713eb8 P 800fa340068842159eb52d70d590adca [term 0 FOLLOWER]: Advancing to term 1
I20260710 13:14:49.022877  1283 raft_consensus.cc:2804] T af2e7739d7f14dc9a194270643fc329c P e1ad3b6fcb1f4fdd9919074da0204d34 [term 0 FOLLOWER]: Leader pre-election won for term 1
I20260710 13:14:49.023725  1283 raft_consensus.cc:493] T af2e7739d7f14dc9a194270643fc329c P e1ad3b6fcb1f4fdd9919074da0204d34 [term 0 FOLLOWER]: Starting leader election (no leader contacted us within the election timeout)
I20260710 13:14:49.024499  1283 raft_consensus.cc:3060] T af2e7739d7f14dc9a194270643fc329c P e1ad3b6fcb1f4fdd9919074da0204d34 [term 0 FOLLOWER]: Advancing to term 1
I20260710 13:14:49.024478  1255 ts_tablet_manager.cc:1434] T 6f58a47b509a4fd4b438d7e1e6da26f9 P e1ad3b6fcb1f4fdd9919074da0204d34: Time spent starting tablet: real 0.029s	user 0.007s	sys 0.002s
I20260710 13:14:49.039361  1256 tablet_bootstrap.cc:492] T e97c5ba126d747d993a24ceda7aba454 P 4e533740ab4d4ab7842e0b023cbe7f44: No bootstrap required, opened a new log
I20260710 13:14:49.040151  1256 ts_tablet_manager.cc:1403] T e97c5ba126d747d993a24ceda7aba454 P 4e533740ab4d4ab7842e0b023cbe7f44: Time spent bootstrapping tablet: real 0.105s	user 0.041s	sys 0.030s
I20260710 13:14:49.040189  1140 tablet_service.cc:1917] Received RequestConsensusVote() RPC: tablet_id: "b78565d5f296480eab5015a227a65889" candidate_uuid: "e1ad3b6fcb1f4fdd9919074da0204d34" candidate_term: 1 candidate_status { last_received { term: 0 index: 0 } } ignore_live_leader: false dest_uuid: "4e533740ab4d4ab7842e0b023cbe7f44" is_pre_election: true
I20260710 13:14:49.041040  1140 raft_consensus.cc:2468] T b78565d5f296480eab5015a227a65889 P 4e533740ab4d4ab7842e0b023cbe7f44 [term 0 FOLLOWER]: Leader pre-election vote request: Granting yes vote for candidate e1ad3b6fcb1f4fdd9919074da0204d34 in term 0.
I20260710 13:14:49.042294  1139 tablet_service.cc:1917] Received RequestConsensusVote() RPC: tablet_id: "b78565d5f296480eab5015a227a65889" candidate_uuid: "e1ad3b6fcb1f4fdd9919074da0204d34" candidate_term: 1 candidate_status { last_received { term: 0 index: 0 } } ignore_live_leader: false dest_uuid: "4e533740ab4d4ab7842e0b023cbe7f44"
I20260710 13:14:49.042887  1139 raft_consensus.cc:3060] T b78565d5f296480eab5015a227a65889 P 4e533740ab4d4ab7842e0b023cbe7f44 [term 0 FOLLOWER]: Advancing to term 1
I20260710 13:14:49.044237  1256 raft_consensus.cc:359] T e97c5ba126d747d993a24ceda7aba454 P 4e533740ab4d4ab7842e0b023cbe7f44 [term 0 FOLLOWER]: Replica starting. Triggering 0 pending ops. Active config: opid_index: -1 OBSOLETE_local: false peers { permanent_uuid: "800fa340068842159eb52d70d590adca" member_type: VOTER last_known_addr { host: "127.0.107.193" port: 40329 } } peers { permanent_uuid: "4e533740ab4d4ab7842e0b023cbe7f44" member_type: VOTER last_known_addr { host: "127.0.107.194" port: 35907 } } peers { permanent_uuid: "e1ad3b6fcb1f4fdd9919074da0204d34" member_type: VOTER last_known_addr { host: "127.0.107.195" port: 46663 } }
I20260710 13:14:49.045192  1256 raft_consensus.cc:385] T e97c5ba126d747d993a24ceda7aba454 P 4e533740ab4d4ab7842e0b023cbe7f44 [term 0 FOLLOWER]: Consensus starting up: Expiring failure detector timer to make a prompt election more likely
I20260710 13:14:49.045563  1256 raft_consensus.cc:740] T e97c5ba126d747d993a24ceda7aba454 P 4e533740ab4d4ab7842e0b023cbe7f44 [term 0 FOLLOWER]: Becoming Follower/Learner. State: Replica: 4e533740ab4d4ab7842e0b023cbe7f44, State: Initialized, Role: FOLLOWER
I20260710 13:14:49.046698  1256 consensus_queue.cc:260] T e97c5ba126d747d993a24ceda7aba454 P 4e533740ab4d4ab7842e0b023cbe7f44 [NON_LEADER]: Queue going to NON_LEADER mode. State: All replicated index: 0, Majority replicated index: 0, Committed index: 0, Last appended: 0.0, Last appended by leader: 0, Current term: 0, Majority size: -1, State: 0, Mode: NON_LEADER, active raft config: opid_index: -1 OBSOLETE_local: false peers { permanent_uuid: "800fa340068842159eb52d70d590adca" member_type: VOTER last_known_addr { host: "127.0.107.193" port: 40329 } } peers { permanent_uuid: "4e533740ab4d4ab7842e0b023cbe7f44" member_type: VOTER last_known_addr { host: "127.0.107.194" port: 35907 } } peers { permanent_uuid: "e1ad3b6fcb1f4fdd9919074da0204d34" member_type: VOTER last_known_addr { host: "127.0.107.195" port: 46663 } }
I20260710 13:14:49.048067  1138 tablet_service.cc:1917] Received RequestConsensusVote() RPC: tablet_id: "af2e7739d7f14dc9a194270643fc329c" candidate_uuid: "e1ad3b6fcb1f4fdd9919074da0204d34" candidate_term: 1 candidate_status { last_received { term: 0 index: 0 } } ignore_live_leader: false dest_uuid: "4e533740ab4d4ab7842e0b023cbe7f44" is_pre_election: true
I20260710 13:14:49.048784  1138 raft_consensus.cc:2468] T af2e7739d7f14dc9a194270643fc329c P 4e533740ab4d4ab7842e0b023cbe7f44 [term 0 FOLLOWER]: Leader pre-election vote request: Granting yes vote for candidate e1ad3b6fcb1f4fdd9919074da0204d34 in term 0.
I20260710 13:14:49.049855  1256 ts_tablet_manager.cc:1434] T e97c5ba126d747d993a24ceda7aba454 P 4e533740ab4d4ab7842e0b023cbe7f44: Time spent starting tablet: real 0.009s	user 0.005s	sys 0.003s
I20260710 13:14:49.054226  1256 tablet_bootstrap.cc:492] T 6f58a47b509a4fd4b438d7e1e6da26f9 P 4e533740ab4d4ab7842e0b023cbe7f44: Bootstrap starting.
I20260710 13:14:49.055985  1255 tablet_bootstrap.cc:492] T f4d56c83f2034b73b8e4943691584cf6 P e1ad3b6fcb1f4fdd9919074da0204d34: Bootstrap starting.
I20260710 13:14:49.057331  1262 raft_consensus.cc:697] T b78565d5f296480eab5015a227a65889 P e1ad3b6fcb1f4fdd9919074da0204d34 [term 1 LEADER]: Becoming Leader. State: Replica: e1ad3b6fcb1f4fdd9919074da0204d34, State: Running, Role: LEADER
I20260710 13:14:49.063639  1140 tablet_service.cc:1917] Received RequestConsensusVote() RPC: tablet_id: "6b1be42e1f524d168f847885c4bed159" candidate_uuid: "800fa340068842159eb52d70d590adca" candidate_term: 1 candidate_status { last_received { term: 0 index: 0 } } ignore_live_leader: false dest_uuid: "4e533740ab4d4ab7842e0b023cbe7f44" is_pre_election: true
I20260710 13:14:49.065099  1262 consensus_queue.cc:237] T b78565d5f296480eab5015a227a65889 P e1ad3b6fcb1f4fdd9919074da0204d34 [LEADER]: Queue going to LEADER mode. State: All replicated index: 0, Majority replicated index: 0, Committed index: 0, Last appended: 0.0, Last appended by leader: 0, Current term: 1, Majority size: 2, State: 0, Mode: LEADER, active raft config: opid_index: -1 OBSOLETE_local: false peers { permanent_uuid: "800fa340068842159eb52d70d590adca" member_type: VOTER last_known_addr { host: "127.0.107.193" port: 40329 } } peers { permanent_uuid: "4e533740ab4d4ab7842e0b023cbe7f44" member_type: VOTER last_known_addr { host: "127.0.107.194" port: 35907 } } peers { permanent_uuid: "e1ad3b6fcb1f4fdd9919074da0204d34" member_type: VOTER last_known_addr { host: "127.0.107.195" port: 46663 } }
I20260710 13:14:49.063210  1138 tablet_service.cc:1917] Received RequestConsensusVote() RPC: tablet_id: "31812e935cb74e23afd8f0d0bd713eb8" candidate_uuid: "800fa340068842159eb52d70d590adca" candidate_term: 1 candidate_status { last_received { term: 0 index: 0 } } ignore_live_leader: false dest_uuid: "4e533740ab4d4ab7842e0b023cbe7f44" is_pre_election: true
I20260710 13:14:49.066156  1138 raft_consensus.cc:2468] T 31812e935cb74e23afd8f0d0bd713eb8 P 4e533740ab4d4ab7842e0b023cbe7f44 [term 0 FOLLOWER]: Leader pre-election vote request: Granting yes vote for candidate 800fa340068842159eb52d70d590adca in term 0.
I20260710 13:14:49.066026  1283 raft_consensus.cc:515] T af2e7739d7f14dc9a194270643fc329c P e1ad3b6fcb1f4fdd9919074da0204d34 [term 1 FOLLOWER]: Starting leader election with config: opid_index: -1 OBSOLETE_local: false peers { permanent_uuid: "800fa340068842159eb52d70d590adca" member_type: VOTER last_known_addr { host: "127.0.107.193" port: 40329 } } peers { permanent_uuid: "4e533740ab4d4ab7842e0b023cbe7f44" member_type: VOTER last_known_addr { host: "127.0.107.194" port: 35907 } } peers { permanent_uuid: "e1ad3b6fcb1f4fdd9919074da0204d34" member_type: VOTER last_known_addr { host: "127.0.107.195" port: 46663 } }
I20260710 13:14:49.061137  1139 raft_consensus.cc:2468] T b78565d5f296480eab5015a227a65889 P 4e533740ab4d4ab7842e0b023cbe7f44 [term 1 FOLLOWER]: Leader election vote request: Granting yes vote for candidate e1ad3b6fcb1f4fdd9919074da0204d34 in term 1.
I20260710 13:14:49.068145  1283 leader_election.cc:290] T af2e7739d7f14dc9a194270643fc329c P e1ad3b6fcb1f4fdd9919074da0204d34 [CANDIDATE]: Term 1 election: Requested vote from peers 800fa340068842159eb52d70d590adca (127.0.107.193:40329), 4e533740ab4d4ab7842e0b023cbe7f44 (127.0.107.194:35907)
I20260710 13:14:49.063025  1256 tablet_bootstrap.cc:654] T 6f58a47b509a4fd4b438d7e1e6da26f9 P 4e533740ab4d4ab7842e0b023cbe7f44: Neither blocks nor log segments found. Creating new log.
I20260710 13:14:49.059639  1260 raft_consensus.cc:515] T 31812e935cb74e23afd8f0d0bd713eb8 P 800fa340068842159eb52d70d590adca [term 1 FOLLOWER]: Starting leader election with config: opid_index: -1 OBSOLETE_local: false peers { permanent_uuid: "800fa340068842159eb52d70d590adca" member_type: VOTER last_known_addr { host: "127.0.107.193" port: 40329 } } peers { permanent_uuid: "4e533740ab4d4ab7842e0b023cbe7f44" member_type: VOTER last_known_addr { host: "127.0.107.194" port: 35907 } } peers { permanent_uuid: "e1ad3b6fcb1f4fdd9919074da0204d34" member_type: VOTER last_known_addr { host: "127.0.107.195" port: 46663 } }
W20260710 13:14:49.076116  1028 leader_election.cc:343] T 6b1be42e1f524d168f847885c4bed159 P 800fa340068842159eb52d70d590adca [CANDIDATE]: Term 1 pre-election: Tablet error from VoteRequest() call to peer 4e533740ab4d4ab7842e0b023cbe7f44 (127.0.107.194:35907): Illegal state: must be running to vote when last-logged opid is not known
I20260710 13:14:49.076166  1260 leader_election.cc:290] T 31812e935cb74e23afd8f0d0bd713eb8 P 800fa340068842159eb52d70d590adca [CANDIDATE]: Term 1 election: Requested vote from peers 4e533740ab4d4ab7842e0b023cbe7f44 (127.0.107.194:35907), e1ad3b6fcb1f4fdd9919074da0204d34 (127.0.107.195:46663)
I20260710 13:14:49.069437  1255 tablet_bootstrap.cc:654] T f4d56c83f2034b73b8e4943691584cf6 P e1ad3b6fcb1f4fdd9919074da0204d34: Neither blocks nor log segments found. Creating new log.
I20260710 13:14:49.076709  1028 leader_election.cc:304] T 6b1be42e1f524d168f847885c4bed159 P 800fa340068842159eb52d70d590adca [CANDIDATE]: Term 1 pre-election: Election decided. Result: candidate lost. Election summary: received 3 responses out of 3 voters: 1 yes votes; 2 no votes. yes voters: 800fa340068842159eb52d70d590adca; no voters: 4e533740ab4d4ab7842e0b023cbe7f44, e1ad3b6fcb1f4fdd9919074da0204d34
I20260710 13:14:49.080008  1065 tablet_service.cc:1917] Received RequestConsensusVote() RPC: tablet_id: "af2e7739d7f14dc9a194270643fc329c" candidate_uuid: "e1ad3b6fcb1f4fdd9919074da0204d34" candidate_term: 1 candidate_status { last_received { term: 0 index: 0 } } ignore_live_leader: false dest_uuid: "800fa340068842159eb52d70d590adca"
I20260710 13:14:49.080147  1254 tablet_bootstrap.cc:492] T e97c5ba126d747d993a24ceda7aba454 P 800fa340068842159eb52d70d590adca: No bootstrap required, opened a new log
I20260710 13:14:49.080089  1256 tablet_bootstrap.cc:492] T 6f58a47b509a4fd4b438d7e1e6da26f9 P 4e533740ab4d4ab7842e0b023cbe7f44: No bootstrap required, opened a new log
I20260710 13:14:49.080679  1065 raft_consensus.cc:3060] T af2e7739d7f14dc9a194270643fc329c P 800fa340068842159eb52d70d590adca [term 0 FOLLOWER]: Advancing to term 1
I20260710 13:14:49.080922  1254 ts_tablet_manager.cc:1403] T e97c5ba126d747d993a24ceda7aba454 P 800fa340068842159eb52d70d590adca: Time spent bootstrapping tablet: real 0.161s	user 0.042s	sys 0.060s
I20260710 13:14:49.080986  1256 ts_tablet_manager.cc:1403] T 6f58a47b509a4fd4b438d7e1e6da26f9 P 4e533740ab4d4ab7842e0b023cbe7f44: Time spent bootstrapping tablet: real 0.027s	user 0.016s	sys 0.002s
I20260710 13:14:49.084403  1254 raft_consensus.cc:359] T e97c5ba126d747d993a24ceda7aba454 P 800fa340068842159eb52d70d590adca [term 0 FOLLOWER]: Replica starting. Triggering 0 pending ops. Active config: opid_index: -1 OBSOLETE_local: false peers { permanent_uuid: "800fa340068842159eb52d70d590adca" member_type: VOTER last_known_addr { host: "127.0.107.193" port: 40329 } } peers { permanent_uuid: "4e533740ab4d4ab7842e0b023cbe7f44" member_type: VOTER last_known_addr { host: "127.0.107.194" port: 35907 } } peers { permanent_uuid: "e1ad3b6fcb1f4fdd9919074da0204d34" member_type: VOTER last_known_addr { host: "127.0.107.195" port: 46663 } }
I20260710 13:14:49.084319  1256 raft_consensus.cc:359] T 6f58a47b509a4fd4b438d7e1e6da26f9 P 4e533740ab4d4ab7842e0b023cbe7f44 [term 0 FOLLOWER]: Replica starting. Triggering 0 pending ops. Active config: opid_index: -1 OBSOLETE_local: false peers { permanent_uuid: "800fa340068842159eb52d70d590adca" member_type: VOTER last_known_addr { host: "127.0.107.193" port: 40329 } } peers { permanent_uuid: "4e533740ab4d4ab7842e0b023cbe7f44" member_type: VOTER last_known_addr { host: "127.0.107.194" port: 35907 } } peers { permanent_uuid: "e1ad3b6fcb1f4fdd9919074da0204d34" member_type: VOTER last_known_addr { host: "127.0.107.195" port: 46663 } }
I20260710 13:14:49.085665  1260 raft_consensus.cc:2749] T 6b1be42e1f524d168f847885c4bed159 P 800fa340068842159eb52d70d590adca [term 0 FOLLOWER]: Leader pre-election lost for term 1. Reason: could not achieve majority
I20260710 13:14:49.086097  1256 raft_consensus.cc:385] T 6f58a47b509a4fd4b438d7e1e6da26f9 P 4e533740ab4d4ab7842e0b023cbe7f44 [term 0 FOLLOWER]: Consensus starting up: Expiring failure detector timer to make a prompt election more likely
I20260710 13:14:49.086500  1256 raft_consensus.cc:740] T 6f58a47b509a4fd4b438d7e1e6da26f9 P 4e533740ab4d4ab7842e0b023cbe7f44 [term 0 FOLLOWER]: Becoming Follower/Learner. State: Replica: 4e533740ab4d4ab7842e0b023cbe7f44, State: Initialized, Role: FOLLOWER
I20260710 13:14:49.086632  1138 tablet_service.cc:1917] Received RequestConsensusVote() RPC: tablet_id: "af2e7739d7f14dc9a194270643fc329c" candidate_uuid: "e1ad3b6fcb1f4fdd9919074da0204d34" candidate_term: 1 candidate_status { last_received { term: 0 index: 0 } } ignore_live_leader: false dest_uuid: "4e533740ab4d4ab7842e0b023cbe7f44"
I20260710 13:14:49.085523  1139 tablet_service.cc:1917] Received RequestConsensusVote() RPC: tablet_id: "31812e935cb74e23afd8f0d0bd713eb8" candidate_uuid: "800fa340068842159eb52d70d590adca" candidate_term: 1 candidate_status { last_received { term: 0 index: 0 } } ignore_live_leader: false dest_uuid: "4e533740ab4d4ab7842e0b023cbe7f44"
I20260710 13:14:49.085513  1213 tablet_service.cc:1917] Received RequestConsensusVote() RPC: tablet_id: "31812e935cb74e23afd8f0d0bd713eb8" candidate_uuid: "800fa340068842159eb52d70d590adca" candidate_term: 1 candidate_status { last_received { term: 0 index: 0 } } ignore_live_leader: false dest_uuid: "e1ad3b6fcb1f4fdd9919074da0204d34"
I20260710 13:14:49.087240  1138 raft_consensus.cc:3060] T af2e7739d7f14dc9a194270643fc329c P 4e533740ab4d4ab7842e0b023cbe7f44 [term 0 FOLLOWER]: Advancing to term 1
I20260710 13:14:49.088784  1213 raft_consensus.cc:3060] T 31812e935cb74e23afd8f0d0bd713eb8 P e1ad3b6fcb1f4fdd9919074da0204d34 [term 0 FOLLOWER]: Advancing to term 1
I20260710 13:14:49.089383  1139 raft_consensus.cc:3060] T 31812e935cb74e23afd8f0d0bd713eb8 P 4e533740ab4d4ab7842e0b023cbe7f44 [term 0 FOLLOWER]: Advancing to term 1
I20260710 13:14:49.092830   963 catalog_manager.cc:5697] T b78565d5f296480eab5015a227a65889 P e1ad3b6fcb1f4fdd9919074da0204d34 reported cstate change: term changed from 0 to 1, leader changed from <none> to e1ad3b6fcb1f4fdd9919074da0204d34 (127.0.107.195). New cstate: current_term: 1 leader_uuid: "e1ad3b6fcb1f4fdd9919074da0204d34" committed_config { opid_index: -1 OBSOLETE_local: false peers { permanent_uuid: "800fa340068842159eb52d70d590adca" member_type: VOTER last_known_addr { host: "127.0.107.193" port: 40329 } health_report { overall_health: UNKNOWN } } peers { permanent_uuid: "4e533740ab4d4ab7842e0b023cbe7f44" member_type: VOTER last_known_addr { host: "127.0.107.194" port: 35907 } health_report { overall_health: UNKNOWN } } peers { permanent_uuid: "e1ad3b6fcb1f4fdd9919074da0204d34" member_type: VOTER last_known_addr { host: "127.0.107.195" port: 46663 } health_report { overall_health: HEALTHY } } }
I20260710 13:14:49.085107  1254 raft_consensus.cc:385] T e97c5ba126d747d993a24ceda7aba454 P 800fa340068842159eb52d70d590adca [term 0 FOLLOWER]: Consensus starting up: Expiring failure detector timer to make a prompt election more likely
I20260710 13:14:49.094174  1254 raft_consensus.cc:740] T e97c5ba126d747d993a24ceda7aba454 P 800fa340068842159eb52d70d590adca [term 0 FOLLOWER]: Becoming Follower/Learner. State: Replica: 800fa340068842159eb52d70d590adca, State: Initialized, Role: FOLLOWER
I20260710 13:14:49.087829  1256 consensus_queue.cc:260] T 6f58a47b509a4fd4b438d7e1e6da26f9 P 4e533740ab4d4ab7842e0b023cbe7f44 [NON_LEADER]: Queue going to NON_LEADER mode. State: All replicated index: 0, Majority replicated index: 0, Committed index: 0, Last appended: 0.0, Last appended by leader: 0, Current term: 0, Majority size: -1, State: 0, Mode: NON_LEADER, active raft config: opid_index: -1 OBSOLETE_local: false peers { permanent_uuid: "800fa340068842159eb52d70d590adca" member_type: VOTER last_known_addr { host: "127.0.107.193" port: 40329 } } peers { permanent_uuid: "4e533740ab4d4ab7842e0b023cbe7f44" member_type: VOTER last_known_addr { host: "127.0.107.194" port: 35907 } } peers { permanent_uuid: "e1ad3b6fcb1f4fdd9919074da0204d34" member_type: VOTER last_known_addr { host: "127.0.107.195" port: 46663 } }
I20260710 13:14:49.095856  1213 raft_consensus.cc:2468] T 31812e935cb74e23afd8f0d0bd713eb8 P e1ad3b6fcb1f4fdd9919074da0204d34 [term 1 FOLLOWER]: Leader election vote request: Granting yes vote for candidate 800fa340068842159eb52d70d590adca in term 1.
I20260710 13:14:49.096550  1254 consensus_queue.cc:260] T e97c5ba126d747d993a24ceda7aba454 P 800fa340068842159eb52d70d590adca [NON_LEADER]: Queue going to NON_LEADER mode. State: All replicated index: 0, Majority replicated index: 0, Committed index: 0, Last appended: 0.0, Last appended by leader: 0, Current term: 0, Majority size: -1, State: 0, Mode: NON_LEADER, active raft config: opid_index: -1 OBSOLETE_local: false peers { permanent_uuid: "800fa340068842159eb52d70d590adca" member_type: VOTER last_known_addr { host: "127.0.107.193" port: 40329 } } peers { permanent_uuid: "4e533740ab4d4ab7842e0b023cbe7f44" member_type: VOTER last_known_addr { host: "127.0.107.194" port: 35907 } } peers { permanent_uuid: "e1ad3b6fcb1f4fdd9919074da0204d34" member_type: VOTER last_known_addr { host: "127.0.107.195" port: 46663 } }
I20260710 13:14:49.098069  1065 raft_consensus.cc:2468] T af2e7739d7f14dc9a194270643fc329c P 800fa340068842159eb52d70d590adca [term 1 FOLLOWER]: Leader election vote request: Granting yes vote for candidate e1ad3b6fcb1f4fdd9919074da0204d34 in term 1.
I20260710 13:14:49.097088  1029 leader_election.cc:304] T 31812e935cb74e23afd8f0d0bd713eb8 P 800fa340068842159eb52d70d590adca [CANDIDATE]: Term 1 election: Election decided. Result: candidate won. Election summary: received 2 responses out of 3 voters: 2 yes votes; 0 no votes. yes voters: 800fa340068842159eb52d70d590adca, e1ad3b6fcb1f4fdd9919074da0204d34; no voters: 
I20260710 13:14:49.088295  1255 tablet_bootstrap.cc:492] T f4d56c83f2034b73b8e4943691584cf6 P e1ad3b6fcb1f4fdd9919074da0204d34: No bootstrap required, opened a new log
I20260710 13:14:49.097805  1256 ts_tablet_manager.cc:1434] T 6f58a47b509a4fd4b438d7e1e6da26f9 P 4e533740ab4d4ab7842e0b023cbe7f44: Time spent starting tablet: real 0.016s	user 0.007s	sys 0.000s
I20260710 13:14:49.099262  1255 ts_tablet_manager.cc:1403] T f4d56c83f2034b73b8e4943691584cf6 P e1ad3b6fcb1f4fdd9919074da0204d34: Time spent bootstrapping tablet: real 0.067s	user 0.012s	sys 0.002s
I20260710 13:14:49.099938  1256 tablet_bootstrap.cc:492] T 39f29d146b42444f8a0bcfa2f310e24f P 4e533740ab4d4ab7842e0b023cbe7f44: Bootstrap starting.
I20260710 13:14:49.101419  1278 raft_consensus.cc:2804] T 31812e935cb74e23afd8f0d0bd713eb8 P 800fa340068842159eb52d70d590adca [term 1 FOLLOWER]: Leader election won for term 1
I20260710 13:14:49.101894  1278 raft_consensus.cc:697] T 31812e935cb74e23afd8f0d0bd713eb8 P 800fa340068842159eb52d70d590adca [term 1 LEADER]: Becoming Leader. State: Replica: 800fa340068842159eb52d70d590adca, State: Running, Role: LEADER
I20260710 13:14:49.102093  1254 ts_tablet_manager.cc:1434] T e97c5ba126d747d993a24ceda7aba454 P 800fa340068842159eb52d70d590adca: Time spent starting tablet: real 0.021s	user 0.004s	sys 0.003s
