I20260710 13:20:12.947804 17344 tablet_service.cc:1917] Received RequestConsensusVote() RPC: tablet_id: "b4dea092f94146bdbb1d858b95e0cf0a" candidate_uuid: "5939fe85420f4ad7b792d462b26cc1c9" candidate_term: 1 candidate_status { last_received { term: 0 index: 0 } } ignore_live_leader: false dest_uuid: "03cc57371b4e415d86c3a22d423fbd6d" is_pre_election: true
I20260710 13:20:12.948573 17459 tablet_bootstrap.cc:492] T ccd93a94e0b14f49bc935a66f3877177 P 4fad63fb79b74552839618d6a28b8c23: No bootstrap required, opened a new log
I20260710 13:20:12.948776 17466 raft_consensus.cc:2804] T ce7e905b7442477da63e924892fcf945 P 4fad63fb79b74552839618d6a28b8c23 [term 1 FOLLOWER]: Leader election won for term 1
I20260710 13:20:12.949020 17459 ts_tablet_manager.cc:1403] T ccd93a94e0b14f49bc935a66f3877177 P 4fad63fb79b74552839618d6a28b8c23: Time spent bootstrapping tablet: real 0.098s	user 0.039s	sys 0.023s
I20260710 13:20:12.948856 17461 ts_tablet_manager.cc:1434] T 50aed6c9008247d9a520bab6d02d9541 P 5939fe85420f4ad7b792d462b26cc1c9: Time spent starting tablet: real 0.007s	user 0.005s	sys 0.003s
W20260710 13:20:12.949712 17383 leader_election.cc:343] T b4dea092f94146bdbb1d858b95e0cf0a P 5939fe85420f4ad7b792d462b26cc1c9 [CANDIDATE]: Term 1 pre-election: Tablet error from VoteRequest() call to peer 03cc57371b4e415d86c3a22d423fbd6d (127.16.63.2:38607): Illegal state: must be running to vote when last-logged opid is not known
I20260710 13:20:12.950143 17383 leader_election.cc:304] T b4dea092f94146bdbb1d858b95e0cf0a P 5939fe85420f4ad7b792d462b26cc1c9 [CANDIDATE]: Term 1 pre-election: Election decided. Result: candidate lost. Election summary: received 3 responses out of 3 voters: 1 yes votes; 2 no votes. yes voters: 5939fe85420f4ad7b792d462b26cc1c9; no voters: 03cc57371b4e415d86c3a22d423fbd6d, 4fad63fb79b74552839618d6a28b8c23
I20260710 13:20:12.950474 17461 tablet_bootstrap.cc:492] T ce7e905b7442477da63e924892fcf945 P 5939fe85420f4ad7b792d462b26cc1c9: Bootstrap starting.
I20260710 13:20:12.951337 17477 raft_consensus.cc:2749] T b4dea092f94146bdbb1d858b95e0cf0a P 5939fe85420f4ad7b792d462b26cc1c9 [term 0 FOLLOWER]: Leader pre-election lost for term 1. Reason: could not achieve majority
I20260710 13:20:12.951930 17459 raft_consensus.cc:359] T ccd93a94e0b14f49bc935a66f3877177 P 4fad63fb79b74552839618d6a28b8c23 [term 0 FOLLOWER]: Replica starting. Triggering 0 pending ops. Active config: opid_index: -1 OBSOLETE_local: false peers { permanent_uuid: "4fad63fb79b74552839618d6a28b8c23" member_type: VOTER last_known_addr { host: "127.16.63.1" port: 33271 } } peers { permanent_uuid: "03cc57371b4e415d86c3a22d423fbd6d" member_type: VOTER last_known_addr { host: "127.16.63.2" port: 38607 } } peers { permanent_uuid: "5939fe85420f4ad7b792d462b26cc1c9" member_type: VOTER last_known_addr { host: "127.16.63.3" port: 45703 } }
I20260710 13:20:12.952772 17459 raft_consensus.cc:385] T ccd93a94e0b14f49bc935a66f3877177 P 4fad63fb79b74552839618d6a28b8c23 [term 0 FOLLOWER]: Consensus starting up: Expiring failure detector timer to make a prompt election more likely
I20260710 13:20:12.953158 17459 raft_consensus.cc:740] T ccd93a94e0b14f49bc935a66f3877177 P 4fad63fb79b74552839618d6a28b8c23 [term 0 FOLLOWER]: Becoming Follower/Learner. State: Replica: 4fad63fb79b74552839618d6a28b8c23, State: Initialized, Role: FOLLOWER
I20260710 13:20:12.954051 17459 consensus_queue.cc:260] T ccd93a94e0b14f49bc935a66f3877177 P 4fad63fb79b74552839618d6a28b8c23 [NON_LEADER]: Queue going to NON_LEADER mode. State: All replicated index: 0, Majority replicated index: 0, Committed index: 0, Last appended: 0.0, Last appended by leader: 0, Current term: 0, Majority size: -1, State: 0, Mode: NON_LEADER, active raft config: opid_index: -1 OBSOLETE_local: false peers { permanent_uuid: "4fad63fb79b74552839618d6a28b8c23" member_type: VOTER last_known_addr { host: "127.16.63.1" port: 33271 } } peers { permanent_uuid: "03cc57371b4e415d86c3a22d423fbd6d" member_type: VOTER last_known_addr { host: "127.16.63.2" port: 38607 } } peers { permanent_uuid: "5939fe85420f4ad7b792d462b26cc1c9" member_type: VOTER last_known_addr { host: "127.16.63.3" port: 45703 } }
I20260710 13:20:12.955945 17475 raft_consensus.cc:515] T 7f8d2523fdcd45488a3097f572f0d140 P 4fad63fb79b74552839618d6a28b8c23 [term 1 FOLLOWER]: Starting leader election with config: opid_index: -1 OBSOLETE_local: false peers { permanent_uuid: "4fad63fb79b74552839618d6a28b8c23" member_type: VOTER last_known_addr { host: "127.16.63.1" port: 33271 } } peers { permanent_uuid: "03cc57371b4e415d86c3a22d423fbd6d" member_type: VOTER last_known_addr { host: "127.16.63.2" port: 38607 } } peers { permanent_uuid: "5939fe85420f4ad7b792d462b26cc1c9" member_type: VOTER last_known_addr { host: "127.16.63.3" port: 45703 } }
I20260710 13:20:12.957110 17461 tablet_bootstrap.cc:654] T ce7e905b7442477da63e924892fcf945 P 5939fe85420f4ad7b792d462b26cc1c9: Neither blocks nor log segments found. Creating new log.
I20260710 13:20:12.965322 17475 leader_election.cc:290] T 7f8d2523fdcd45488a3097f572f0d140 P 4fad63fb79b74552839618d6a28b8c23 [CANDIDATE]: Term 1 election: Requested vote from peers 03cc57371b4e415d86c3a22d423fbd6d (127.16.63.2:38607), 5939fe85420f4ad7b792d462b26cc1c9 (127.16.63.3:45703)
I20260710 13:20:12.966498 17344 tablet_service.cc:1917] Received RequestConsensusVote() RPC: tablet_id: "7f8d2523fdcd45488a3097f572f0d140" candidate_uuid: "4fad63fb79b74552839618d6a28b8c23" candidate_term: 1 candidate_status { last_received { term: 0 index: 0 } } ignore_live_leader: false dest_uuid: "03cc57371b4e415d86c3a22d423fbd6d"
I20260710 13:20:12.971817 17418 tablet_service.cc:1917] Received RequestConsensusVote() RPC: tablet_id: "7f8d2523fdcd45488a3097f572f0d140" candidate_uuid: "4fad63fb79b74552839618d6a28b8c23" candidate_term: 1 candidate_status { last_received { term: 0 index: 0 } } ignore_live_leader: false dest_uuid: "5939fe85420f4ad7b792d462b26cc1c9"
W20260710 13:20:12.973984 17234 leader_election.cc:343] T 7f8d2523fdcd45488a3097f572f0d140 P 4fad63fb79b74552839618d6a28b8c23 [CANDIDATE]: Term 1 election: Tablet error from VoteRequest() call to peer 03cc57371b4e415d86c3a22d423fbd6d (127.16.63.2:38607): Illegal state: must be running to vote when last-logged opid is not known
I20260710 13:20:12.974139 17418 raft_consensus.cc:3060] T 7f8d2523fdcd45488a3097f572f0d140 P 5939fe85420f4ad7b792d462b26cc1c9 [term 0 FOLLOWER]: Advancing to term 1
W20260710 13:20:12.976511 17216 auto_rebalancer.cc:288] Could not retrieve cluster info: Service unavailable: Tablet not running
I20260710 13:20:12.966878 17466 raft_consensus.cc:697] T ce7e905b7442477da63e924892fcf945 P 4fad63fb79b74552839618d6a28b8c23 [term 1 LEADER]: Becoming Leader. State: Replica: 4fad63fb79b74552839618d6a28b8c23, State: Running, Role: LEADER
I20260710 13:20:12.980911 17270 tablet_service.cc:1917] Received RequestConsensusVote() RPC: tablet_id: "ce7e905b7442477da63e924892fcf945" candidate_uuid: "03cc57371b4e415d86c3a22d423fbd6d" candidate_term: 1 candidate_status { last_received { term: 0 index: 0 } } ignore_live_leader: false dest_uuid: "4fad63fb79b74552839618d6a28b8c23" is_pre_election: true
I20260710 13:20:12.981463 17466 consensus_queue.cc:237] T ce7e905b7442477da63e924892fcf945 P 4fad63fb79b74552839618d6a28b8c23 [LEADER]: Queue going to LEADER mode. State: All replicated index: 0, Majority replicated index: 0, Committed index: 0, Last appended: 0.0, Last appended by leader: 0, Current term: 1, Majority size: 2, State: 0, Mode: LEADER, active raft config: opid_index: -1 OBSOLETE_local: false peers { permanent_uuid: "4fad63fb79b74552839618d6a28b8c23" member_type: VOTER last_known_addr { host: "127.16.63.1" port: 33271 } } peers { permanent_uuid: "03cc57371b4e415d86c3a22d423fbd6d" member_type: VOTER last_known_addr { host: "127.16.63.2" port: 38607 } } peers { permanent_uuid: "5939fe85420f4ad7b792d462b26cc1c9" member_type: VOTER last_known_addr { host: "127.16.63.3" port: 45703 } }
I20260710 13:20:12.985098 17418 raft_consensus.cc:2468] T 7f8d2523fdcd45488a3097f572f0d140 P 5939fe85420f4ad7b792d462b26cc1c9 [term 1 FOLLOWER]: Leader election vote request: Granting yes vote for candidate 4fad63fb79b74552839618d6a28b8c23 in term 1.
I20260710 13:20:12.987146 17236 leader_election.cc:304] T 7f8d2523fdcd45488a3097f572f0d140 P 4fad63fb79b74552839618d6a28b8c23 [CANDIDATE]: Term 1 election: Election decided. Result: candidate won. Election summary: received 3 responses out of 3 voters: 2 yes votes; 1 no votes. yes voters: 4fad63fb79b74552839618d6a28b8c23, 5939fe85420f4ad7b792d462b26cc1c9; no voters: 03cc57371b4e415d86c3a22d423fbd6d
I20260710 13:20:12.988497 17486 raft_consensus.cc:2804] T 7f8d2523fdcd45488a3097f572f0d140 P 4fad63fb79b74552839618d6a28b8c23 [term 1 FOLLOWER]: Leader election won for term 1
I20260710 13:20:12.989027 17486 raft_consensus.cc:697] T 7f8d2523fdcd45488a3097f572f0d140 P 4fad63fb79b74552839618d6a28b8c23 [term 1 LEADER]: Becoming Leader. State: Replica: 4fad63fb79b74552839618d6a28b8c23, State: Running, Role: LEADER
I20260710 13:20:12.989931 17486 consensus_queue.cc:237] T 7f8d2523fdcd45488a3097f572f0d140 P 4fad63fb79b74552839618d6a28b8c23 [LEADER]: Queue going to LEADER mode. State: All replicated index: 0, Majority replicated index: 0, Committed index: 0, Last appended: 0.0, Last appended by leader: 0, Current term: 1, Majority size: 2, State: 0, Mode: LEADER, active raft config: opid_index: -1 OBSOLETE_local: false peers { permanent_uuid: "4fad63fb79b74552839618d6a28b8c23" member_type: VOTER last_known_addr { host: "127.16.63.1" port: 33271 } } peers { permanent_uuid: "03cc57371b4e415d86c3a22d423fbd6d" member_type: VOTER last_known_addr { host: "127.16.63.2" port: 38607 } } peers { permanent_uuid: "5939fe85420f4ad7b792d462b26cc1c9" member_type: VOTER last_known_addr { host: "127.16.63.3" port: 45703 } }
I20260710 13:20:12.990857 17460 tablet_bootstrap.cc:654] T 583df08c12884178ba062078a5460d1a P 03cc57371b4e415d86c3a22d423fbd6d: Neither blocks nor log segments found. Creating new log.
I20260710 13:20:13.005671 17418 tablet_service.cc:1917] Received RequestConsensusVote() RPC: tablet_id: "ce7e905b7442477da63e924892fcf945" candidate_uuid: "03cc57371b4e415d86c3a22d423fbd6d" candidate_term: 1 candidate_status { last_received { term: 0 index: 0 } } ignore_live_leader: false dest_uuid: "5939fe85420f4ad7b792d462b26cc1c9" is_pre_election: true
I20260710 13:20:13.007262 17461 tablet_bootstrap.cc:492] T ce7e905b7442477da63e924892fcf945 P 5939fe85420f4ad7b792d462b26cc1c9: No bootstrap required, opened a new log
W20260710 13:20:13.007683 17311 leader_election.cc:343] T ce7e905b7442477da63e924892fcf945 P 03cc57371b4e415d86c3a22d423fbd6d [CANDIDATE]: Term 1 pre-election: Tablet error from VoteRequest() call to peer 5939fe85420f4ad7b792d462b26cc1c9 (127.16.63.3:45703): Illegal state: must be running to vote when last-logged opid is not known
I20260710 13:20:13.008478 17459 ts_tablet_manager.cc:1434] T ccd93a94e0b14f49bc935a66f3877177 P 4fad63fb79b74552839618d6a28b8c23: Time spent starting tablet: real 0.059s	user 0.015s	sys 0.031s
I20260710 13:20:13.008347 17311 leader_election.cc:304] T ce7e905b7442477da63e924892fcf945 P 03cc57371b4e415d86c3a22d423fbd6d [CANDIDATE]: Term 1 pre-election: Election decided. Result: candidate lost. Election summary: received 3 responses out of 3 voters: 1 yes votes; 2 no votes. yes voters: 03cc57371b4e415d86c3a22d423fbd6d; no voters: 4fad63fb79b74552839618d6a28b8c23, 5939fe85420f4ad7b792d462b26cc1c9
I20260710 13:20:13.009908 17459 tablet_bootstrap.cc:492] T 583df08c12884178ba062078a5460d1a P 4fad63fb79b74552839618d6a28b8c23: Bootstrap starting.
I20260710 13:20:13.010380 17468 raft_consensus.cc:2749] T ce7e905b7442477da63e924892fcf945 P 03cc57371b4e415d86c3a22d423fbd6d [term 1 FOLLOWER]: Leader pre-election lost for term 1. Reason: could not achieve majority
I20260710 13:20:13.007867 17461 ts_tablet_manager.cc:1403] T ce7e905b7442477da63e924892fcf945 P 5939fe85420f4ad7b792d462b26cc1c9: Time spent bootstrapping tablet: real 0.058s	user 0.011s	sys 0.019s
I20260710 13:20:13.016563 17461 raft_consensus.cc:359] T ce7e905b7442477da63e924892fcf945 P 5939fe85420f4ad7b792d462b26cc1c9 [term 0 FOLLOWER]: Replica starting. Triggering 0 pending ops. Active config: opid_index: -1 OBSOLETE_local: false peers { permanent_uuid: "4fad63fb79b74552839618d6a28b8c23" member_type: VOTER last_known_addr { host: "127.16.63.1" port: 33271 } } peers { permanent_uuid: "03cc57371b4e415d86c3a22d423fbd6d" member_type: VOTER last_known_addr { host: "127.16.63.2" port: 38607 } } peers { permanent_uuid: "5939fe85420f4ad7b792d462b26cc1c9" member_type: VOTER last_known_addr { host: "127.16.63.3" port: 45703 } }
I20260710 13:20:13.017458 17461 raft_consensus.cc:385] T ce7e905b7442477da63e924892fcf945 P 5939fe85420f4ad7b792d462b26cc1c9 [term 0 FOLLOWER]: Consensus starting up: Expiring failure detector timer to make a prompt election more likely
I20260710 13:20:13.017848 17461 raft_consensus.cc:740] T ce7e905b7442477da63e924892fcf945 P 5939fe85420f4ad7b792d462b26cc1c9 [term 0 FOLLOWER]: Becoming Follower/Learner. State: Replica: 5939fe85420f4ad7b792d462b26cc1c9, State: Initialized, Role: FOLLOWER
I20260710 13:20:13.018572 17460 tablet_bootstrap.cc:492] T 583df08c12884178ba062078a5460d1a P 03cc57371b4e415d86c3a22d423fbd6d: No bootstrap required, opened a new log
I20260710 13:20:13.019069 17460 ts_tablet_manager.cc:1403] T 583df08c12884178ba062078a5460d1a P 03cc57371b4e415d86c3a22d423fbd6d: Time spent bootstrapping tablet: real 0.102s	user 0.022s	sys 0.004s
I20260710 13:20:13.018744 17461 consensus_queue.cc:260] T ce7e905b7442477da63e924892fcf945 P 5939fe85420f4ad7b792d462b26cc1c9 [NON_LEADER]: Queue going to NON_LEADER mode. State: All replicated index: 0, Majority replicated index: 0, Committed index: 0, Last appended: 0.0, Last appended by leader: 0, Current term: 0, Majority size: -1, State: 0, Mode: NON_LEADER, active raft config: opid_index: -1 OBSOLETE_local: false peers { permanent_uuid: "4fad63fb79b74552839618d6a28b8c23" member_type: VOTER last_known_addr { host: "127.16.63.1" port: 33271 } } peers { permanent_uuid: "03cc57371b4e415d86c3a22d423fbd6d" member_type: VOTER last_known_addr { host: "127.16.63.2" port: 38607 } } peers { permanent_uuid: "5939fe85420f4ad7b792d462b26cc1c9" member_type: VOTER last_known_addr { host: "127.16.63.3" port: 45703 } }
I20260710 13:20:13.021281 17461 ts_tablet_manager.cc:1434] T ce7e905b7442477da63e924892fcf945 P 5939fe85420f4ad7b792d462b26cc1c9: Time spent starting tablet: real 0.008s	user 0.005s	sys 0.002s
I20260710 13:20:13.020506 17167 catalog_manager.cc:5697] T ce7e905b7442477da63e924892fcf945 P 4fad63fb79b74552839618d6a28b8c23 reported cstate change: term changed from 0 to 1, leader changed from <none> to 4fad63fb79b74552839618d6a28b8c23 (127.16.63.1). New cstate: current_term: 1 leader_uuid: "4fad63fb79b74552839618d6a28b8c23" committed_config { opid_index: -1 OBSOLETE_local: false peers { permanent_uuid: "4fad63fb79b74552839618d6a28b8c23" member_type: VOTER last_known_addr { host: "127.16.63.1" port: 33271 } health_report { overall_health: HEALTHY } } peers { permanent_uuid: "03cc57371b4e415d86c3a22d423fbd6d" member_type: VOTER last_known_addr { host: "127.16.63.2" port: 38607 } health_report { overall_health: UNKNOWN } } peers { permanent_uuid: "5939fe85420f4ad7b792d462b26cc1c9" member_type: VOTER last_known_addr { host: "127.16.63.3" port: 45703 } health_report { overall_health: UNKNOWN } } }
I20260710 13:20:13.022641 17461 tablet_bootstrap.cc:492] T 128de1da2ddd4425bf5eb4a45180b7d1 P 5939fe85420f4ad7b792d462b26cc1c9: Bootstrap starting.
I20260710 13:20:13.022337 17460 raft_consensus.cc:359] T 583df08c12884178ba062078a5460d1a P 03cc57371b4e415d86c3a22d423fbd6d [term 0 FOLLOWER]: Replica starting. Triggering 0 pending ops. Active config: opid_index: -1 OBSOLETE_local: false peers { permanent_uuid: "03cc57371b4e415d86c3a22d423fbd6d" member_type: VOTER last_known_addr { host: "127.16.63.2" port: 38607 } } peers { permanent_uuid: "4fad63fb79b74552839618d6a28b8c23" member_type: VOTER last_known_addr { host: "127.16.63.1" port: 33271 } } peers { permanent_uuid: "5939fe85420f4ad7b792d462b26cc1c9" member_type: VOTER last_known_addr { host: "127.16.63.3" port: 45703 } }
I20260710 13:20:13.023419 17460 raft_consensus.cc:385] T 583df08c12884178ba062078a5460d1a P 03cc57371b4e415d86c3a22d423fbd6d [term 0 FOLLOWER]: Consensus starting up: Expiring failure detector timer to make a prompt election more likely
I20260710 13:20:13.023751 17460 raft_consensus.cc:740] T 583df08c12884178ba062078a5460d1a P 03cc57371b4e415d86c3a22d423fbd6d [term 0 FOLLOWER]: Becoming Follower/Learner. State: Replica: 03cc57371b4e415d86c3a22d423fbd6d, State: Initialized, Role: FOLLOWER
I20260710 13:20:13.025358 17459 tablet_bootstrap.cc:654] T 583df08c12884178ba062078a5460d1a P 4fad63fb79b74552839618d6a28b8c23: Neither blocks nor log segments found. Creating new log.
I20260710 13:20:13.024590 17460 consensus_queue.cc:260] T 583df08c12884178ba062078a5460d1a P 03cc57371b4e415d86c3a22d423fbd6d [NON_LEADER]: Queue going to NON_LEADER mode. State: All replicated index: 0, Majority replicated index: 0, Committed index: 0, Last appended: 0.0, Last appended by leader: 0, Current term: 0, Majority size: -1, State: 0, Mode: NON_LEADER, active raft config: opid_index: -1 OBSOLETE_local: false peers { permanent_uuid: "03cc57371b4e415d86c3a22d423fbd6d" member_type: VOTER last_known_addr { host: "127.16.63.2" port: 38607 } } peers { permanent_uuid: "4fad63fb79b74552839618d6a28b8c23" member_type: VOTER last_known_addr { host: "127.16.63.1" port: 33271 } } peers { permanent_uuid: "5939fe85420f4ad7b792d462b26cc1c9" member_type: VOTER last_known_addr { host: "127.16.63.3" port: 45703 } }
I20260710 13:20:13.032534 17460 ts_tablet_manager.cc:1434] T 583df08c12884178ba062078a5460d1a P 03cc57371b4e415d86c3a22d423fbd6d: Time spent starting tablet: real 0.013s	user 0.003s	sys 0.004s
I20260710 13:20:13.033854 17460 tablet_bootstrap.cc:492] T cecd58eebd5f4fbeb8d2874dc9b40687 P 03cc57371b4e415d86c3a22d423fbd6d: Bootstrap starting.
I20260710 13:20:13.041023 17461 tablet_bootstrap.cc:654] T 128de1da2ddd4425bf5eb4a45180b7d1 P 5939fe85420f4ad7b792d462b26cc1c9: Neither blocks nor log segments found. Creating new log.
I20260710 13:20:13.041716 17460 tablet_bootstrap.cc:654] T cecd58eebd5f4fbeb8d2874dc9b40687 P 03cc57371b4e415d86c3a22d423fbd6d: Neither blocks nor log segments found. Creating new log.
I20260710 13:20:13.053326 17461 tablet_bootstrap.cc:492] T 128de1da2ddd4425bf5eb4a45180b7d1 P 5939fe85420f4ad7b792d462b26cc1c9: No bootstrap required, opened a new log
I20260710 13:20:13.053335 17459 tablet_bootstrap.cc:492] T 583df08c12884178ba062078a5460d1a P 4fad63fb79b74552839618d6a28b8c23: No bootstrap required, opened a new log
I20260710 13:20:13.053937 17460 tablet_bootstrap.cc:492] T cecd58eebd5f4fbeb8d2874dc9b40687 P 03cc57371b4e415d86c3a22d423fbd6d: No bootstrap required, opened a new log
I20260710 13:20:13.054138 17459 ts_tablet_manager.cc:1403] T 583df08c12884178ba062078a5460d1a P 4fad63fb79b74552839618d6a28b8c23: Time spent bootstrapping tablet: real 0.045s	user 0.022s	sys 0.007s
I20260710 13:20:13.054209 17461 ts_tablet_manager.cc:1403] T 128de1da2ddd4425bf5eb4a45180b7d1 P 5939fe85420f4ad7b792d462b26cc1c9: Time spent bootstrapping tablet: real 0.032s	user 0.006s	sys 0.009s
I20260710 13:20:13.054412 17460 ts_tablet_manager.cc:1403] T cecd58eebd5f4fbeb8d2874dc9b40687 P 03cc57371b4e415d86c3a22d423fbd6d: Time spent bootstrapping tablet: real 0.021s	user 0.008s	sys 0.008s
I20260710 13:20:13.055325 17466 raft_consensus.cc:493] T 0eb0e83b535445aa9e8b6a4765be7a02 P 4fad63fb79b74552839618d6a28b8c23 [term 0 FOLLOWER]: Starting pre-election (no leader contacted us within the election timeout)
I20260710 13:20:13.055815 17466 raft_consensus.cc:515] T 0eb0e83b535445aa9e8b6a4765be7a02 P 4fad63fb79b74552839618d6a28b8c23 [term 0 FOLLOWER]: Starting pre-election with config: opid_index: -1 OBSOLETE_local: false peers { permanent_uuid: "4fad63fb79b74552839618d6a28b8c23" member_type: VOTER last_known_addr { host: "127.16.63.1" port: 33271 } } peers { permanent_uuid: "03cc57371b4e415d86c3a22d423fbd6d" member_type: VOTER last_known_addr { host: "127.16.63.2" port: 38607 } } peers { permanent_uuid: "5939fe85420f4ad7b792d462b26cc1c9" member_type: VOTER last_known_addr { host: "127.16.63.3" port: 45703 } }
I20260710 13:20:13.057564 17459 raft_consensus.cc:359] T 583df08c12884178ba062078a5460d1a P 4fad63fb79b74552839618d6a28b8c23 [term 0 FOLLOWER]: Replica starting. Triggering 0 pending ops. Active config: opid_index: -1 OBSOLETE_local: false peers { permanent_uuid: "03cc57371b4e415d86c3a22d423fbd6d" member_type: VOTER last_known_addr { host: "127.16.63.2" port: 38607 } } peers { permanent_uuid: "4fad63fb79b74552839618d6a28b8c23" member_type: VOTER last_known_addr { host: "127.16.63.1" port: 33271 } } peers { permanent_uuid: "5939fe85420f4ad7b792d462b26cc1c9" member_type: VOTER last_known_addr { host: "127.16.63.3" port: 45703 } }
I20260710 13:20:13.058399 17459 raft_consensus.cc:385] T 583df08c12884178ba062078a5460d1a P 4fad63fb79b74552839618d6a28b8c23 [term 0 FOLLOWER]: Consensus starting up: Expiring failure detector timer to make a prompt election more likely
I20260710 13:20:13.057955 17461 raft_consensus.cc:359] T 128de1da2ddd4425bf5eb4a45180b7d1 P 5939fe85420f4ad7b792d462b26cc1c9 [term 0 FOLLOWER]: Replica starting. Triggering 0 pending ops. Active config: opid_index: -1 OBSOLETE_local: false peers { permanent_uuid: "4fad63fb79b74552839618d6a28b8c23" member_type: VOTER last_known_addr { host: "127.16.63.1" port: 33271 } } peers { permanent_uuid: "03cc57371b4e415d86c3a22d423fbd6d" member_type: VOTER last_known_addr { host: "127.16.63.2" port: 38607 } } peers { permanent_uuid: "5939fe85420f4ad7b792d462b26cc1c9" member_type: VOTER last_known_addr { host: "127.16.63.3" port: 45703 } }
I20260710 13:20:13.058791 17459 raft_consensus.cc:740] T 583df08c12884178ba062078a5460d1a P 4fad63fb79b74552839618d6a28b8c23 [term 0 FOLLOWER]: Becoming Follower/Learner. State: Replica: 4fad63fb79b74552839618d6a28b8c23, State: Initialized, Role: FOLLOWER
I20260710 13:20:13.058982 17461 raft_consensus.cc:385] T 128de1da2ddd4425bf5eb4a45180b7d1 P 5939fe85420f4ad7b792d462b26cc1c9 [term 0 FOLLOWER]: Consensus starting up: Expiring failure detector timer to make a prompt election more likely
I20260710 13:20:13.059371 17344 tablet_service.cc:1917] Received RequestConsensusVote() RPC: tablet_id: "0eb0e83b535445aa9e8b6a4765be7a02" candidate_uuid: "4fad63fb79b74552839618d6a28b8c23" candidate_term: 1 candidate_status { last_received { term: 0 index: 0 } } ignore_live_leader: false dest_uuid: "03cc57371b4e415d86c3a22d423fbd6d" is_pre_election: true
I20260710 13:20:13.059657 17459 consensus_queue.cc:260] T 583df08c12884178ba062078a5460d1a P 4fad63fb79b74552839618d6a28b8c23 [NON_LEADER]: Queue going to NON_LEADER mode. State: All replicated index: 0, Majority replicated index: 0, Committed index: 0, Last appended: 0.0, Last appended by leader: 0, Current term: 0, Majority size: -1, State: 0, Mode: NON_LEADER, active raft config: opid_index: -1 OBSOLETE_local: false peers { permanent_uuid: "03cc57371b4e415d86c3a22d423fbd6d" member_type: VOTER last_known_addr { host: "127.16.63.2" port: 38607 } } peers { permanent_uuid: "4fad63fb79b74552839618d6a28b8c23" member_type: VOTER last_known_addr { host: "127.16.63.1" port: 33271 } } peers { permanent_uuid: "5939fe85420f4ad7b792d462b26cc1c9" member_type: VOTER last_known_addr { host: "127.16.63.3" port: 45703 } }
I20260710 13:20:13.057881 17466 leader_election.cc:290] T 0eb0e83b535445aa9e8b6a4765be7a02 P 4fad63fb79b74552839618d6a28b8c23 [CANDIDATE]: Term 1 pre-election: Requested pre-vote from peers 03cc57371b4e415d86c3a22d423fbd6d (127.16.63.2:38607), 5939fe85420f4ad7b792d462b26cc1c9 (127.16.63.3:45703)
I20260710 13:20:13.059859 17418 tablet_service.cc:1917] Received RequestConsensusVote() RPC: tablet_id: "0eb0e83b535445aa9e8b6a4765be7a02" candidate_uuid: "4fad63fb79b74552839618d6a28b8c23" candidate_term: 1 candidate_status { last_received { term: 0 index: 0 } } ignore_live_leader: false dest_uuid: "5939fe85420f4ad7b792d462b26cc1c9" is_pre_election: true
W20260710 13:20:13.066815 17234 leader_election.cc:343] T 0eb0e83b535445aa9e8b6a4765be7a02 P 4fad63fb79b74552839618d6a28b8c23 [CANDIDATE]: Term 1 pre-election: Tablet error from VoteRequest() call to peer 03cc57371b4e415d86c3a22d423fbd6d (127.16.63.2:38607): Illegal state: must be running to vote when last-logged opid is not known
I20260710 13:20:13.067081 17418 raft_consensus.cc:2468] T 0eb0e83b535445aa9e8b6a4765be7a02 P 5939fe85420f4ad7b792d462b26cc1c9 [term 0 FOLLOWER]: Leader pre-election vote request: Granting yes vote for candidate 4fad63fb79b74552839618d6a28b8c23 in term 0.
I20260710 13:20:13.057776 17460 raft_consensus.cc:359] T cecd58eebd5f4fbeb8d2874dc9b40687 P 03cc57371b4e415d86c3a22d423fbd6d [term 0 FOLLOWER]: Replica starting. Triggering 0 pending ops. Active config: opid_index: -1 OBSOLETE_local: false peers { permanent_uuid: "4fad63fb79b74552839618d6a28b8c23" member_type: VOTER last_known_addr { host: "127.16.63.1" port: 33271 } } peers { permanent_uuid: "03cc57371b4e415d86c3a22d423fbd6d" member_type: VOTER last_known_addr { host: "127.16.63.2" port: 38607 } } peers { permanent_uuid: "5939fe85420f4ad7b792d462b26cc1c9" member_type: VOTER last_known_addr { host: "127.16.63.3" port: 45703 } }
I20260710 13:20:13.068086 17460 raft_consensus.cc:385] T cecd58eebd5f4fbeb8d2874dc9b40687 P 03cc57371b4e415d86c3a22d423fbd6d [term 0 FOLLOWER]: Consensus starting up: Expiring failure detector timer to make a prompt election more likely
I20260710 13:20:13.068440 17460 raft_consensus.cc:740] T cecd58eebd5f4fbeb8d2874dc9b40687 P 03cc57371b4e415d86c3a22d423fbd6d [term 0 FOLLOWER]: Becoming Follower/Learner. State: Replica: 03cc57371b4e415d86c3a22d423fbd6d, State: Initialized, Role: FOLLOWER
I20260710 13:20:13.065794 17461 raft_consensus.cc:740] T 128de1da2ddd4425bf5eb4a45180b7d1 P 5939fe85420f4ad7b792d462b26cc1c9 [term 0 FOLLOWER]: Becoming Follower/Learner. State: Replica: 5939fe85420f4ad7b792d462b26cc1c9, State: Initialized, Role: FOLLOWER
I20260710 13:20:13.068558 17236 leader_election.cc:304] T 0eb0e83b535445aa9e8b6a4765be7a02 P 4fad63fb79b74552839618d6a28b8c23 [CANDIDATE]: Term 1 pre-election: Election decided. Result: candidate won. Election summary: received 3 responses out of 3 voters: 2 yes votes; 1 no votes. yes voters: 4fad63fb79b74552839618d6a28b8c23, 5939fe85420f4ad7b792d462b26cc1c9; no voters: 03cc57371b4e415d86c3a22d423fbd6d
I20260710 13:20:13.069536 17461 consensus_queue.cc:260] T 128de1da2ddd4425bf5eb4a45180b7d1 P 5939fe85420f4ad7b792d462b26cc1c9 [NON_LEADER]: Queue going to NON_LEADER mode. State: All replicated index: 0, Majority replicated index: 0, Committed index: 0, Last appended: 0.0, Last appended by leader: 0, Current term: 0, Majority size: -1, State: 0, Mode: NON_LEADER, active raft config: opid_index: -1 OBSOLETE_local: false peers { permanent_uuid: "4fad63fb79b74552839618d6a28b8c23" member_type: VOTER last_known_addr { host: "127.16.63.1" port: 33271 } } peers { permanent_uuid: "03cc57371b4e415d86c3a22d423fbd6d" member_type: VOTER last_known_addr { host: "127.16.63.2" port: 38607 } } peers { permanent_uuid: "5939fe85420f4ad7b792d462b26cc1c9" member_type: VOTER last_known_addr { host: "127.16.63.3" port: 45703 } }
I20260710 13:20:13.069425 17460 consensus_queue.cc:260] T cecd58eebd5f4fbeb8d2874dc9b40687 P 03cc57371b4e415d86c3a22d423fbd6d [NON_LEADER]: Queue going to NON_LEADER mode. State: All replicated index: 0, Majority replicated index: 0, Committed index: 0, Last appended: 0.0, Last appended by leader: 0, Current term: 0, Majority size: -1, State: 0, Mode: NON_LEADER, active raft config: opid_index: -1 OBSOLETE_local: false peers { permanent_uuid: "4fad63fb79b74552839618d6a28b8c23" member_type: VOTER last_known_addr { host: "127.16.63.1" port: 33271 } } peers { permanent_uuid: "03cc57371b4e415d86c3a22d423fbd6d" member_type: VOTER last_known_addr { host: "127.16.63.2" port: 38607 } } peers { permanent_uuid: "5939fe85420f4ad7b792d462b26cc1c9" member_type: VOTER last_known_addr { host: "127.16.63.3" port: 45703 } }
I20260710 13:20:13.070012 17466 raft_consensus.cc:2804] T 0eb0e83b535445aa9e8b6a4765be7a02 P 4fad63fb79b74552839618d6a28b8c23 [term 0 FOLLOWER]: Leader pre-election won for term 1
I20260710 13:20:13.070642 17466 raft_consensus.cc:493] T 0eb0e83b535445aa9e8b6a4765be7a02 P 4fad63fb79b74552839618d6a28b8c23 [term 0 FOLLOWER]: Starting leader election (no leader contacted us within the election timeout)
I20260710 13:20:13.071071 17466 raft_consensus.cc:3060] T 0eb0e83b535445aa9e8b6a4765be7a02 P 4fad63fb79b74552839618d6a28b8c23 [term 0 FOLLOWER]: Advancing to term 1
I20260710 13:20:13.071647 17461 ts_tablet_manager.cc:1434] T 128de1da2ddd4425bf5eb4a45180b7d1 P 5939fe85420f4ad7b792d462b26cc1c9: Time spent starting tablet: real 0.017s	user 0.006s	sys 0.000s
I20260710 13:20:13.072847 17464 raft_consensus.cc:493] T 50aed6c9008247d9a520bab6d02d9541 P 5939fe85420f4ad7b792d462b26cc1c9 [term 0 FOLLOWER]: Starting pre-election (no leader contacted us within the election timeout)
I20260710 13:20:13.073242 17464 raft_consensus.cc:515] T 50aed6c9008247d9a520bab6d02d9541 P 5939fe85420f4ad7b792d462b26cc1c9 [term 0 FOLLOWER]: Starting pre-election with config: opid_index: -1 OBSOLETE_local: false peers { permanent_uuid: "4fad63fb79b74552839618d6a28b8c23" member_type: VOTER last_known_addr { host: "127.16.63.1" port: 33271 } } peers { permanent_uuid: "03cc57371b4e415d86c3a22d423fbd6d" member_type: VOTER last_known_addr { host: "127.16.63.2" port: 38607 } } peers { permanent_uuid: "5939fe85420f4ad7b792d462b26cc1c9" member_type: VOTER last_known_addr { host: "127.16.63.3" port: 45703 } }
I20260710 13:20:13.075198 17464 leader_election.cc:290] T 50aed6c9008247d9a520bab6d02d9541 P 5939fe85420f4ad7b792d462b26cc1c9 [CANDIDATE]: Term 1 pre-election: Requested pre-vote from peers 4fad63fb79b74552839618d6a28b8c23 (127.16.63.1:33271), 03cc57371b4e415d86c3a22d423fbd6d (127.16.63.2:38607)
I20260710 13:20:13.068611 17459 ts_tablet_manager.cc:1434] T 583df08c12884178ba062078a5460d1a P 4fad63fb79b74552839618d6a28b8c23: Time spent starting tablet: real 0.014s	user 0.012s	sys 0.000s
I20260710 13:20:13.076988 17459 tablet_bootstrap.cc:492] T cecd58eebd5f4fbeb8d2874dc9b40687 P 4fad63fb79b74552839618d6a28b8c23: Bootstrap starting.
I20260710 13:20:13.078006 17270 tablet_service.cc:1917] Received RequestConsensusVote() RPC: tablet_id: "50aed6c9008247d9a520bab6d02d9541" candidate_uuid: "5939fe85420f4ad7b792d462b26cc1c9" candidate_term: 1 candidate_status { last_received { term: 0 index: 0 } } ignore_live_leader: false dest_uuid: "4fad63fb79b74552839618d6a28b8c23" is_pre_election: true
I20260710 13:20:13.077989 17466 raft_consensus.cc:515] T 0eb0e83b535445aa9e8b6a4765be7a02 P 4fad63fb79b74552839618d6a28b8c23 [term 1 FOLLOWER]: Starting leader election with config: opid_index: -1 OBSOLETE_local: false peers { permanent_uuid: "4fad63fb79b74552839618d6a28b8c23" member_type: VOTER last_known_addr { host: "127.16.63.1" port: 33271 } } peers { permanent_uuid: "03cc57371b4e415d86c3a22d423fbd6d" member_type: VOTER last_known_addr { host: "127.16.63.2" port: 38607 } } peers { permanent_uuid: "5939fe85420f4ad7b792d462b26cc1c9" member_type: VOTER last_known_addr { host: "127.16.63.3" port: 45703 } }
W20260710 13:20:13.079700 17383 leader_election.cc:343] T 50aed6c9008247d9a520bab6d02d9541 P 5939fe85420f4ad7b792d462b26cc1c9 [CANDIDATE]: Term 1 pre-election: Tablet error from VoteRequest() call to peer 4fad63fb79b74552839618d6a28b8c23 (127.16.63.1:33271): Illegal state: must be running to vote when last-logged opid is not known
I20260710 13:20:13.080184 17466 leader_election.cc:290] T 0eb0e83b535445aa9e8b6a4765be7a02 P 4fad63fb79b74552839618d6a28b8c23 [CANDIDATE]: Term 1 election: Requested vote from peers 03cc57371b4e415d86c3a22d423fbd6d (127.16.63.2:38607), 5939fe85420f4ad7b792d462b26cc1c9 (127.16.63.3:45703)
I20260710 13:20:13.082499 17460 ts_tablet_manager.cc:1434] T cecd58eebd5f4fbeb8d2874dc9b40687 P 03cc57371b4e415d86c3a22d423fbd6d: Time spent starting tablet: real 0.027s	user 0.006s	sys 0.000s
I20260710 13:20:13.083206 17345 tablet_service.cc:1917] Received RequestConsensusVote() RPC: tablet_id: "0eb0e83b535445aa9e8b6a4765be7a02" candidate_uuid: "4fad63fb79b74552839618d6a28b8c23" candidate_term: 1 candidate_status { last_received { term: 0 index: 0 } } ignore_live_leader: false dest_uuid: "03cc57371b4e415d86c3a22d423fbd6d"
I20260710 13:20:13.083510 17460 tablet_bootstrap.cc:492] T 0e980e4538ad44ae994b1e4d4d86b257 P 03cc57371b4e415d86c3a22d423fbd6d: Bootstrap starting.
I20260710 13:20:13.083614 17459 tablet_bootstrap.cc:654] T cecd58eebd5f4fbeb8d2874dc9b40687 P 4fad63fb79b74552839618d6a28b8c23: Neither blocks nor log segments found. Creating new log.
W20260710 13:20:13.085582 17234 leader_election.cc:343] T 0eb0e83b535445aa9e8b6a4765be7a02 P 4fad63fb79b74552839618d6a28b8c23 [CANDIDATE]: Term 1 election: Tablet error from VoteRequest() call to peer 03cc57371b4e415d86c3a22d423fbd6d (127.16.63.2:38607): Illegal state: must be running to vote when last-logged opid is not known
I20260710 13:20:13.072369 17461 tablet_bootstrap.cc:492] T 583df08c12884178ba062078a5460d1a P 5939fe85420f4ad7b792d462b26cc1c9: Bootstrap starting.
I20260710 13:20:13.089049 17418 tablet_service.cc:1917] Received RequestConsensusVote() RPC: tablet_id: "0eb0e83b535445aa9e8b6a4765be7a02" candidate_uuid: "4fad63fb79b74552839618d6a28b8c23" candidate_term: 1 candidate_status { last_received { term: 0 index: 0 } } ignore_live_leader: false dest_uuid: "5939fe85420f4ad7b792d462b26cc1c9"
I20260710 13:20:13.089720 17418 raft_consensus.cc:3060] T 0eb0e83b535445aa9e8b6a4765be7a02 P 5939fe85420f4ad7b792d462b26cc1c9 [term 0 FOLLOWER]: Advancing to term 1
I20260710 13:20:13.090621 17460 tablet_bootstrap.cc:654] T 0e980e4538ad44ae994b1e4d4d86b257 P 03cc57371b4e415d86c3a22d423fbd6d: Neither blocks nor log segments found. Creating new log.
I20260710 13:20:13.092487 17461 tablet_bootstrap.cc:654] T 583df08c12884178ba062078a5460d1a P 5939fe85420f4ad7b792d462b26cc1c9: Neither blocks nor log segments found. Creating new log.
I20260710 13:20:13.095211 17167 catalog_manager.cc:5697] T 7f8d2523fdcd45488a3097f572f0d140 P 4fad63fb79b74552839618d6a28b8c23 reported cstate change: term changed from 0 to 1, leader changed from <none> to 4fad63fb79b74552839618d6a28b8c23 (127.16.63.1). New cstate: current_term: 1 leader_uuid: "4fad63fb79b74552839618d6a28b8c23" committed_config { opid_index: -1 OBSOLETE_local: false peers { permanent_uuid: "4fad63fb79b74552839618d6a28b8c23" member_type: VOTER last_known_addr { host: "127.16.63.1" port: 33271 } health_report { overall_health: HEALTHY } } peers { permanent_uuid: "03cc57371b4e415d86c3a22d423fbd6d" member_type: VOTER last_known_addr { host: "127.16.63.2" port: 38607 } health_report { overall_health: UNKNOWN } } peers { permanent_uuid: "5939fe85420f4ad7b792d462b26cc1c9" member_type: VOTER last_known_addr { host: "127.16.63.3" port: 45703 } health_report { overall_health: UNKNOWN } } }
I20260710 13:20:13.101297 17468 raft_consensus.cc:493] T 128de1da2ddd4425bf5eb4a45180b7d1 P 03cc57371b4e415d86c3a22d423fbd6d [term 0 FOLLOWER]: Starting pre-election (no leader contacted us within the election timeout)
I20260710 13:20:13.101975 17468 raft_consensus.cc:515] T 128de1da2ddd4425bf5eb4a45180b7d1 P 03cc57371b4e415d86c3a22d423fbd6d [term 0 FOLLOWER]: Starting pre-election with config: opid_index: -1 OBSOLETE_local: false peers { permanent_uuid: "4fad63fb79b74552839618d6a28b8c23" member_type: VOTER last_known_addr { host: "127.16.63.1" port: 33271 } } peers { permanent_uuid: "03cc57371b4e415d86c3a22d423fbd6d" member_type: VOTER last_known_addr { host: "127.16.63.2" port: 38607 } } peers { permanent_uuid: "5939fe85420f4ad7b792d462b26cc1c9" member_type: VOTER last_known_addr { host: "127.16.63.3" port: 45703 } }
I20260710 13:20:13.097512 17344 tablet_service.cc:1917] Received RequestConsensusVote() RPC: tablet_id: "50aed6c9008247d9a520bab6d02d9541" candidate_uuid: "5939fe85420f4ad7b792d462b26cc1c9" candidate_term: 1 candidate_status { last_received { term: 0 index: 0 } } ignore_live_leader: false dest_uuid: "03cc57371b4e415d86c3a22d423fbd6d" is_pre_election: true
I20260710 13:20:13.106241 17419 tablet_service.cc:1917] Received RequestConsensusVote() RPC: tablet_id: "128de1da2ddd4425bf5eb4a45180b7d1" candidate_uuid: "03cc57371b4e415d86c3a22d423fbd6d" candidate_term: 1 candidate_status { last_received { term: 0 index: 0 } } ignore_live_leader: false dest_uuid: "5939fe85420f4ad7b792d462b26cc1c9" is_pre_election: true
I20260710 13:20:13.107703 17419 raft_consensus.cc:2468] T 128de1da2ddd4425bf5eb4a45180b7d1 P 5939fe85420f4ad7b792d462b26cc1c9 [term 0 FOLLOWER]: Leader pre-election vote request: Granting yes vote for candidate 03cc57371b4e415d86c3a22d423fbd6d in term 0.
I20260710 13:20:13.108045 17270 tablet_service.cc:1917] Received RequestConsensusVote() RPC: tablet_id: "128de1da2ddd4425bf5eb4a45180b7d1" candidate_uuid: "03cc57371b4e415d86c3a22d423fbd6d" candidate_term: 1 candidate_status { last_received { term: 0 index: 0 } } ignore_live_leader: false dest_uuid: "4fad63fb79b74552839618d6a28b8c23" is_pre_election: true
I20260710 13:20:13.109344 17311 leader_election.cc:304] T 128de1da2ddd4425bf5eb4a45180b7d1 P 03cc57371b4e415d86c3a22d423fbd6d [CANDIDATE]: Term 1 pre-election: Election decided. Result: candidate won. Election summary: received 2 responses out of 3 voters: 2 yes votes; 0 no votes. yes voters: 03cc57371b4e415d86c3a22d423fbd6d, 5939fe85420f4ad7b792d462b26cc1c9; no voters: 
W20260710 13:20:13.110255 17309 leader_election.cc:343] T 128de1da2ddd4425bf5eb4a45180b7d1 P 03cc57371b4e415d86c3a22d423fbd6d [CANDIDATE]: Term 1 pre-election: Tablet error from VoteRequest() call to peer 4fad63fb79b74552839618d6a28b8c23 (127.16.63.1:33271): Illegal state: must be running to vote when last-logged opid is not known
I20260710 13:20:13.110947 17468 leader_election.cc:290] T 128de1da2ddd4425bf5eb4a45180b7d1 P 03cc57371b4e415d86c3a22d423fbd6d [CANDIDATE]: Term 1 pre-election: Requested pre-vote from peers 4fad63fb79b74552839618d6a28b8c23 (127.16.63.1:33271), 5939fe85420f4ad7b792d462b26cc1c9 (127.16.63.3:45703)
I20260710 13:20:13.111606 17468 raft_consensus.cc:2804] T 128de1da2ddd4425bf5eb4a45180b7d1 P 03cc57371b4e415d86c3a22d423fbd6d [term 0 FOLLOWER]: Leader pre-election won for term 1
I20260710 13:20:13.112007 17468 raft_consensus.cc:493] T 128de1da2ddd4425bf5eb4a45180b7d1 P 03cc57371b4e415d86c3a22d423fbd6d [term 0 FOLLOWER]: Starting leader election (no leader contacted us within the election timeout)
I20260710 13:20:13.112392 17468 raft_consensus.cc:3060] T 128de1da2ddd4425bf5eb4a45180b7d1 P 03cc57371b4e415d86c3a22d423fbd6d [term 0 FOLLOWER]: Advancing to term 1
I20260710 13:20:13.125326 17460 tablet_bootstrap.cc:492] T 0e980e4538ad44ae994b1e4d4d86b257 P 03cc57371b4e415d86c3a22d423fbd6d: No bootstrap required, opened a new log
I20260710 13:20:13.125790 17460 ts_tablet_manager.cc:1403] T 0e980e4538ad44ae994b1e4d4d86b257 P 03cc57371b4e415d86c3a22d423fbd6d: Time spent bootstrapping tablet: real 0.042s	user 0.012s	sys 0.027s
I20260710 13:20:13.128297 17460 raft_consensus.cc:359] T 0e980e4538ad44ae994b1e4d4d86b257 P 03cc57371b4e415d86c3a22d423fbd6d [term 0 FOLLOWER]: Replica starting. Triggering 0 pending ops. Active config: opid_index: -1 OBSOLETE_local: false peers { permanent_uuid: "4fad63fb79b74552839618d6a28b8c23" member_type: VOTER last_known_addr { host: "127.16.63.1" port: 33271 } } peers { permanent_uuid: "03cc57371b4e415d86c3a22d423fbd6d" member_type: VOTER last_known_addr { host: "127.16.63.2" port: 38607 } } peers { permanent_uuid: "5939fe85420f4ad7b792d462b26cc1c9" member_type: VOTER last_known_addr { host: "127.16.63.3" port: 45703 } }
I20260710 13:20:13.128867 17460 raft_consensus.cc:385] T 0e980e4538ad44ae994b1e4d4d86b257 P 03cc57371b4e415d86c3a22d423fbd6d [term 0 FOLLOWER]: Consensus starting up: Expiring failure detector timer to make a prompt election more likely
I20260710 13:20:13.129112 17460 raft_consensus.cc:740] T 0e980e4538ad44ae994b1e4d4d86b257 P 03cc57371b4e415d86c3a22d423fbd6d [term 0 FOLLOWER]: Becoming Follower/Learner. State: Replica: 03cc57371b4e415d86c3a22d423fbd6d, State: Initialized, Role: FOLLOWER
I20260710 13:20:13.129729 17460 consensus_queue.cc:260] T 0e980e4538ad44ae994b1e4d4d86b257 P 03cc57371b4e415d86c3a22d423fbd6d [NON_LEADER]: Queue going to NON_LEADER mode. State: All replicated index: 0, Majority replicated index: 0, Committed index: 0, Last appended: 0.0, Last appended by leader: 0, Current term: 0, Majority size: -1, State: 0, Mode: NON_LEADER, active raft config: opid_index: -1 OBSOLETE_local: false peers { permanent_uuid: "4fad63fb79b74552839618d6a28b8c23" member_type: VOTER last_known_addr { host: "127.16.63.1" port: 33271 } } peers { permanent_uuid: "03cc57371b4e415d86c3a22d423fbd6d" member_type: VOTER last_known_addr { host: "127.16.63.2" port: 38607 } } peers { permanent_uuid: "5939fe85420f4ad7b792d462b26cc1c9" member_type: VOTER last_known_addr { host: "127.16.63.3" port: 45703 } }
I20260710 13:20:13.131705 17502 raft_consensus.cc:493] T cecd58eebd5f4fbeb8d2874dc9b40687 P 03cc57371b4e415d86c3a22d423fbd6d [term 0 FOLLOWER]: Starting pre-election (no leader contacted us within the election timeout)
I20260710 13:20:13.132251 17502 raft_consensus.cc:515] T cecd58eebd5f4fbeb8d2874dc9b40687 P 03cc57371b4e415d86c3a22d423fbd6d [term 0 FOLLOWER]: Starting pre-election with config: opid_index: -1 OBSOLETE_local: false peers { permanent_uuid: "4fad63fb79b74552839618d6a28b8c23" member_type: VOTER last_known_addr { host: "127.16.63.1" port: 33271 } } peers { permanent_uuid: "03cc57371b4e415d86c3a22d423fbd6d" member_type: VOTER last_known_addr { host: "127.16.63.2" port: 38607 } } peers { permanent_uuid: "5939fe85420f4ad7b792d462b26cc1c9" member_type: VOTER last_known_addr { host: "127.16.63.3" port: 45703 } }
I20260710 13:20:13.132824 17460 ts_tablet_manager.cc:1434] T 0e980e4538ad44ae994b1e4d4d86b257 P 03cc57371b4e415d86c3a22d423fbd6d: Time spent starting tablet: real 0.007s	user 0.004s	sys 0.004s
I20260710 13:20:13.132682 17418 raft_consensus.cc:2468] T 0eb0e83b535445aa9e8b6a4765be7a02 P 5939fe85420f4ad7b792d462b26cc1c9 [term 1 FOLLOWER]: Leader election vote request: Granting yes vote for candidate 4fad63fb79b74552839618d6a28b8c23 in term 1.
I20260710 13:20:13.134253 17236 leader_election.cc:304] T 0eb0e83b535445aa9e8b6a4765be7a02 P 4fad63fb79b74552839618d6a28b8c23 [CANDIDATE]: Term 1 election: Election decided. Result: candidate won. Election summary: received 3 responses out of 3 voters: 2 yes votes; 1 no votes. yes voters: 4fad63fb79b74552839618d6a28b8c23, 5939fe85420f4ad7b792d462b26cc1c9; no voters: 03cc57371b4e415d86c3a22d423fbd6d
I20260710 13:20:13.135569 17460 tablet_bootstrap.cc:492] T b4dea092f94146bdbb1d858b95e0cf0a P 03cc57371b4e415d86c3a22d423fbd6d: Bootstrap starting.
I20260710 13:20:13.135560 17270 tablet_service.cc:1917] Received RequestConsensusVote() RPC: tablet_id: "cecd58eebd5f4fbeb8d2874dc9b40687" candidate_uuid: "03cc57371b4e415d86c3a22d423fbd6d" candidate_term: 1 candidate_status { last_received { term: 0 index: 0 } } ignore_live_leader: false dest_uuid: "4fad63fb79b74552839618d6a28b8c23" is_pre_election: true
W20260710 13:20:13.137266 17309 leader_election.cc:343] T cecd58eebd5f4fbeb8d2874dc9b40687 P 03cc57371b4e415d86c3a22d423fbd6d [CANDIDATE]: Term 1 pre-election: Tablet error from VoteRequest() call to peer 4fad63fb79b74552839618d6a28b8c23 (127.16.63.1:33271): Illegal state: must be running to vote when last-logged opid is not known
I20260710 13:20:13.135676 17466 raft_consensus.cc:2804] T 0eb0e83b535445aa9e8b6a4765be7a02 P 4fad63fb79b74552839618d6a28b8c23 [term 1 FOLLOWER]: Leader election won for term 1
I20260710 13:20:13.138077 17466 raft_consensus.cc:697] T 0eb0e83b535445aa9e8b6a4765be7a02 P 4fad63fb79b74552839618d6a28b8c23 [term 1 LEADER]: Becoming Leader. State: Replica: 4fad63fb79b74552839618d6a28b8c23, State: Running, Role: LEADER
I20260710 13:20:13.138942 17466 consensus_queue.cc:237] T 0eb0e83b535445aa9e8b6a4765be7a02 P 4fad63fb79b74552839618d6a28b8c23 [LEADER]: Queue going to LEADER mode. State: All replicated index: 0, Majority replicated index: 0, Committed index: 0, Last appended: 0.0, Last appended by leader: 0, Current term: 1, Majority size: 2, State: 0, Mode: LEADER, active raft config: opid_index: -1 OBSOLETE_local: false peers { permanent_uuid: "4fad63fb79b74552839618d6a28b8c23" member_type: VOTER last_known_addr { host: "127.16.63.1" port: 33271 } } peers { permanent_uuid: "03cc57371b4e415d86c3a22d423fbd6d" member_type: VOTER last_known_addr { host: "127.16.63.2" port: 38607 } } peers { permanent_uuid: "5939fe85420f4ad7b792d462b26cc1c9" member_type: VOTER last_known_addr { host: "127.16.63.3" port: 45703 } }
I20260710 13:20:13.139671 17461 tablet_bootstrap.cc:492] T 583df08c12884178ba062078a5460d1a P 5939fe85420f4ad7b792d462b26cc1c9: No bootstrap required, opened a new log
I20260710 13:20:13.140093 17461 ts_tablet_manager.cc:1403] T 583df08c12884178ba062078a5460d1a P 5939fe85420f4ad7b792d462b26cc1c9: Time spent bootstrapping tablet: real 0.068s	user 0.014s	sys 0.016s
W20260710 13:20:13.140470 17383 leader_election.cc:343] T 50aed6c9008247d9a520bab6d02d9541 P 5939fe85420f4ad7b792d462b26cc1c9 [CANDIDATE]: Term 1 pre-election: Tablet error from VoteRequest() call to peer 03cc57371b4e415d86c3a22d423fbd6d (127.16.63.2:38607): Illegal state: must be running to vote when last-logged opid is not known
I20260710 13:20:13.140882 17383 leader_election.cc:304] T 50aed6c9008247d9a520bab6d02d9541 P 5939fe85420f4ad7b792d462b26cc1c9 [CANDIDATE]: Term 1 pre-election: Election decided. Result: candidate lost. Election summary: received 3 responses out of 3 voters: 1 yes votes; 2 no votes. yes voters: 5939fe85420f4ad7b792d462b26cc1c9; no voters: 03cc57371b4e415d86c3a22d423fbd6d, 4fad63fb79b74552839618d6a28b8c23
I20260710 13:20:13.141911 17464 raft_consensus.cc:2749] T 50aed6c9008247d9a520bab6d02d9541 P 5939fe85420f4ad7b792d462b26cc1c9 [term 0 FOLLOWER]: Leader pre-election lost for term 1. Reason: could not achieve majority
I20260710 13:20:13.144728 17502 leader_election.cc:290] T cecd58eebd5f4fbeb8d2874dc9b40687 P 03cc57371b4e415d86c3a22d423fbd6d [CANDIDATE]: Term 1 pre-election: Requested pre-vote from peers 4fad63fb79b74552839618d6a28b8c23 (127.16.63.1:33271), 5939fe85420f4ad7b792d462b26cc1c9 (127.16.63.3:45703)
I20260710 13:20:13.147292 17460 tablet_bootstrap.cc:654] T b4dea092f94146bdbb1d858b95e0cf0a P 03cc57371b4e415d86c3a22d423fbd6d: Neither blocks nor log segments found. Creating new log.
I20260710 13:20:13.147562 17418 tablet_service.cc:1917] Received RequestConsensusVote() RPC: tablet_id: "cecd58eebd5f4fbeb8d2874dc9b40687" candidate_uuid: "03cc57371b4e415d86c3a22d423fbd6d" candidate_term: 1 candidate_status { last_received { term: 0 index: 0 } } ignore_live_leader: false dest_uuid: "5939fe85420f4ad7b792d462b26cc1c9" is_pre_election: true
W20260710 13:20:13.149091 17311 leader_election.cc:343] T cecd58eebd5f4fbeb8d2874dc9b40687 P 03cc57371b4e415d86c3a22d423fbd6d [CANDIDATE]: Term 1 pre-election: Tablet error from VoteRequest() call to peer 5939fe85420f4ad7b792d462b26cc1c9 (127.16.63.3:45703): Illegal state: must be running to vote when last-logged opid is not known
I20260710 13:20:13.149571 17311 leader_election.cc:304] T cecd58eebd5f4fbeb8d2874dc9b40687 P 03cc57371b4e415d86c3a22d423fbd6d [CANDIDATE]: Term 1 pre-election: Election decided. Result: candidate lost. Election summary: received 3 responses out of 3 voters: 1 yes votes; 2 no votes. yes voters: 03cc57371b4e415d86c3a22d423fbd6d; no voters: 4fad63fb79b74552839618d6a28b8c23, 5939fe85420f4ad7b792d462b26cc1c9
I20260710 13:20:13.150550 17502 raft_consensus.cc:2749] T cecd58eebd5f4fbeb8d2874dc9b40687 P 03cc57371b4e415d86c3a22d423fbd6d [term 0 FOLLOWER]: Leader pre-election lost for term 1. Reason: could not achieve majority
I20260710 13:20:13.151161 17468 raft_consensus.cc:515] T 128de1da2ddd4425bf5eb4a45180b7d1 P 03cc57371b4e415d86c3a22d423fbd6d [term 1 FOLLOWER]: Starting leader election with config: opid_index: -1 OBSOLETE_local: false peers { permanent_uuid: "4fad63fb79b74552839618d6a28b8c23" member_type: VOTER last_known_addr { host: "127.16.63.1" port: 33271 } } peers { permanent_uuid: "03cc57371b4e415d86c3a22d423fbd6d" member_type: VOTER last_known_addr { host: "127.16.63.2" port: 38607 } } peers { permanent_uuid: "5939fe85420f4ad7b792d462b26cc1c9" member_type: VOTER last_known_addr { host: "127.16.63.3" port: 45703 } }
I20260710 13:20:13.151223 17461 raft_consensus.cc:359] T 583df08c12884178ba062078a5460d1a P 5939fe85420f4ad7b792d462b26cc1c9 [term 0 FOLLOWER]: Replica starting. Triggering 0 pending ops. Active config: opid_index: -1 OBSOLETE_local: false peers { permanent_uuid: "03cc57371b4e415d86c3a22d423fbd6d" member_type: VOTER last_known_addr { host: "127.16.63.2" port: 38607 } } peers { permanent_uuid: "4fad63fb79b74552839618d6a28b8c23" member_type: VOTER last_known_addr { host: "127.16.63.1" port: 33271 } } peers { permanent_uuid: "5939fe85420f4ad7b792d462b26cc1c9" member_type: VOTER last_known_addr { host: "127.16.63.3" port: 45703 } }
I20260710 13:20:13.152298 17459 tablet_bootstrap.cc:492] T cecd58eebd5f4fbeb8d2874dc9b40687 P 4fad63fb79b74552839618d6a28b8c23: No bootstrap required, opened a new log
I20260710 13:20:13.152355 17461 raft_consensus.cc:385] T 583df08c12884178ba062078a5460d1a P 5939fe85420f4ad7b792d462b26cc1c9 [term 0 FOLLOWER]: Consensus starting up: Expiring failure detector timer to make a prompt election more likely
I20260710 13:20:13.152871 17459 ts_tablet_manager.cc:1403] T cecd58eebd5f4fbeb8d2874dc9b40687 P 4fad63fb79b74552839618d6a28b8c23: Time spent bootstrapping tablet: real 0.076s	user 0.013s	sys 0.021s
