I20260710 13:20:12.493456 17259 data_dirs.cc:400] Could only allocate 1 dirs of requested 3 for tablet 128de1da2ddd4425bf5eb4a45180b7d1. 1 dirs total, 0 dirs full, 0 dirs failed
I20260710 13:20:12.494865 17256 data_dirs.cc:400] Could only allocate 1 dirs of requested 3 for tablet 7f8d2523fdcd45488a3097f572f0d140. 1 dirs total, 0 dirs full, 0 dirs failed
I20260710 13:20:12.494988 17334 data_dirs.cc:400] Could only allocate 1 dirs of requested 3 for tablet 128de1da2ddd4425bf5eb4a45180b7d1. 1 dirs total, 0 dirs full, 0 dirs failed
I20260710 13:20:12.498812 17329 data_dirs.cc:400] Could only allocate 1 dirs of requested 3 for tablet ce7e905b7442477da63e924892fcf945. 1 dirs total, 0 dirs full, 0 dirs failed
I20260710 13:20:12.499444 17327 data_dirs.cc:400] Could only allocate 1 dirs of requested 3 for tablet 0eb0e83b535445aa9e8b6a4765be7a02. 1 dirs total, 0 dirs full, 0 dirs failed
I20260710 13:20:12.500619 17328 data_dirs.cc:400] Could only allocate 1 dirs of requested 3 for tablet b4dea092f94146bdbb1d858b95e0cf0a. 1 dirs total, 0 dirs full, 0 dirs failed
I20260710 13:20:12.501278 17326 data_dirs.cc:400] Could only allocate 1 dirs of requested 3 for tablet cecd58eebd5f4fbeb8d2874dc9b40687. 1 dirs total, 0 dirs full, 0 dirs failed
I20260710 13:20:12.502707 17332 data_dirs.cc:400] Could only allocate 1 dirs of requested 3 for tablet ccd93a94e0b14f49bc935a66f3877177. 1 dirs total, 0 dirs full, 0 dirs failed
I20260710 13:20:12.504159 17331 data_dirs.cc:400] Could only allocate 1 dirs of requested 3 for tablet 7f8d2523fdcd45488a3097f572f0d140. 1 dirs total, 0 dirs full, 0 dirs failed
I20260710 13:20:12.540331 17408 tablet_service.cc:1511] Processing CreateTablet for tablet 128de1da2ddd4425bf5eb4a45180b7d1 (DEFAULT_TABLE table=test-workload [id=db7da3f5ca1b4be0a9ea2bb9c93025b7]), partition=RANGE (key) PARTITION 214748364 <= VALUES < 429496728
I20260710 13:20:12.541610 17408 data_dirs.cc:400] Could only allocate 1 dirs of requested 3 for tablet 128de1da2ddd4425bf5eb4a45180b7d1. 1 dirs total, 0 dirs full, 0 dirs failed
I20260710 13:20:12.548401 17405 tablet_service.cc:1511] Processing CreateTablet for tablet 7f8d2523fdcd45488a3097f572f0d140 (DEFAULT_TABLE table=test-workload [id=db7da3f5ca1b4be0a9ea2bb9c93025b7]), partition=RANGE (key) PARTITION 858993456 <= VALUES < 1073741820
I20260710 13:20:12.549759 17405 data_dirs.cc:400] Could only allocate 1 dirs of requested 3 for tablet 7f8d2523fdcd45488a3097f572f0d140. 1 dirs total, 0 dirs full, 0 dirs failed
I20260710 13:20:12.552457 17406 tablet_service.cc:1511] Processing CreateTablet for tablet ccd93a94e0b14f49bc935a66f3877177 (DEFAULT_TABLE table=test-workload [id=db7da3f5ca1b4be0a9ea2bb9c93025b7]), partition=RANGE (key) PARTITION 644245092 <= VALUES < 858993456
I20260710 13:20:12.553845 17406 data_dirs.cc:400] Could only allocate 1 dirs of requested 3 for tablet ccd93a94e0b14f49bc935a66f3877177. 1 dirs total, 0 dirs full, 0 dirs failed
I20260710 13:20:12.546634 17407 tablet_service.cc:1511] Processing CreateTablet for tablet 0e980e4538ad44ae994b1e4d4d86b257 (DEFAULT_TABLE table=test-workload [id=db7da3f5ca1b4be0a9ea2bb9c93025b7]), partition=RANGE (key) PARTITION 429496728 <= VALUES < 644245092
I20260710 13:20:12.558030 17407 data_dirs.cc:400] Could only allocate 1 dirs of requested 3 for tablet 0e980e4538ad44ae994b1e4d4d86b257. 1 dirs total, 0 dirs full, 0 dirs failed
I20260710 13:20:12.573922 17403 tablet_service.cc:1511] Processing CreateTablet for tablet ce7e905b7442477da63e924892fcf945 (DEFAULT_TABLE table=test-workload [id=db7da3f5ca1b4be0a9ea2bb9c93025b7]), partition=RANGE (key) PARTITION 1288490184 <= VALUES < 1503238548
I20260710 13:20:12.582315 17404 tablet_service.cc:1511] Processing CreateTablet for tablet 50aed6c9008247d9a520bab6d02d9541 (DEFAULT_TABLE table=test-workload [id=db7da3f5ca1b4be0a9ea2bb9c93025b7]), partition=RANGE (key) PARTITION 1073741820 <= VALUES < 1288490184
I20260710 13:20:12.585899 17402 tablet_service.cc:1511] Processing CreateTablet for tablet b4dea092f94146bdbb1d858b95e0cf0a (DEFAULT_TABLE table=test-workload [id=db7da3f5ca1b4be0a9ea2bb9c93025b7]), partition=RANGE (key) PARTITION 1503238548 <= VALUES < 1717986912
I20260710 13:20:12.590910 17403 data_dirs.cc:400] Could only allocate 1 dirs of requested 3 for tablet ce7e905b7442477da63e924892fcf945. 1 dirs total, 0 dirs full, 0 dirs failed
I20260710 13:20:12.591701 17402 data_dirs.cc:400] Could only allocate 1 dirs of requested 3 for tablet b4dea092f94146bdbb1d858b95e0cf0a. 1 dirs total, 0 dirs full, 0 dirs failed
I20260710 13:20:12.594967 17404 data_dirs.cc:400] Could only allocate 1 dirs of requested 3 for tablet 50aed6c9008247d9a520bab6d02d9541. 1 dirs total, 0 dirs full, 0 dirs failed
I20260710 13:20:12.639449 17402 tablet_service.cc:1511] Processing CreateTablet for tablet 0eb0e83b535445aa9e8b6a4765be7a02 (DEFAULT_TABLE table=test-workload [id=db7da3f5ca1b4be0a9ea2bb9c93025b7]), partition=RANGE (key) PARTITION 1717986912 <= VALUES < 1932735276
I20260710 13:20:12.640813 17402 data_dirs.cc:400] Could only allocate 1 dirs of requested 3 for tablet 0eb0e83b535445aa9e8b6a4765be7a02. 1 dirs total, 0 dirs full, 0 dirs failed
I20260710 13:20:12.678737 17461 tablet_bootstrap.cc:492] T b4dea092f94146bdbb1d858b95e0cf0a P 5939fe85420f4ad7b792d462b26cc1c9: Bootstrap starting.
I20260710 13:20:12.678951 17459 tablet_bootstrap.cc:492] T ce7e905b7442477da63e924892fcf945 P 4fad63fb79b74552839618d6a28b8c23: Bootstrap starting.
I20260710 13:20:12.681244 17402 tablet_service.cc:1511] Processing CreateTablet for tablet cecd58eebd5f4fbeb8d2874dc9b40687 (DEFAULT_TABLE table=test-workload [id=db7da3f5ca1b4be0a9ea2bb9c93025b7]), partition=RANGE (key) PARTITION 1932735276 <= VALUES
I20260710 13:20:12.682618 17402 data_dirs.cc:400] Could only allocate 1 dirs of requested 3 for tablet cecd58eebd5f4fbeb8d2874dc9b40687. 1 dirs total, 0 dirs full, 0 dirs failed
I20260710 13:20:12.683773 17461 tablet_bootstrap.cc:654] T b4dea092f94146bdbb1d858b95e0cf0a P 5939fe85420f4ad7b792d462b26cc1c9: Neither blocks nor log segments found. Creating new log.
I20260710 13:20:12.696081 17459 tablet_bootstrap.cc:654] T ce7e905b7442477da63e924892fcf945 P 4fad63fb79b74552839618d6a28b8c23: Neither blocks nor log segments found. Creating new log.
I20260710 13:20:12.707158 17460 tablet_bootstrap.cc:492] T 128de1da2ddd4425bf5eb4a45180b7d1 P 03cc57371b4e415d86c3a22d423fbd6d: Bootstrap starting.
I20260710 13:20:12.728499 17461 tablet_bootstrap.cc:492] T b4dea092f94146bdbb1d858b95e0cf0a P 5939fe85420f4ad7b792d462b26cc1c9: No bootstrap required, opened a new log
I20260710 13:20:12.729019 17461 ts_tablet_manager.cc:1403] T b4dea092f94146bdbb1d858b95e0cf0a P 5939fe85420f4ad7b792d462b26cc1c9: Time spent bootstrapping tablet: real 0.051s	user 0.022s	sys 0.020s
I20260710 13:20:12.732071 17461 raft_consensus.cc:359] T b4dea092f94146bdbb1d858b95e0cf0a P 5939fe85420f4ad7b792d462b26cc1c9 [term 0 FOLLOWER]: Replica starting. Triggering 0 pending ops. Active config: opid_index: -1 OBSOLETE_local: false peers { permanent_uuid: "4fad63fb79b74552839618d6a28b8c23" member_type: VOTER last_known_addr { host: "127.16.63.1" port: 33271 } } peers { permanent_uuid: "03cc57371b4e415d86c3a22d423fbd6d" member_type: VOTER last_known_addr { host: "127.16.63.2" port: 38607 } } peers { permanent_uuid: "5939fe85420f4ad7b792d462b26cc1c9" member_type: VOTER last_known_addr { host: "127.16.63.3" port: 45703 } }
I20260710 13:20:12.732787 17461 raft_consensus.cc:385] T b4dea092f94146bdbb1d858b95e0cf0a P 5939fe85420f4ad7b792d462b26cc1c9 [term 0 FOLLOWER]: Consensus starting up: Expiring failure detector timer to make a prompt election more likely
I20260710 13:20:12.733095 17461 raft_consensus.cc:740] T b4dea092f94146bdbb1d858b95e0cf0a P 5939fe85420f4ad7b792d462b26cc1c9 [term 0 FOLLOWER]: Becoming Follower/Learner. State: Replica: 5939fe85420f4ad7b792d462b26cc1c9, State: Initialized, Role: FOLLOWER
I20260710 13:20:12.734097 17460 tablet_bootstrap.cc:654] T 128de1da2ddd4425bf5eb4a45180b7d1 P 03cc57371b4e415d86c3a22d423fbd6d: Neither blocks nor log segments found. Creating new log.
I20260710 13:20:12.733829 17461 consensus_queue.cc:260] T b4dea092f94146bdbb1d858b95e0cf0a P 5939fe85420f4ad7b792d462b26cc1c9 [NON_LEADER]: Queue going to NON_LEADER mode. State: All replicated index: 0, Majority replicated index: 0, Committed index: 0, Last appended: 0.0, Last appended by leader: 0, Current term: 0, Majority size: -1, State: 0, Mode: NON_LEADER, active raft config: opid_index: -1 OBSOLETE_local: false peers { permanent_uuid: "4fad63fb79b74552839618d6a28b8c23" member_type: VOTER last_known_addr { host: "127.16.63.1" port: 33271 } } peers { permanent_uuid: "03cc57371b4e415d86c3a22d423fbd6d" member_type: VOTER last_known_addr { host: "127.16.63.2" port: 38607 } } peers { permanent_uuid: "5939fe85420f4ad7b792d462b26cc1c9" member_type: VOTER last_known_addr { host: "127.16.63.3" port: 45703 } }
I20260710 13:20:12.737401 17444 heartbeater.cc:499] Master 127.16.63.62:36739 was elected leader, sending a full tablet report...
I20260710 13:20:12.737934 17461 ts_tablet_manager.cc:1434] T b4dea092f94146bdbb1d858b95e0cf0a P 5939fe85420f4ad7b792d462b26cc1c9: Time spent starting tablet: real 0.009s	user 0.008s	sys 0.000s
I20260710 13:20:12.738865 17461 tablet_bootstrap.cc:492] T 0eb0e83b535445aa9e8b6a4765be7a02 P 5939fe85420f4ad7b792d462b26cc1c9: Bootstrap starting.
I20260710 13:20:12.739180 17459 tablet_bootstrap.cc:492] T ce7e905b7442477da63e924892fcf945 P 4fad63fb79b74552839618d6a28b8c23: No bootstrap required, opened a new log
I20260710 13:20:12.739681 17459 ts_tablet_manager.cc:1403] T ce7e905b7442477da63e924892fcf945 P 4fad63fb79b74552839618d6a28b8c23: Time spent bootstrapping tablet: real 0.061s	user 0.007s	sys 0.005s
I20260710 13:20:12.742321 17459 raft_consensus.cc:359] T ce7e905b7442477da63e924892fcf945 P 4fad63fb79b74552839618d6a28b8c23 [term 0 FOLLOWER]: Replica starting. Triggering 0 pending ops. Active config: opid_index: -1 OBSOLETE_local: false peers { permanent_uuid: "4fad63fb79b74552839618d6a28b8c23" member_type: VOTER last_known_addr { host: "127.16.63.1" port: 33271 } } peers { permanent_uuid: "03cc57371b4e415d86c3a22d423fbd6d" member_type: VOTER last_known_addr { host: "127.16.63.2" port: 38607 } } peers { permanent_uuid: "5939fe85420f4ad7b792d462b26cc1c9" member_type: VOTER last_known_addr { host: "127.16.63.3" port: 45703 } }
I20260710 13:20:12.743185 17459 raft_consensus.cc:385] T ce7e905b7442477da63e924892fcf945 P 4fad63fb79b74552839618d6a28b8c23 [term 0 FOLLOWER]: Consensus starting up: Expiring failure detector timer to make a prompt election more likely
I20260710 13:20:12.743496 17459 raft_consensus.cc:740] T ce7e905b7442477da63e924892fcf945 P 4fad63fb79b74552839618d6a28b8c23 [term 0 FOLLOWER]: Becoming Follower/Learner. State: Replica: 4fad63fb79b74552839618d6a28b8c23, State: Initialized, Role: FOLLOWER
I20260710 13:20:12.744827 17460 tablet_bootstrap.cc:492] T 128de1da2ddd4425bf5eb4a45180b7d1 P 03cc57371b4e415d86c3a22d423fbd6d: No bootstrap required, opened a new log
I20260710 13:20:12.745096 17461 tablet_bootstrap.cc:654] T 0eb0e83b535445aa9e8b6a4765be7a02 P 5939fe85420f4ad7b792d462b26cc1c9: Neither blocks nor log segments found. Creating new log.
I20260710 13:20:12.744550 17459 consensus_queue.cc:260] T ce7e905b7442477da63e924892fcf945 P 4fad63fb79b74552839618d6a28b8c23 [NON_LEADER]: Queue going to NON_LEADER mode. State: All replicated index: 0, Majority replicated index: 0, Committed index: 0, Last appended: 0.0, Last appended by leader: 0, Current term: 0, Majority size: -1, State: 0, Mode: NON_LEADER, active raft config: opid_index: -1 OBSOLETE_local: false peers { permanent_uuid: "4fad63fb79b74552839618d6a28b8c23" member_type: VOTER last_known_addr { host: "127.16.63.1" port: 33271 } } peers { permanent_uuid: "03cc57371b4e415d86c3a22d423fbd6d" member_type: VOTER last_known_addr { host: "127.16.63.2" port: 38607 } } peers { permanent_uuid: "5939fe85420f4ad7b792d462b26cc1c9" member_type: VOTER last_known_addr { host: "127.16.63.3" port: 45703 } }
I20260710 13:20:12.745303 17460 ts_tablet_manager.cc:1403] T 128de1da2ddd4425bf5eb4a45180b7d1 P 03cc57371b4e415d86c3a22d423fbd6d: Time spent bootstrapping tablet: real 0.038s	user 0.008s	sys 0.005s
I20260710 13:20:12.749258 17460 raft_consensus.cc:359] T 128de1da2ddd4425bf5eb4a45180b7d1 P 03cc57371b4e415d86c3a22d423fbd6d [term 0 FOLLOWER]: Replica starting. Triggering 0 pending ops. Active config: opid_index: -1 OBSOLETE_local: false peers { permanent_uuid: "4fad63fb79b74552839618d6a28b8c23" member_type: VOTER last_known_addr { host: "127.16.63.1" port: 33271 } } peers { permanent_uuid: "03cc57371b4e415d86c3a22d423fbd6d" member_type: VOTER last_known_addr { host: "127.16.63.2" port: 38607 } } peers { permanent_uuid: "5939fe85420f4ad7b792d462b26cc1c9" member_type: VOTER last_known_addr { host: "127.16.63.3" port: 45703 } }
I20260710 13:20:12.750174 17460 raft_consensus.cc:385] T 128de1da2ddd4425bf5eb4a45180b7d1 P 03cc57371b4e415d86c3a22d423fbd6d [term 0 FOLLOWER]: Consensus starting up: Expiring failure detector timer to make a prompt election more likely
I20260710 13:20:12.750581 17460 raft_consensus.cc:740] T 128de1da2ddd4425bf5eb4a45180b7d1 P 03cc57371b4e415d86c3a22d423fbd6d [term 0 FOLLOWER]: Becoming Follower/Learner. State: Replica: 03cc57371b4e415d86c3a22d423fbd6d, State: Initialized, Role: FOLLOWER
I20260710 13:20:12.751653 17460 consensus_queue.cc:260] T 128de1da2ddd4425bf5eb4a45180b7d1 P 03cc57371b4e415d86c3a22d423fbd6d [NON_LEADER]: Queue going to NON_LEADER mode. State: All replicated index: 0, Majority replicated index: 0, Committed index: 0, Last appended: 0.0, Last appended by leader: 0, Current term: 0, Majority size: -1, State: 0, Mode: NON_LEADER, active raft config: opid_index: -1 OBSOLETE_local: false peers { permanent_uuid: "4fad63fb79b74552839618d6a28b8c23" member_type: VOTER last_known_addr { host: "127.16.63.1" port: 33271 } } peers { permanent_uuid: "03cc57371b4e415d86c3a22d423fbd6d" member_type: VOTER last_known_addr { host: "127.16.63.2" port: 38607 } } peers { permanent_uuid: "5939fe85420f4ad7b792d462b26cc1c9" member_type: VOTER last_known_addr { host: "127.16.63.3" port: 45703 } }
I20260710 13:20:12.754931 17295 heartbeater.cc:499] Master 127.16.63.62:36739 was elected leader, sending a full tablet report...
I20260710 13:20:12.755091 17459 ts_tablet_manager.cc:1434] T ce7e905b7442477da63e924892fcf945 P 4fad63fb79b74552839618d6a28b8c23: Time spent starting tablet: real 0.015s	user 0.006s	sys 0.010s
I20260710 13:20:12.756363 17459 tablet_bootstrap.cc:492] T 0eb0e83b535445aa9e8b6a4765be7a02 P 4fad63fb79b74552839618d6a28b8c23: Bootstrap starting.
I20260710 13:20:12.763681 17459 tablet_bootstrap.cc:654] T 0eb0e83b535445aa9e8b6a4765be7a02 P 4fad63fb79b74552839618d6a28b8c23: Neither blocks nor log segments found. Creating new log.
I20260710 13:20:12.773321 17461 tablet_bootstrap.cc:492] T 0eb0e83b535445aa9e8b6a4765be7a02 P 5939fe85420f4ad7b792d462b26cc1c9: No bootstrap required, opened a new log
I20260710 13:20:12.773873 17461 ts_tablet_manager.cc:1403] T 0eb0e83b535445aa9e8b6a4765be7a02 P 5939fe85420f4ad7b792d462b26cc1c9: Time spent bootstrapping tablet: real 0.035s	user 0.025s	sys 0.008s
I20260710 13:20:12.776048 17459 tablet_bootstrap.cc:492] T 0eb0e83b535445aa9e8b6a4765be7a02 P 4fad63fb79b74552839618d6a28b8c23: No bootstrap required, opened a new log
I20260710 13:20:12.777137 17370 heartbeater.cc:499] Master 127.16.63.62:36739 was elected leader, sending a full tablet report...
I20260710 13:20:12.776721 17461 raft_consensus.cc:359] T 0eb0e83b535445aa9e8b6a4765be7a02 P 5939fe85420f4ad7b792d462b26cc1c9 [term 0 FOLLOWER]: Replica starting. Triggering 0 pending ops. Active config: opid_index: -1 OBSOLETE_local: false peers { permanent_uuid: "4fad63fb79b74552839618d6a28b8c23" member_type: VOTER last_known_addr { host: "127.16.63.1" port: 33271 } } peers { permanent_uuid: "03cc57371b4e415d86c3a22d423fbd6d" member_type: VOTER last_known_addr { host: "127.16.63.2" port: 38607 } } peers { permanent_uuid: "5939fe85420f4ad7b792d462b26cc1c9" member_type: VOTER last_known_addr { host: "127.16.63.3" port: 45703 } }
I20260710 13:20:12.777475 17459 ts_tablet_manager.cc:1403] T 0eb0e83b535445aa9e8b6a4765be7a02 P 4fad63fb79b74552839618d6a28b8c23: Time spent bootstrapping tablet: real 0.021s	user 0.014s	sys 0.005s
I20260710 13:20:12.777602 17461 raft_consensus.cc:385] T 0eb0e83b535445aa9e8b6a4765be7a02 P 5939fe85420f4ad7b792d462b26cc1c9 [term 0 FOLLOWER]: Consensus starting up: Expiring failure detector timer to make a prompt election more likely
I20260710 13:20:12.778018 17461 raft_consensus.cc:740] T 0eb0e83b535445aa9e8b6a4765be7a02 P 5939fe85420f4ad7b792d462b26cc1c9 [term 0 FOLLOWER]: Becoming Follower/Learner. State: Replica: 5939fe85420f4ad7b792d462b26cc1c9, State: Initialized, Role: FOLLOWER
I20260710 13:20:12.778789 17461 consensus_queue.cc:260] T 0eb0e83b535445aa9e8b6a4765be7a02 P 5939fe85420f4ad7b792d462b26cc1c9 [NON_LEADER]: Queue going to NON_LEADER mode. State: All replicated index: 0, Majority replicated index: 0, Committed index: 0, Last appended: 0.0, Last appended by leader: 0, Current term: 0, Majority size: -1, State: 0, Mode: NON_LEADER, active raft config: opid_index: -1 OBSOLETE_local: false peers { permanent_uuid: "4fad63fb79b74552839618d6a28b8c23" member_type: VOTER last_known_addr { host: "127.16.63.1" port: 33271 } } peers { permanent_uuid: "03cc57371b4e415d86c3a22d423fbd6d" member_type: VOTER last_known_addr { host: "127.16.63.2" port: 38607 } } peers { permanent_uuid: "5939fe85420f4ad7b792d462b26cc1c9" member_type: VOTER last_known_addr { host: "127.16.63.3" port: 45703 } }
I20260710 13:20:12.780663 17459 raft_consensus.cc:359] T 0eb0e83b535445aa9e8b6a4765be7a02 P 4fad63fb79b74552839618d6a28b8c23 [term 0 FOLLOWER]: Replica starting. Triggering 0 pending ops. Active config: opid_index: -1 OBSOLETE_local: false peers { permanent_uuid: "4fad63fb79b74552839618d6a28b8c23" member_type: VOTER last_known_addr { host: "127.16.63.1" port: 33271 } } peers { permanent_uuid: "03cc57371b4e415d86c3a22d423fbd6d" member_type: VOTER last_known_addr { host: "127.16.63.2" port: 38607 } } peers { permanent_uuid: "5939fe85420f4ad7b792d462b26cc1c9" member_type: VOTER last_known_addr { host: "127.16.63.3" port: 45703 } }
I20260710 13:20:12.780931 17461 ts_tablet_manager.cc:1434] T 0eb0e83b535445aa9e8b6a4765be7a02 P 5939fe85420f4ad7b792d462b26cc1c9: Time spent starting tablet: real 0.007s	user 0.006s	sys 0.000s
I20260710 13:20:12.781203 17459 raft_consensus.cc:385] T 0eb0e83b535445aa9e8b6a4765be7a02 P 4fad63fb79b74552839618d6a28b8c23 [term 0 FOLLOWER]: Consensus starting up: Expiring failure detector timer to make a prompt election more likely
I20260710 13:20:12.781482 17459 raft_consensus.cc:740] T 0eb0e83b535445aa9e8b6a4765be7a02 P 4fad63fb79b74552839618d6a28b8c23 [term 0 FOLLOWER]: Becoming Follower/Learner. State: Replica: 4fad63fb79b74552839618d6a28b8c23, State: Initialized, Role: FOLLOWER
I20260710 13:20:12.781920 17461 tablet_bootstrap.cc:492] T 0e980e4538ad44ae994b1e4d4d86b257 P 5939fe85420f4ad7b792d462b26cc1c9: Bootstrap starting.
I20260710 13:20:12.782317 17459 consensus_queue.cc:260] T 0eb0e83b535445aa9e8b6a4765be7a02 P 4fad63fb79b74552839618d6a28b8c23 [NON_LEADER]: Queue going to NON_LEADER mode. State: All replicated index: 0, Majority replicated index: 0, Committed index: 0, Last appended: 0.0, Last appended by leader: 0, Current term: 0, Majority size: -1, State: 0, Mode: NON_LEADER, active raft config: opid_index: -1 OBSOLETE_local: false peers { permanent_uuid: "4fad63fb79b74552839618d6a28b8c23" member_type: VOTER last_known_addr { host: "127.16.63.1" port: 33271 } } peers { permanent_uuid: "03cc57371b4e415d86c3a22d423fbd6d" member_type: VOTER last_known_addr { host: "127.16.63.2" port: 38607 } } peers { permanent_uuid: "5939fe85420f4ad7b792d462b26cc1c9" member_type: VOTER last_known_addr { host: "127.16.63.3" port: 45703 } }
I20260710 13:20:12.784415 17459 ts_tablet_manager.cc:1434] T 0eb0e83b535445aa9e8b6a4765be7a02 P 4fad63fb79b74552839618d6a28b8c23: Time spent starting tablet: real 0.006s	user 0.004s	sys 0.000s
I20260710 13:20:12.785346 17459 tablet_bootstrap.cc:492] T 7f8d2523fdcd45488a3097f572f0d140 P 4fad63fb79b74552839618d6a28b8c23: Bootstrap starting.
I20260710 13:20:12.773814 17460 ts_tablet_manager.cc:1434] T 128de1da2ddd4425bf5eb4a45180b7d1 P 03cc57371b4e415d86c3a22d423fbd6d: Time spent starting tablet: real 0.028s	user 0.005s	sys 0.006s
I20260710 13:20:12.788831 17461 tablet_bootstrap.cc:654] T 0e980e4538ad44ae994b1e4d4d86b257 P 5939fe85420f4ad7b792d462b26cc1c9: Neither blocks nor log segments found. Creating new log.
I20260710 13:20:12.790508 17460 tablet_bootstrap.cc:492] T ce7e905b7442477da63e924892fcf945 P 03cc57371b4e415d86c3a22d423fbd6d: Bootstrap starting.
I20260710 13:20:12.791915 17459 tablet_bootstrap.cc:654] T 7f8d2523fdcd45488a3097f572f0d140 P 4fad63fb79b74552839618d6a28b8c23: Neither blocks nor log segments found. Creating new log.
I20260710 13:20:12.798493 17460 tablet_bootstrap.cc:654] T ce7e905b7442477da63e924892fcf945 P 03cc57371b4e415d86c3a22d423fbd6d: Neither blocks nor log segments found. Creating new log.
I20260710 13:20:12.804085 17459 tablet_bootstrap.cc:492] T 7f8d2523fdcd45488a3097f572f0d140 P 4fad63fb79b74552839618d6a28b8c23: No bootstrap required, opened a new log
I20260710 13:20:12.804759 17459 ts_tablet_manager.cc:1403] T 7f8d2523fdcd45488a3097f572f0d140 P 4fad63fb79b74552839618d6a28b8c23: Time spent bootstrapping tablet: real 0.020s	user 0.008s	sys 0.008s
I20260710 13:20:12.808539 17459 raft_consensus.cc:359] T 7f8d2523fdcd45488a3097f572f0d140 P 4fad63fb79b74552839618d6a28b8c23 [term 0 FOLLOWER]: Replica starting. Triggering 0 pending ops. Active config: opid_index: -1 OBSOLETE_local: false peers { permanent_uuid: "4fad63fb79b74552839618d6a28b8c23" member_type: VOTER last_known_addr { host: "127.16.63.1" port: 33271 } } peers { permanent_uuid: "03cc57371b4e415d86c3a22d423fbd6d" member_type: VOTER last_known_addr { host: "127.16.63.2" port: 38607 } } peers { permanent_uuid: "5939fe85420f4ad7b792d462b26cc1c9" member_type: VOTER last_known_addr { host: "127.16.63.3" port: 45703 } }
I20260710 13:20:12.809599 17459 raft_consensus.cc:385] T 7f8d2523fdcd45488a3097f572f0d140 P 4fad63fb79b74552839618d6a28b8c23 [term 0 FOLLOWER]: Consensus starting up: Expiring failure detector timer to make a prompt election more likely
I20260710 13:20:12.810372 17459 raft_consensus.cc:740] T 7f8d2523fdcd45488a3097f572f0d140 P 4fad63fb79b74552839618d6a28b8c23 [term 0 FOLLOWER]: Becoming Follower/Learner. State: Replica: 4fad63fb79b74552839618d6a28b8c23, State: Initialized, Role: FOLLOWER
I20260710 13:20:12.813489 17466 raft_consensus.cc:493] T ce7e905b7442477da63e924892fcf945 P 4fad63fb79b74552839618d6a28b8c23 [term 0 FOLLOWER]: Starting pre-election (no leader contacted us within the election timeout)
I20260710 13:20:12.814232 17466 raft_consensus.cc:515] T ce7e905b7442477da63e924892fcf945 P 4fad63fb79b74552839618d6a28b8c23 [term 0 FOLLOWER]: Starting pre-election with config: opid_index: -1 OBSOLETE_local: false peers { permanent_uuid: "4fad63fb79b74552839618d6a28b8c23" member_type: VOTER last_known_addr { host: "127.16.63.1" port: 33271 } } peers { permanent_uuid: "03cc57371b4e415d86c3a22d423fbd6d" member_type: VOTER last_known_addr { host: "127.16.63.2" port: 38607 } } peers { permanent_uuid: "5939fe85420f4ad7b792d462b26cc1c9" member_type: VOTER last_known_addr { host: "127.16.63.3" port: 45703 } }
I20260710 13:20:12.825068 17461 tablet_bootstrap.cc:492] T 0e980e4538ad44ae994b1e4d4d86b257 P 5939fe85420f4ad7b792d462b26cc1c9: No bootstrap required, opened a new log
I20260710 13:20:12.825554 17461 ts_tablet_manager.cc:1403] T 0e980e4538ad44ae994b1e4d4d86b257 P 5939fe85420f4ad7b792d462b26cc1c9: Time spent bootstrapping tablet: real 0.044s	user 0.022s	sys 0.018s
I20260710 13:20:12.828431 17461 raft_consensus.cc:359] T 0e980e4538ad44ae994b1e4d4d86b257 P 5939fe85420f4ad7b792d462b26cc1c9 [term 0 FOLLOWER]: Replica starting. Triggering 0 pending ops. Active config: opid_index: -1 OBSOLETE_local: false peers { permanent_uuid: "4fad63fb79b74552839618d6a28b8c23" member_type: VOTER last_known_addr { host: "127.16.63.1" port: 33271 } } peers { permanent_uuid: "03cc57371b4e415d86c3a22d423fbd6d" member_type: VOTER last_known_addr { host: "127.16.63.2" port: 38607 } } peers { permanent_uuid: "5939fe85420f4ad7b792d462b26cc1c9" member_type: VOTER last_known_addr { host: "127.16.63.3" port: 45703 } }
I20260710 13:20:12.829152 17461 raft_consensus.cc:385] T 0e980e4538ad44ae994b1e4d4d86b257 P 5939fe85420f4ad7b792d462b26cc1c9 [term 0 FOLLOWER]: Consensus starting up: Expiring failure detector timer to make a prompt election more likely
I20260710 13:20:12.829428 17461 raft_consensus.cc:740] T 0e980e4538ad44ae994b1e4d4d86b257 P 5939fe85420f4ad7b792d462b26cc1c9 [term 0 FOLLOWER]: Becoming Follower/Learner. State: Replica: 5939fe85420f4ad7b792d462b26cc1c9, State: Initialized, Role: FOLLOWER
I20260710 13:20:12.830325 17461 consensus_queue.cc:260] T 0e980e4538ad44ae994b1e4d4d86b257 P 5939fe85420f4ad7b792d462b26cc1c9 [NON_LEADER]: Queue going to NON_LEADER mode. State: All replicated index: 0, Majority replicated index: 0, Committed index: 0, Last appended: 0.0, Last appended by leader: 0, Current term: 0, Majority size: -1, State: 0, Mode: NON_LEADER, active raft config: opid_index: -1 OBSOLETE_local: false peers { permanent_uuid: "4fad63fb79b74552839618d6a28b8c23" member_type: VOTER last_known_addr { host: "127.16.63.1" port: 33271 } } peers { permanent_uuid: "03cc57371b4e415d86c3a22d423fbd6d" member_type: VOTER last_known_addr { host: "127.16.63.2" port: 38607 } } peers { permanent_uuid: "5939fe85420f4ad7b792d462b26cc1c9" member_type: VOTER last_known_addr { host: "127.16.63.3" port: 45703 } }
I20260710 13:20:12.833899 17461 ts_tablet_manager.cc:1434] T 0e980e4538ad44ae994b1e4d4d86b257 P 5939fe85420f4ad7b792d462b26cc1c9: Time spent starting tablet: real 0.008s	user 0.008s	sys 0.000s
I20260710 13:20:12.834833 17461 tablet_bootstrap.cc:492] T ccd93a94e0b14f49bc935a66f3877177 P 5939fe85420f4ad7b792d462b26cc1c9: Bootstrap starting.
I20260710 13:20:12.811990 17459 consensus_queue.cc:260] T 7f8d2523fdcd45488a3097f572f0d140 P 4fad63fb79b74552839618d6a28b8c23 [NON_LEADER]: Queue going to NON_LEADER mode. State: All replicated index: 0, Majority replicated index: 0, Committed index: 0, Last appended: 0.0, Last appended by leader: 0, Current term: 0, Majority size: -1, State: 0, Mode: NON_LEADER, active raft config: opid_index: -1 OBSOLETE_local: false peers { permanent_uuid: "4fad63fb79b74552839618d6a28b8c23" member_type: VOTER last_known_addr { host: "127.16.63.1" port: 33271 } } peers { permanent_uuid: "03cc57371b4e415d86c3a22d423fbd6d" member_type: VOTER last_known_addr { host: "127.16.63.2" port: 38607 } } peers { permanent_uuid: "5939fe85420f4ad7b792d462b26cc1c9" member_type: VOTER last_known_addr { host: "127.16.63.3" port: 45703 } }
I20260710 13:20:12.840312 17466 leader_election.cc:290] T ce7e905b7442477da63e924892fcf945 P 4fad63fb79b74552839618d6a28b8c23 [CANDIDATE]: Term 1 pre-election: Requested pre-vote from peers 03cc57371b4e415d86c3a22d423fbd6d (127.16.63.2:38607), 5939fe85420f4ad7b792d462b26cc1c9 (127.16.63.3:45703)
I20260710 13:20:12.841005 17461 tablet_bootstrap.cc:654] T ccd93a94e0b14f49bc935a66f3877177 P 5939fe85420f4ad7b792d462b26cc1c9: Neither blocks nor log segments found. Creating new log.
I20260710 13:20:12.849151 17461 tablet_bootstrap.cc:492] T ccd93a94e0b14f49bc935a66f3877177 P 5939fe85420f4ad7b792d462b26cc1c9: No bootstrap required, opened a new log
I20260710 13:20:12.849628 17461 ts_tablet_manager.cc:1403] T ccd93a94e0b14f49bc935a66f3877177 P 5939fe85420f4ad7b792d462b26cc1c9: Time spent bootstrapping tablet: real 0.015s	user 0.009s	sys 0.003s
I20260710 13:20:12.849823 17459 ts_tablet_manager.cc:1434] T 7f8d2523fdcd45488a3097f572f0d140 P 4fad63fb79b74552839618d6a28b8c23: Time spent starting tablet: real 0.045s	user 0.012s	sys 0.000s
I20260710 13:20:12.850958 17459 tablet_bootstrap.cc:492] T ccd93a94e0b14f49bc935a66f3877177 P 4fad63fb79b74552839618d6a28b8c23: Bootstrap starting.
I20260710 13:20:12.852577 17461 raft_consensus.cc:359] T ccd93a94e0b14f49bc935a66f3877177 P 5939fe85420f4ad7b792d462b26cc1c9 [term 0 FOLLOWER]: Replica starting. Triggering 0 pending ops. Active config: opid_index: -1 OBSOLETE_local: false peers { permanent_uuid: "4fad63fb79b74552839618d6a28b8c23" member_type: VOTER last_known_addr { host: "127.16.63.1" port: 33271 } } peers { permanent_uuid: "03cc57371b4e415d86c3a22d423fbd6d" member_type: VOTER last_known_addr { host: "127.16.63.2" port: 38607 } } peers { permanent_uuid: "5939fe85420f4ad7b792d462b26cc1c9" member_type: VOTER last_known_addr { host: "127.16.63.3" port: 45703 } }
I20260710 13:20:12.853361 17461 raft_consensus.cc:385] T ccd93a94e0b14f49bc935a66f3877177 P 5939fe85420f4ad7b792d462b26cc1c9 [term 0 FOLLOWER]: Consensus starting up: Expiring failure detector timer to make a prompt election more likely
I20260710 13:20:12.853427 17464 raft_consensus.cc:493] T b4dea092f94146bdbb1d858b95e0cf0a P 5939fe85420f4ad7b792d462b26cc1c9 [term 0 FOLLOWER]: Starting pre-election (no leader contacted us within the election timeout)
I20260710 13:20:12.853725 17461 raft_consensus.cc:740] T ccd93a94e0b14f49bc935a66f3877177 P 5939fe85420f4ad7b792d462b26cc1c9 [term 0 FOLLOWER]: Becoming Follower/Learner. State: Replica: 5939fe85420f4ad7b792d462b26cc1c9, State: Initialized, Role: FOLLOWER
I20260710 13:20:12.853974 17464 raft_consensus.cc:515] T b4dea092f94146bdbb1d858b95e0cf0a P 5939fe85420f4ad7b792d462b26cc1c9 [term 0 FOLLOWER]: Starting pre-election with config: opid_index: -1 OBSOLETE_local: false peers { permanent_uuid: "4fad63fb79b74552839618d6a28b8c23" member_type: VOTER last_known_addr { host: "127.16.63.1" port: 33271 } } peers { permanent_uuid: "03cc57371b4e415d86c3a22d423fbd6d" member_type: VOTER last_known_addr { host: "127.16.63.2" port: 38607 } } peers { permanent_uuid: "5939fe85420f4ad7b792d462b26cc1c9" member_type: VOTER last_known_addr { host: "127.16.63.3" port: 45703 } }
I20260710 13:20:12.854694 17461 consensus_queue.cc:260] T ccd93a94e0b14f49bc935a66f3877177 P 5939fe85420f4ad7b792d462b26cc1c9 [NON_LEADER]: Queue going to NON_LEADER mode. State: All replicated index: 0, Majority replicated index: 0, Committed index: 0, Last appended: 0.0, Last appended by leader: 0, Current term: 0, Majority size: -1, State: 0, Mode: NON_LEADER, active raft config: opid_index: -1 OBSOLETE_local: false peers { permanent_uuid: "4fad63fb79b74552839618d6a28b8c23" member_type: VOTER last_known_addr { host: "127.16.63.1" port: 33271 } } peers { permanent_uuid: "03cc57371b4e415d86c3a22d423fbd6d" member_type: VOTER last_known_addr { host: "127.16.63.2" port: 38607 } } peers { permanent_uuid: "5939fe85420f4ad7b792d462b26cc1c9" member_type: VOTER last_known_addr { host: "127.16.63.3" port: 45703 } }
I20260710 13:20:12.856564 17464 leader_election.cc:290] T b4dea092f94146bdbb1d858b95e0cf0a P 5939fe85420f4ad7b792d462b26cc1c9 [CANDIDATE]: Term 1 pre-election: Requested pre-vote from peers 4fad63fb79b74552839618d6a28b8c23 (127.16.63.1:33271), 03cc57371b4e415d86c3a22d423fbd6d (127.16.63.2:38607)
I20260710 13:20:12.869757 17459 tablet_bootstrap.cc:654] T ccd93a94e0b14f49bc935a66f3877177 P 4fad63fb79b74552839618d6a28b8c23: Neither blocks nor log segments found. Creating new log.
I20260710 13:20:12.870256 17461 ts_tablet_manager.cc:1434] T ccd93a94e0b14f49bc935a66f3877177 P 5939fe85420f4ad7b792d462b26cc1c9: Time spent starting tablet: real 0.020s	user 0.008s	sys 0.006s
I20260710 13:20:12.873553 17461 tablet_bootstrap.cc:492] T 7f8d2523fdcd45488a3097f572f0d140 P 5939fe85420f4ad7b792d462b26cc1c9: Bootstrap starting.
I20260710 13:20:12.879956 17461 tablet_bootstrap.cc:654] T 7f8d2523fdcd45488a3097f572f0d140 P 5939fe85420f4ad7b792d462b26cc1c9: Neither blocks nor log segments found. Creating new log.
I20260710 13:20:12.880251 17460 tablet_bootstrap.cc:492] T ce7e905b7442477da63e924892fcf945 P 03cc57371b4e415d86c3a22d423fbd6d: No bootstrap required, opened a new log
I20260710 13:20:12.880905 17460 ts_tablet_manager.cc:1403] T ce7e905b7442477da63e924892fcf945 P 03cc57371b4e415d86c3a22d423fbd6d: Time spent bootstrapping tablet: real 0.091s	user 0.038s	sys 0.025s
I20260710 13:20:12.885020 17460 raft_consensus.cc:359] T ce7e905b7442477da63e924892fcf945 P 03cc57371b4e415d86c3a22d423fbd6d [term 0 FOLLOWER]: Replica starting. Triggering 0 pending ops. Active config: opid_index: -1 OBSOLETE_local: false peers { permanent_uuid: "4fad63fb79b74552839618d6a28b8c23" member_type: VOTER last_known_addr { host: "127.16.63.1" port: 33271 } } peers { permanent_uuid: "03cc57371b4e415d86c3a22d423fbd6d" member_type: VOTER last_known_addr { host: "127.16.63.2" port: 38607 } } peers { permanent_uuid: "5939fe85420f4ad7b792d462b26cc1c9" member_type: VOTER last_known_addr { host: "127.16.63.3" port: 45703 } }
I20260710 13:20:12.886103 17460 raft_consensus.cc:385] T ce7e905b7442477da63e924892fcf945 P 03cc57371b4e415d86c3a22d423fbd6d [term 0 FOLLOWER]: Consensus starting up: Expiring failure detector timer to make a prompt election more likely
I20260710 13:20:12.886633 17460 raft_consensus.cc:740] T ce7e905b7442477da63e924892fcf945 P 03cc57371b4e415d86c3a22d423fbd6d [term 0 FOLLOWER]: Becoming Follower/Learner. State: Replica: 03cc57371b4e415d86c3a22d423fbd6d, State: Initialized, Role: FOLLOWER
I20260710 13:20:12.889232 17270 tablet_service.cc:1917] Received RequestConsensusVote() RPC: tablet_id: "b4dea092f94146bdbb1d858b95e0cf0a" candidate_uuid: "5939fe85420f4ad7b792d462b26cc1c9" candidate_term: 1 candidate_status { last_received { term: 0 index: 0 } } ignore_live_leader: false dest_uuid: "4fad63fb79b74552839618d6a28b8c23" is_pre_election: true
W20260710 13:20:12.891028 17383 leader_election.cc:343] T b4dea092f94146bdbb1d858b95e0cf0a P 5939fe85420f4ad7b792d462b26cc1c9 [CANDIDATE]: Term 1 pre-election: Tablet error from VoteRequest() call to peer 4fad63fb79b74552839618d6a28b8c23 (127.16.63.1:33271): Illegal state: must be running to vote when last-logged opid is not known
I20260710 13:20:12.893096 17461 tablet_bootstrap.cc:492] T 7f8d2523fdcd45488a3097f572f0d140 P 5939fe85420f4ad7b792d462b26cc1c9: No bootstrap required, opened a new log
I20260710 13:20:12.892474 17460 consensus_queue.cc:260] T ce7e905b7442477da63e924892fcf945 P 03cc57371b4e415d86c3a22d423fbd6d [NON_LEADER]: Queue going to NON_LEADER mode. State: All replicated index: 0, Majority replicated index: 0, Committed index: 0, Last appended: 0.0, Last appended by leader: 0, Current term: 0, Majority size: -1, State: 0, Mode: NON_LEADER, active raft config: opid_index: -1 OBSOLETE_local: false peers { permanent_uuid: "4fad63fb79b74552839618d6a28b8c23" member_type: VOTER last_known_addr { host: "127.16.63.1" port: 33271 } } peers { permanent_uuid: "03cc57371b4e415d86c3a22d423fbd6d" member_type: VOTER last_known_addr { host: "127.16.63.2" port: 38607 } } peers { permanent_uuid: "5939fe85420f4ad7b792d462b26cc1c9" member_type: VOTER last_known_addr { host: "127.16.63.3" port: 45703 } }
I20260710 13:20:12.893599 17461 ts_tablet_manager.cc:1403] T 7f8d2523fdcd45488a3097f572f0d140 P 5939fe85420f4ad7b792d462b26cc1c9: Time spent bootstrapping tablet: real 0.020s	user 0.016s	sys 0.000s
I20260710 13:20:12.894263 17475 raft_consensus.cc:493] T 7f8d2523fdcd45488a3097f572f0d140 P 4fad63fb79b74552839618d6a28b8c23 [term 0 FOLLOWER]: Starting pre-election (no leader contacted us within the election timeout)
I20260710 13:20:12.894773 17475 raft_consensus.cc:515] T 7f8d2523fdcd45488a3097f572f0d140 P 4fad63fb79b74552839618d6a28b8c23 [term 0 FOLLOWER]: Starting pre-election with config: opid_index: -1 OBSOLETE_local: false peers { permanent_uuid: "4fad63fb79b74552839618d6a28b8c23" member_type: VOTER last_known_addr { host: "127.16.63.1" port: 33271 } } peers { permanent_uuid: "03cc57371b4e415d86c3a22d423fbd6d" member_type: VOTER last_known_addr { host: "127.16.63.2" port: 38607 } } peers { permanent_uuid: "5939fe85420f4ad7b792d462b26cc1c9" member_type: VOTER last_known_addr { host: "127.16.63.3" port: 45703 } }
I20260710 13:20:12.896663 17461 raft_consensus.cc:359] T 7f8d2523fdcd45488a3097f572f0d140 P 5939fe85420f4ad7b792d462b26cc1c9 [term 0 FOLLOWER]: Replica starting. Triggering 0 pending ops. Active config: opid_index: -1 OBSOLETE_local: false peers { permanent_uuid: "4fad63fb79b74552839618d6a28b8c23" member_type: VOTER last_known_addr { host: "127.16.63.1" port: 33271 } } peers { permanent_uuid: "03cc57371b4e415d86c3a22d423fbd6d" member_type: VOTER last_known_addr { host: "127.16.63.2" port: 38607 } } peers { permanent_uuid: "5939fe85420f4ad7b792d462b26cc1c9" member_type: VOTER last_known_addr { host: "127.16.63.3" port: 45703 } }
I20260710 13:20:12.897378 17461 raft_consensus.cc:385] T 7f8d2523fdcd45488a3097f572f0d140 P 5939fe85420f4ad7b792d462b26cc1c9 [term 0 FOLLOWER]: Consensus starting up: Expiring failure detector timer to make a prompt election more likely
I20260710 13:20:12.897699 17461 raft_consensus.cc:740] T 7f8d2523fdcd45488a3097f572f0d140 P 5939fe85420f4ad7b792d462b26cc1c9 [term 0 FOLLOWER]: Becoming Follower/Learner. State: Replica: 5939fe85420f4ad7b792d462b26cc1c9, State: Initialized, Role: FOLLOWER
I20260710 13:20:12.898620 17461 consensus_queue.cc:260] T 7f8d2523fdcd45488a3097f572f0d140 P 5939fe85420f4ad7b792d462b26cc1c9 [NON_LEADER]: Queue going to NON_LEADER mode. State: All replicated index: 0, Majority replicated index: 0, Committed index: 0, Last appended: 0.0, Last appended by leader: 0, Current term: 0, Majority size: -1, State: 0, Mode: NON_LEADER, active raft config: opid_index: -1 OBSOLETE_local: false peers { permanent_uuid: "4fad63fb79b74552839618d6a28b8c23" member_type: VOTER last_known_addr { host: "127.16.63.1" port: 33271 } } peers { permanent_uuid: "03cc57371b4e415d86c3a22d423fbd6d" member_type: VOTER last_known_addr { host: "127.16.63.2" port: 38607 } } peers { permanent_uuid: "5939fe85420f4ad7b792d462b26cc1c9" member_type: VOTER last_known_addr { host: "127.16.63.3" port: 45703 } }
I20260710 13:20:12.901378 17468 raft_consensus.cc:493] T ce7e905b7442477da63e924892fcf945 P 03cc57371b4e415d86c3a22d423fbd6d [term 0 FOLLOWER]: Starting pre-election (no leader contacted us within the election timeout)
I20260710 13:20:12.902323 17475 leader_election.cc:290] T 7f8d2523fdcd45488a3097f572f0d140 P 4fad63fb79b74552839618d6a28b8c23 [CANDIDATE]: Term 1 pre-election: Requested pre-vote from peers 03cc57371b4e415d86c3a22d423fbd6d (127.16.63.2:38607), 5939fe85420f4ad7b792d462b26cc1c9 (127.16.63.3:45703)
I20260710 13:20:12.901993 17468 raft_consensus.cc:515] T ce7e905b7442477da63e924892fcf945 P 03cc57371b4e415d86c3a22d423fbd6d [term 0 FOLLOWER]: Starting pre-election with config: opid_index: -1 OBSOLETE_local: false peers { permanent_uuid: "4fad63fb79b74552839618d6a28b8c23" member_type: VOTER last_known_addr { host: "127.16.63.1" port: 33271 } } peers { permanent_uuid: "03cc57371b4e415d86c3a22d423fbd6d" member_type: VOTER last_known_addr { host: "127.16.63.2" port: 38607 } } peers { permanent_uuid: "5939fe85420f4ad7b792d462b26cc1c9" member_type: VOTER last_known_addr { host: "127.16.63.3" port: 45703 } }
I20260710 13:20:12.902779 17461 ts_tablet_manager.cc:1434] T 7f8d2523fdcd45488a3097f572f0d140 P 5939fe85420f4ad7b792d462b26cc1c9: Time spent starting tablet: real 0.009s	user 0.009s	sys 0.000s
I20260710 13:20:12.903648 17460 ts_tablet_manager.cc:1434] T ce7e905b7442477da63e924892fcf945 P 03cc57371b4e415d86c3a22d423fbd6d: Time spent starting tablet: real 0.022s	user 0.007s	sys 0.003s
I20260710 13:20:12.903796 17461 tablet_bootstrap.cc:492] T 50aed6c9008247d9a520bab6d02d9541 P 5939fe85420f4ad7b792d462b26cc1c9: Bootstrap starting.
I20260710 13:20:12.904810 17468 leader_election.cc:290] T ce7e905b7442477da63e924892fcf945 P 03cc57371b4e415d86c3a22d423fbd6d [CANDIDATE]: Term 1 pre-election: Requested pre-vote from peers 4fad63fb79b74552839618d6a28b8c23 (127.16.63.1:33271), 5939fe85420f4ad7b792d462b26cc1c9 (127.16.63.3:45703)
I20260710 13:20:12.907801 17419 tablet_service.cc:1917] Received RequestConsensusVote() RPC: tablet_id: "ce7e905b7442477da63e924892fcf945" candidate_uuid: "4fad63fb79b74552839618d6a28b8c23" candidate_term: 1 candidate_status { last_received { term: 0 index: 0 } } ignore_live_leader: false dest_uuid: "5939fe85420f4ad7b792d462b26cc1c9" is_pre_election: true
I20260710 13:20:12.916826 17460 tablet_bootstrap.cc:492] T 583df08c12884178ba062078a5460d1a P 03cc57371b4e415d86c3a22d423fbd6d: Bootstrap starting.
W20260710 13:20:12.918651 17236 leader_election.cc:343] T ce7e905b7442477da63e924892fcf945 P 4fad63fb79b74552839618d6a28b8c23 [CANDIDATE]: Term 1 pre-election: Tablet error from VoteRequest() call to peer 5939fe85420f4ad7b792d462b26cc1c9 (127.16.63.3:45703): Illegal state: must be running to vote when last-logged opid is not known
I20260710 13:20:12.909528 17418 tablet_service.cc:1917] Received RequestConsensusVote() RPC: tablet_id: "7f8d2523fdcd45488a3097f572f0d140" candidate_uuid: "4fad63fb79b74552839618d6a28b8c23" candidate_term: 1 candidate_status { last_received { term: 0 index: 0 } } ignore_live_leader: false dest_uuid: "5939fe85420f4ad7b792d462b26cc1c9" is_pre_election: true
I20260710 13:20:12.919889 17418 raft_consensus.cc:2468] T 7f8d2523fdcd45488a3097f572f0d140 P 5939fe85420f4ad7b792d462b26cc1c9 [term 0 FOLLOWER]: Leader pre-election vote request: Granting yes vote for candidate 4fad63fb79b74552839618d6a28b8c23 in term 0.
I20260710 13:20:12.913467 17345 tablet_service.cc:1917] Received RequestConsensusVote() RPC: tablet_id: "ce7e905b7442477da63e924892fcf945" candidate_uuid: "4fad63fb79b74552839618d6a28b8c23" candidate_term: 1 candidate_status { last_received { term: 0 index: 0 } } ignore_live_leader: false dest_uuid: "03cc57371b4e415d86c3a22d423fbd6d" is_pre_election: true
I20260710 13:20:12.921610 17345 raft_consensus.cc:2468] T ce7e905b7442477da63e924892fcf945 P 03cc57371b4e415d86c3a22d423fbd6d [term 0 FOLLOWER]: Leader pre-election vote request: Granting yes vote for candidate 4fad63fb79b74552839618d6a28b8c23 in term 0.
I20260710 13:20:12.914927 17344 tablet_service.cc:1917] Received RequestConsensusVote() RPC: tablet_id: "7f8d2523fdcd45488a3097f572f0d140" candidate_uuid: "4fad63fb79b74552839618d6a28b8c23" candidate_term: 1 candidate_status { last_received { term: 0 index: 0 } } ignore_live_leader: false dest_uuid: "03cc57371b4e415d86c3a22d423fbd6d" is_pre_election: true
I20260710 13:20:12.923353 17461 tablet_bootstrap.cc:654] T 50aed6c9008247d9a520bab6d02d9541 P 5939fe85420f4ad7b792d462b26cc1c9: Neither blocks nor log segments found. Creating new log.
I20260710 13:20:12.923950 17234 leader_election.cc:304] T ce7e905b7442477da63e924892fcf945 P 4fad63fb79b74552839618d6a28b8c23 [CANDIDATE]: Term 1 pre-election: Election decided. Result: candidate won. Election summary: received 3 responses out of 3 voters: 2 yes votes; 1 no votes. yes voters: 03cc57371b4e415d86c3a22d423fbd6d, 4fad63fb79b74552839618d6a28b8c23; no voters: 5939fe85420f4ad7b792d462b26cc1c9
I20260710 13:20:12.924280 17236 leader_election.cc:304] T 7f8d2523fdcd45488a3097f572f0d140 P 4fad63fb79b74552839618d6a28b8c23 [CANDIDATE]: Term 1 pre-election: Election decided. Result: candidate won. Election summary: received 2 responses out of 3 voters: 2 yes votes; 0 no votes. yes voters: 4fad63fb79b74552839618d6a28b8c23, 5939fe85420f4ad7b792d462b26cc1c9; no voters: 
W20260710 13:20:12.925516 17234 leader_election.cc:343] T 7f8d2523fdcd45488a3097f572f0d140 P 4fad63fb79b74552839618d6a28b8c23 [CANDIDATE]: Term 1 pre-election: Tablet error from VoteRequest() call to peer 03cc57371b4e415d86c3a22d423fbd6d (127.16.63.2:38607): Illegal state: must be running to vote when last-logged opid is not known
I20260710 13:20:12.925458 17466 raft_consensus.cc:2804] T ce7e905b7442477da63e924892fcf945 P 4fad63fb79b74552839618d6a28b8c23 [term 0 FOLLOWER]: Leader pre-election won for term 1
I20260710 13:20:12.926599 17466 raft_consensus.cc:493] T ce7e905b7442477da63e924892fcf945 P 4fad63fb79b74552839618d6a28b8c23 [term 0 FOLLOWER]: Starting leader election (no leader contacted us within the election timeout)
I20260710 13:20:12.926162 17475 raft_consensus.cc:2804] T 7f8d2523fdcd45488a3097f572f0d140 P 4fad63fb79b74552839618d6a28b8c23 [term 0 FOLLOWER]: Leader pre-election won for term 1
I20260710 13:20:12.926957 17466 raft_consensus.cc:3060] T ce7e905b7442477da63e924892fcf945 P 4fad63fb79b74552839618d6a28b8c23 [term 0 FOLLOWER]: Advancing to term 1
I20260710 13:20:12.927060 17475 raft_consensus.cc:493] T 7f8d2523fdcd45488a3097f572f0d140 P 4fad63fb79b74552839618d6a28b8c23 [term 0 FOLLOWER]: Starting leader election (no leader contacted us within the election timeout)
I20260710 13:20:12.927604 17475 raft_consensus.cc:3060] T 7f8d2523fdcd45488a3097f572f0d140 P 4fad63fb79b74552839618d6a28b8c23 [term 0 FOLLOWER]: Advancing to term 1
I20260710 13:20:12.934764 17466 raft_consensus.cc:515] T ce7e905b7442477da63e924892fcf945 P 4fad63fb79b74552839618d6a28b8c23 [term 1 FOLLOWER]: Starting leader election with config: opid_index: -1 OBSOLETE_local: false peers { permanent_uuid: "4fad63fb79b74552839618d6a28b8c23" member_type: VOTER last_known_addr { host: "127.16.63.1" port: 33271 } } peers { permanent_uuid: "03cc57371b4e415d86c3a22d423fbd6d" member_type: VOTER last_known_addr { host: "127.16.63.2" port: 38607 } } peers { permanent_uuid: "5939fe85420f4ad7b792d462b26cc1c9" member_type: VOTER last_known_addr { host: "127.16.63.3" port: 45703 } }
I20260710 13:20:12.937655 17466 leader_election.cc:290] T ce7e905b7442477da63e924892fcf945 P 4fad63fb79b74552839618d6a28b8c23 [CANDIDATE]: Term 1 election: Requested vote from peers 03cc57371b4e415d86c3a22d423fbd6d (127.16.63.2:38607), 5939fe85420f4ad7b792d462b26cc1c9 (127.16.63.3:45703)
I20260710 13:20:12.938412 17344 tablet_service.cc:1917] Received RequestConsensusVote() RPC: tablet_id: "ce7e905b7442477da63e924892fcf945" candidate_uuid: "4fad63fb79b74552839618d6a28b8c23" candidate_term: 1 candidate_status { last_received { term: 0 index: 0 } } ignore_live_leader: false dest_uuid: "03cc57371b4e415d86c3a22d423fbd6d"
I20260710 13:20:12.938913 17418 tablet_service.cc:1917] Received RequestConsensusVote() RPC: tablet_id: "ce7e905b7442477da63e924892fcf945" candidate_uuid: "4fad63fb79b74552839618d6a28b8c23" candidate_term: 1 candidate_status { last_received { term: 0 index: 0 } } ignore_live_leader: false dest_uuid: "5939fe85420f4ad7b792d462b26cc1c9"
I20260710 13:20:12.939083 17344 raft_consensus.cc:3060] T ce7e905b7442477da63e924892fcf945 P 03cc57371b4e415d86c3a22d423fbd6d [term 0 FOLLOWER]: Advancing to term 1
W20260710 13:20:12.940321 17236 leader_election.cc:343] T ce7e905b7442477da63e924892fcf945 P 4fad63fb79b74552839618d6a28b8c23 [CANDIDATE]: Term 1 election: Tablet error from VoteRequest() call to peer 5939fe85420f4ad7b792d462b26cc1c9 (127.16.63.3:45703): Illegal state: must be running to vote when last-logged opid is not known
I20260710 13:20:12.940927 17461 tablet_bootstrap.cc:492] T 50aed6c9008247d9a520bab6d02d9541 P 5939fe85420f4ad7b792d462b26cc1c9: No bootstrap required, opened a new log
I20260710 13:20:12.941395 17461 ts_tablet_manager.cc:1403] T 50aed6c9008247d9a520bab6d02d9541 P 5939fe85420f4ad7b792d462b26cc1c9: Time spent bootstrapping tablet: real 0.038s	user 0.011s	sys 0.000s
I20260710 13:20:12.944339 17461 raft_consensus.cc:359] T 50aed6c9008247d9a520bab6d02d9541 P 5939fe85420f4ad7b792d462b26cc1c9 [term 0 FOLLOWER]: Replica starting. Triggering 0 pending ops. Active config: opid_index: -1 OBSOLETE_local: false peers { permanent_uuid: "4fad63fb79b74552839618d6a28b8c23" member_type: VOTER last_known_addr { host: "127.16.63.1" port: 33271 } } peers { permanent_uuid: "03cc57371b4e415d86c3a22d423fbd6d" member_type: VOTER last_known_addr { host: "127.16.63.2" port: 38607 } } peers { permanent_uuid: "5939fe85420f4ad7b792d462b26cc1c9" member_type: VOTER last_known_addr { host: "127.16.63.3" port: 45703 } }
I20260710 13:20:12.944881 17344 raft_consensus.cc:2468] T ce7e905b7442477da63e924892fcf945 P 03cc57371b4e415d86c3a22d423fbd6d [term 1 FOLLOWER]: Leader election vote request: Granting yes vote for candidate 4fad63fb79b74552839618d6a28b8c23 in term 1.
I20260710 13:20:12.945071 17461 raft_consensus.cc:385] T 50aed6c9008247d9a520bab6d02d9541 P 5939fe85420f4ad7b792d462b26cc1c9 [term 0 FOLLOWER]: Consensus starting up: Expiring failure detector timer to make a prompt election more likely
I20260710 13:20:12.945438 17461 raft_consensus.cc:740] T 50aed6c9008247d9a520bab6d02d9541 P 5939fe85420f4ad7b792d462b26cc1c9 [term 0 FOLLOWER]: Becoming Follower/Learner. State: Replica: 5939fe85420f4ad7b792d462b26cc1c9, State: Initialized, Role: FOLLOWER
I20260710 13:20:12.946179 17234 leader_election.cc:304] T ce7e905b7442477da63e924892fcf945 P 4fad63fb79b74552839618d6a28b8c23 [CANDIDATE]: Term 1 election: Election decided. Result: candidate won. Election summary: received 3 responses out of 3 voters: 2 yes votes; 1 no votes. yes voters: 03cc57371b4e415d86c3a22d423fbd6d, 4fad63fb79b74552839618d6a28b8c23; no voters: 5939fe85420f4ad7b792d462b26cc1c9
I20260710 13:20:12.946285 17461 consensus_queue.cc:260] T 50aed6c9008247d9a520bab6d02d9541 P 5939fe85420f4ad7b792d462b26cc1c9 [NON_LEADER]: Queue going to NON_LEADER mode. State: All replicated index: 0, Majority replicated index: 0, Committed index: 0, Last appended: 0.0, Last appended by leader: 0, Current term: 0, Majority size: -1, State: 0, Mode: NON_LEADER, active raft config: opid_index: -1 OBSOLETE_local: false peers { permanent_uuid: "4fad63fb79b74552839618d6a28b8c23" member_type: VOTER last_known_addr { host: "127.16.63.1" port: 33271 } } peers { permanent_uuid: "03cc57371b4e415d86c3a22d423fbd6d" member_type: VOTER last_known_addr { host: "127.16.63.2" port: 38607 } } peers { permanent_uuid: "5939fe85420f4ad7b792d462b26cc1c9" member_type: VOTER last_known_addr { host: "127.16.63.3" port: 45703 } }
