I20260710 13:20:28.658162 17772 raft_consensus.cc:2955] T 2f2b3679df5d4f0c9f3da7662b14b4f2 P 0ee0bbe0f796476e96f490f2e5a45faa [term 1 FOLLOWER]: Committing config change with OpId 1.2: config changed from index -1 to 2, NON_VOTER e993836445d540b8b6772800eccf69d3 (127.16.27.4) added. New config: { opid_index: 2 OBSOLETE_local: false peers { permanent_uuid: "59342bc9d20e493e97d6638fa3cdda29" member_type: VOTER last_known_addr { host: "127.16.27.1" port: 45621 } } peers { permanent_uuid: "45e0a0070d6842f7abd04608a965feb4" member_type: VOTER last_known_addr { host: "127.16.27.2" port: 35341 } } peers { permanent_uuid: "0ee0bbe0f796476e96f490f2e5a45faa" member_type: VOTER last_known_addr { host: "127.16.27.3" port: 36609 } attrs { replace: true } } peers { permanent_uuid: "e993836445d540b8b6772800eccf69d3" member_type: NON_VOTER last_known_addr { host: "127.16.27.4" port: 40815 } attrs { promote: true } } }
I20260710 13:20:28.658010 17699 raft_consensus.cc:2955] T 2f2b3679df5d4f0c9f3da7662b14b4f2 P 45e0a0070d6842f7abd04608a965feb4 [term 1 FOLLOWER]: Committing config change with OpId 1.2: config changed from index -1 to 2, NON_VOTER e993836445d540b8b6772800eccf69d3 (127.16.27.4) added. New config: { opid_index: 2 OBSOLETE_local: false peers { permanent_uuid: "59342bc9d20e493e97d6638fa3cdda29" member_type: VOTER last_known_addr { host: "127.16.27.1" port: 45621 } } peers { permanent_uuid: "45e0a0070d6842f7abd04608a965feb4" member_type: VOTER last_known_addr { host: "127.16.27.2" port: 35341 } } peers { permanent_uuid: "0ee0bbe0f796476e96f490f2e5a45faa" member_type: VOTER last_known_addr { host: "127.16.27.3" port: 36609 } attrs { replace: true } } peers { permanent_uuid: "e993836445d540b8b6772800eccf69d3" member_type: NON_VOTER last_known_addr { host: "127.16.27.4" port: 40815 } attrs { promote: true } } }
I20260710 13:20:28.672410 17522 catalog_manager.cc:5697] T 2f2b3679df5d4f0c9f3da7662b14b4f2 P 0ee0bbe0f796476e96f490f2e5a45faa reported cstate change: config changed from index -1 to 2, NON_VOTER e993836445d540b8b6772800eccf69d3 (127.16.27.4) added. New cstate: current_term: 1 leader_uuid: "59342bc9d20e493e97d6638fa3cdda29" committed_config { opid_index: 2 OBSOLETE_local: false peers { permanent_uuid: "59342bc9d20e493e97d6638fa3cdda29" member_type: VOTER last_known_addr { host: "127.16.27.1" port: 45621 } } peers { permanent_uuid: "45e0a0070d6842f7abd04608a965feb4" member_type: VOTER last_known_addr { host: "127.16.27.2" port: 35341 } } peers { permanent_uuid: "0ee0bbe0f796476e96f490f2e5a45faa" member_type: VOTER last_known_addr { host: "127.16.27.3" port: 36609 } attrs { replace: true } } peers { permanent_uuid: "e993836445d540b8b6772800eccf69d3" member_type: NON_VOTER last_known_addr { host: "127.16.27.4" port: 40815 } attrs { promote: true } } }
I20260710 13:20:28.984684 18160 ts_tablet_manager.cc:933] T 57827a3e66d744dca86d0596b829a703 P e993836445d540b8b6772800eccf69d3: Initiating tablet copy from peer 0ee0bbe0f796476e96f490f2e5a45faa (127.16.27.3:36609)
I20260710 13:20:28.986368 18160 tablet_copy_client.cc:323] T 57827a3e66d744dca86d0596b829a703 P e993836445d540b8b6772800eccf69d3: tablet copy: Beginning tablet copy session from remote peer at address 127.16.27.3:36609
I20260710 13:20:28.988169 17782 tablet_copy_service.cc:140] P 0ee0bbe0f796476e96f490f2e5a45faa: Received BeginTabletCopySession request for tablet 57827a3e66d744dca86d0596b829a703 from peer e993836445d540b8b6772800eccf69d3 ({username='slave'} at 127.0.0.1:55464)
I20260710 13:20:28.988718 17782 tablet_copy_service.cc:161] P 0ee0bbe0f796476e96f490f2e5a45faa: Beginning new tablet copy session on tablet 57827a3e66d744dca86d0596b829a703 from peer e993836445d540b8b6772800eccf69d3 at {username='slave'} at 127.0.0.1:55464: session id = e993836445d540b8b6772800eccf69d3-57827a3e66d744dca86d0596b829a703
I20260710 13:20:28.996366 17782 tablet_copy_source_session.cc:215] T 57827a3e66d744dca86d0596b829a703 P 0ee0bbe0f796476e96f490f2e5a45faa: Tablet Copy: opened 0 blocks and 1 log segments
I20260710 13:20:28.999486 18160 data_dirs.cc:400] Could only allocate 1 dirs of requested 3 for tablet 57827a3e66d744dca86d0596b829a703. 1 dirs total, 0 dirs full, 0 dirs failed
I20260710 13:20:29.009781 18160 tablet_copy_client.cc:806] T 57827a3e66d744dca86d0596b829a703 P e993836445d540b8b6772800eccf69d3: tablet copy: Starting download of 0 data blocks...
I20260710 13:20:29.010375 18160 tablet_copy_client.cc:670] T 57827a3e66d744dca86d0596b829a703 P e993836445d540b8b6772800eccf69d3: tablet copy: Starting download of 1 WAL segments...
I20260710 13:20:29.015128 18160 tablet_copy_client.cc:538] T 57827a3e66d744dca86d0596b829a703 P e993836445d540b8b6772800eccf69d3: tablet copy: Tablet Copy complete. Replacing tablet superblock.
I20260710 13:20:29.020901 18160 tablet_bootstrap.cc:492] T 57827a3e66d744dca86d0596b829a703 P e993836445d540b8b6772800eccf69d3: Bootstrap starting.
I20260710 13:20:29.037330 18160 tablet_bootstrap.cc:492] T 57827a3e66d744dca86d0596b829a703 P e993836445d540b8b6772800eccf69d3: Bootstrap replayed 1/1 log segments. Stats: ops{read=2 overwritten=0 applied=2 ignored=0} inserts{seen=0 ignored=0} mutations{seen=0 ignored=0} orphaned_commits=0. Pending: 0 replicates
I20260710 13:20:29.038055 18160 tablet_bootstrap.cc:492] T 57827a3e66d744dca86d0596b829a703 P e993836445d540b8b6772800eccf69d3: Bootstrap complete.
I20260710 13:20:29.038563 18160 ts_tablet_manager.cc:1403] T 57827a3e66d744dca86d0596b829a703 P e993836445d540b8b6772800eccf69d3: Time spent bootstrapping tablet: real 0.018s	user 0.006s	sys 0.009s
I20260710 13:20:29.040714 18160 raft_consensus.cc:359] T 57827a3e66d744dca86d0596b829a703 P e993836445d540b8b6772800eccf69d3 [term 1 LEARNER]: Replica starting. Triggering 0 pending ops. Active config: opid_index: 2 OBSOLETE_local: false peers { permanent_uuid: "59342bc9d20e493e97d6638fa3cdda29" member_type: VOTER last_known_addr { host: "127.16.27.1" port: 45621 } attrs { replace: true } } peers { permanent_uuid: "45e0a0070d6842f7abd04608a965feb4" member_type: VOTER last_known_addr { host: "127.16.27.2" port: 35341 } } peers { permanent_uuid: "0ee0bbe0f796476e96f490f2e5a45faa" member_type: VOTER last_known_addr { host: "127.16.27.3" port: 36609 } } peers { permanent_uuid: "e993836445d540b8b6772800eccf69d3" member_type: NON_VOTER last_known_addr { host: "127.16.27.4" port: 40815 } attrs { promote: true } }
I20260710 13:20:29.041324 18160 raft_consensus.cc:740] T 57827a3e66d744dca86d0596b829a703 P e993836445d540b8b6772800eccf69d3 [term 1 LEARNER]: Becoming Follower/Learner. State: Replica: e993836445d540b8b6772800eccf69d3, State: Initialized, Role: LEARNER
I20260710 13:20:29.041890 18160 consensus_queue.cc:260] T 57827a3e66d744dca86d0596b829a703 P e993836445d540b8b6772800eccf69d3 [NON_LEADER]: Queue going to NON_LEADER mode. State: All replicated index: 0, Majority replicated index: 0, Committed index: 2, Last appended: 1.2, Last appended by leader: 2, Current term: 0, Majority size: -1, State: 0, Mode: NON_LEADER, active raft config: opid_index: 2 OBSOLETE_local: false peers { permanent_uuid: "59342bc9d20e493e97d6638fa3cdda29" member_type: VOTER last_known_addr { host: "127.16.27.1" port: 45621 } attrs { replace: true } } peers { permanent_uuid: "45e0a0070d6842f7abd04608a965feb4" member_type: VOTER last_known_addr { host: "127.16.27.2" port: 35341 } } peers { permanent_uuid: "0ee0bbe0f796476e96f490f2e5a45faa" member_type: VOTER last_known_addr { host: "127.16.27.3" port: 36609 } } peers { permanent_uuid: "e993836445d540b8b6772800eccf69d3" member_type: NON_VOTER last_known_addr { host: "127.16.27.4" port: 40815 } attrs { promote: true } }
I20260710 13:20:29.044627 18160 ts_tablet_manager.cc:1434] T 57827a3e66d744dca86d0596b829a703 P e993836445d540b8b6772800eccf69d3: Time spent starting tablet: real 0.006s	user 0.004s	sys 0.004s
I20260710 13:20:29.046159 17782 tablet_copy_service.cc:342] P 0ee0bbe0f796476e96f490f2e5a45faa: Request end of tablet copy session e993836445d540b8b6772800eccf69d3-57827a3e66d744dca86d0596b829a703 received from {username='slave'} at 127.0.0.1:55464
I20260710 13:20:29.046633 17782 tablet_copy_service.cc:434] P 0ee0bbe0f796476e96f490f2e5a45faa: ending tablet copy session e993836445d540b8b6772800eccf69d3-57827a3e66d744dca86d0596b829a703 on tablet 57827a3e66d744dca86d0596b829a703 with peer e993836445d540b8b6772800eccf69d3
I20260710 13:20:29.064047 18160 ts_tablet_manager.cc:933] T b5c40d5964804289a9816884a2994a82 P e993836445d540b8b6772800eccf69d3: Initiating tablet copy from peer 45e0a0070d6842f7abd04608a965feb4 (127.16.27.2:35341)
I20260710 13:20:29.065562 18160 tablet_copy_client.cc:323] T b5c40d5964804289a9816884a2994a82 P e993836445d540b8b6772800eccf69d3: tablet copy: Beginning tablet copy session from remote peer at address 127.16.27.2:35341
I20260710 13:20:29.067106 17709 tablet_copy_service.cc:140] P 45e0a0070d6842f7abd04608a965feb4: Received BeginTabletCopySession request for tablet b5c40d5964804289a9816884a2994a82 from peer e993836445d540b8b6772800eccf69d3 ({username='slave'} at 127.0.0.1:44952)
I20260710 13:20:29.067523 17709 tablet_copy_service.cc:161] P 45e0a0070d6842f7abd04608a965feb4: Beginning new tablet copy session on tablet b5c40d5964804289a9816884a2994a82 from peer e993836445d540b8b6772800eccf69d3 at {username='slave'} at 127.0.0.1:44952: session id = e993836445d540b8b6772800eccf69d3-b5c40d5964804289a9816884a2994a82
I20260710 13:20:29.074733 17709 tablet_copy_source_session.cc:215] T b5c40d5964804289a9816884a2994a82 P 45e0a0070d6842f7abd04608a965feb4: Tablet Copy: opened 0 blocks and 1 log segments
I20260710 13:20:29.078514 18160 data_dirs.cc:400] Could only allocate 1 dirs of requested 3 for tablet b5c40d5964804289a9816884a2994a82. 1 dirs total, 0 dirs full, 0 dirs failed
I20260710 13:20:29.085762 18165 ts_tablet_manager.cc:933] T 8275487f20ad49d1b633cecc5160b135 P e993836445d540b8b6772800eccf69d3: Initiating tablet copy from peer 0ee0bbe0f796476e96f490f2e5a45faa (127.16.27.3:36609)
I20260710 13:20:29.089072 18165 tablet_copy_client.cc:323] T 8275487f20ad49d1b633cecc5160b135 P e993836445d540b8b6772800eccf69d3: tablet copy: Beginning tablet copy session from remote peer at address 127.16.27.3:36609
I20260710 13:20:29.090714 17782 tablet_copy_service.cc:140] P 0ee0bbe0f796476e96f490f2e5a45faa: Received BeginTabletCopySession request for tablet 8275487f20ad49d1b633cecc5160b135 from peer e993836445d540b8b6772800eccf69d3 ({username='slave'} at 127.0.0.1:55464)
I20260710 13:20:29.091238 17782 tablet_copy_service.cc:161] P 0ee0bbe0f796476e96f490f2e5a45faa: Beginning new tablet copy session on tablet 8275487f20ad49d1b633cecc5160b135 from peer e993836445d540b8b6772800eccf69d3 at {username='slave'} at 127.0.0.1:55464: session id = e993836445d540b8b6772800eccf69d3-8275487f20ad49d1b633cecc5160b135
I20260710 13:20:29.092172 18160 tablet_copy_client.cc:806] T b5c40d5964804289a9816884a2994a82 P e993836445d540b8b6772800eccf69d3: tablet copy: Starting download of 0 data blocks...
I20260710 13:20:29.092728 18160 tablet_copy_client.cc:670] T b5c40d5964804289a9816884a2994a82 P e993836445d540b8b6772800eccf69d3: tablet copy: Starting download of 1 WAL segments...
I20260710 13:20:29.097055 18160 tablet_copy_client.cc:538] T b5c40d5964804289a9816884a2994a82 P e993836445d540b8b6772800eccf69d3: tablet copy: Tablet Copy complete. Replacing tablet superblock.
I20260710 13:20:29.100005 17782 tablet_copy_source_session.cc:215] T 8275487f20ad49d1b633cecc5160b135 P 0ee0bbe0f796476e96f490f2e5a45faa: Tablet Copy: opened 0 blocks and 1 log segments
I20260710 13:20:29.104352 18165 data_dirs.cc:400] Could only allocate 1 dirs of requested 3 for tablet 8275487f20ad49d1b633cecc5160b135. 1 dirs total, 0 dirs full, 0 dirs failed
I20260710 13:20:29.106050 18160 tablet_bootstrap.cc:492] T b5c40d5964804289a9816884a2994a82 P e993836445d540b8b6772800eccf69d3: Bootstrap starting.
I20260710 13:20:29.116509 18165 tablet_copy_client.cc:806] T 8275487f20ad49d1b633cecc5160b135 P e993836445d540b8b6772800eccf69d3: tablet copy: Starting download of 0 data blocks...
I20260710 13:20:29.117014 18165 tablet_copy_client.cc:670] T 8275487f20ad49d1b633cecc5160b135 P e993836445d540b8b6772800eccf69d3: tablet copy: Starting download of 1 WAL segments...
I20260710 13:20:29.121016 18165 tablet_copy_client.cc:538] T 8275487f20ad49d1b633cecc5160b135 P e993836445d540b8b6772800eccf69d3: tablet copy: Tablet Copy complete. Replacing tablet superblock.
I20260710 13:20:29.125645 18160 tablet_bootstrap.cc:492] T b5c40d5964804289a9816884a2994a82 P e993836445d540b8b6772800eccf69d3: Bootstrap replayed 1/1 log segments. Stats: ops{read=2 overwritten=0 applied=2 ignored=0} inserts{seen=0 ignored=0} mutations{seen=0 ignored=0} orphaned_commits=0. Pending: 0 replicates
I20260710 13:20:29.126544 18160 tablet_bootstrap.cc:492] T b5c40d5964804289a9816884a2994a82 P e993836445d540b8b6772800eccf69d3: Bootstrap complete.
I20260710 13:20:29.127158 18160 ts_tablet_manager.cc:1403] T b5c40d5964804289a9816884a2994a82 P e993836445d540b8b6772800eccf69d3: Time spent bootstrapping tablet: real 0.021s	user 0.010s	sys 0.009s
I20260710 13:20:29.129117 18165 tablet_bootstrap.cc:492] T 8275487f20ad49d1b633cecc5160b135 P e993836445d540b8b6772800eccf69d3: Bootstrap starting.
I20260710 13:20:29.130203 18160 raft_consensus.cc:359] T b5c40d5964804289a9816884a2994a82 P e993836445d540b8b6772800eccf69d3 [term 1 LEARNER]: Replica starting. Triggering 0 pending ops. Active config: opid_index: 2 OBSOLETE_local: false peers { permanent_uuid: "0ee0bbe0f796476e96f490f2e5a45faa" member_type: VOTER last_known_addr { host: "127.16.27.3" port: 36609 } attrs { replace: true } } peers { permanent_uuid: "45e0a0070d6842f7abd04608a965feb4" member_type: VOTER last_known_addr { host: "127.16.27.2" port: 35341 } } peers { permanent_uuid: "59342bc9d20e493e97d6638fa3cdda29" member_type: VOTER last_known_addr { host: "127.16.27.1" port: 45621 } } peers { permanent_uuid: "e993836445d540b8b6772800eccf69d3" member_type: NON_VOTER last_known_addr { host: "127.16.27.4" port: 40815 } attrs { promote: true } }
I20260710 13:20:29.131029 18160 raft_consensus.cc:740] T b5c40d5964804289a9816884a2994a82 P e993836445d540b8b6772800eccf69d3 [term 1 LEARNER]: Becoming Follower/Learner. State: Replica: e993836445d540b8b6772800eccf69d3, State: Initialized, Role: LEARNER
I20260710 13:20:29.131807 18160 consensus_queue.cc:260] T b5c40d5964804289a9816884a2994a82 P e993836445d540b8b6772800eccf69d3 [NON_LEADER]: Queue going to NON_LEADER mode. State: All replicated index: 0, Majority replicated index: 0, Committed index: 2, Last appended: 1.2, Last appended by leader: 2, Current term: 0, Majority size: -1, State: 0, Mode: NON_LEADER, active raft config: opid_index: 2 OBSOLETE_local: false peers { permanent_uuid: "0ee0bbe0f796476e96f490f2e5a45faa" member_type: VOTER last_known_addr { host: "127.16.27.3" port: 36609 } attrs { replace: true } } peers { permanent_uuid: "45e0a0070d6842f7abd04608a965feb4" member_type: VOTER last_known_addr { host: "127.16.27.2" port: 35341 } } peers { permanent_uuid: "59342bc9d20e493e97d6638fa3cdda29" member_type: VOTER last_known_addr { host: "127.16.27.1" port: 45621 } } peers { permanent_uuid: "e993836445d540b8b6772800eccf69d3" member_type: NON_VOTER last_known_addr { host: "127.16.27.4" port: 40815 } attrs { promote: true } }
I20260710 13:20:29.134253 18160 ts_tablet_manager.cc:1434] T b5c40d5964804289a9816884a2994a82 P e993836445d540b8b6772800eccf69d3: Time spent starting tablet: real 0.007s	user 0.010s	sys 0.000s
I20260710 13:20:29.136003 17709 tablet_copy_service.cc:342] P 45e0a0070d6842f7abd04608a965feb4: Request end of tablet copy session e993836445d540b8b6772800eccf69d3-b5c40d5964804289a9816884a2994a82 received from {username='slave'} at 127.0.0.1:44952
I20260710 13:20:29.136432 17709 tablet_copy_service.cc:434] P 45e0a0070d6842f7abd04608a965feb4: ending tablet copy session e993836445d540b8b6772800eccf69d3-b5c40d5964804289a9816884a2994a82 on tablet b5c40d5964804289a9816884a2994a82 with peer e993836445d540b8b6772800eccf69d3
I20260710 13:20:29.152163 18165 tablet_bootstrap.cc:492] T 8275487f20ad49d1b633cecc5160b135 P e993836445d540b8b6772800eccf69d3: Bootstrap replayed 1/1 log segments. Stats: ops{read=2 overwritten=0 applied=2 ignored=0} inserts{seen=0 ignored=0} mutations{seen=0 ignored=0} orphaned_commits=0. Pending: 0 replicates
I20260710 13:20:29.152908 18165 tablet_bootstrap.cc:492] T 8275487f20ad49d1b633cecc5160b135 P e993836445d540b8b6772800eccf69d3: Bootstrap complete.
I20260710 13:20:29.153555 18165 ts_tablet_manager.cc:1403] T 8275487f20ad49d1b633cecc5160b135 P e993836445d540b8b6772800eccf69d3: Time spent bootstrapping tablet: real 0.025s	user 0.015s	sys 0.008s
I20260710 13:20:29.156368 18165 raft_consensus.cc:359] T 8275487f20ad49d1b633cecc5160b135 P e993836445d540b8b6772800eccf69d3 [term 1 LEARNER]: Replica starting. Triggering 0 pending ops. Active config: opid_index: 2 OBSOLETE_local: false peers { permanent_uuid: "59342bc9d20e493e97d6638fa3cdda29" member_type: VOTER last_known_addr { host: "127.16.27.1" port: 45621 } } peers { permanent_uuid: "45e0a0070d6842f7abd04608a965feb4" member_type: VOTER last_known_addr { host: "127.16.27.2" port: 35341 } attrs { replace: true } } peers { permanent_uuid: "0ee0bbe0f796476e96f490f2e5a45faa" member_type: VOTER last_known_addr { host: "127.16.27.3" port: 36609 } } peers { permanent_uuid: "e993836445d540b8b6772800eccf69d3" member_type: NON_VOTER last_known_addr { host: "127.16.27.4" port: 40815 } attrs { promote: true } }
I20260710 13:20:29.157061 18165 raft_consensus.cc:740] T 8275487f20ad49d1b633cecc5160b135 P e993836445d540b8b6772800eccf69d3 [term 1 LEARNER]: Becoming Follower/Learner. State: Replica: e993836445d540b8b6772800eccf69d3, State: Initialized, Role: LEARNER
I20260710 13:20:29.157683 18165 consensus_queue.cc:260] T 8275487f20ad49d1b633cecc5160b135 P e993836445d540b8b6772800eccf69d3 [NON_LEADER]: Queue going to NON_LEADER mode. State: All replicated index: 0, Majority replicated index: 0, Committed index: 2, Last appended: 1.2, Last appended by leader: 2, Current term: 0, Majority size: -1, State: 0, Mode: NON_LEADER, active raft config: opid_index: 2 OBSOLETE_local: false peers { permanent_uuid: "59342bc9d20e493e97d6638fa3cdda29" member_type: VOTER last_known_addr { host: "127.16.27.1" port: 45621 } } peers { permanent_uuid: "45e0a0070d6842f7abd04608a965feb4" member_type: VOTER last_known_addr { host: "127.16.27.2" port: 35341 } attrs { replace: true } } peers { permanent_uuid: "0ee0bbe0f796476e96f490f2e5a45faa" member_type: VOTER last_known_addr { host: "127.16.27.3" port: 36609 } } peers { permanent_uuid: "e993836445d540b8b6772800eccf69d3" member_type: NON_VOTER last_known_addr { host: "127.16.27.4" port: 40815 } attrs { promote: true } }
I20260710 13:20:29.159403 18165 ts_tablet_manager.cc:1434] T 8275487f20ad49d1b633cecc5160b135 P e993836445d540b8b6772800eccf69d3: Time spent starting tablet: real 0.006s	user 0.004s	sys 0.000s
I20260710 13:20:29.161052 17782 tablet_copy_service.cc:342] P 0ee0bbe0f796476e96f490f2e5a45faa: Request end of tablet copy session e993836445d540b8b6772800eccf69d3-8275487f20ad49d1b633cecc5160b135 received from {username='slave'} at 127.0.0.1:55464
I20260710 13:20:29.161458 17782 tablet_copy_service.cc:434] P 0ee0bbe0f796476e96f490f2e5a45faa: ending tablet copy session e993836445d540b8b6772800eccf69d3-8275487f20ad49d1b633cecc5160b135 on tablet 8275487f20ad49d1b633cecc5160b135 with peer e993836445d540b8b6772800eccf69d3
I20260710 13:20:29.170245 18165 ts_tablet_manager.cc:933] T 2f2b3679df5d4f0c9f3da7662b14b4f2 P e993836445d540b8b6772800eccf69d3: Initiating tablet copy from peer 59342bc9d20e493e97d6638fa3cdda29 (127.16.27.1:45621)
I20260710 13:20:29.177958 18165 tablet_copy_client.cc:323] T 2f2b3679df5d4f0c9f3da7662b14b4f2 P e993836445d540b8b6772800eccf69d3: tablet copy: Beginning tablet copy session from remote peer at address 127.16.27.1:45621
I20260710 13:20:29.179844 17634 tablet_copy_service.cc:140] P 59342bc9d20e493e97d6638fa3cdda29: Received BeginTabletCopySession request for tablet 2f2b3679df5d4f0c9f3da7662b14b4f2 from peer e993836445d540b8b6772800eccf69d3 ({username='slave'} at 127.0.0.1:59920)
I20260710 13:20:29.180392 17634 tablet_copy_service.cc:161] P 59342bc9d20e493e97d6638fa3cdda29: Beginning new tablet copy session on tablet 2f2b3679df5d4f0c9f3da7662b14b4f2 from peer e993836445d540b8b6772800eccf69d3 at {username='slave'} at 127.0.0.1:59920: session id = e993836445d540b8b6772800eccf69d3-2f2b3679df5d4f0c9f3da7662b14b4f2
I20260710 13:20:29.188571 17634 tablet_copy_source_session.cc:215] T 2f2b3679df5d4f0c9f3da7662b14b4f2 P 59342bc9d20e493e97d6638fa3cdda29: Tablet Copy: opened 0 blocks and 1 log segments
I20260710 13:20:29.191442 18165 data_dirs.cc:400] Could only allocate 1 dirs of requested 3 for tablet 2f2b3679df5d4f0c9f3da7662b14b4f2. 1 dirs total, 0 dirs full, 0 dirs failed
I20260710 13:20:29.202755 18165 tablet_copy_client.cc:806] T 2f2b3679df5d4f0c9f3da7662b14b4f2 P e993836445d540b8b6772800eccf69d3: tablet copy: Starting download of 0 data blocks...
I20260710 13:20:29.203276 18165 tablet_copy_client.cc:670] T 2f2b3679df5d4f0c9f3da7662b14b4f2 P e993836445d540b8b6772800eccf69d3: tablet copy: Starting download of 1 WAL segments...
I20260710 13:20:29.206648 18165 tablet_copy_client.cc:538] T 2f2b3679df5d4f0c9f3da7662b14b4f2 P e993836445d540b8b6772800eccf69d3: tablet copy: Tablet Copy complete. Replacing tablet superblock.
I20260710 13:20:29.212060 18165 tablet_bootstrap.cc:492] T 2f2b3679df5d4f0c9f3da7662b14b4f2 P e993836445d540b8b6772800eccf69d3: Bootstrap starting.
I20260710 13:20:29.227622 18165 tablet_bootstrap.cc:492] T 2f2b3679df5d4f0c9f3da7662b14b4f2 P e993836445d540b8b6772800eccf69d3: Bootstrap replayed 1/1 log segments. Stats: ops{read=2 overwritten=0 applied=2 ignored=0} inserts{seen=0 ignored=0} mutations{seen=0 ignored=0} orphaned_commits=0. Pending: 0 replicates
I20260710 13:20:29.228384 18165 tablet_bootstrap.cc:492] T 2f2b3679df5d4f0c9f3da7662b14b4f2 P e993836445d540b8b6772800eccf69d3: Bootstrap complete.
I20260710 13:20:29.228881 18165 ts_tablet_manager.cc:1403] T 2f2b3679df5d4f0c9f3da7662b14b4f2 P e993836445d540b8b6772800eccf69d3: Time spent bootstrapping tablet: real 0.017s	user 0.019s	sys 0.001s
I20260710 13:20:29.230906 18165 raft_consensus.cc:359] T 2f2b3679df5d4f0c9f3da7662b14b4f2 P e993836445d540b8b6772800eccf69d3 [term 1 LEARNER]: Replica starting. Triggering 0 pending ops. Active config: opid_index: 2 OBSOLETE_local: false peers { permanent_uuid: "59342bc9d20e493e97d6638fa3cdda29" member_type: VOTER last_known_addr { host: "127.16.27.1" port: 45621 } } peers { permanent_uuid: "45e0a0070d6842f7abd04608a965feb4" member_type: VOTER last_known_addr { host: "127.16.27.2" port: 35341 } } peers { permanent_uuid: "0ee0bbe0f796476e96f490f2e5a45faa" member_type: VOTER last_known_addr { host: "127.16.27.3" port: 36609 } attrs { replace: true } } peers { permanent_uuid: "e993836445d540b8b6772800eccf69d3" member_type: NON_VOTER last_known_addr { host: "127.16.27.4" port: 40815 } attrs { promote: true } }
I20260710 13:20:29.231462 18165 raft_consensus.cc:740] T 2f2b3679df5d4f0c9f3da7662b14b4f2 P e993836445d540b8b6772800eccf69d3 [term 1 LEARNER]: Becoming Follower/Learner. State: Replica: e993836445d540b8b6772800eccf69d3, State: Initialized, Role: LEARNER
I20260710 13:20:29.232020 18165 consensus_queue.cc:260] T 2f2b3679df5d4f0c9f3da7662b14b4f2 P e993836445d540b8b6772800eccf69d3 [NON_LEADER]: Queue going to NON_LEADER mode. State: All replicated index: 0, Majority replicated index: 0, Committed index: 2, Last appended: 1.2, Last appended by leader: 2, Current term: 0, Majority size: -1, State: 0, Mode: NON_LEADER, active raft config: opid_index: 2 OBSOLETE_local: false peers { permanent_uuid: "59342bc9d20e493e97d6638fa3cdda29" member_type: VOTER last_known_addr { host: "127.16.27.1" port: 45621 } } peers { permanent_uuid: "45e0a0070d6842f7abd04608a965feb4" member_type: VOTER last_known_addr { host: "127.16.27.2" port: 35341 } } peers { permanent_uuid: "0ee0bbe0f796476e96f490f2e5a45faa" member_type: VOTER last_known_addr { host: "127.16.27.3" port: 36609 } attrs { replace: true } } peers { permanent_uuid: "e993836445d540b8b6772800eccf69d3" member_type: NON_VOTER last_known_addr { host: "127.16.27.4" port: 40815 } attrs { promote: true } }
I20260710 13:20:29.233932 18165 ts_tablet_manager.cc:1434] T 2f2b3679df5d4f0c9f3da7662b14b4f2 P e993836445d540b8b6772800eccf69d3: Time spent starting tablet: real 0.005s	user 0.004s	sys 0.000s
I20260710 13:20:29.235610 17634 tablet_copy_service.cc:342] P 59342bc9d20e493e97d6638fa3cdda29: Request end of tablet copy session e993836445d540b8b6772800eccf69d3-2f2b3679df5d4f0c9f3da7662b14b4f2 received from {username='slave'} at 127.0.0.1:59920
I20260710 13:20:29.236039 17634 tablet_copy_service.cc:434] P 59342bc9d20e493e97d6638fa3cdda29: ending tablet copy session e993836445d540b8b6772800eccf69d3-2f2b3679df5d4f0c9f3da7662b14b4f2 on tablet 2f2b3679df5d4f0c9f3da7662b14b4f2 with peer e993836445d540b8b6772800eccf69d3
I20260710 13:20:29.583336 18036 raft_consensus.cc:1217] T 57827a3e66d744dca86d0596b829a703 P e993836445d540b8b6772800eccf69d3 [term 1 LEARNER]: Deduplicated request from leader. Original: 1.1->[1.2-1.2]   Dedup: 1.2->[]
I20260710 13:20:29.593565 18036 raft_consensus.cc:1217] T 8275487f20ad49d1b633cecc5160b135 P e993836445d540b8b6772800eccf69d3 [term 1 LEARNER]: Deduplicated request from leader. Original: 1.1->[1.2-1.2]   Dedup: 1.2->[]
I20260710 13:20:29.633292 18036 raft_consensus.cc:1217] T b5c40d5964804289a9816884a2994a82 P e993836445d540b8b6772800eccf69d3 [term 1 LEARNER]: Deduplicated request from leader. Original: 1.1->[1.2-1.2]   Dedup: 1.2->[]
I20260710 13:20:29.791144 18036 raft_consensus.cc:1217] T 2f2b3679df5d4f0c9f3da7662b14b4f2 P e993836445d540b8b6772800eccf69d3 [term 1 LEARNER]: Deduplicated request from leader. Original: 1.1->[1.2-1.2]   Dedup: 1.2->[]
I20260710 13:20:30.123394 18172 raft_consensus.cc:1064] T b5c40d5964804289a9816884a2994a82 P 45e0a0070d6842f7abd04608a965feb4: attempting to promote NON_VOTER e993836445d540b8b6772800eccf69d3 to VOTER
I20260710 13:20:30.125936 18172 consensus_queue.cc:237] T b5c40d5964804289a9816884a2994a82 P 45e0a0070d6842f7abd04608a965feb4 [LEADER]: Queue going to LEADER mode. State: All replicated index: 0, Majority replicated index: 2, Committed index: 2, Last appended: 1.2, Last appended by leader: 0, Current term: 1, Majority size: 3, State: 0, Mode: LEADER, active raft config: opid_index: 3 OBSOLETE_local: false peers { permanent_uuid: "0ee0bbe0f796476e96f490f2e5a45faa" member_type: VOTER last_known_addr { host: "127.16.27.3" port: 36609 } attrs { replace: true } } peers { permanent_uuid: "45e0a0070d6842f7abd04608a965feb4" member_type: VOTER last_known_addr { host: "127.16.27.2" port: 35341 } } peers { permanent_uuid: "59342bc9d20e493e97d6638fa3cdda29" member_type: VOTER last_known_addr { host: "127.16.27.1" port: 45621 } } peers { permanent_uuid: "e993836445d540b8b6772800eccf69d3" member_type: VOTER last_known_addr { host: "127.16.27.4" port: 40815 } attrs { promote: false } }
I20260710 13:20:30.133721 17623 raft_consensus.cc:1275] T b5c40d5964804289a9816884a2994a82 P 59342bc9d20e493e97d6638fa3cdda29 [term 1 FOLLOWER]: Refusing update from remote peer 45e0a0070d6842f7abd04608a965feb4: Log matching property violated. Preceding OpId in replica: term: 1 index: 2. Preceding OpId from leader: term: 1 index: 3. (index mismatch)
I20260710 13:20:30.133483 18036 raft_consensus.cc:1275] T b5c40d5964804289a9816884a2994a82 P e993836445d540b8b6772800eccf69d3 [term 1 LEARNER]: Refusing update from remote peer 45e0a0070d6842f7abd04608a965feb4: Log matching property violated. Preceding OpId in replica: term: 1 index: 2. Preceding OpId from leader: term: 1 index: 3. (index mismatch)
I20260710 13:20:30.135097 18172 consensus_queue.cc:1048] T b5c40d5964804289a9816884a2994a82 P 45e0a0070d6842f7abd04608a965feb4 [LEADER]: Connected to new peer: Peer: permanent_uuid: "59342bc9d20e493e97d6638fa3cdda29" member_type: VOTER last_known_addr { host: "127.16.27.1" port: 45621 }, Status: LMP_MISMATCH, Last received: 0.0, Next index: 3, Last known committed idx: 2, Time since last communication: 0.000s
I20260710 13:20:30.135979 18151 consensus_queue.cc:1048] T b5c40d5964804289a9816884a2994a82 P 45e0a0070d6842f7abd04608a965feb4 [LEADER]: Connected to new peer: Peer: permanent_uuid: "e993836445d540b8b6772800eccf69d3" member_type: VOTER last_known_addr { host: "127.16.27.4" port: 40815 } attrs { promote: false }, Status: LMP_MISMATCH, Last received: 0.0, Next index: 3, Last known committed idx: 2, Time since last communication: 0.000s
I20260710 13:20:30.136571 17772 raft_consensus.cc:1275] T b5c40d5964804289a9816884a2994a82 P 0ee0bbe0f796476e96f490f2e5a45faa [term 1 FOLLOWER]: Refusing update from remote peer 45e0a0070d6842f7abd04608a965feb4: Log matching property violated. Preceding OpId in replica: term: 1 index: 2. Preceding OpId from leader: term: 1 index: 3. (index mismatch)
I20260710 13:20:30.139400 18081 consensus_queue.cc:1048] T b5c40d5964804289a9816884a2994a82 P 45e0a0070d6842f7abd04608a965feb4 [LEADER]: Connected to new peer: Peer: permanent_uuid: "0ee0bbe0f796476e96f490f2e5a45faa" member_type: VOTER last_known_addr { host: "127.16.27.3" port: 36609 } attrs { replace: true }, Status: LMP_MISMATCH, Last received: 0.0, Next index: 3, Last known committed idx: 2, Time since last communication: 0.000s
I20260710 13:20:30.152760 18177 raft_consensus.cc:1064] T 8275487f20ad49d1b633cecc5160b135 P 0ee0bbe0f796476e96f490f2e5a45faa: attempting to promote NON_VOTER e993836445d540b8b6772800eccf69d3 to VOTER
I20260710 13:20:30.158809 18171 raft_consensus.cc:1064] T 57827a3e66d744dca86d0596b829a703 P 0ee0bbe0f796476e96f490f2e5a45faa: attempting to promote NON_VOTER e993836445d540b8b6772800eccf69d3 to VOTER
I20260710 13:20:30.159109 18177 consensus_queue.cc:237] T 8275487f20ad49d1b633cecc5160b135 P 0ee0bbe0f796476e96f490f2e5a45faa [LEADER]: Queue going to LEADER mode. State: All replicated index: 0, Majority replicated index: 2, Committed index: 2, Last appended: 1.2, Last appended by leader: 0, Current term: 1, Majority size: 3, State: 0, Mode: LEADER, active raft config: opid_index: 3 OBSOLETE_local: false peers { permanent_uuid: "59342bc9d20e493e97d6638fa3cdda29" member_type: VOTER last_known_addr { host: "127.16.27.1" port: 45621 } } peers { permanent_uuid: "45e0a0070d6842f7abd04608a965feb4" member_type: VOTER last_known_addr { host: "127.16.27.2" port: 35341 } attrs { replace: true } } peers { permanent_uuid: "0ee0bbe0f796476e96f490f2e5a45faa" member_type: VOTER last_known_addr { host: "127.16.27.3" port: 36609 } } peers { permanent_uuid: "e993836445d540b8b6772800eccf69d3" member_type: VOTER last_known_addr { host: "127.16.27.4" port: 40815 } attrs { promote: false } }
I20260710 13:20:30.161542 18171 consensus_queue.cc:237] T 57827a3e66d744dca86d0596b829a703 P 0ee0bbe0f796476e96f490f2e5a45faa [LEADER]: Queue going to LEADER mode. State: All replicated index: 0, Majority replicated index: 2, Committed index: 2, Last appended: 1.2, Last appended by leader: 0, Current term: 1, Majority size: 3, State: 0, Mode: LEADER, active raft config: opid_index: 3 OBSOLETE_local: false peers { permanent_uuid: "59342bc9d20e493e97d6638fa3cdda29" member_type: VOTER last_known_addr { host: "127.16.27.1" port: 45621 } attrs { replace: true } } peers { permanent_uuid: "45e0a0070d6842f7abd04608a965feb4" member_type: VOTER last_known_addr { host: "127.16.27.2" port: 35341 } } peers { permanent_uuid: "0ee0bbe0f796476e96f490f2e5a45faa" member_type: VOTER last_known_addr { host: "127.16.27.3" port: 36609 } } peers { permanent_uuid: "e993836445d540b8b6772800eccf69d3" member_type: VOTER last_known_addr { host: "127.16.27.4" port: 40815 } attrs { promote: false } }
I20260710 13:20:30.166785 17772 raft_consensus.cc:2955] T b5c40d5964804289a9816884a2994a82 P 0ee0bbe0f796476e96f490f2e5a45faa [term 1 FOLLOWER]: Committing config change with OpId 1.3: config changed from index 2 to 3, e993836445d540b8b6772800eccf69d3 (127.16.27.4) changed from NON_VOTER to VOTER. New config: { opid_index: 3 OBSOLETE_local: false peers { permanent_uuid: "0ee0bbe0f796476e96f490f2e5a45faa" member_type: VOTER last_known_addr { host: "127.16.27.3" port: 36609 } attrs { replace: true } } peers { permanent_uuid: "45e0a0070d6842f7abd04608a965feb4" member_type: VOTER last_known_addr { host: "127.16.27.2" port: 35341 } } peers { permanent_uuid: "59342bc9d20e493e97d6638fa3cdda29" member_type: VOTER last_known_addr { host: "127.16.27.1" port: 45621 } } peers { permanent_uuid: "e993836445d540b8b6772800eccf69d3" member_type: VOTER last_known_addr { host: "127.16.27.4" port: 40815 } attrs { promote: false } } }
I20260710 13:20:30.164613 18081 raft_consensus.cc:2955] T b5c40d5964804289a9816884a2994a82 P 45e0a0070d6842f7abd04608a965feb4 [term 1 LEADER]: Committing config change with OpId 1.3: config changed from index 2 to 3, e993836445d540b8b6772800eccf69d3 (127.16.27.4) changed from NON_VOTER to VOTER. New config: { opid_index: 3 OBSOLETE_local: false peers { permanent_uuid: "0ee0bbe0f796476e96f490f2e5a45faa" member_type: VOTER last_known_addr { host: "127.16.27.3" port: 36609 } attrs { replace: true } } peers { permanent_uuid: "45e0a0070d6842f7abd04608a965feb4" member_type: VOTER last_known_addr { host: "127.16.27.2" port: 35341 } } peers { permanent_uuid: "59342bc9d20e493e97d6638fa3cdda29" member_type: VOTER last_known_addr { host: "127.16.27.1" port: 45621 } } peers { permanent_uuid: "e993836445d540b8b6772800eccf69d3" member_type: VOTER last_known_addr { host: "127.16.27.4" port: 40815 } attrs { promote: false } } }
I20260710 13:20:30.187100 18036 raft_consensus.cc:1275] T 8275487f20ad49d1b633cecc5160b135 P e993836445d540b8b6772800eccf69d3 [term 1 LEARNER]: Refusing update from remote peer 0ee0bbe0f796476e96f490f2e5a45faa: Log matching property violated. Preceding OpId in replica: term: 1 index: 2. Preceding OpId from leader: term: 1 index: 3. (index mismatch)
I20260710 13:20:30.190968 17699 raft_consensus.cc:1275] T 8275487f20ad49d1b633cecc5160b135 P 45e0a0070d6842f7abd04608a965feb4 [term 1 FOLLOWER]: Refusing update from remote peer 0ee0bbe0f796476e96f490f2e5a45faa: Log matching property violated. Preceding OpId in replica: term: 1 index: 2. Preceding OpId from leader: term: 1 index: 3. (index mismatch)
I20260710 13:20:30.191391 18036 raft_consensus.cc:2955] T b5c40d5964804289a9816884a2994a82 P e993836445d540b8b6772800eccf69d3 [term 1 FOLLOWER]: Committing config change with OpId 1.3: config changed from index 2 to 3, e993836445d540b8b6772800eccf69d3 (127.16.27.4) changed from NON_VOTER to VOTER. New config: { opid_index: 3 OBSOLETE_local: false peers { permanent_uuid: "0ee0bbe0f796476e96f490f2e5a45faa" member_type: VOTER last_known_addr { host: "127.16.27.3" port: 36609 } attrs { replace: true } } peers { permanent_uuid: "45e0a0070d6842f7abd04608a965feb4" member_type: VOTER last_known_addr { host: "127.16.27.2" port: 35341 } } peers { permanent_uuid: "59342bc9d20e493e97d6638fa3cdda29" member_type: VOTER last_known_addr { host: "127.16.27.1" port: 45621 } } peers { permanent_uuid: "e993836445d540b8b6772800eccf69d3" member_type: VOTER last_known_addr { host: "127.16.27.4" port: 40815 } attrs { promote: false } } }
I20260710 13:20:30.195804 17519 catalog_manager.cc:5697] T b5c40d5964804289a9816884a2994a82 P 45e0a0070d6842f7abd04608a965feb4 reported cstate change: config changed from index 2 to 3, e993836445d540b8b6772800eccf69d3 (127.16.27.4) changed from NON_VOTER to VOTER. New cstate: current_term: 1 leader_uuid: "45e0a0070d6842f7abd04608a965feb4" committed_config { opid_index: 3 OBSOLETE_local: false peers { permanent_uuid: "0ee0bbe0f796476e96f490f2e5a45faa" member_type: VOTER last_known_addr { host: "127.16.27.3" port: 36609 } attrs { replace: true } health_report { overall_health: HEALTHY } } peers { permanent_uuid: "45e0a0070d6842f7abd04608a965feb4" member_type: VOTER last_known_addr { host: "127.16.27.2" port: 35341 } health_report { overall_health: HEALTHY } } peers { permanent_uuid: "59342bc9d20e493e97d6638fa3cdda29" member_type: VOTER last_known_addr { host: "127.16.27.1" port: 45621 } health_report { overall_health: UNKNOWN } } peers { permanent_uuid: "e993836445d540b8b6772800eccf69d3" member_type: VOTER last_known_addr { host: "127.16.27.4" port: 40815 } attrs { promote: false } health_report { overall_health: HEALTHY } } }
I20260710 13:20:30.201445 17623 raft_consensus.cc:2955] T b5c40d5964804289a9816884a2994a82 P 59342bc9d20e493e97d6638fa3cdda29 [term 1 FOLLOWER]: Committing config change with OpId 1.3: config changed from index 2 to 3, e993836445d540b8b6772800eccf69d3 (127.16.27.4) changed from NON_VOTER to VOTER. New config: { opid_index: 3 OBSOLETE_local: false peers { permanent_uuid: "0ee0bbe0f796476e96f490f2e5a45faa" member_type: VOTER last_known_addr { host: "127.16.27.3" port: 36609 } attrs { replace: true } } peers { permanent_uuid: "45e0a0070d6842f7abd04608a965feb4" member_type: VOTER last_known_addr { host: "127.16.27.2" port: 35341 } } peers { permanent_uuid: "59342bc9d20e493e97d6638fa3cdda29" member_type: VOTER last_known_addr { host: "127.16.27.1" port: 45621 } } peers { permanent_uuid: "e993836445d540b8b6772800eccf69d3" member_type: VOTER last_known_addr { host: "127.16.27.4" port: 40815 } attrs { promote: false } } }
I20260710 13:20:30.212128 18140 consensus_queue.cc:1048] T 8275487f20ad49d1b633cecc5160b135 P 0ee0bbe0f796476e96f490f2e5a45faa [LEADER]: Connected to new peer: Peer: permanent_uuid: "e993836445d540b8b6772800eccf69d3" member_type: VOTER last_known_addr { host: "127.16.27.4" port: 40815 } attrs { promote: false }, Status: LMP_MISMATCH, Last received: 0.0, Next index: 3, Last known committed idx: 2, Time since last communication: 0.000s
I20260710 13:20:30.214139 18140 consensus_queue.cc:1048] T 8275487f20ad49d1b633cecc5160b135 P 0ee0bbe0f796476e96f490f2e5a45faa [LEADER]: Connected to new peer: Peer: permanent_uuid: "45e0a0070d6842f7abd04608a965feb4" member_type: VOTER last_known_addr { host: "127.16.27.2" port: 35341 } attrs { replace: true }, Status: LMP_MISMATCH, Last received: 0.0, Next index: 3, Last known committed idx: 2, Time since last communication: 0.000s
I20260710 13:20:30.225296 18037 raft_consensus.cc:1275] T 57827a3e66d744dca86d0596b829a703 P e993836445d540b8b6772800eccf69d3 [term 1 LEARNER]: Refusing update from remote peer 0ee0bbe0f796476e96f490f2e5a45faa: Log matching property violated. Preceding OpId in replica: term: 1 index: 2. Preceding OpId from leader: term: 1 index: 3. (index mismatch)
I20260710 13:20:30.226619 17696 raft_consensus.cc:1275] T 57827a3e66d744dca86d0596b829a703 P 45e0a0070d6842f7abd04608a965feb4 [term 1 FOLLOWER]: Refusing update from remote peer 0ee0bbe0f796476e96f490f2e5a45faa: Log matching property violated. Preceding OpId in replica: term: 1 index: 2. Preceding OpId from leader: term: 1 index: 3. (index mismatch)
I20260710 13:20:30.228474 18183 consensus_queue.cc:1048] T 57827a3e66d744dca86d0596b829a703 P 0ee0bbe0f796476e96f490f2e5a45faa [LEADER]: Connected to new peer: Peer: permanent_uuid: "45e0a0070d6842f7abd04608a965feb4" member_type: VOTER last_known_addr { host: "127.16.27.2" port: 35341 }, Status: LMP_MISMATCH, Last received: 0.0, Next index: 3, Last known committed idx: 2, Time since last communication: 0.000s
I20260710 13:20:30.229820 18177 consensus_queue.cc:1048] T 57827a3e66d744dca86d0596b829a703 P 0ee0bbe0f796476e96f490f2e5a45faa [LEADER]: Connected to new peer: Peer: permanent_uuid: "e993836445d540b8b6772800eccf69d3" member_type: VOTER last_known_addr { host: "127.16.27.4" port: 40815 } attrs { promote: false }, Status: LMP_MISMATCH, Last received: 0.0, Next index: 3, Last known committed idx: 2, Time since last communication: 0.000s
I20260710 13:20:30.231257 17624 raft_consensus.cc:1275] T 8275487f20ad49d1b633cecc5160b135 P 59342bc9d20e493e97d6638fa3cdda29 [term 1 FOLLOWER]: Refusing update from remote peer 0ee0bbe0f796476e96f490f2e5a45faa: Log matching property violated. Preceding OpId in replica: term: 1 index: 2. Preceding OpId from leader: term: 1 index: 3. (index mismatch)
I20260710 13:20:30.233714 18140 consensus_queue.cc:1048] T 8275487f20ad49d1b633cecc5160b135 P 0ee0bbe0f796476e96f490f2e5a45faa [LEADER]: Connected to new peer: Peer: permanent_uuid: "59342bc9d20e493e97d6638fa3cdda29" member_type: VOTER last_known_addr { host: "127.16.27.1" port: 45621 }, Status: LMP_MISMATCH, Last received: 0.0, Next index: 3, Last known committed idx: 2, Time since last communication: 0.000s
I20260710 13:20:30.234624 17621 raft_consensus.cc:1275] T 57827a3e66d744dca86d0596b829a703 P 59342bc9d20e493e97d6638fa3cdda29 [term 1 FOLLOWER]: Refusing update from remote peer 0ee0bbe0f796476e96f490f2e5a45faa: Log matching property violated. Preceding OpId in replica: term: 1 index: 2. Preceding OpId from leader: term: 1 index: 3. (index mismatch)
I20260710 13:20:30.250607 18178 consensus_queue.cc:1048] T 57827a3e66d744dca86d0596b829a703 P 0ee0bbe0f796476e96f490f2e5a45faa [LEADER]: Connected to new peer: Peer: permanent_uuid: "59342bc9d20e493e97d6638fa3cdda29" member_type: VOTER last_known_addr { host: "127.16.27.1" port: 45621 } attrs { replace: true }, Status: LMP_MISMATCH, Last received: 0.0, Next index: 3, Last known committed idx: 2, Time since last communication: 0.000s
I20260710 13:20:30.276029 18178 raft_consensus.cc:2955] T 8275487f20ad49d1b633cecc5160b135 P 0ee0bbe0f796476e96f490f2e5a45faa [term 1 LEADER]: Committing config change with OpId 1.3: config changed from index 2 to 3, e993836445d540b8b6772800eccf69d3 (127.16.27.4) changed from NON_VOTER to VOTER. New config: { opid_index: 3 OBSOLETE_local: false peers { permanent_uuid: "59342bc9d20e493e97d6638fa3cdda29" member_type: VOTER last_known_addr { host: "127.16.27.1" port: 45621 } } peers { permanent_uuid: "45e0a0070d6842f7abd04608a965feb4" member_type: VOTER last_known_addr { host: "127.16.27.2" port: 35341 } attrs { replace: true } } peers { permanent_uuid: "0ee0bbe0f796476e96f490f2e5a45faa" member_type: VOTER last_known_addr { host: "127.16.27.3" port: 36609 } } peers { permanent_uuid: "e993836445d540b8b6772800eccf69d3" member_type: VOTER last_known_addr { host: "127.16.27.4" port: 40815 } attrs { promote: false } } }
I20260710 13:20:30.277601 18037 raft_consensus.cc:2955] T 8275487f20ad49d1b633cecc5160b135 P e993836445d540b8b6772800eccf69d3 [term 1 FOLLOWER]: Committing config change with OpId 1.3: config changed from index 2 to 3, e993836445d540b8b6772800eccf69d3 (127.16.27.4) changed from NON_VOTER to VOTER. New config: { opid_index: 3 OBSOLETE_local: false peers { permanent_uuid: "59342bc9d20e493e97d6638fa3cdda29" member_type: VOTER last_known_addr { host: "127.16.27.1" port: 45621 } } peers { permanent_uuid: "45e0a0070d6842f7abd04608a965feb4" member_type: VOTER last_known_addr { host: "127.16.27.2" port: 35341 } attrs { replace: true } } peers { permanent_uuid: "0ee0bbe0f796476e96f490f2e5a45faa" member_type: VOTER last_known_addr { host: "127.16.27.3" port: 36609 } } peers { permanent_uuid: "e993836445d540b8b6772800eccf69d3" member_type: VOTER last_known_addr { host: "127.16.27.4" port: 40815 } attrs { promote: false } } }
I20260710 13:20:30.280812 18140 raft_consensus.cc:2955] T 57827a3e66d744dca86d0596b829a703 P 0ee0bbe0f796476e96f490f2e5a45faa [term 1 LEADER]: Committing config change with OpId 1.3: config changed from index 2 to 3, e993836445d540b8b6772800eccf69d3 (127.16.27.4) changed from NON_VOTER to VOTER. New config: { opid_index: 3 OBSOLETE_local: false peers { permanent_uuid: "59342bc9d20e493e97d6638fa3cdda29" member_type: VOTER last_known_addr { host: "127.16.27.1" port: 45621 } attrs { replace: true } } peers { permanent_uuid: "45e0a0070d6842f7abd04608a965feb4" member_type: VOTER last_known_addr { host: "127.16.27.2" port: 35341 } } peers { permanent_uuid: "0ee0bbe0f796476e96f490f2e5a45faa" member_type: VOTER last_known_addr { host: "127.16.27.3" port: 36609 } } peers { permanent_uuid: "e993836445d540b8b6772800eccf69d3" member_type: VOTER last_known_addr { host: "127.16.27.4" port: 40815 } attrs { promote: false } } }
I20260710 13:20:30.283114 18036 raft_consensus.cc:2955] T 57827a3e66d744dca86d0596b829a703 P e993836445d540b8b6772800eccf69d3 [term 1 FOLLOWER]: Committing config change with OpId 1.3: config changed from index 2 to 3, e993836445d540b8b6772800eccf69d3 (127.16.27.4) changed from NON_VOTER to VOTER. New config: { opid_index: 3 OBSOLETE_local: false peers { permanent_uuid: "59342bc9d20e493e97d6638fa3cdda29" member_type: VOTER last_known_addr { host: "127.16.27.1" port: 45621 } attrs { replace: true } } peers { permanent_uuid: "45e0a0070d6842f7abd04608a965feb4" member_type: VOTER last_known_addr { host: "127.16.27.2" port: 35341 } } peers { permanent_uuid: "0ee0bbe0f796476e96f490f2e5a45faa" member_type: VOTER last_known_addr { host: "127.16.27.3" port: 36609 } } peers { permanent_uuid: "e993836445d540b8b6772800eccf69d3" member_type: VOTER last_known_addr { host: "127.16.27.4" port: 40815 } attrs { promote: false } } }
I20260710 13:20:30.284154 17699 raft_consensus.cc:2955] T 8275487f20ad49d1b633cecc5160b135 P 45e0a0070d6842f7abd04608a965feb4 [term 1 FOLLOWER]: Committing config change with OpId 1.3: config changed from index 2 to 3, e993836445d540b8b6772800eccf69d3 (127.16.27.4) changed from NON_VOTER to VOTER. New config: { opid_index: 3 OBSOLETE_local: false peers { permanent_uuid: "59342bc9d20e493e97d6638fa3cdda29" member_type: VOTER last_known_addr { host: "127.16.27.1" port: 45621 } } peers { permanent_uuid: "45e0a0070d6842f7abd04608a965feb4" member_type: VOTER last_known_addr { host: "127.16.27.2" port: 35341 } attrs { replace: true } } peers { permanent_uuid: "0ee0bbe0f796476e96f490f2e5a45faa" member_type: VOTER last_known_addr { host: "127.16.27.3" port: 36609 } } peers { permanent_uuid: "e993836445d540b8b6772800eccf69d3" member_type: VOTER last_known_addr { host: "127.16.27.4" port: 40815 } attrs { promote: false } } }
I20260710 13:20:30.309917 17621 raft_consensus.cc:2955] T 57827a3e66d744dca86d0596b829a703 P 59342bc9d20e493e97d6638fa3cdda29 [term 1 FOLLOWER]: Committing config change with OpId 1.3: config changed from index 2 to 3, e993836445d540b8b6772800eccf69d3 (127.16.27.4) changed from NON_VOTER to VOTER. New config: { opid_index: 3 OBSOLETE_local: false peers { permanent_uuid: "59342bc9d20e493e97d6638fa3cdda29" member_type: VOTER last_known_addr { host: "127.16.27.1" port: 45621 } attrs { replace: true } } peers { permanent_uuid: "45e0a0070d6842f7abd04608a965feb4" member_type: VOTER last_known_addr { host: "127.16.27.2" port: 35341 } } peers { permanent_uuid: "0ee0bbe0f796476e96f490f2e5a45faa" member_type: VOTER last_known_addr { host: "127.16.27.3" port: 36609 } } peers { permanent_uuid: "e993836445d540b8b6772800eccf69d3" member_type: VOTER last_known_addr { host: "127.16.27.4" port: 40815 } attrs { promote: false } } }
I20260710 13:20:30.316141 17623 raft_consensus.cc:2955] T 8275487f20ad49d1b633cecc5160b135 P 59342bc9d20e493e97d6638fa3cdda29 [term 1 FOLLOWER]: Committing config change with OpId 1.3: config changed from index 2 to 3, e993836445d540b8b6772800eccf69d3 (127.16.27.4) changed from NON_VOTER to VOTER. New config: { opid_index: 3 OBSOLETE_local: false peers { permanent_uuid: "59342bc9d20e493e97d6638fa3cdda29" member_type: VOTER last_known_addr { host: "127.16.27.1" port: 45621 } } peers { permanent_uuid: "45e0a0070d6842f7abd04608a965feb4" member_type: VOTER last_known_addr { host: "127.16.27.2" port: 35341 } attrs { replace: true } } peers { permanent_uuid: "0ee0bbe0f796476e96f490f2e5a45faa" member_type: VOTER last_known_addr { host: "127.16.27.3" port: 36609 } } peers { permanent_uuid: "e993836445d540b8b6772800eccf69d3" member_type: VOTER last_known_addr { host: "127.16.27.4" port: 40815 } attrs { promote: false } } }
I20260710 13:20:30.321259 17699 raft_consensus.cc:2955] T 57827a3e66d744dca86d0596b829a703 P 45e0a0070d6842f7abd04608a965feb4 [term 1 FOLLOWER]: Committing config change with OpId 1.3: config changed from index 2 to 3, e993836445d540b8b6772800eccf69d3 (127.16.27.4) changed from NON_VOTER to VOTER. New config: { opid_index: 3 OBSOLETE_local: false peers { permanent_uuid: "59342bc9d20e493e97d6638fa3cdda29" member_type: VOTER last_known_addr { host: "127.16.27.1" port: 45621 } attrs { replace: true } } peers { permanent_uuid: "45e0a0070d6842f7abd04608a965feb4" member_type: VOTER last_known_addr { host: "127.16.27.2" port: 35341 } } peers { permanent_uuid: "0ee0bbe0f796476e96f490f2e5a45faa" member_type: VOTER last_known_addr { host: "127.16.27.3" port: 36609 } } peers { permanent_uuid: "e993836445d540b8b6772800eccf69d3" member_type: VOTER last_known_addr { host: "127.16.27.4" port: 40815 } attrs { promote: false } } }
I20260710 13:20:30.323541 17521 catalog_manager.cc:5697] T 8275487f20ad49d1b633cecc5160b135 P e993836445d540b8b6772800eccf69d3 reported cstate change: config changed from index 2 to 3, e993836445d540b8b6772800eccf69d3 (127.16.27.4) changed from NON_VOTER to VOTER. New cstate: current_term: 1 leader_uuid: "0ee0bbe0f796476e96f490f2e5a45faa" committed_config { opid_index: 3 OBSOLETE_local: false peers { permanent_uuid: "59342bc9d20e493e97d6638fa3cdda29" member_type: VOTER last_known_addr { host: "127.16.27.1" port: 45621 } } peers { permanent_uuid: "45e0a0070d6842f7abd04608a965feb4" member_type: VOTER last_known_addr { host: "127.16.27.2" port: 35341 } attrs { replace: true } } peers { permanent_uuid: "0ee0bbe0f796476e96f490f2e5a45faa" member_type: VOTER last_known_addr { host: "127.16.27.3" port: 36609 } } peers { permanent_uuid: "e993836445d540b8b6772800eccf69d3" member_type: VOTER last_known_addr { host: "127.16.27.4" port: 40815 } attrs { promote: false } } }
