I20260710 13:20:22.059469 17814 raft_consensus.cc:359] T 57827a3e66d744dca86d0596b829a703 P 0ee0bbe0f796476e96f490f2e5a45faa [term 0 FOLLOWER]: Replica starting. Triggering 0 pending ops. Active config: opid_index: -1 OBSOLETE_local: false peers { permanent_uuid: "59342bc9d20e493e97d6638fa3cdda29" member_type: VOTER last_known_addr { host: "127.16.27.1" port: 45621 } } peers { permanent_uuid: "45e0a0070d6842f7abd04608a965feb4" member_type: VOTER last_known_addr { host: "127.16.27.2" port: 35341 } } peers { permanent_uuid: "0ee0bbe0f796476e96f490f2e5a45faa" member_type: VOTER last_known_addr { host: "127.16.27.3" port: 36609 } }
I20260710 13:20:22.059875 17813 ts_tablet_manager.cc:1403] T c26f9482af0c4b9ba3657ae0bd28b7d6 P 45e0a0070d6842f7abd04608a965feb4: Time spent bootstrapping tablet: real 0.072s	user 0.028s	sys 0.020s
I20260710 13:20:22.060220 17814 raft_consensus.cc:385] T 57827a3e66d744dca86d0596b829a703 P 0ee0bbe0f796476e96f490f2e5a45faa [term 0 FOLLOWER]: Consensus starting up: Expiring failure detector timer to make a prompt election more likely
I20260710 13:20:22.060529 17814 raft_consensus.cc:740] T 57827a3e66d744dca86d0596b829a703 P 0ee0bbe0f796476e96f490f2e5a45faa [term 0 FOLLOWER]: Becoming Follower/Learner. State: Replica: 0ee0bbe0f796476e96f490f2e5a45faa, State: Initialized, Role: FOLLOWER
I20260710 13:20:22.061487 17814 consensus_queue.cc:260] T 57827a3e66d744dca86d0596b829a703 P 0ee0bbe0f796476e96f490f2e5a45faa [NON_LEADER]: Queue going to NON_LEADER mode. State: All replicated index: 0, Majority replicated index: 0, Committed index: 0, Last appended: 0.0, Last appended by leader: 0, Current term: 0, Majority size: -1, State: 0, Mode: NON_LEADER, active raft config: opid_index: -1 OBSOLETE_local: false peers { permanent_uuid: "59342bc9d20e493e97d6638fa3cdda29" member_type: VOTER last_known_addr { host: "127.16.27.1" port: 45621 } } peers { permanent_uuid: "45e0a0070d6842f7abd04608a965feb4" member_type: VOTER last_known_addr { host: "127.16.27.2" port: 35341 } } peers { permanent_uuid: "0ee0bbe0f796476e96f490f2e5a45faa" member_type: VOTER last_known_addr { host: "127.16.27.3" port: 36609 } }
I20260710 13:20:22.057624 17826 raft_consensus.cc:515] T 7916397ed05f49d6916df59772745db2 P 59342bc9d20e493e97d6638fa3cdda29 [term 1 FOLLOWER]: Starting leader election with config: opid_index: -1 OBSOLETE_local: false peers { permanent_uuid: "59342bc9d20e493e97d6638fa3cdda29" member_type: VOTER last_known_addr { host: "127.16.27.1" port: 45621 } } peers { permanent_uuid: "45e0a0070d6842f7abd04608a965feb4" member_type: VOTER last_known_addr { host: "127.16.27.2" port: 35341 } } peers { permanent_uuid: "0ee0bbe0f796476e96f490f2e5a45faa" member_type: VOTER last_known_addr { host: "127.16.27.3" port: 36609 } }
I20260710 13:20:22.063845 17813 raft_consensus.cc:359] T c26f9482af0c4b9ba3657ae0bd28b7d6 P 45e0a0070d6842f7abd04608a965feb4 [term 0 FOLLOWER]: Replica starting. Triggering 0 pending ops. Active config: opid_index: -1 OBSOLETE_local: false peers { permanent_uuid: "59342bc9d20e493e97d6638fa3cdda29" member_type: VOTER last_known_addr { host: "127.16.27.1" port: 45621 } } peers { permanent_uuid: "45e0a0070d6842f7abd04608a965feb4" member_type: VOTER last_known_addr { host: "127.16.27.2" port: 35341 } } peers { permanent_uuid: "0ee0bbe0f796476e96f490f2e5a45faa" member_type: VOTER last_known_addr { host: "127.16.27.3" port: 36609 } }
I20260710 13:20:22.064530 17813 raft_consensus.cc:385] T c26f9482af0c4b9ba3657ae0bd28b7d6 P 45e0a0070d6842f7abd04608a965feb4 [term 0 FOLLOWER]: Consensus starting up: Expiring failure detector timer to make a prompt election more likely
I20260710 13:20:22.064829 17813 raft_consensus.cc:740] T c26f9482af0c4b9ba3657ae0bd28b7d6 P 45e0a0070d6842f7abd04608a965feb4 [term 0 FOLLOWER]: Becoming Follower/Learner. State: Replica: 45e0a0070d6842f7abd04608a965feb4, State: Initialized, Role: FOLLOWER
I20260710 13:20:22.065208 17699 tablet_service.cc:1917] Received RequestConsensusVote() RPC: tablet_id: "7916397ed05f49d6916df59772745db2" candidate_uuid: "59342bc9d20e493e97d6638fa3cdda29" candidate_term: 1 candidate_status { last_received { term: 0 index: 0 } } ignore_live_leader: false dest_uuid: "45e0a0070d6842f7abd04608a965feb4"
I20260710 13:20:22.065771 17699 raft_consensus.cc:3060] T 7916397ed05f49d6916df59772745db2 P 45e0a0070d6842f7abd04608a965feb4 [term 0 FOLLOWER]: Advancing to term 1
I20260710 13:20:22.065449 17813 consensus_queue.cc:260] T c26f9482af0c4b9ba3657ae0bd28b7d6 P 45e0a0070d6842f7abd04608a965feb4 [NON_LEADER]: Queue going to NON_LEADER mode. State: All replicated index: 0, Majority replicated index: 0, Committed index: 0, Last appended: 0.0, Last appended by leader: 0, Current term: 0, Majority size: -1, State: 0, Mode: NON_LEADER, active raft config: opid_index: -1 OBSOLETE_local: false peers { permanent_uuid: "59342bc9d20e493e97d6638fa3cdda29" member_type: VOTER last_known_addr { host: "127.16.27.1" port: 45621 } } peers { permanent_uuid: "45e0a0070d6842f7abd04608a965feb4" member_type: VOTER last_known_addr { host: "127.16.27.2" port: 35341 } } peers { permanent_uuid: "0ee0bbe0f796476e96f490f2e5a45faa" member_type: VOTER last_known_addr { host: "127.16.27.3" port: 36609 } }
I20260710 13:20:22.066435 17772 tablet_service.cc:1917] Received RequestConsensusVote() RPC: tablet_id: "7916397ed05f49d6916df59772745db2" candidate_uuid: "59342bc9d20e493e97d6638fa3cdda29" candidate_term: 1 candidate_status { last_received { term: 0 index: 0 } } ignore_live_leader: false dest_uuid: "0ee0bbe0f796476e96f490f2e5a45faa"
I20260710 13:20:22.066727 17814 ts_tablet_manager.cc:1434] T 57827a3e66d744dca86d0596b829a703 P 0ee0bbe0f796476e96f490f2e5a45faa: Time spent starting tablet: real 0.023s	user 0.006s	sys 0.000s
I20260710 13:20:22.066964 17772 raft_consensus.cc:3060] T 7916397ed05f49d6916df59772745db2 P 0ee0bbe0f796476e96f490f2e5a45faa [term 0 FOLLOWER]: Advancing to term 1
I20260710 13:20:22.067564 17814 tablet_bootstrap.cc:492] T b971af103ea8474daded96f5086151bb P 0ee0bbe0f796476e96f490f2e5a45faa: Bootstrap starting.
I20260710 13:20:22.068724 17520 catalog_manager.cc:5697] T a8b76c45ea4c405c873ccb020c46e691 P 0ee0bbe0f796476e96f490f2e5a45faa reported cstate change: term changed from 0 to 1, leader changed from <none> to 0ee0bbe0f796476e96f490f2e5a45faa (127.16.27.3). New cstate: current_term: 1 leader_uuid: "0ee0bbe0f796476e96f490f2e5a45faa" committed_config { opid_index: -1 OBSOLETE_local: false peers { permanent_uuid: "59342bc9d20e493e97d6638fa3cdda29" member_type: VOTER last_known_addr { host: "127.16.27.1" port: 45621 } health_report { overall_health: UNKNOWN } } peers { permanent_uuid: "45e0a0070d6842f7abd04608a965feb4" member_type: VOTER last_known_addr { host: "127.16.27.2" port: 35341 } health_report { overall_health: UNKNOWN } } peers { permanent_uuid: "0ee0bbe0f796476e96f490f2e5a45faa" member_type: VOTER last_known_addr { host: "127.16.27.3" port: 36609 } health_report { overall_health: HEALTHY } } }
I20260710 13:20:22.075526 17816 tablet_bootstrap.cc:492] T 5adfcf4c2c43455ba23e3e9677a3ed8d P 59342bc9d20e493e97d6638fa3cdda29: No bootstrap required, opened a new log
I20260710 13:20:22.076107 17816 ts_tablet_manager.cc:1403] T 5adfcf4c2c43455ba23e3e9677a3ed8d P 59342bc9d20e493e97d6638fa3cdda29: Time spent bootstrapping tablet: real 0.051s	user 0.013s	sys 0.009s
I20260710 13:20:22.078111 17813 ts_tablet_manager.cc:1434] T c26f9482af0c4b9ba3657ae0bd28b7d6 P 45e0a0070d6842f7abd04608a965feb4: Time spent starting tablet: real 0.018s	user 0.004s	sys 0.001s
I20260710 13:20:22.078745 17816 raft_consensus.cc:359] T 5adfcf4c2c43455ba23e3e9677a3ed8d P 59342bc9d20e493e97d6638fa3cdda29 [term 0 FOLLOWER]: Replica starting. Triggering 0 pending ops. Active config: opid_index: -1 OBSOLETE_local: false peers { permanent_uuid: "59342bc9d20e493e97d6638fa3cdda29" member_type: VOTER last_known_addr { host: "127.16.27.1" port: 45621 } } peers { permanent_uuid: "45e0a0070d6842f7abd04608a965feb4" member_type: VOTER last_known_addr { host: "127.16.27.2" port: 35341 } } peers { permanent_uuid: "0ee0bbe0f796476e96f490f2e5a45faa" member_type: VOTER last_known_addr { host: "127.16.27.3" port: 36609 } }
I20260710 13:20:22.079497 17816 raft_consensus.cc:385] T 5adfcf4c2c43455ba23e3e9677a3ed8d P 59342bc9d20e493e97d6638fa3cdda29 [term 0 FOLLOWER]: Consensus starting up: Expiring failure detector timer to make a prompt election more likely
I20260710 13:20:22.079785 17816 raft_consensus.cc:740] T 5adfcf4c2c43455ba23e3e9677a3ed8d P 59342bc9d20e493e97d6638fa3cdda29 [term 0 FOLLOWER]: Becoming Follower/Learner. State: Replica: 59342bc9d20e493e97d6638fa3cdda29, State: Initialized, Role: FOLLOWER
I20260710 13:20:22.080515 17816 consensus_queue.cc:260] T 5adfcf4c2c43455ba23e3e9677a3ed8d P 59342bc9d20e493e97d6638fa3cdda29 [NON_LEADER]: Queue going to NON_LEADER mode. State: All replicated index: 0, Majority replicated index: 0, Committed index: 0, Last appended: 0.0, Last appended by leader: 0, Current term: 0, Majority size: -1, State: 0, Mode: NON_LEADER, active raft config: opid_index: -1 OBSOLETE_local: false peers { permanent_uuid: "59342bc9d20e493e97d6638fa3cdda29" member_type: VOTER last_known_addr { host: "127.16.27.1" port: 45621 } } peers { permanent_uuid: "45e0a0070d6842f7abd04608a965feb4" member_type: VOTER last_known_addr { host: "127.16.27.2" port: 35341 } } peers { permanent_uuid: "0ee0bbe0f796476e96f490f2e5a45faa" member_type: VOTER last_known_addr { host: "127.16.27.3" port: 36609 } }
I20260710 13:20:22.075429 17814 tablet_bootstrap.cc:654] T b971af103ea8474daded96f5086151bb P 0ee0bbe0f796476e96f490f2e5a45faa: Neither blocks nor log segments found. Creating new log.
I20260710 13:20:22.073813 17699 raft_consensus.cc:2468] T 7916397ed05f49d6916df59772745db2 P 45e0a0070d6842f7abd04608a965feb4 [term 1 FOLLOWER]: Leader election vote request: Granting yes vote for candidate 59342bc9d20e493e97d6638fa3cdda29 in term 1.
I20260710 13:20:22.083382 17590 leader_election.cc:304] T 7916397ed05f49d6916df59772745db2 P 59342bc9d20e493e97d6638fa3cdda29 [CANDIDATE]: Term 1 election: Election decided. Result: candidate won. Election summary: received 2 responses out of 3 voters: 2 yes votes; 0 no votes. yes voters: 45e0a0070d6842f7abd04608a965feb4, 59342bc9d20e493e97d6638fa3cdda29; no voters: 
I20260710 13:20:22.084301 17816 ts_tablet_manager.cc:1434] T 5adfcf4c2c43455ba23e3e9677a3ed8d P 59342bc9d20e493e97d6638fa3cdda29: Time spent starting tablet: real 0.008s	user 0.006s	sys 0.000s
I20260710 13:20:22.084852 17813 tablet_bootstrap.cc:492] T 2f2b3679df5d4f0c9f3da7662b14b4f2 P 45e0a0070d6842f7abd04608a965feb4: Bootstrap starting.
I20260710 13:20:22.086573 17816 tablet_bootstrap.cc:492] T ba517b7cf8c24c4eac516fed1a6f2c22 P 59342bc9d20e493e97d6638fa3cdda29: Bootstrap starting.
I20260710 13:20:22.087157 17865 raft_consensus.cc:2804] T 7916397ed05f49d6916df59772745db2 P 59342bc9d20e493e97d6638fa3cdda29 [term 1 FOLLOWER]: Leader election won for term 1
I20260710 13:20:22.092139 17813 tablet_bootstrap.cc:654] T 2f2b3679df5d4f0c9f3da7662b14b4f2 P 45e0a0070d6842f7abd04608a965feb4: Neither blocks nor log segments found. Creating new log.
I20260710 13:20:22.094945 17816 tablet_bootstrap.cc:654] T ba517b7cf8c24c4eac516fed1a6f2c22 P 59342bc9d20e493e97d6638fa3cdda29: Neither blocks nor log segments found. Creating new log.
I20260710 13:20:22.095775 17772 raft_consensus.cc:2468] T 7916397ed05f49d6916df59772745db2 P 0ee0bbe0f796476e96f490f2e5a45faa [term 1 FOLLOWER]: Leader election vote request: Granting yes vote for candidate 59342bc9d20e493e97d6638fa3cdda29 in term 1.
I20260710 13:20:22.097203 17814 tablet_bootstrap.cc:492] T b971af103ea8474daded96f5086151bb P 0ee0bbe0f796476e96f490f2e5a45faa: No bootstrap required, opened a new log
I20260710 13:20:22.097730 17814 ts_tablet_manager.cc:1403] T b971af103ea8474daded96f5086151bb P 0ee0bbe0f796476e96f490f2e5a45faa: Time spent bootstrapping tablet: real 0.030s	user 0.011s	sys 0.001s
I20260710 13:20:22.099835 17814 raft_consensus.cc:359] T b971af103ea8474daded96f5086151bb P 0ee0bbe0f796476e96f490f2e5a45faa [term 0 FOLLOWER]: Replica starting. Triggering 0 pending ops. Active config: opid_index: -1 OBSOLETE_local: false peers { permanent_uuid: "59342bc9d20e493e97d6638fa3cdda29" member_type: VOTER last_known_addr { host: "127.16.27.1" port: 45621 } } peers { permanent_uuid: "45e0a0070d6842f7abd04608a965feb4" member_type: VOTER last_known_addr { host: "127.16.27.2" port: 35341 } } peers { permanent_uuid: "0ee0bbe0f796476e96f490f2e5a45faa" member_type: VOTER last_known_addr { host: "127.16.27.3" port: 36609 } }
I20260710 13:20:22.100625 17814 raft_consensus.cc:385] T b971af103ea8474daded96f5086151bb P 0ee0bbe0f796476e96f490f2e5a45faa [term 0 FOLLOWER]: Consensus starting up: Expiring failure detector timer to make a prompt election more likely
I20260710 13:20:22.100914 17814 raft_consensus.cc:740] T b971af103ea8474daded96f5086151bb P 0ee0bbe0f796476e96f490f2e5a45faa [term 0 FOLLOWER]: Becoming Follower/Learner. State: Replica: 0ee0bbe0f796476e96f490f2e5a45faa, State: Initialized, Role: FOLLOWER
I20260710 13:20:22.101765 17814 consensus_queue.cc:260] T b971af103ea8474daded96f5086151bb P 0ee0bbe0f796476e96f490f2e5a45faa [NON_LEADER]: Queue going to NON_LEADER mode. State: All replicated index: 0, Majority replicated index: 0, Committed index: 0, Last appended: 0.0, Last appended by leader: 0, Current term: 0, Majority size: -1, State: 0, Mode: NON_LEADER, active raft config: opid_index: -1 OBSOLETE_local: false peers { permanent_uuid: "59342bc9d20e493e97d6638fa3cdda29" member_type: VOTER last_known_addr { host: "127.16.27.1" port: 45621 } } peers { permanent_uuid: "45e0a0070d6842f7abd04608a965feb4" member_type: VOTER last_known_addr { host: "127.16.27.2" port: 35341 } } peers { permanent_uuid: "0ee0bbe0f796476e96f490f2e5a45faa" member_type: VOTER last_known_addr { host: "127.16.27.3" port: 36609 } }
I20260710 13:20:22.103084 17813 tablet_bootstrap.cc:492] T 2f2b3679df5d4f0c9f3da7662b14b4f2 P 45e0a0070d6842f7abd04608a965feb4: No bootstrap required, opened a new log
I20260710 13:20:22.103551 17813 ts_tablet_manager.cc:1403] T 2f2b3679df5d4f0c9f3da7662b14b4f2 P 45e0a0070d6842f7abd04608a965feb4: Time spent bootstrapping tablet: real 0.019s	user 0.006s	sys 0.006s
I20260710 13:20:22.104146 17865 raft_consensus.cc:697] T 7916397ed05f49d6916df59772745db2 P 59342bc9d20e493e97d6638fa3cdda29 [term 1 LEADER]: Becoming Leader. State: Replica: 59342bc9d20e493e97d6638fa3cdda29, State: Running, Role: LEADER
I20260710 13:20:22.105039 17865 consensus_queue.cc:237] T 7916397ed05f49d6916df59772745db2 P 59342bc9d20e493e97d6638fa3cdda29 [LEADER]: Queue going to LEADER mode. State: All replicated index: 0, Majority replicated index: 0, Committed index: 0, Last appended: 0.0, Last appended by leader: 0, Current term: 1, Majority size: 2, State: 0, Mode: LEADER, active raft config: opid_index: -1 OBSOLETE_local: false peers { permanent_uuid: "59342bc9d20e493e97d6638fa3cdda29" member_type: VOTER last_known_addr { host: "127.16.27.1" port: 45621 } } peers { permanent_uuid: "45e0a0070d6842f7abd04608a965feb4" member_type: VOTER last_known_addr { host: "127.16.27.2" port: 35341 } } peers { permanent_uuid: "0ee0bbe0f796476e96f490f2e5a45faa" member_type: VOTER last_known_addr { host: "127.16.27.3" port: 36609 } }
I20260710 13:20:22.105839 17821 raft_consensus.cc:493] T 57827a3e66d744dca86d0596b829a703 P 0ee0bbe0f796476e96f490f2e5a45faa [term 0 FOLLOWER]: Starting pre-election (no leader contacted us within the election timeout)
I20260710 13:20:22.106292 17821 raft_consensus.cc:515] T 57827a3e66d744dca86d0596b829a703 P 0ee0bbe0f796476e96f490f2e5a45faa [term 0 FOLLOWER]: Starting pre-election with config: opid_index: -1 OBSOLETE_local: false peers { permanent_uuid: "59342bc9d20e493e97d6638fa3cdda29" member_type: VOTER last_known_addr { host: "127.16.27.1" port: 45621 } } peers { permanent_uuid: "45e0a0070d6842f7abd04608a965feb4" member_type: VOTER last_known_addr { host: "127.16.27.2" port: 35341 } } peers { permanent_uuid: "0ee0bbe0f796476e96f490f2e5a45faa" member_type: VOTER last_known_addr { host: "127.16.27.3" port: 36609 } }
I20260710 13:20:22.106375 17813 raft_consensus.cc:359] T 2f2b3679df5d4f0c9f3da7662b14b4f2 P 45e0a0070d6842f7abd04608a965feb4 [term 0 FOLLOWER]: Replica starting. Triggering 0 pending ops. Active config: opid_index: -1 OBSOLETE_local: false peers { permanent_uuid: "59342bc9d20e493e97d6638fa3cdda29" member_type: VOTER last_known_addr { host: "127.16.27.1" port: 45621 } } peers { permanent_uuid: "45e0a0070d6842f7abd04608a965feb4" member_type: VOTER last_known_addr { host: "127.16.27.2" port: 35341 } } peers { permanent_uuid: "0ee0bbe0f796476e96f490f2e5a45faa" member_type: VOTER last_known_addr { host: "127.16.27.3" port: 36609 } }
I20260710 13:20:22.097246 17826 leader_election.cc:290] T 7916397ed05f49d6916df59772745db2 P 59342bc9d20e493e97d6638fa3cdda29 [CANDIDATE]: Term 1 election: Requested vote from peers 45e0a0070d6842f7abd04608a965feb4 (127.16.27.2:35341), 0ee0bbe0f796476e96f490f2e5a45faa (127.16.27.3:36609)
I20260710 13:20:22.109944 17813 raft_consensus.cc:385] T 2f2b3679df5d4f0c9f3da7662b14b4f2 P 45e0a0070d6842f7abd04608a965feb4 [term 0 FOLLOWER]: Consensus starting up: Expiring failure detector timer to make a prompt election more likely
I20260710 13:20:22.109983 17623 tablet_service.cc:1917] Received RequestConsensusVote() RPC: tablet_id: "57827a3e66d744dca86d0596b829a703" candidate_uuid: "0ee0bbe0f796476e96f490f2e5a45faa" candidate_term: 1 candidate_status { last_received { term: 0 index: 0 } } ignore_live_leader: false dest_uuid: "59342bc9d20e493e97d6638fa3cdda29" is_pre_election: true
I20260710 13:20:22.110404 17813 raft_consensus.cc:740] T 2f2b3679df5d4f0c9f3da7662b14b4f2 P 45e0a0070d6842f7abd04608a965feb4 [term 0 FOLLOWER]: Becoming Follower/Learner. State: Replica: 45e0a0070d6842f7abd04608a965feb4, State: Initialized, Role: FOLLOWER
I20260710 13:20:22.109639 17814 ts_tablet_manager.cc:1434] T b971af103ea8474daded96f5086151bb P 0ee0bbe0f796476e96f490f2e5a45faa: Time spent starting tablet: real 0.012s	user 0.006s	sys 0.000s
I20260710 13:20:22.110780 17623 raft_consensus.cc:2468] T 57827a3e66d744dca86d0596b829a703 P 59342bc9d20e493e97d6638fa3cdda29 [term 0 FOLLOWER]: Leader pre-election vote request: Granting yes vote for candidate 0ee0bbe0f796476e96f490f2e5a45faa in term 0.
I20260710 13:20:22.111249 17813 consensus_queue.cc:260] T 2f2b3679df5d4f0c9f3da7662b14b4f2 P 45e0a0070d6842f7abd04608a965feb4 [NON_LEADER]: Queue going to NON_LEADER mode. State: All replicated index: 0, Majority replicated index: 0, Committed index: 0, Last appended: 0.0, Last appended by leader: 0, Current term: 0, Majority size: -1, State: 0, Mode: NON_LEADER, active raft config: opid_index: -1 OBSOLETE_local: false peers { permanent_uuid: "59342bc9d20e493e97d6638fa3cdda29" member_type: VOTER last_known_addr { host: "127.16.27.1" port: 45621 } } peers { permanent_uuid: "45e0a0070d6842f7abd04608a965feb4" member_type: VOTER last_known_addr { host: "127.16.27.2" port: 35341 } } peers { permanent_uuid: "0ee0bbe0f796476e96f490f2e5a45faa" member_type: VOTER last_known_addr { host: "127.16.27.3" port: 36609 } }
I20260710 13:20:22.111756 17821 leader_election.cc:290] T 57827a3e66d744dca86d0596b829a703 P 0ee0bbe0f796476e96f490f2e5a45faa [CANDIDATE]: Term 1 pre-election: Requested pre-vote from peers 59342bc9d20e493e97d6638fa3cdda29 (127.16.27.1:45621), 45e0a0070d6842f7abd04608a965feb4 (127.16.27.2:35341)
I20260710 13:20:22.113093 17814 tablet_bootstrap.cc:492] T 50ee6228af7c40b1a44082bdd0949515 P 0ee0bbe0f796476e96f490f2e5a45faa: Bootstrap starting.
I20260710 13:20:22.113371 17813 ts_tablet_manager.cc:1434] T 2f2b3679df5d4f0c9f3da7662b14b4f2 P 45e0a0070d6842f7abd04608a965feb4: Time spent starting tablet: real 0.010s	user 0.003s	sys 0.003s
I20260710 13:20:22.114806 17813 tablet_bootstrap.cc:492] T 7f0a4bdd56fc4cd79d4f45b7e6c01329 P 45e0a0070d6842f7abd04608a965feb4: Bootstrap starting.
I20260710 13:20:22.114785 17736 leader_election.cc:304] T 57827a3e66d744dca86d0596b829a703 P 0ee0bbe0f796476e96f490f2e5a45faa [CANDIDATE]: Term 1 pre-election: Election decided. Result: candidate won. Election summary: received 2 responses out of 3 voters: 2 yes votes; 0 no votes. yes voters: 0ee0bbe0f796476e96f490f2e5a45faa, 59342bc9d20e493e97d6638fa3cdda29; no voters: 
I20260710 13:20:22.115885 17819 raft_consensus.cc:2804] T 57827a3e66d744dca86d0596b829a703 P 0ee0bbe0f796476e96f490f2e5a45faa [term 0 FOLLOWER]: Leader pre-election won for term 1
I20260710 13:20:22.116344 17819 raft_consensus.cc:493] T 57827a3e66d744dca86d0596b829a703 P 0ee0bbe0f796476e96f490f2e5a45faa [term 0 FOLLOWER]: Starting leader election (no leader contacted us within the election timeout)
I20260710 13:20:22.116741 17819 raft_consensus.cc:3060] T 57827a3e66d744dca86d0596b829a703 P 0ee0bbe0f796476e96f490f2e5a45faa [term 0 FOLLOWER]: Advancing to term 1
I20260710 13:20:22.120158 17699 tablet_service.cc:1917] Received RequestConsensusVote() RPC: tablet_id: "57827a3e66d744dca86d0596b829a703" candidate_uuid: "0ee0bbe0f796476e96f490f2e5a45faa" candidate_term: 1 candidate_status { last_received { term: 0 index: 0 } } ignore_live_leader: false dest_uuid: "45e0a0070d6842f7abd04608a965feb4" is_pre_election: true
I20260710 13:20:22.120774 17699 raft_consensus.cc:2468] T 57827a3e66d744dca86d0596b829a703 P 45e0a0070d6842f7abd04608a965feb4 [term 0 FOLLOWER]: Leader pre-election vote request: Granting yes vote for candidate 0ee0bbe0f796476e96f490f2e5a45faa in term 0.
I20260710 13:20:22.121181 17813 tablet_bootstrap.cc:654] T 7f0a4bdd56fc4cd79d4f45b7e6c01329 P 45e0a0070d6842f7abd04608a965feb4: Neither blocks nor log segments found. Creating new log.
I20260710 13:20:22.130373 17814 tablet_bootstrap.cc:654] T 50ee6228af7c40b1a44082bdd0949515 P 0ee0bbe0f796476e96f490f2e5a45faa: Neither blocks nor log segments found. Creating new log.
I20260710 13:20:22.132184 17821 consensus_queue.cc:1048] T b35b0ea51612467fa22d3e46c0c8ab7c P 0ee0bbe0f796476e96f490f2e5a45faa [LEADER]: Connected to new peer: Peer: permanent_uuid: "59342bc9d20e493e97d6638fa3cdda29" member_type: VOTER last_known_addr { host: "127.16.27.1" port: 45621 }, Status: LMP_MISMATCH, Last received: 0.0, Next index: 1, Last known committed idx: 0, Time since last communication: 0.001s
I20260710 13:20:22.133656 17819 raft_consensus.cc:515] T 57827a3e66d744dca86d0596b829a703 P 0ee0bbe0f796476e96f490f2e5a45faa [term 1 FOLLOWER]: Starting leader election with config: opid_index: -1 OBSOLETE_local: false peers { permanent_uuid: "59342bc9d20e493e97d6638fa3cdda29" member_type: VOTER last_known_addr { host: "127.16.27.1" port: 45621 } } peers { permanent_uuid: "45e0a0070d6842f7abd04608a965feb4" member_type: VOTER last_known_addr { host: "127.16.27.2" port: 35341 } } peers { permanent_uuid: "0ee0bbe0f796476e96f490f2e5a45faa" member_type: VOTER last_known_addr { host: "127.16.27.3" port: 36609 } }
I20260710 13:20:22.137964 17819 leader_election.cc:290] T 57827a3e66d744dca86d0596b829a703 P 0ee0bbe0f796476e96f490f2e5a45faa [CANDIDATE]: Term 1 election: Requested vote from peers 59342bc9d20e493e97d6638fa3cdda29 (127.16.27.1:45621), 45e0a0070d6842f7abd04608a965feb4 (127.16.27.2:35341)
I20260710 13:20:22.141243 17623 tablet_service.cc:1917] Received RequestConsensusVote() RPC: tablet_id: "57827a3e66d744dca86d0596b829a703" candidate_uuid: "0ee0bbe0f796476e96f490f2e5a45faa" candidate_term: 1 candidate_status { last_received { term: 0 index: 0 } } ignore_live_leader: false dest_uuid: "59342bc9d20e493e97d6638fa3cdda29"
I20260710 13:20:22.141906 17623 raft_consensus.cc:3060] T 57827a3e66d744dca86d0596b829a703 P 59342bc9d20e493e97d6638fa3cdda29 [term 0 FOLLOWER]: Advancing to term 1
I20260710 13:20:22.150349 17813 tablet_bootstrap.cc:492] T 7f0a4bdd56fc4cd79d4f45b7e6c01329 P 45e0a0070d6842f7abd04608a965feb4: No bootstrap required, opened a new log
I20260710 13:20:22.151057 17813 ts_tablet_manager.cc:1403] T 7f0a4bdd56fc4cd79d4f45b7e6c01329 P 45e0a0070d6842f7abd04608a965feb4: Time spent bootstrapping tablet: real 0.036s	user 0.017s	sys 0.017s
I20260710 13:20:22.159833 17623 raft_consensus.cc:2468] T 57827a3e66d744dca86d0596b829a703 P 59342bc9d20e493e97d6638fa3cdda29 [term 1 FOLLOWER]: Leader election vote request: Granting yes vote for candidate 0ee0bbe0f796476e96f490f2e5a45faa in term 1.
I20260710 13:20:22.160190 17813 raft_consensus.cc:359] T 7f0a4bdd56fc4cd79d4f45b7e6c01329 P 45e0a0070d6842f7abd04608a965feb4 [term 0 FOLLOWER]: Replica starting. Triggering 0 pending ops. Active config: opid_index: -1 OBSOLETE_local: false peers { permanent_uuid: "59342bc9d20e493e97d6638fa3cdda29" member_type: VOTER last_known_addr { host: "127.16.27.1" port: 45621 } } peers { permanent_uuid: "45e0a0070d6842f7abd04608a965feb4" member_type: VOTER last_known_addr { host: "127.16.27.2" port: 35341 } } peers { permanent_uuid: "0ee0bbe0f796476e96f490f2e5a45faa" member_type: VOTER last_known_addr { host: "127.16.27.3" port: 36609 } }
I20260710 13:20:22.163311 17813 raft_consensus.cc:385] T 7f0a4bdd56fc4cd79d4f45b7e6c01329 P 45e0a0070d6842f7abd04608a965feb4 [term 0 FOLLOWER]: Consensus starting up: Expiring failure detector timer to make a prompt election more likely
I20260710 13:20:22.163775 17814 tablet_bootstrap.cc:492] T 50ee6228af7c40b1a44082bdd0949515 P 0ee0bbe0f796476e96f490f2e5a45faa: No bootstrap required, opened a new log
I20260710 13:20:22.163605 17813 raft_consensus.cc:740] T 7f0a4bdd56fc4cd79d4f45b7e6c01329 P 45e0a0070d6842f7abd04608a965feb4 [term 0 FOLLOWER]: Becoming Follower/Learner. State: Replica: 45e0a0070d6842f7abd04608a965feb4, State: Initialized, Role: FOLLOWER
I20260710 13:20:22.164248 17814 ts_tablet_manager.cc:1403] T 50ee6228af7c40b1a44082bdd0949515 P 0ee0bbe0f796476e96f490f2e5a45faa: Time spent bootstrapping tablet: real 0.052s	user 0.008s	sys 0.010s
I20260710 13:20:22.164487 17736 leader_election.cc:304] T 57827a3e66d744dca86d0596b829a703 P 0ee0bbe0f796476e96f490f2e5a45faa [CANDIDATE]: Term 1 election: Election decided. Result: candidate won. Election summary: received 2 responses out of 3 voters: 2 yes votes; 0 no votes. yes voters: 0ee0bbe0f796476e96f490f2e5a45faa, 59342bc9d20e493e97d6638fa3cdda29; no voters: 
I20260710 13:20:22.165467 17874 raft_consensus.cc:2804] T 57827a3e66d744dca86d0596b829a703 P 0ee0bbe0f796476e96f490f2e5a45faa [term 1 FOLLOWER]: Leader election won for term 1
I20260710 13:20:22.166103 17874 raft_consensus.cc:697] T 57827a3e66d744dca86d0596b829a703 P 0ee0bbe0f796476e96f490f2e5a45faa [term 1 LEADER]: Becoming Leader. State: Replica: 0ee0bbe0f796476e96f490f2e5a45faa, State: Running, Role: LEADER
I20260710 13:20:22.165490 17813 consensus_queue.cc:260] T 7f0a4bdd56fc4cd79d4f45b7e6c01329 P 45e0a0070d6842f7abd04608a965feb4 [NON_LEADER]: Queue going to NON_LEADER mode. State: All replicated index: 0, Majority replicated index: 0, Committed index: 0, Last appended: 0.0, Last appended by leader: 0, Current term: 0, Majority size: -1, State: 0, Mode: NON_LEADER, active raft config: opid_index: -1 OBSOLETE_local: false peers { permanent_uuid: "59342bc9d20e493e97d6638fa3cdda29" member_type: VOTER last_known_addr { host: "127.16.27.1" port: 45621 } } peers { permanent_uuid: "45e0a0070d6842f7abd04608a965feb4" member_type: VOTER last_known_addr { host: "127.16.27.2" port: 35341 } } peers { permanent_uuid: "0ee0bbe0f796476e96f490f2e5a45faa" member_type: VOTER last_known_addr { host: "127.16.27.3" port: 36609 } }
I20260710 13:20:22.166989 17874 consensus_queue.cc:237] T 57827a3e66d744dca86d0596b829a703 P 0ee0bbe0f796476e96f490f2e5a45faa [LEADER]: Queue going to LEADER mode. State: All replicated index: 0, Majority replicated index: 0, Committed index: 0, Last appended: 0.0, Last appended by leader: 0, Current term: 1, Majority size: 2, State: 0, Mode: LEADER, active raft config: opid_index: -1 OBSOLETE_local: false peers { permanent_uuid: "59342bc9d20e493e97d6638fa3cdda29" member_type: VOTER last_known_addr { host: "127.16.27.1" port: 45621 } } peers { permanent_uuid: "45e0a0070d6842f7abd04608a965feb4" member_type: VOTER last_known_addr { host: "127.16.27.2" port: 35341 } } peers { permanent_uuid: "0ee0bbe0f796476e96f490f2e5a45faa" member_type: VOTER last_known_addr { host: "127.16.27.3" port: 36609 } }
I20260710 13:20:22.173137 17699 tablet_service.cc:1917] Received RequestConsensusVote() RPC: tablet_id: "57827a3e66d744dca86d0596b829a703" candidate_uuid: "0ee0bbe0f796476e96f490f2e5a45faa" candidate_term: 1 candidate_status { last_received { term: 0 index: 0 } } ignore_live_leader: false dest_uuid: "45e0a0070d6842f7abd04608a965feb4"
I20260710 13:20:22.173578 17865 raft_consensus.cc:493] T a2fe833a54084493a0011e36604c7702 P 59342bc9d20e493e97d6638fa3cdda29 [term 0 FOLLOWER]: Starting pre-election (no leader contacted us within the election timeout)
I20260710 13:20:22.173689 17699 raft_consensus.cc:3060] T 57827a3e66d744dca86d0596b829a703 P 45e0a0070d6842f7abd04608a965feb4 [term 0 FOLLOWER]: Advancing to term 1
I20260710 13:20:22.174077 17865 raft_consensus.cc:515] T a2fe833a54084493a0011e36604c7702 P 59342bc9d20e493e97d6638fa3cdda29 [term 0 FOLLOWER]: Starting pre-election with config: opid_index: -1 OBSOLETE_local: false peers { permanent_uuid: "59342bc9d20e493e97d6638fa3cdda29" member_type: VOTER last_known_addr { host: "127.16.27.1" port: 45621 } } peers { permanent_uuid: "45e0a0070d6842f7abd04608a965feb4" member_type: VOTER last_known_addr { host: "127.16.27.2" port: 35341 } } peers { permanent_uuid: "0ee0bbe0f796476e96f490f2e5a45faa" member_type: VOTER last_known_addr { host: "127.16.27.3" port: 36609 } }
I20260710 13:20:22.177367 17698 tablet_service.cc:1917] Received RequestConsensusVote() RPC: tablet_id: "a2fe833a54084493a0011e36604c7702" candidate_uuid: "59342bc9d20e493e97d6638fa3cdda29" candidate_term: 1 candidate_status { last_received { term: 0 index: 0 } } ignore_live_leader: false dest_uuid: "45e0a0070d6842f7abd04608a965feb4" is_pre_election: true
I20260710 13:20:22.177855 17698 raft_consensus.cc:2468] T a2fe833a54084493a0011e36604c7702 P 45e0a0070d6842f7abd04608a965feb4 [term 0 FOLLOWER]: Leader pre-election vote request: Granting yes vote for candidate 59342bc9d20e493e97d6638fa3cdda29 in term 0.
I20260710 13:20:22.178831 17865 leader_election.cc:290] T a2fe833a54084493a0011e36604c7702 P 59342bc9d20e493e97d6638fa3cdda29 [CANDIDATE]: Term 1 pre-election: Requested pre-vote from peers 45e0a0070d6842f7abd04608a965feb4 (127.16.27.2:35341), 0ee0bbe0f796476e96f490f2e5a45faa (127.16.27.3:36609)
I20260710 13:20:22.178874 17590 leader_election.cc:304] T a2fe833a54084493a0011e36604c7702 P 59342bc9d20e493e97d6638fa3cdda29 [CANDIDATE]: Term 1 pre-election: Election decided. Result: candidate won. Election summary: received 2 responses out of 3 voters: 2 yes votes; 0 no votes. yes voters: 45e0a0070d6842f7abd04608a965feb4, 59342bc9d20e493e97d6638fa3cdda29; no voters: 
I20260710 13:20:22.179780 17865 raft_consensus.cc:2804] T a2fe833a54084493a0011e36604c7702 P 59342bc9d20e493e97d6638fa3cdda29 [term 0 FOLLOWER]: Leader pre-election won for term 1
I20260710 13:20:22.169133 17821 raft_consensus.cc:493] T cd01331ad88f4c8ebabf7f8b0cbcd54d P 0ee0bbe0f796476e96f490f2e5a45faa [term 0 FOLLOWER]: Starting pre-election (no leader contacted us within the election timeout)
I20260710 13:20:22.180317 17821 raft_consensus.cc:515] T cd01331ad88f4c8ebabf7f8b0cbcd54d P 0ee0bbe0f796476e96f490f2e5a45faa [term 0 FOLLOWER]: Starting pre-election with config: opid_index: -1 OBSOLETE_local: false peers { permanent_uuid: "59342bc9d20e493e97d6638fa3cdda29" member_type: VOTER last_known_addr { host: "127.16.27.1" port: 45621 } } peers { permanent_uuid: "45e0a0070d6842f7abd04608a965feb4" member_type: VOTER last_known_addr { host: "127.16.27.2" port: 35341 } } peers { permanent_uuid: "0ee0bbe0f796476e96f490f2e5a45faa" member_type: VOTER last_known_addr { host: "127.16.27.3" port: 36609 } }
I20260710 13:20:22.182018 17821 leader_election.cc:290] T cd01331ad88f4c8ebabf7f8b0cbcd54d P 0ee0bbe0f796476e96f490f2e5a45faa [CANDIDATE]: Term 1 pre-election: Requested pre-vote from peers 59342bc9d20e493e97d6638fa3cdda29 (127.16.27.1:45621), 45e0a0070d6842f7abd04608a965feb4 (127.16.27.2:35341)
I20260710 13:20:22.182233 17699 raft_consensus.cc:2468] T 57827a3e66d744dca86d0596b829a703 P 45e0a0070d6842f7abd04608a965feb4 [term 1 FOLLOWER]: Leader election vote request: Granting yes vote for candidate 0ee0bbe0f796476e96f490f2e5a45faa in term 1.
I20260710 13:20:22.182744 17772 tablet_service.cc:1917] Received RequestConsensusVote() RPC: tablet_id: "a2fe833a54084493a0011e36604c7702" candidate_uuid: "59342bc9d20e493e97d6638fa3cdda29" candidate_term: 1 candidate_status { last_received { term: 0 index: 0 } } ignore_live_leader: false dest_uuid: "0ee0bbe0f796476e96f490f2e5a45faa" is_pre_election: true
I20260710 13:20:22.183075 17624 tablet_service.cc:1917] Received RequestConsensusVote() RPC: tablet_id: "cd01331ad88f4c8ebabf7f8b0cbcd54d" candidate_uuid: "0ee0bbe0f796476e96f490f2e5a45faa" candidate_term: 1 candidate_status { last_received { term: 0 index: 0 } } ignore_live_leader: false dest_uuid: "59342bc9d20e493e97d6638fa3cdda29" is_pre_election: true
I20260710 13:20:22.183372 17772 raft_consensus.cc:2468] T a2fe833a54084493a0011e36604c7702 P 0ee0bbe0f796476e96f490f2e5a45faa [term 0 FOLLOWER]: Leader pre-election vote request: Granting yes vote for candidate 59342bc9d20e493e97d6638fa3cdda29 in term 0.
I20260710 13:20:22.183768 17624 raft_consensus.cc:2468] T cd01331ad88f4c8ebabf7f8b0cbcd54d P 59342bc9d20e493e97d6638fa3cdda29 [term 0 FOLLOWER]: Leader pre-election vote request: Granting yes vote for candidate 0ee0bbe0f796476e96f490f2e5a45faa in term 0.
I20260710 13:20:22.184106 17865 raft_consensus.cc:493] T a2fe833a54084493a0011e36604c7702 P 59342bc9d20e493e97d6638fa3cdda29 [term 0 FOLLOWER]: Starting leader election (no leader contacted us within the election timeout)
I20260710 13:20:22.184494 17865 raft_consensus.cc:3060] T a2fe833a54084493a0011e36604c7702 P 59342bc9d20e493e97d6638fa3cdda29 [term 0 FOLLOWER]: Advancing to term 1
I20260710 13:20:22.169157 17816 tablet_bootstrap.cc:492] T ba517b7cf8c24c4eac516fed1a6f2c22 P 59342bc9d20e493e97d6638fa3cdda29: No bootstrap required, opened a new log
I20260710 13:20:22.184871 17736 leader_election.cc:304] T cd01331ad88f4c8ebabf7f8b0cbcd54d P 0ee0bbe0f796476e96f490f2e5a45faa [CANDIDATE]: Term 1 pre-election: Election decided. Result: candidate won. Election summary: received 2 responses out of 3 voters: 2 yes votes; 0 no votes. yes voters: 0ee0bbe0f796476e96f490f2e5a45faa, 59342bc9d20e493e97d6638fa3cdda29; no voters: 
I20260710 13:20:22.185209 17816 ts_tablet_manager.cc:1403] T ba517b7cf8c24c4eac516fed1a6f2c22 P 59342bc9d20e493e97d6638fa3cdda29: Time spent bootstrapping tablet: real 0.099s	user 0.007s	sys 0.027s
I20260710 13:20:22.169350 17813 ts_tablet_manager.cc:1434] T 7f0a4bdd56fc4cd79d4f45b7e6c01329 P 45e0a0070d6842f7abd04608a965feb4: Time spent starting tablet: real 0.018s	user 0.005s	sys 0.000s
I20260710 13:20:22.186424 17813 tablet_bootstrap.cc:492] T 371948a66eb64a6993ab9ab5a73f7608 P 45e0a0070d6842f7abd04608a965feb4: Bootstrap starting.
I20260710 13:20:22.179533 17873 consensus_queue.cc:1048] T b35b0ea51612467fa22d3e46c0c8ab7c P 0ee0bbe0f796476e96f490f2e5a45faa [LEADER]: Connected to new peer: Peer: permanent_uuid: "45e0a0070d6842f7abd04608a965feb4" member_type: VOTER last_known_addr { host: "127.16.27.2" port: 35341 }, Status: LMP_MISMATCH, Last received: 0.0, Next index: 1, Last known committed idx: 0, Time since last communication: 0.001s
I20260710 13:20:22.188092 17819 raft_consensus.cc:2804] T cd01331ad88f4c8ebabf7f8b0cbcd54d P 0ee0bbe0f796476e96f490f2e5a45faa [term 0 FOLLOWER]: Leader pre-election won for term 1
I20260710 13:20:22.188604 17819 raft_consensus.cc:493] T cd01331ad88f4c8ebabf7f8b0cbcd54d P 0ee0bbe0f796476e96f490f2e5a45faa [term 0 FOLLOWER]: Starting leader election (no leader contacted us within the election timeout)
I20260710 13:20:22.188134 17816 raft_consensus.cc:359] T ba517b7cf8c24c4eac516fed1a6f2c22 P 59342bc9d20e493e97d6638fa3cdda29 [term 0 FOLLOWER]: Replica starting. Triggering 0 pending ops. Active config: opid_index: -1 OBSOLETE_local: false peers { permanent_uuid: "59342bc9d20e493e97d6638fa3cdda29" member_type: VOTER last_known_addr { host: "127.16.27.1" port: 45621 } } peers { permanent_uuid: "45e0a0070d6842f7abd04608a965feb4" member_type: VOTER last_known_addr { host: "127.16.27.2" port: 35341 } } peers { permanent_uuid: "0ee0bbe0f796476e96f490f2e5a45faa" member_type: VOTER last_known_addr { host: "127.16.27.3" port: 36609 } }
I20260710 13:20:22.188949 17819 raft_consensus.cc:3060] T cd01331ad88f4c8ebabf7f8b0cbcd54d P 0ee0bbe0f796476e96f490f2e5a45faa [term 0 FOLLOWER]: Advancing to term 1
I20260710 13:20:22.189049 17816 raft_consensus.cc:385] T ba517b7cf8c24c4eac516fed1a6f2c22 P 59342bc9d20e493e97d6638fa3cdda29 [term 0 FOLLOWER]: Consensus starting up: Expiring failure detector timer to make a prompt election more likely
I20260710 13:20:22.189442 17816 raft_consensus.cc:740] T ba517b7cf8c24c4eac516fed1a6f2c22 P 59342bc9d20e493e97d6638fa3cdda29 [term 0 FOLLOWER]: Becoming Follower/Learner. State: Replica: 59342bc9d20e493e97d6638fa3cdda29, State: Initialized, Role: FOLLOWER
I20260710 13:20:22.190186 17816 consensus_queue.cc:260] T ba517b7cf8c24c4eac516fed1a6f2c22 P 59342bc9d20e493e97d6638fa3cdda29 [NON_LEADER]: Queue going to NON_LEADER mode. State: All replicated index: 0, Majority replicated index: 0, Committed index: 0, Last appended: 0.0, Last appended by leader: 0, Current term: 0, Majority size: -1, State: 0, Mode: NON_LEADER, active raft config: opid_index: -1 OBSOLETE_local: false peers { permanent_uuid: "59342bc9d20e493e97d6638fa3cdda29" member_type: VOTER last_known_addr { host: "127.16.27.1" port: 45621 } } peers { permanent_uuid: "45e0a0070d6842f7abd04608a965feb4" member_type: VOTER last_known_addr { host: "127.16.27.2" port: 35341 } } peers { permanent_uuid: "0ee0bbe0f796476e96f490f2e5a45faa" member_type: VOTER last_known_addr { host: "127.16.27.3" port: 36609 } }
I20260710 13:20:22.167112 17521 catalog_manager.cc:5697] T 7916397ed05f49d6916df59772745db2 P 59342bc9d20e493e97d6638fa3cdda29 reported cstate change: term changed from 0 to 1, leader changed from <none> to 59342bc9d20e493e97d6638fa3cdda29 (127.16.27.1). New cstate: current_term: 1 leader_uuid: "59342bc9d20e493e97d6638fa3cdda29" committed_config { opid_index: -1 OBSOLETE_local: false peers { permanent_uuid: "59342bc9d20e493e97d6638fa3cdda29" member_type: VOTER last_known_addr { host: "127.16.27.1" port: 45621 } health_report { overall_health: HEALTHY } } peers { permanent_uuid: "45e0a0070d6842f7abd04608a965feb4" member_type: VOTER last_known_addr { host: "127.16.27.2" port: 35341 } health_report { overall_health: UNKNOWN } } peers { permanent_uuid: "0ee0bbe0f796476e96f490f2e5a45faa" member_type: VOTER last_known_addr { host: "127.16.27.3" port: 36609 } health_report { overall_health: UNKNOWN } } }
I20260710 13:20:22.193558 17520 catalog_manager.cc:5697] T 57827a3e66d744dca86d0596b829a703 P 0ee0bbe0f796476e96f490f2e5a45faa reported cstate change: term changed from 0 to 1, leader changed from <none> to 0ee0bbe0f796476e96f490f2e5a45faa (127.16.27.3). New cstate: current_term: 1 leader_uuid: "0ee0bbe0f796476e96f490f2e5a45faa" committed_config { opid_index: -1 OBSOLETE_local: false peers { permanent_uuid: "59342bc9d20e493e97d6638fa3cdda29" member_type: VOTER last_known_addr { host: "127.16.27.1" port: 45621 } health_report { overall_health: UNKNOWN } } peers { permanent_uuid: "45e0a0070d6842f7abd04608a965feb4" member_type: VOTER last_known_addr { host: "127.16.27.2" port: 35341 } health_report { overall_health: UNKNOWN } } peers { permanent_uuid: "0ee0bbe0f796476e96f490f2e5a45faa" member_type: VOTER last_known_addr { host: "127.16.27.3" port: 36609 } health_report { overall_health: HEALTHY } } }
I20260710 13:20:22.195395 17699 tablet_service.cc:1917] Received RequestConsensusVote() RPC: tablet_id: "cd01331ad88f4c8ebabf7f8b0cbcd54d" candidate_uuid: "0ee0bbe0f796476e96f490f2e5a45faa" candidate_term: 1 candidate_status { last_received { term: 0 index: 0 } } ignore_live_leader: false dest_uuid: "45e0a0070d6842f7abd04608a965feb4" is_pre_election: true
I20260710 13:20:22.196099 17699 raft_consensus.cc:2468] T cd01331ad88f4c8ebabf7f8b0cbcd54d P 45e0a0070d6842f7abd04608a965feb4 [term 0 FOLLOWER]: Leader pre-election vote request: Granting yes vote for candidate 0ee0bbe0f796476e96f490f2e5a45faa in term 0.
I20260710 13:20:22.197129 17816 ts_tablet_manager.cc:1434] T ba517b7cf8c24c4eac516fed1a6f2c22 P 59342bc9d20e493e97d6638fa3cdda29: Time spent starting tablet: real 0.012s	user 0.004s	sys 0.003s
I20260710 13:20:22.198938 17816 tablet_bootstrap.cc:492] T 5000b1b6223b4ca6aea93092f7e754e6 P 59342bc9d20e493e97d6638fa3cdda29: Bootstrap starting.
I20260710 13:20:22.167217 17814 raft_consensus.cc:359] T 50ee6228af7c40b1a44082bdd0949515 P 0ee0bbe0f796476e96f490f2e5a45faa [term 0 FOLLOWER]: Replica starting. Triggering 0 pending ops. Active config: opid_index: -1 OBSOLETE_local: false peers { permanent_uuid: "59342bc9d20e493e97d6638fa3cdda29" member_type: VOTER last_known_addr { host: "127.16.27.1" port: 45621 } } peers { permanent_uuid: "45e0a0070d6842f7abd04608a965feb4" member_type: VOTER last_known_addr { host: "127.16.27.2" port: 35341 } } peers { permanent_uuid: "0ee0bbe0f796476e96f490f2e5a45faa" member_type: VOTER last_known_addr { host: "127.16.27.3" port: 36609 } }
I20260710 13:20:22.200181 17814 raft_consensus.cc:385] T 50ee6228af7c40b1a44082bdd0949515 P 0ee0bbe0f796476e96f490f2e5a45faa [term 0 FOLLOWER]: Consensus starting up: Expiring failure detector timer to make a prompt election more likely
I20260710 13:20:22.200480 17814 raft_consensus.cc:740] T 50ee6228af7c40b1a44082bdd0949515 P 0ee0bbe0f796476e96f490f2e5a45faa [term 0 FOLLOWER]: Becoming Follower/Learner. State: Replica: 0ee0bbe0f796476e96f490f2e5a45faa, State: Initialized, Role: FOLLOWER
I20260710 13:20:22.201460 17814 consensus_queue.cc:260] T 50ee6228af7c40b1a44082bdd0949515 P 0ee0bbe0f796476e96f490f2e5a45faa [NON_LEADER]: Queue going to NON_LEADER mode. State: All replicated index: 0, Majority replicated index: 0, Committed index: 0, Last appended: 0.0, Last appended by leader: 0, Current term: 0, Majority size: -1, State: 0, Mode: NON_LEADER, active raft config: opid_index: -1 OBSOLETE_local: false peers { permanent_uuid: "59342bc9d20e493e97d6638fa3cdda29" member_type: VOTER last_known_addr { host: "127.16.27.1" port: 45621 } } peers { permanent_uuid: "45e0a0070d6842f7abd04608a965feb4" member_type: VOTER last_known_addr { host: "127.16.27.2" port: 35341 } } peers { permanent_uuid: "0ee0bbe0f796476e96f490f2e5a45faa" member_type: VOTER last_known_addr { host: "127.16.27.3" port: 36609 } }
I20260710 13:20:22.203419 17814 ts_tablet_manager.cc:1434] T 50ee6228af7c40b1a44082bdd0949515 P 0ee0bbe0f796476e96f490f2e5a45faa: Time spent starting tablet: real 0.039s	user 0.005s	sys 0.002s
I20260710 13:20:22.207367 17814 tablet_bootstrap.cc:492] T f61328a932084a859554cd4f53e7efb8 P 0ee0bbe0f796476e96f490f2e5a45faa: Bootstrap starting.
I20260710 13:20:22.208298 17826 raft_consensus.cc:493] T 2f2b3679df5d4f0c9f3da7662b14b4f2 P 59342bc9d20e493e97d6638fa3cdda29 [term 0 FOLLOWER]: Starting pre-election (no leader contacted us within the election timeout)
I20260710 13:20:22.208745 17826 raft_consensus.cc:515] T 2f2b3679df5d4f0c9f3da7662b14b4f2 P 59342bc9d20e493e97d6638fa3cdda29 [term 0 FOLLOWER]: Starting pre-election with config: opid_index: -1 OBSOLETE_local: false peers { permanent_uuid: "59342bc9d20e493e97d6638fa3cdda29" member_type: VOTER last_known_addr { host: "127.16.27.1" port: 45621 } } peers { permanent_uuid: "45e0a0070d6842f7abd04608a965feb4" member_type: VOTER last_known_addr { host: "127.16.27.2" port: 35341 } } peers { permanent_uuid: "0ee0bbe0f796476e96f490f2e5a45faa" member_type: VOTER last_known_addr { host: "127.16.27.3" port: 36609 } }
I20260710 13:20:22.210733 17826 leader_election.cc:290] T 2f2b3679df5d4f0c9f3da7662b14b4f2 P 59342bc9d20e493e97d6638fa3cdda29 [CANDIDATE]: Term 1 pre-election: Requested pre-vote from peers 45e0a0070d6842f7abd04608a965feb4 (127.16.27.2:35341), 0ee0bbe0f796476e96f490f2e5a45faa (127.16.27.3:36609)
I20260710 13:20:22.212546 17816 tablet_bootstrap.cc:654] T 5000b1b6223b4ca6aea93092f7e754e6 P 59342bc9d20e493e97d6638fa3cdda29: Neither blocks nor log segments found. Creating new log.
I20260710 13:20:22.191381 17865 raft_consensus.cc:515] T a2fe833a54084493a0011e36604c7702 P 59342bc9d20e493e97d6638fa3cdda29 [term 1 FOLLOWER]: Starting leader election with config: opid_index: -1 OBSOLETE_local: false peers { permanent_uuid: "59342bc9d20e493e97d6638fa3cdda29" member_type: VOTER last_known_addr { host: "127.16.27.1" port: 45621 } } peers { permanent_uuid: "45e0a0070d6842f7abd04608a965feb4" member_type: VOTER last_known_addr { host: "127.16.27.2" port: 35341 } } peers { permanent_uuid: "0ee0bbe0f796476e96f490f2e5a45faa" member_type: VOTER last_known_addr { host: "127.16.27.3" port: 36609 } }
I20260710 13:20:22.215695 17820 raft_consensus.cc:493] T 5adfcf4c2c43455ba23e3e9677a3ed8d P 45e0a0070d6842f7abd04608a965feb4 [term 0 FOLLOWER]: Starting pre-election (no leader contacted us within the election timeout)
I20260710 13:20:22.215955 17699 tablet_service.cc:1917] Received RequestConsensusVote() RPC: tablet_id: "2f2b3679df5d4f0c9f3da7662b14b4f2" candidate_uuid: "59342bc9d20e493e97d6638fa3cdda29" candidate_term: 1 candidate_status { last_received { term: 0 index: 0 } } ignore_live_leader: false dest_uuid: "45e0a0070d6842f7abd04608a965feb4" is_pre_election: true
I20260710 13:20:22.216733 17699 raft_consensus.cc:2468] T 2f2b3679df5d4f0c9f3da7662b14b4f2 P 45e0a0070d6842f7abd04608a965feb4 [term 0 FOLLOWER]: Leader pre-election vote request: Granting yes vote for candidate 59342bc9d20e493e97d6638fa3cdda29 in term 0.
I20260710 13:20:22.216347 17820 raft_consensus.cc:515] T 5adfcf4c2c43455ba23e3e9677a3ed8d P 45e0a0070d6842f7abd04608a965feb4 [term 0 FOLLOWER]: Starting pre-election with config: opid_index: -1 OBSOLETE_local: false peers { permanent_uuid: "59342bc9d20e493e97d6638fa3cdda29" member_type: VOTER last_known_addr { host: "127.16.27.1" port: 45621 } } peers { permanent_uuid: "45e0a0070d6842f7abd04608a965feb4" member_type: VOTER last_known_addr { host: "127.16.27.2" port: 35341 } } peers { permanent_uuid: "0ee0bbe0f796476e96f490f2e5a45faa" member_type: VOTER last_known_addr { host: "127.16.27.3" port: 36609 } }
I20260710 13:20:22.217931 17590 leader_election.cc:304] T 2f2b3679df5d4f0c9f3da7662b14b4f2 P 59342bc9d20e493e97d6638fa3cdda29 [CANDIDATE]: Term 1 pre-election: Election decided. Result: candidate won. Election summary: received 2 responses out of 3 voters: 2 yes votes; 0 no votes. yes voters: 45e0a0070d6842f7abd04608a965feb4, 59342bc9d20e493e97d6638fa3cdda29; no voters: 
I20260710 13:20:22.218910 17820 leader_election.cc:290] T 5adfcf4c2c43455ba23e3e9677a3ed8d P 45e0a0070d6842f7abd04608a965feb4 [CANDIDATE]: Term 1 pre-election: Requested pre-vote from peers 59342bc9d20e493e97d6638fa3cdda29 (127.16.27.1:45621), 0ee0bbe0f796476e96f490f2e5a45faa (127.16.27.3:36609)
I20260710 13:20:22.220293 17772 tablet_service.cc:1917] Received RequestConsensusVote() RPC: tablet_id: "2f2b3679df5d4f0c9f3da7662b14b4f2" candidate_uuid: "59342bc9d20e493e97d6638fa3cdda29" candidate_term: 1 candidate_status { last_received { term: 0 index: 0 } } ignore_live_leader: false dest_uuid: "0ee0bbe0f796476e96f490f2e5a45faa" is_pre_election: true
I20260710 13:20:22.221045 17772 raft_consensus.cc:2468] T 2f2b3679df5d4f0c9f3da7662b14b4f2 P 0ee0bbe0f796476e96f490f2e5a45faa [term 0 FOLLOWER]: Leader pre-election vote request: Granting yes vote for candidate 59342bc9d20e493e97d6638fa3cdda29 in term 0.
I20260710 13:20:22.221355 17623 tablet_service.cc:1917] Received RequestConsensusVote() RPC: tablet_id: "5adfcf4c2c43455ba23e3e9677a3ed8d" candidate_uuid: "45e0a0070d6842f7abd04608a965feb4" candidate_term: 1 candidate_status { last_received { term: 0 index: 0 } } ignore_live_leader: false dest_uuid: "59342bc9d20e493e97d6638fa3cdda29" is_pre_election: true
I20260710 13:20:22.222182 17623 raft_consensus.cc:2468] T 5adfcf4c2c43455ba23e3e9677a3ed8d P 59342bc9d20e493e97d6638fa3cdda29 [term 0 FOLLOWER]: Leader pre-election vote request: Granting yes vote for candidate 45e0a0070d6842f7abd04608a965feb4 in term 0.
I20260710 13:20:22.224213 17662 leader_election.cc:304] T 5adfcf4c2c43455ba23e3e9677a3ed8d P 45e0a0070d6842f7abd04608a965feb4 [CANDIDATE]: Term 1 pre-election: Election decided. Result: candidate won. Election summary: received 2 responses out of 3 voters: 2 yes votes; 0 no votes. yes voters: 45e0a0070d6842f7abd04608a965feb4, 59342bc9d20e493e97d6638fa3cdda29; no voters: 
I20260710 13:20:22.224599 17772 tablet_service.cc:1917] Received RequestConsensusVote() RPC: tablet_id: "5adfcf4c2c43455ba23e3e9677a3ed8d" candidate_uuid: "45e0a0070d6842f7abd04608a965feb4" candidate_term: 1 candidate_status { last_received { term: 0 index: 0 } } ignore_live_leader: false dest_uuid: "0ee0bbe0f796476e96f490f2e5a45faa" is_pre_election: true
I20260710 13:20:22.212809 17814 tablet_bootstrap.cc:654] T f61328a932084a859554cd4f53e7efb8 P 0ee0bbe0f796476e96f490f2e5a45faa: Neither blocks nor log segments found. Creating new log.
W20260710 13:20:22.225977 17665 leader_election.cc:343] T 5adfcf4c2c43455ba23e3e9677a3ed8d P 45e0a0070d6842f7abd04608a965feb4 [CANDIDATE]: Term 1 pre-election: Tablet error from VoteRequest() call to peer 0ee0bbe0f796476e96f490f2e5a45faa (127.16.27.3:36609): Illegal state: must be running to vote when last-logged opid is not known
I20260710 13:20:22.227557 17874 raft_consensus.cc:493] T b5c40d5964804289a9816884a2994a82 P 0ee0bbe0f796476e96f490f2e5a45faa [term 0 FOLLOWER]: Starting pre-election (no leader contacted us within the election timeout)
