I20260710 13:20:36.547477 18332 ts_tablet_manager.cc:1916] T a8b76c45ea4c405c873ccb020c46e691 P 45e0a0070d6842f7abd04608a965feb4: Deleting tablet data with delete state TABLET_DATA_TOMBSTONED
I20260710 13:20:36.582088 17519 catalog_manager.cc:5697] T 7916397ed05f49d6916df59772745db2 P 45e0a0070d6842f7abd04608a965feb4 reported cstate change: config changed from index 2 to 3, e993836445d540b8b6772800eccf69d3 (127.16.27.4) changed from NON_VOTER to VOTER. New cstate: current_term: 1 leader_uuid: "59342bc9d20e493e97d6638fa3cdda29" committed_config { opid_index: 3 OBSOLETE_local: false peers { permanent_uuid: "59342bc9d20e493e97d6638fa3cdda29" member_type: VOTER last_known_addr { host: "127.16.27.1" port: 45621 } } peers { permanent_uuid: "45e0a0070d6842f7abd04608a965feb4" member_type: VOTER last_known_addr { host: "127.16.27.2" port: 35341 } } peers { permanent_uuid: "0ee0bbe0f796476e96f490f2e5a45faa" member_type: VOTER last_known_addr { host: "127.16.27.3" port: 36609 } attrs { replace: true } } peers { permanent_uuid: "e993836445d540b8b6772800eccf69d3" member_type: VOTER last_known_addr { host: "127.16.27.4" port: 40815 } attrs { promote: false } } }
I20260710 13:20:36.586701 18034 raft_consensus.cc:1275] T 0747d082ff244d57beb9a0629bfba3fa P e993836445d540b8b6772800eccf69d3 [term 1 FOLLOWER]: Refusing update from remote peer 45e0a0070d6842f7abd04608a965feb4: Log matching property violated. Preceding OpId in replica: term: 1 index: 3. Preceding OpId from leader: term: 1 index: 4. (index mismatch)
I20260710 13:20:36.587255 17771 raft_consensus.cc:1275] T 0747d082ff244d57beb9a0629bfba3fa P 0ee0bbe0f796476e96f490f2e5a45faa [term 1 FOLLOWER]: Refusing update from remote peer 45e0a0070d6842f7abd04608a965feb4: Log matching property violated. Preceding OpId in replica: term: 1 index: 3. Preceding OpId from leader: term: 1 index: 4. (index mismatch)
I20260710 13:20:36.590049 18311 consensus_queue.cc:1048] T 0747d082ff244d57beb9a0629bfba3fa P 45e0a0070d6842f7abd04608a965feb4 [LEADER]: Connected to new peer: Peer: permanent_uuid: "0ee0bbe0f796476e96f490f2e5a45faa" member_type: VOTER last_known_addr { host: "127.16.27.3" port: 36609 }, Status: LMP_MISMATCH, Last received: 0.0, Next index: 4, Last known committed idx: 3, Time since last communication: 0.000s
I20260710 13:20:36.592104 18332 ts_tablet_manager.cc:1929] T a8b76c45ea4c405c873ccb020c46e691 P 45e0a0070d6842f7abd04608a965feb4: tablet deleted with delete type TABLET_DATA_TOMBSTONED: last-logged OpId 1.3
I20260710 13:20:36.591993 18311 consensus_queue.cc:1048] T 0747d082ff244d57beb9a0629bfba3fa P 45e0a0070d6842f7abd04608a965feb4 [LEADER]: Connected to new peer: Peer: permanent_uuid: "e993836445d540b8b6772800eccf69d3" member_type: VOTER last_known_addr { host: "127.16.27.4" port: 40815 } attrs { promote: false }, Status: LMP_MISMATCH, Last received: 0.0, Next index: 4, Last known committed idx: 3, Time since last communication: 0.000s
I20260710 13:20:36.592571 18332 log.cc:1199] T a8b76c45ea4c405c873ccb020c46e691 P 45e0a0070d6842f7abd04608a965feb4: Deleting WAL directory at /tmp/dist-test-taskwWz8A1/test-tmp/auto_leader_rebalancer-test.0.LeaderRebalancerTest.AddTserver.1783689595645339-16492-0/minicluster-data/ts-1-root/wals/a8b76c45ea4c405c873ccb020c46e691
I20260710 13:20:36.594700 17509 catalog_manager.cc:5028] TS 45e0a0070d6842f7abd04608a965feb4 (127.16.27.2:35341): tablet a8b76c45ea4c405c873ccb020c46e691 (table test-workload [id=64813fe8b0524ce1bfc1a6e160857340]) successfully deleted
I20260710 13:20:36.605036 18336 raft_consensus.cc:2955] T 0747d082ff244d57beb9a0629bfba3fa P 45e0a0070d6842f7abd04608a965feb4 [term 1 LEADER]: Committing config change with OpId 1.4: config changed from index 3 to 4, VOTER 59342bc9d20e493e97d6638fa3cdda29 (127.16.27.1) evicted. New config: { opid_index: 4 OBSOLETE_local: false peers { permanent_uuid: "45e0a0070d6842f7abd04608a965feb4" member_type: VOTER last_known_addr { host: "127.16.27.2" port: 35341 } } peers { permanent_uuid: "0ee0bbe0f796476e96f490f2e5a45faa" member_type: VOTER last_known_addr { host: "127.16.27.3" port: 36609 } } peers { permanent_uuid: "e993836445d540b8b6772800eccf69d3" member_type: VOTER last_known_addr { host: "127.16.27.4" port: 40815 } attrs { promote: false } } }
I20260710 13:20:36.608228 17771 raft_consensus.cc:2955] T 0747d082ff244d57beb9a0629bfba3fa P 0ee0bbe0f796476e96f490f2e5a45faa [term 1 FOLLOWER]: Committing config change with OpId 1.4: config changed from index 3 to 4, VOTER 59342bc9d20e493e97d6638fa3cdda29 (127.16.27.1) evicted. New config: { opid_index: 4 OBSOLETE_local: false peers { permanent_uuid: "45e0a0070d6842f7abd04608a965feb4" member_type: VOTER last_known_addr { host: "127.16.27.2" port: 35341 } } peers { permanent_uuid: "0ee0bbe0f796476e96f490f2e5a45faa" member_type: VOTER last_known_addr { host: "127.16.27.3" port: 36609 } } peers { permanent_uuid: "e993836445d540b8b6772800eccf69d3" member_type: VOTER last_known_addr { host: "127.16.27.4" port: 40815 } attrs { promote: false } } }
I20260710 13:20:36.617677 18033 raft_consensus.cc:2955] T 0747d082ff244d57beb9a0629bfba3fa P e993836445d540b8b6772800eccf69d3 [term 1 FOLLOWER]: Committing config change with OpId 1.4: config changed from index 3 to 4, VOTER 59342bc9d20e493e97d6638fa3cdda29 (127.16.27.1) evicted. New config: { opid_index: 4 OBSOLETE_local: false peers { permanent_uuid: "45e0a0070d6842f7abd04608a965feb4" member_type: VOTER last_known_addr { host: "127.16.27.2" port: 35341 } } peers { permanent_uuid: "0ee0bbe0f796476e96f490f2e5a45faa" member_type: VOTER last_known_addr { host: "127.16.27.3" port: 36609 } } peers { permanent_uuid: "e993836445d540b8b6772800eccf69d3" member_type: VOTER last_known_addr { host: "127.16.27.4" port: 40815 } attrs { promote: false } } }
I20260710 13:20:36.624038 18035 raft_consensus.cc:2955] T 7916397ed05f49d6916df59772745db2 P e993836445d540b8b6772800eccf69d3 [term 1 FOLLOWER]: Committing config change with OpId 1.3: config changed from index 2 to 3, e993836445d540b8b6772800eccf69d3 (127.16.27.4) changed from NON_VOTER to VOTER. New config: { opid_index: 3 OBSOLETE_local: false peers { permanent_uuid: "59342bc9d20e493e97d6638fa3cdda29" member_type: VOTER last_known_addr { host: "127.16.27.1" port: 45621 } } peers { permanent_uuid: "45e0a0070d6842f7abd04608a965feb4" member_type: VOTER last_known_addr { host: "127.16.27.2" port: 35341 } } peers { permanent_uuid: "0ee0bbe0f796476e96f490f2e5a45faa" member_type: VOTER last_known_addr { host: "127.16.27.3" port: 36609 } attrs { replace: true } } peers { permanent_uuid: "e993836445d540b8b6772800eccf69d3" member_type: VOTER last_known_addr { host: "127.16.27.4" port: 40815 } attrs { promote: false } } }
I20260710 13:20:36.636485 17518 catalog_manager.cc:5697] T 0747d082ff244d57beb9a0629bfba3fa P 0ee0bbe0f796476e96f490f2e5a45faa reported cstate change: config changed from index 3 to 4, VOTER 59342bc9d20e493e97d6638fa3cdda29 (127.16.27.1) evicted. New cstate: current_term: 1 leader_uuid: "45e0a0070d6842f7abd04608a965feb4" committed_config { opid_index: 4 OBSOLETE_local: false peers { permanent_uuid: "45e0a0070d6842f7abd04608a965feb4" member_type: VOTER last_known_addr { host: "127.16.27.2" port: 35341 } } peers { permanent_uuid: "0ee0bbe0f796476e96f490f2e5a45faa" member_type: VOTER last_known_addr { host: "127.16.27.3" port: 36609 } } peers { permanent_uuid: "e993836445d540b8b6772800eccf69d3" member_type: VOTER last_known_addr { host: "127.16.27.4" port: 40815 } attrs { promote: false } } }
I20260710 13:20:36.640982 17621 consensus_queue.cc:237] T 7916397ed05f49d6916df59772745db2 P 59342bc9d20e493e97d6638fa3cdda29 [LEADER]: Queue going to LEADER mode. State: All replicated index: 0, Majority replicated index: 3, Committed index: 3, Last appended: 1.3, Last appended by leader: 0, Current term: 1, Majority size: 2, State: 0, Mode: LEADER, active raft config: opid_index: 4 OBSOLETE_local: false peers { permanent_uuid: "59342bc9d20e493e97d6638fa3cdda29" member_type: VOTER last_known_addr { host: "127.16.27.1" port: 45621 } } peers { permanent_uuid: "45e0a0070d6842f7abd04608a965feb4" member_type: VOTER last_known_addr { host: "127.16.27.2" port: 35341 } } peers { permanent_uuid: "e993836445d540b8b6772800eccf69d3" member_type: VOTER last_known_addr { host: "127.16.27.4" port: 40815 } attrs { promote: false } }
I20260710 13:20:36.644508 17509 catalog_manager.cc:5210] ChangeConfig:REMOVE_PEER RPC for tablet 0747d082ff244d57beb9a0629bfba3fa with cas_config_opid_index 3: ChangeConfig:REMOVE_PEER succeeded (attempt 1)
I20260710 13:20:36.649849 17699 raft_consensus.cc:1275] T 7916397ed05f49d6916df59772745db2 P 45e0a0070d6842f7abd04608a965feb4 [term 1 FOLLOWER]: Refusing update from remote peer 59342bc9d20e493e97d6638fa3cdda29: Log matching property violated. Preceding OpId in replica: term: 1 index: 3. Preceding OpId from leader: term: 1 index: 4. (index mismatch)
I20260710 13:20:36.657389 17613 tablet_service.cc:1558] Processing DeleteTablet for tablet 0747d082ff244d57beb9a0629bfba3fa with delete_type TABLET_DATA_TOMBSTONED (TS 59342bc9d20e493e97d6638fa3cdda29 not found in new config with opid_index 4) from {username='slave'} at 127.0.0.1:59868
I20260710 13:20:36.658288 18321 tablet_replica.cc:333] T 0747d082ff244d57beb9a0629bfba3fa P 59342bc9d20e493e97d6638fa3cdda29: stopping tablet replica
I20260710 13:20:36.658340 18310 consensus_queue.cc:1048] T 7916397ed05f49d6916df59772745db2 P 59342bc9d20e493e97d6638fa3cdda29 [LEADER]: Connected to new peer: Peer: permanent_uuid: "45e0a0070d6842f7abd04608a965feb4" member_type: VOTER last_known_addr { host: "127.16.27.2" port: 35341 }, Status: LMP_MISMATCH, Last received: 0.0, Next index: 4, Last known committed idx: 3, Time since last communication: 0.000s
I20260710 13:20:36.661798 18035 raft_consensus.cc:1275] T 7916397ed05f49d6916df59772745db2 P e993836445d540b8b6772800eccf69d3 [term 1 FOLLOWER]: Refusing update from remote peer 59342bc9d20e493e97d6638fa3cdda29: Log matching property violated. Preceding OpId in replica: term: 1 index: 3. Preceding OpId from leader: term: 1 index: 4. (index mismatch)
I20260710 13:20:36.664676 18238 raft_consensus.cc:2955] T 7916397ed05f49d6916df59772745db2 P 59342bc9d20e493e97d6638fa3cdda29 [term 1 LEADER]: Committing config change with OpId 1.4: config changed from index 3 to 4, VOTER 0ee0bbe0f796476e96f490f2e5a45faa (127.16.27.3) evicted. New config: { opid_index: 4 OBSOLETE_local: false peers { permanent_uuid: "59342bc9d20e493e97d6638fa3cdda29" member_type: VOTER last_known_addr { host: "127.16.27.1" port: 45621 } } peers { permanent_uuid: "45e0a0070d6842f7abd04608a965feb4" member_type: VOTER last_known_addr { host: "127.16.27.2" port: 35341 } } peers { permanent_uuid: "e993836445d540b8b6772800eccf69d3" member_type: VOTER last_known_addr { host: "127.16.27.4" port: 40815 } attrs { promote: false } } }
I20260710 13:20:36.665555 18337 consensus_queue.cc:1048] T 7916397ed05f49d6916df59772745db2 P 59342bc9d20e493e97d6638fa3cdda29 [LEADER]: Connected to new peer: Peer: permanent_uuid: "e993836445d540b8b6772800eccf69d3" member_type: VOTER last_known_addr { host: "127.16.27.4" port: 40815 } attrs { promote: false }, Status: LMP_MISMATCH, Last received: 0.0, Next index: 4, Last known committed idx: 3, Time since last communication: 0.001s
I20260710 13:20:36.672545 18321 raft_consensus.cc:2243] T 0747d082ff244d57beb9a0629bfba3fa P 59342bc9d20e493e97d6638fa3cdda29 [term 1 FOLLOWER]: Raft consensus shutting down.
I20260710 13:20:36.673202 18321 raft_consensus.cc:2272] T 0747d082ff244d57beb9a0629bfba3fa P 59342bc9d20e493e97d6638fa3cdda29 [term 1 FOLLOWER]: Raft consensus is shut down!
I20260710 13:20:36.677289 18321 ts_tablet_manager.cc:1916] T 0747d082ff244d57beb9a0629bfba3fa P 59342bc9d20e493e97d6638fa3cdda29: Deleting tablet data with delete state TABLET_DATA_TOMBSTONED
I20260710 13:20:36.675472 17699 raft_consensus.cc:2955] T 7916397ed05f49d6916df59772745db2 P 45e0a0070d6842f7abd04608a965feb4 [term 1 FOLLOWER]: Committing config change with OpId 1.4: config changed from index 3 to 4, VOTER 0ee0bbe0f796476e96f490f2e5a45faa (127.16.27.3) evicted. New config: { opid_index: 4 OBSOLETE_local: false peers { permanent_uuid: "59342bc9d20e493e97d6638fa3cdda29" member_type: VOTER last_known_addr { host: "127.16.27.1" port: 45621 } } peers { permanent_uuid: "45e0a0070d6842f7abd04608a965feb4" member_type: VOTER last_known_addr { host: "127.16.27.2" port: 35341 } } peers { permanent_uuid: "e993836445d540b8b6772800eccf69d3" member_type: VOTER last_known_addr { host: "127.16.27.4" port: 40815 } attrs { promote: false } } }
I20260710 13:20:36.698167 17506 catalog_manager.cc:5210] ChangeConfig:REMOVE_PEER RPC for tablet 7916397ed05f49d6916df59772745db2 with cas_config_opid_index 3: ChangeConfig:REMOVE_PEER succeeded (attempt 1)
I20260710 13:20:36.699697 17521 catalog_manager.cc:5697] T 7916397ed05f49d6916df59772745db2 P 45e0a0070d6842f7abd04608a965feb4 reported cstate change: config changed from index 3 to 4, VOTER 0ee0bbe0f796476e96f490f2e5a45faa (127.16.27.3) evicted. New cstate: current_term: 1 leader_uuid: "59342bc9d20e493e97d6638fa3cdda29" committed_config { opid_index: 4 OBSOLETE_local: false peers { permanent_uuid: "59342bc9d20e493e97d6638fa3cdda29" member_type: VOTER last_known_addr { host: "127.16.27.1" port: 45621 } } peers { permanent_uuid: "45e0a0070d6842f7abd04608a965feb4" member_type: VOTER last_known_addr { host: "127.16.27.2" port: 35341 } } peers { permanent_uuid: "e993836445d540b8b6772800eccf69d3" member_type: VOTER last_known_addr { host: "127.16.27.4" port: 40815 } attrs { promote: false } } }
I20260710 13:20:36.696453 18035 raft_consensus.cc:2955] T 7916397ed05f49d6916df59772745db2 P e993836445d540b8b6772800eccf69d3 [term 1 FOLLOWER]: Committing config change with OpId 1.4: config changed from index 3 to 4, VOTER 0ee0bbe0f796476e96f490f2e5a45faa (127.16.27.3) evicted. New config: { opid_index: 4 OBSOLETE_local: false peers { permanent_uuid: "59342bc9d20e493e97d6638fa3cdda29" member_type: VOTER last_known_addr { host: "127.16.27.1" port: 45621 } } peers { permanent_uuid: "45e0a0070d6842f7abd04608a965feb4" member_type: VOTER last_known_addr { host: "127.16.27.2" port: 35341 } } peers { permanent_uuid: "e993836445d540b8b6772800eccf69d3" member_type: VOTER last_known_addr { host: "127.16.27.4" port: 40815 } attrs { promote: false } } }
I20260710 13:20:36.709064 18321 ts_tablet_manager.cc:1929] T 0747d082ff244d57beb9a0629bfba3fa P 59342bc9d20e493e97d6638fa3cdda29: tablet deleted with delete type TABLET_DATA_TOMBSTONED: last-logged OpId 1.3
I20260710 13:20:36.709621 18321 log.cc:1199] T 0747d082ff244d57beb9a0629bfba3fa P 59342bc9d20e493e97d6638fa3cdda29: Deleting WAL directory at /tmp/dist-test-taskwWz8A1/test-tmp/auto_leader_rebalancer-test.0.LeaderRebalancerTest.AddTserver.1783689595645339-16492-0/minicluster-data/ts-0-root/wals/0747d082ff244d57beb9a0629bfba3fa
I20260710 13:20:36.711272 17506 catalog_manager.cc:5028] TS 59342bc9d20e493e97d6638fa3cdda29 (127.16.27.1:45621): tablet 0747d082ff244d57beb9a0629bfba3fa (table test-workload [id=64813fe8b0524ce1bfc1a6e160857340]) successfully deleted
I20260710 13:20:36.728776 17760 tablet_service.cc:1558] Processing DeleteTablet for tablet 7916397ed05f49d6916df59772745db2 with delete_type TABLET_DATA_TOMBSTONED (TS 0ee0bbe0f796476e96f490f2e5a45faa not found in new config with opid_index 4) from {username='slave'} at 127.0.0.1:55438
I20260710 13:20:36.730741 18339 tablet_replica.cc:333] T 7916397ed05f49d6916df59772745db2 P 0ee0bbe0f796476e96f490f2e5a45faa: stopping tablet replica
I20260710 13:20:36.731819 18339 raft_consensus.cc:2243] T 7916397ed05f49d6916df59772745db2 P 0ee0bbe0f796476e96f490f2e5a45faa [term 1 FOLLOWER]: Raft consensus shutting down.
I20260710 13:20:36.732530 18339 raft_consensus.cc:2272] T 7916397ed05f49d6916df59772745db2 P 0ee0bbe0f796476e96f490f2e5a45faa [term 1 FOLLOWER]: Raft consensus is shut down!
I20260710 13:20:36.736663 18339 ts_tablet_manager.cc:1916] T 7916397ed05f49d6916df59772745db2 P 0ee0bbe0f796476e96f490f2e5a45faa: Deleting tablet data with delete state TABLET_DATA_TOMBSTONED
I20260710 13:20:36.789091 18339 ts_tablet_manager.cc:1929] T 7916397ed05f49d6916df59772745db2 P 0ee0bbe0f796476e96f490f2e5a45faa: tablet deleted with delete type TABLET_DATA_TOMBSTONED: last-logged OpId 1.3
I20260710 13:20:36.790385 18339 log.cc:1199] T 7916397ed05f49d6916df59772745db2 P 0ee0bbe0f796476e96f490f2e5a45faa: Deleting WAL directory at /tmp/dist-test-taskwWz8A1/test-tmp/auto_leader_rebalancer-test.0.LeaderRebalancerTest.AddTserver.1783689595645339-16492-0/minicluster-data/ts-2-root/wals/7916397ed05f49d6916df59772745db2
I20260710 13:20:36.794009 17509 catalog_manager.cc:5028] TS 0ee0bbe0f796476e96f490f2e5a45faa (127.16.27.3:36609): tablet 7916397ed05f49d6916df59772745db2 (table test-workload [id=64813fe8b0524ce1bfc1a6e160857340]) successfully deleted
I20260710 13:20:37.763010 17699 consensus_queue.cc:237] T acd879c3b0204930b59f3d04f7be3324 P 45e0a0070d6842f7abd04608a965feb4 [LEADER]: Queue going to LEADER mode. State: All replicated index: 0, Majority replicated index: 1, Committed index: 1, Last appended: 1.1, Last appended by leader: 0, Current term: 1, Majority size: 2, State: 0, Mode: LEADER, active raft config: opid_index: 2 OBSOLETE_local: false peers { permanent_uuid: "59342bc9d20e493e97d6638fa3cdda29" member_type: VOTER last_known_addr { host: "127.16.27.1" port: 45621 } } peers { permanent_uuid: "45e0a0070d6842f7abd04608a965feb4" member_type: VOTER last_known_addr { host: "127.16.27.2" port: 35341 } } peers { permanent_uuid: "0ee0bbe0f796476e96f490f2e5a45faa" member_type: VOTER last_known_addr { host: "127.16.27.3" port: 36609 } attrs { replace: true } } peers { permanent_uuid: "e993836445d540b8b6772800eccf69d3" member_type: NON_VOTER last_known_addr { host: "127.16.27.4" port: 40815 } attrs { promote: true } }
I20260710 13:20:37.770776 17773 raft_consensus.cc:1275] T acd879c3b0204930b59f3d04f7be3324 P 0ee0bbe0f796476e96f490f2e5a45faa [term 1 FOLLOWER]: Refusing update from remote peer 45e0a0070d6842f7abd04608a965feb4: Log matching property violated. Preceding OpId in replica: term: 1 index: 1. Preceding OpId from leader: term: 1 index: 2. (index mismatch)
W20260710 13:20:37.771204 17662 consensus_peers.cc:597] T acd879c3b0204930b59f3d04f7be3324 P 45e0a0070d6842f7abd04608a965feb4 -> Peer e993836445d540b8b6772800eccf69d3 (127.16.27.4:40815): Couldn't send request to peer e993836445d540b8b6772800eccf69d3. Error code: TABLET_NOT_FOUND (6). Status: Not found: Tablet not found: acd879c3b0204930b59f3d04f7be3324. This is attempt 1: this message will repeat every 5th retry.
I20260710 13:20:37.771624 17621 raft_consensus.cc:1275] T acd879c3b0204930b59f3d04f7be3324 P 59342bc9d20e493e97d6638fa3cdda29 [term 1 FOLLOWER]: Refusing update from remote peer 45e0a0070d6842f7abd04608a965feb4: Log matching property violated. Preceding OpId in replica: term: 1 index: 1. Preceding OpId from leader: term: 1 index: 2. (index mismatch)
I20260710 13:20:37.772578 18311 consensus_queue.cc:1048] T acd879c3b0204930b59f3d04f7be3324 P 45e0a0070d6842f7abd04608a965feb4 [LEADER]: Connected to new peer: Peer: permanent_uuid: "0ee0bbe0f796476e96f490f2e5a45faa" member_type: VOTER last_known_addr { host: "127.16.27.3" port: 36609 } attrs { replace: true }, Status: LMP_MISMATCH, Last received: 0.0, Next index: 2, Last known committed idx: 1, Time since last communication: 0.001s
I20260710 13:20:37.774050 18336 consensus_queue.cc:1048] T acd879c3b0204930b59f3d04f7be3324 P 45e0a0070d6842f7abd04608a965feb4 [LEADER]: Connected to new peer: Peer: permanent_uuid: "59342bc9d20e493e97d6638fa3cdda29" member_type: VOTER last_known_addr { host: "127.16.27.1" port: 45621 }, Status: LMP_MISMATCH, Last received: 0.0, Next index: 2, Last known committed idx: 1, Time since last communication: 0.001s
I20260710 13:20:37.781517 18336 raft_consensus.cc:2955] T acd879c3b0204930b59f3d04f7be3324 P 45e0a0070d6842f7abd04608a965feb4 [term 1 LEADER]: Committing config change with OpId 1.2: config changed from index -1 to 2, NON_VOTER e993836445d540b8b6772800eccf69d3 (127.16.27.4) added. New config: { opid_index: 2 OBSOLETE_local: false peers { permanent_uuid: "59342bc9d20e493e97d6638fa3cdda29" member_type: VOTER last_known_addr { host: "127.16.27.1" port: 45621 } } peers { permanent_uuid: "45e0a0070d6842f7abd04608a965feb4" member_type: VOTER last_known_addr { host: "127.16.27.2" port: 35341 } } peers { permanent_uuid: "0ee0bbe0f796476e96f490f2e5a45faa" member_type: VOTER last_known_addr { host: "127.16.27.3" port: 36609 } attrs { replace: true } } peers { permanent_uuid: "e993836445d540b8b6772800eccf69d3" member_type: NON_VOTER last_known_addr { host: "127.16.27.4" port: 40815 } attrs { promote: true } } }
I20260710 13:20:37.783494 17773 raft_consensus.cc:2955] T acd879c3b0204930b59f3d04f7be3324 P 0ee0bbe0f796476e96f490f2e5a45faa [term 1 FOLLOWER]: Committing config change with OpId 1.2: config changed from index -1 to 2, NON_VOTER e993836445d540b8b6772800eccf69d3 (127.16.27.4) added. New config: { opid_index: 2 OBSOLETE_local: false peers { permanent_uuid: "59342bc9d20e493e97d6638fa3cdda29" member_type: VOTER last_known_addr { host: "127.16.27.1" port: 45621 } } peers { permanent_uuid: "45e0a0070d6842f7abd04608a965feb4" member_type: VOTER last_known_addr { host: "127.16.27.2" port: 35341 } } peers { permanent_uuid: "0ee0bbe0f796476e96f490f2e5a45faa" member_type: VOTER last_known_addr { host: "127.16.27.3" port: 36609 } attrs { replace: true } } peers { permanent_uuid: "e993836445d540b8b6772800eccf69d3" member_type: NON_VOTER last_known_addr { host: "127.16.27.4" port: 40815 } attrs { promote: true } } }
I20260710 13:20:37.786149 17621 raft_consensus.cc:2955] T acd879c3b0204930b59f3d04f7be3324 P 59342bc9d20e493e97d6638fa3cdda29 [term 1 FOLLOWER]: Committing config change with OpId 1.2: config changed from index -1 to 2, NON_VOTER e993836445d540b8b6772800eccf69d3 (127.16.27.4) added. New config: { opid_index: 2 OBSOLETE_local: false peers { permanent_uuid: "59342bc9d20e493e97d6638fa3cdda29" member_type: VOTER last_known_addr { host: "127.16.27.1" port: 45621 } } peers { permanent_uuid: "45e0a0070d6842f7abd04608a965feb4" member_type: VOTER last_known_addr { host: "127.16.27.2" port: 35341 } } peers { permanent_uuid: "0ee0bbe0f796476e96f490f2e5a45faa" member_type: VOTER last_known_addr { host: "127.16.27.3" port: 36609 } attrs { replace: true } } peers { permanent_uuid: "e993836445d540b8b6772800eccf69d3" member_type: NON_VOTER last_known_addr { host: "127.16.27.4" port: 40815 } attrs { promote: true } } }
I20260710 13:20:37.799906 17521 catalog_manager.cc:5697] T acd879c3b0204930b59f3d04f7be3324 P 0ee0bbe0f796476e96f490f2e5a45faa reported cstate change: config changed from index -1 to 2, NON_VOTER e993836445d540b8b6772800eccf69d3 (127.16.27.4) added. New cstate: current_term: 1 leader_uuid: "45e0a0070d6842f7abd04608a965feb4" committed_config { opid_index: 2 OBSOLETE_local: false peers { permanent_uuid: "59342bc9d20e493e97d6638fa3cdda29" member_type: VOTER last_known_addr { host: "127.16.27.1" port: 45621 } } peers { permanent_uuid: "45e0a0070d6842f7abd04608a965feb4" member_type: VOTER last_known_addr { host: "127.16.27.2" port: 35341 } } peers { permanent_uuid: "0ee0bbe0f796476e96f490f2e5a45faa" member_type: VOTER last_known_addr { host: "127.16.27.3" port: 36609 } attrs { replace: true } } peers { permanent_uuid: "e993836445d540b8b6772800eccf69d3" member_type: NON_VOTER last_known_addr { host: "127.16.27.4" port: 40815 } attrs { promote: true } } }
I20260710 13:20:37.804222 17773 consensus_queue.cc:237] T b70f6d2ac9384adbafdfd065c5f72586 P 0ee0bbe0f796476e96f490f2e5a45faa [LEADER]: Queue going to LEADER mode. State: All replicated index: 0, Majority replicated index: 1, Committed index: 1, Last appended: 1.1, Last appended by leader: 0, Current term: 1, Majority size: 2, State: 0, Mode: LEADER, active raft config: opid_index: 2 OBSOLETE_local: false peers { permanent_uuid: "59342bc9d20e493e97d6638fa3cdda29" member_type: VOTER last_known_addr { host: "127.16.27.1" port: 45621 } } peers { permanent_uuid: "45e0a0070d6842f7abd04608a965feb4" member_type: VOTER last_known_addr { host: "127.16.27.2" port: 35341 } attrs { replace: true } } peers { permanent_uuid: "0ee0bbe0f796476e96f490f2e5a45faa" member_type: VOTER last_known_addr { host: "127.16.27.3" port: 36609 } } peers { permanent_uuid: "e993836445d540b8b6772800eccf69d3" member_type: NON_VOTER last_known_addr { host: "127.16.27.4" port: 40815 } attrs { promote: true } }
I20260710 13:20:37.820000 17699 raft_consensus.cc:1275] T b70f6d2ac9384adbafdfd065c5f72586 P 45e0a0070d6842f7abd04608a965feb4 [term 1 FOLLOWER]: Refusing update from remote peer 0ee0bbe0f796476e96f490f2e5a45faa: Log matching property violated. Preceding OpId in replica: term: 1 index: 1. Preceding OpId from leader: term: 1 index: 2. (index mismatch)
W20260710 13:20:37.826839 17736 consensus_peers.cc:597] T b70f6d2ac9384adbafdfd065c5f72586 P 0ee0bbe0f796476e96f490f2e5a45faa -> Peer e993836445d540b8b6772800eccf69d3 (127.16.27.4:40815): Couldn't send request to peer e993836445d540b8b6772800eccf69d3. Error code: TABLET_NOT_FOUND (6). Status: Not found: Tablet not found: b70f6d2ac9384adbafdfd065c5f72586. This is attempt 1: this message will repeat every 5th retry.
I20260710 13:20:37.828837 18312 consensus_queue.cc:1048] T b70f6d2ac9384adbafdfd065c5f72586 P 0ee0bbe0f796476e96f490f2e5a45faa [LEADER]: Connected to new peer: Peer: permanent_uuid: "45e0a0070d6842f7abd04608a965feb4" member_type: VOTER last_known_addr { host: "127.16.27.2" port: 35341 } attrs { replace: true }, Status: LMP_MISMATCH, Last received: 0.0, Next index: 2, Last known committed idx: 1, Time since last communication: 0.001s
I20260710 13:20:37.838995 17621 raft_consensus.cc:1275] T b70f6d2ac9384adbafdfd065c5f72586 P 59342bc9d20e493e97d6638fa3cdda29 [term 1 FOLLOWER]: Refusing update from remote peer 0ee0bbe0f796476e96f490f2e5a45faa: Log matching property violated. Preceding OpId in replica: term: 1 index: 1. Preceding OpId from leader: term: 1 index: 2. (index mismatch)
I20260710 13:20:37.842088 18312 consensus_queue.cc:1048] T b70f6d2ac9384adbafdfd065c5f72586 P 0ee0bbe0f796476e96f490f2e5a45faa [LEADER]: Connected to new peer: Peer: permanent_uuid: "59342bc9d20e493e97d6638fa3cdda29" member_type: VOTER last_known_addr { host: "127.16.27.1" port: 45621 }, Status: LMP_MISMATCH, Last received: 0.0, Next index: 2, Last known committed idx: 1, Time since last communication: 0.000s
I20260710 13:20:37.871537 18356 raft_consensus.cc:2955] T b70f6d2ac9384adbafdfd065c5f72586 P 0ee0bbe0f796476e96f490f2e5a45faa [term 1 LEADER]: Committing config change with OpId 1.2: config changed from index -1 to 2, NON_VOTER e993836445d540b8b6772800eccf69d3 (127.16.27.4) added. New config: { opid_index: 2 OBSOLETE_local: false peers { permanent_uuid: "59342bc9d20e493e97d6638fa3cdda29" member_type: VOTER last_known_addr { host: "127.16.27.1" port: 45621 } } peers { permanent_uuid: "45e0a0070d6842f7abd04608a965feb4" member_type: VOTER last_known_addr { host: "127.16.27.2" port: 35341 } attrs { replace: true } } peers { permanent_uuid: "0ee0bbe0f796476e96f490f2e5a45faa" member_type: VOTER last_known_addr { host: "127.16.27.3" port: 36609 } } peers { permanent_uuid: "e993836445d540b8b6772800eccf69d3" member_type: NON_VOTER last_known_addr { host: "127.16.27.4" port: 40815 } attrs { promote: true } } }
I20260710 13:20:37.880260 17621 raft_consensus.cc:2955] T b70f6d2ac9384adbafdfd065c5f72586 P 59342bc9d20e493e97d6638fa3cdda29 [term 1 FOLLOWER]: Committing config change with OpId 1.2: config changed from index -1 to 2, NON_VOTER e993836445d540b8b6772800eccf69d3 (127.16.27.4) added. New config: { opid_index: 2 OBSOLETE_local: false peers { permanent_uuid: "59342bc9d20e493e97d6638fa3cdda29" member_type: VOTER last_known_addr { host: "127.16.27.1" port: 45621 } } peers { permanent_uuid: "45e0a0070d6842f7abd04608a965feb4" member_type: VOTER last_known_addr { host: "127.16.27.2" port: 35341 } attrs { replace: true } } peers { permanent_uuid: "0ee0bbe0f796476e96f490f2e5a45faa" member_type: VOTER last_known_addr { host: "127.16.27.3" port: 36609 } } peers { permanent_uuid: "e993836445d540b8b6772800eccf69d3" member_type: NON_VOTER last_known_addr { host: "127.16.27.4" port: 40815 } attrs { promote: true } } }
I20260710 13:20:37.891656 17699 raft_consensus.cc:2955] T b70f6d2ac9384adbafdfd065c5f72586 P 45e0a0070d6842f7abd04608a965feb4 [term 1 FOLLOWER]: Committing config change with OpId 1.2: config changed from index -1 to 2, NON_VOTER e993836445d540b8b6772800eccf69d3 (127.16.27.4) added. New config: { opid_index: 2 OBSOLETE_local: false peers { permanent_uuid: "59342bc9d20e493e97d6638fa3cdda29" member_type: VOTER last_known_addr { host: "127.16.27.1" port: 45621 } } peers { permanent_uuid: "45e0a0070d6842f7abd04608a965feb4" member_type: VOTER last_known_addr { host: "127.16.27.2" port: 35341 } attrs { replace: true } } peers { permanent_uuid: "0ee0bbe0f796476e96f490f2e5a45faa" member_type: VOTER last_known_addr { host: "127.16.27.3" port: 36609 } } peers { permanent_uuid: "e993836445d540b8b6772800eccf69d3" member_type: NON_VOTER last_known_addr { host: "127.16.27.4" port: 40815 } attrs { promote: true } } }
I20260710 13:20:37.912074 17519 catalog_manager.cc:5697] T b70f6d2ac9384adbafdfd065c5f72586 P 0ee0bbe0f796476e96f490f2e5a45faa reported cstate change: config changed from index -1 to 2, NON_VOTER e993836445d540b8b6772800eccf69d3 (127.16.27.4) added. New cstate: current_term: 1 leader_uuid: "0ee0bbe0f796476e96f490f2e5a45faa" committed_config { opid_index: 2 OBSOLETE_local: false peers { permanent_uuid: "59342bc9d20e493e97d6638fa3cdda29" member_type: VOTER last_known_addr { host: "127.16.27.1" port: 45621 } health_report { overall_health: HEALTHY } } peers { permanent_uuid: "45e0a0070d6842f7abd04608a965feb4" member_type: VOTER last_known_addr { host: "127.16.27.2" port: 35341 } attrs { replace: true } health_report { overall_health: HEALTHY } } peers { permanent_uuid: "0ee0bbe0f796476e96f490f2e5a45faa" member_type: VOTER last_known_addr { host: "127.16.27.3" port: 36609 } health_report { overall_health: HEALTHY } } peers { permanent_uuid: "e993836445d540b8b6772800eccf69d3" member_type: NON_VOTER last_known_addr { host: "127.16.27.4" port: 40815 } attrs { promote: true } health_report { overall_health: UNKNOWN } } }
I20260710 13:20:38.330580 18360 ts_tablet_manager.cc:933] T acd879c3b0204930b59f3d04f7be3324 P e993836445d540b8b6772800eccf69d3: Initiating tablet copy from peer 45e0a0070d6842f7abd04608a965feb4 (127.16.27.2:35341)
I20260710 13:20:38.332640 18360 tablet_copy_client.cc:323] T acd879c3b0204930b59f3d04f7be3324 P e993836445d540b8b6772800eccf69d3: tablet copy: Beginning tablet copy session from remote peer at address 127.16.27.2:35341
I20260710 13:20:38.334717 17709 tablet_copy_service.cc:140] P 45e0a0070d6842f7abd04608a965feb4: Received BeginTabletCopySession request for tablet acd879c3b0204930b59f3d04f7be3324 from peer e993836445d540b8b6772800eccf69d3 ({username='slave'} at 127.0.0.1:44952)
I20260710 13:20:38.335345 17709 tablet_copy_service.cc:161] P 45e0a0070d6842f7abd04608a965feb4: Beginning new tablet copy session on tablet acd879c3b0204930b59f3d04f7be3324 from peer e993836445d540b8b6772800eccf69d3 at {username='slave'} at 127.0.0.1:44952: session id = e993836445d540b8b6772800eccf69d3-acd879c3b0204930b59f3d04f7be3324
I20260710 13:20:38.343359 17709 tablet_copy_source_session.cc:215] T acd879c3b0204930b59f3d04f7be3324 P 45e0a0070d6842f7abd04608a965feb4: Tablet Copy: opened 0 blocks and 1 log segments
I20260710 13:20:38.346249 18360 data_dirs.cc:400] Could only allocate 1 dirs of requested 3 for tablet acd879c3b0204930b59f3d04f7be3324. 1 dirs total, 0 dirs full, 0 dirs failed
I20260710 13:20:38.358422 18360 tablet_copy_client.cc:806] T acd879c3b0204930b59f3d04f7be3324 P e993836445d540b8b6772800eccf69d3: tablet copy: Starting download of 0 data blocks...
I20260710 13:20:38.359068 18360 tablet_copy_client.cc:670] T acd879c3b0204930b59f3d04f7be3324 P e993836445d540b8b6772800eccf69d3: tablet copy: Starting download of 1 WAL segments...
I20260710 13:20:38.362824 18360 tablet_copy_client.cc:538] T acd879c3b0204930b59f3d04f7be3324 P e993836445d540b8b6772800eccf69d3: tablet copy: Tablet Copy complete. Replacing tablet superblock.
I20260710 13:20:38.368988 18360 tablet_bootstrap.cc:492] T acd879c3b0204930b59f3d04f7be3324 P e993836445d540b8b6772800eccf69d3: Bootstrap starting.
I20260710 13:20:38.386837 18360 tablet_bootstrap.cc:492] T acd879c3b0204930b59f3d04f7be3324 P e993836445d540b8b6772800eccf69d3: Bootstrap replayed 1/1 log segments. Stats: ops{read=2 overwritten=0 applied=2 ignored=0} inserts{seen=0 ignored=0} mutations{seen=0 ignored=0} orphaned_commits=0. Pending: 0 replicates
I20260710 13:20:38.387717 18360 tablet_bootstrap.cc:492] T acd879c3b0204930b59f3d04f7be3324 P e993836445d540b8b6772800eccf69d3: Bootstrap complete.
I20260710 13:20:38.388398 18360 ts_tablet_manager.cc:1403] T acd879c3b0204930b59f3d04f7be3324 P e993836445d540b8b6772800eccf69d3: Time spent bootstrapping tablet: real 0.020s	user 0.008s	sys 0.012s
I20260710 13:20:38.391502 18360 raft_consensus.cc:359] T acd879c3b0204930b59f3d04f7be3324 P e993836445d540b8b6772800eccf69d3 [term 1 LEARNER]: Replica starting. Triggering 0 pending ops. Active config: opid_index: 2 OBSOLETE_local: false peers { permanent_uuid: "59342bc9d20e493e97d6638fa3cdda29" member_type: VOTER last_known_addr { host: "127.16.27.1" port: 45621 } } peers { permanent_uuid: "45e0a0070d6842f7abd04608a965feb4" member_type: VOTER last_known_addr { host: "127.16.27.2" port: 35341 } } peers { permanent_uuid: "0ee0bbe0f796476e96f490f2e5a45faa" member_type: VOTER last_known_addr { host: "127.16.27.3" port: 36609 } attrs { replace: true } } peers { permanent_uuid: "e993836445d540b8b6772800eccf69d3" member_type: NON_VOTER last_known_addr { host: "127.16.27.4" port: 40815 } attrs { promote: true } }
I20260710 13:20:38.392342 18360 raft_consensus.cc:740] T acd879c3b0204930b59f3d04f7be3324 P e993836445d540b8b6772800eccf69d3 [term 1 LEARNER]: Becoming Follower/Learner. State: Replica: e993836445d540b8b6772800eccf69d3, State: Initialized, Role: LEARNER
I20260710 13:20:38.392992 18360 consensus_queue.cc:260] T acd879c3b0204930b59f3d04f7be3324 P e993836445d540b8b6772800eccf69d3 [NON_LEADER]: Queue going to NON_LEADER mode. State: All replicated index: 0, Majority replicated index: 0, Committed index: 2, Last appended: 1.2, Last appended by leader: 2, Current term: 0, Majority size: -1, State: 0, Mode: NON_LEADER, active raft config: opid_index: 2 OBSOLETE_local: false peers { permanent_uuid: "59342bc9d20e493e97d6638fa3cdda29" member_type: VOTER last_known_addr { host: "127.16.27.1" port: 45621 } } peers { permanent_uuid: "45e0a0070d6842f7abd04608a965feb4" member_type: VOTER last_known_addr { host: "127.16.27.2" port: 35341 } } peers { permanent_uuid: "0ee0bbe0f796476e96f490f2e5a45faa" member_type: VOTER last_known_addr { host: "127.16.27.3" port: 36609 } attrs { replace: true } } peers { permanent_uuid: "e993836445d540b8b6772800eccf69d3" member_type: NON_VOTER last_known_addr { host: "127.16.27.4" port: 40815 } attrs { promote: true } }
I20260710 13:20:38.397091 18360 ts_tablet_manager.cc:1434] T acd879c3b0204930b59f3d04f7be3324 P e993836445d540b8b6772800eccf69d3: Time spent starting tablet: real 0.008s	user 0.006s	sys 0.002s
I20260710 13:20:38.398300 18364 ts_tablet_manager.cc:933] T b70f6d2ac9384adbafdfd065c5f72586 P e993836445d540b8b6772800eccf69d3: Initiating tablet copy from peer 0ee0bbe0f796476e96f490f2e5a45faa (127.16.27.3:36609)
I20260710 13:20:38.399166 17709 tablet_copy_service.cc:342] P 45e0a0070d6842f7abd04608a965feb4: Request end of tablet copy session e993836445d540b8b6772800eccf69d3-acd879c3b0204930b59f3d04f7be3324 received from {username='slave'} at 127.0.0.1:44952
I20260710 13:20:38.399652 17709 tablet_copy_service.cc:434] P 45e0a0070d6842f7abd04608a965feb4: ending tablet copy session e993836445d540b8b6772800eccf69d3-acd879c3b0204930b59f3d04f7be3324 on tablet acd879c3b0204930b59f3d04f7be3324 with peer e993836445d540b8b6772800eccf69d3
I20260710 13:20:38.402772 18364 tablet_copy_client.cc:323] T b70f6d2ac9384adbafdfd065c5f72586 P e993836445d540b8b6772800eccf69d3: tablet copy: Beginning tablet copy session from remote peer at address 127.16.27.3:36609
I20260710 13:20:38.404667 17782 tablet_copy_service.cc:140] P 0ee0bbe0f796476e96f490f2e5a45faa: Received BeginTabletCopySession request for tablet b70f6d2ac9384adbafdfd065c5f72586 from peer e993836445d540b8b6772800eccf69d3 ({username='slave'} at 127.0.0.1:55464)
I20260710 13:20:38.405112 17782 tablet_copy_service.cc:161] P 0ee0bbe0f796476e96f490f2e5a45faa: Beginning new tablet copy session on tablet b70f6d2ac9384adbafdfd065c5f72586 from peer e993836445d540b8b6772800eccf69d3 at {username='slave'} at 127.0.0.1:55464: session id = e993836445d540b8b6772800eccf69d3-b70f6d2ac9384adbafdfd065c5f72586
I20260710 13:20:38.411178 17782 tablet_copy_source_session.cc:215] T b70f6d2ac9384adbafdfd065c5f72586 P 0ee0bbe0f796476e96f490f2e5a45faa: Tablet Copy: opened 0 blocks and 1 log segments
I20260710 13:20:38.414201 18364 data_dirs.cc:400] Could only allocate 1 dirs of requested 3 for tablet b70f6d2ac9384adbafdfd065c5f72586. 1 dirs total, 0 dirs full, 0 dirs failed
I20260710 13:20:38.430313 18364 tablet_copy_client.cc:806] T b70f6d2ac9384adbafdfd065c5f72586 P e993836445d540b8b6772800eccf69d3: tablet copy: Starting download of 0 data blocks...
I20260710 13:20:38.430962 18364 tablet_copy_client.cc:670] T b70f6d2ac9384adbafdfd065c5f72586 P e993836445d540b8b6772800eccf69d3: tablet copy: Starting download of 1 WAL segments...
I20260710 13:20:38.434439 18364 tablet_copy_client.cc:538] T b70f6d2ac9384adbafdfd065c5f72586 P e993836445d540b8b6772800eccf69d3: tablet copy: Tablet Copy complete. Replacing tablet superblock.
I20260710 13:20:38.443176 18364 tablet_bootstrap.cc:492] T b70f6d2ac9384adbafdfd065c5f72586 P e993836445d540b8b6772800eccf69d3: Bootstrap starting.
I20260710 13:20:38.462235 18364 tablet_bootstrap.cc:492] T b70f6d2ac9384adbafdfd065c5f72586 P e993836445d540b8b6772800eccf69d3: Bootstrap replayed 1/1 log segments. Stats: ops{read=2 overwritten=0 applied=2 ignored=0} inserts{seen=0 ignored=0} mutations{seen=0 ignored=0} orphaned_commits=0. Pending: 0 replicates
I20260710 13:20:38.462947 18364 tablet_bootstrap.cc:492] T b70f6d2ac9384adbafdfd065c5f72586 P e993836445d540b8b6772800eccf69d3: Bootstrap complete.
I20260710 13:20:38.463481 18364 ts_tablet_manager.cc:1403] T b70f6d2ac9384adbafdfd065c5f72586 P e993836445d540b8b6772800eccf69d3: Time spent bootstrapping tablet: real 0.021s	user 0.018s	sys 0.000s
I20260710 13:20:38.465704 18364 raft_consensus.cc:359] T b70f6d2ac9384adbafdfd065c5f72586 P e993836445d540b8b6772800eccf69d3 [term 1 LEARNER]: Replica starting. Triggering 0 pending ops. Active config: opid_index: 2 OBSOLETE_local: false peers { permanent_uuid: "59342bc9d20e493e97d6638fa3cdda29" member_type: VOTER last_known_addr { host: "127.16.27.1" port: 45621 } } peers { permanent_uuid: "45e0a0070d6842f7abd04608a965feb4" member_type: VOTER last_known_addr { host: "127.16.27.2" port: 35341 } attrs { replace: true } } peers { permanent_uuid: "0ee0bbe0f796476e96f490f2e5a45faa" member_type: VOTER last_known_addr { host: "127.16.27.3" port: 36609 } } peers { permanent_uuid: "e993836445d540b8b6772800eccf69d3" member_type: NON_VOTER last_known_addr { host: "127.16.27.4" port: 40815 } attrs { promote: true } }
I20260710 13:20:38.466305 18364 raft_consensus.cc:740] T b70f6d2ac9384adbafdfd065c5f72586 P e993836445d540b8b6772800eccf69d3 [term 1 LEARNER]: Becoming Follower/Learner. State: Replica: e993836445d540b8b6772800eccf69d3, State: Initialized, Role: LEARNER
I20260710 13:20:38.466801 18364 consensus_queue.cc:260] T b70f6d2ac9384adbafdfd065c5f72586 P e993836445d540b8b6772800eccf69d3 [NON_LEADER]: Queue going to NON_LEADER mode. State: All replicated index: 0, Majority replicated index: 0, Committed index: 2, Last appended: 1.2, Last appended by leader: 2, Current term: 0, Majority size: -1, State: 0, Mode: NON_LEADER, active raft config: opid_index: 2 OBSOLETE_local: false peers { permanent_uuid: "59342bc9d20e493e97d6638fa3cdda29" member_type: VOTER last_known_addr { host: "127.16.27.1" port: 45621 } } peers { permanent_uuid: "45e0a0070d6842f7abd04608a965feb4" member_type: VOTER last_known_addr { host: "127.16.27.2" port: 35341 } attrs { replace: true } } peers { permanent_uuid: "0ee0bbe0f796476e96f490f2e5a45faa" member_type: VOTER last_known_addr { host: "127.16.27.3" port: 36609 } } peers { permanent_uuid: "e993836445d540b8b6772800eccf69d3" member_type: NON_VOTER last_known_addr { host: "127.16.27.4" port: 40815 } attrs { promote: true } }
I20260710 13:20:38.468863 18364 ts_tablet_manager.cc:1434] T b70f6d2ac9384adbafdfd065c5f72586 P e993836445d540b8b6772800eccf69d3: Time spent starting tablet: real 0.005s	user 0.005s	sys 0.003s
I20260710 13:20:38.470646 17782 tablet_copy_service.cc:342] P 0ee0bbe0f796476e96f490f2e5a45faa: Request end of tablet copy session e993836445d540b8b6772800eccf69d3-b70f6d2ac9384adbafdfd065c5f72586 received from {username='slave'} at 127.0.0.1:55464
I20260710 13:20:38.471081 17782 tablet_copy_service.cc:434] P 0ee0bbe0f796476e96f490f2e5a45faa: ending tablet copy session e993836445d540b8b6772800eccf69d3-b70f6d2ac9384adbafdfd065c5f72586 on tablet b70f6d2ac9384adbafdfd065c5f72586 with peer e993836445d540b8b6772800eccf69d3
I20260710 13:20:38.820633 18035 raft_consensus.cc:1217] T b70f6d2ac9384adbafdfd065c5f72586 P e993836445d540b8b6772800eccf69d3 [term 1 LEARNER]: Deduplicated request from leader. Original: 1.1->[1.2-1.2]   Dedup: 1.2->[]
I20260710 13:20:38.914535 18035 raft_consensus.cc:1217] T acd879c3b0204930b59f3d04f7be3324 P e993836445d540b8b6772800eccf69d3 [term 1 LEARNER]: Deduplicated request from leader. Original: 1.1->[1.2-1.2]   Dedup: 1.2->[]
I20260710 13:20:39.296990 18336 raft_consensus.cc:1064] T acd879c3b0204930b59f3d04f7be3324 P 45e0a0070d6842f7abd04608a965feb4: attempting to promote NON_VOTER e993836445d540b8b6772800eccf69d3 to VOTER
I20260710 13:20:39.299440 18336 consensus_queue.cc:237] T acd879c3b0204930b59f3d04f7be3324 P 45e0a0070d6842f7abd04608a965feb4 [LEADER]: Queue going to LEADER mode. State: All replicated index: 0, Majority replicated index: 2, Committed index: 2, Last appended: 1.2, Last appended by leader: 0, Current term: 1, Majority size: 3, State: 0, Mode: LEADER, active raft config: opid_index: 3 OBSOLETE_local: false peers { permanent_uuid: "59342bc9d20e493e97d6638fa3cdda29" member_type: VOTER last_known_addr { host: "127.16.27.1" port: 45621 } } peers { permanent_uuid: "45e0a0070d6842f7abd04608a965feb4" member_type: VOTER last_known_addr { host: "127.16.27.2" port: 35341 } } peers { permanent_uuid: "0ee0bbe0f796476e96f490f2e5a45faa" member_type: VOTER last_known_addr { host: "127.16.27.3" port: 36609 } attrs { replace: true } } peers { permanent_uuid: "e993836445d540b8b6772800eccf69d3" member_type: VOTER last_known_addr { host: "127.16.27.4" port: 40815 } attrs { promote: false } }
I20260710 13:20:39.305785 18035 raft_consensus.cc:1275] T acd879c3b0204930b59f3d04f7be3324 P e993836445d540b8b6772800eccf69d3 [term 1 LEARNER]: Refusing update from remote peer 45e0a0070d6842f7abd04608a965feb4: Log matching property violated. Preceding OpId in replica: term: 1 index: 2. Preceding OpId from leader: term: 1 index: 3. (index mismatch)
I20260710 13:20:39.307319 17621 raft_consensus.cc:1275] T acd879c3b0204930b59f3d04f7be3324 P 59342bc9d20e493e97d6638fa3cdda29 [term 1 FOLLOWER]: Refusing update from remote peer 45e0a0070d6842f7abd04608a965feb4: Log matching property violated. Preceding OpId in replica: term: 1 index: 2. Preceding OpId from leader: term: 1 index: 3. (index mismatch)
I20260710 13:20:39.307528 17773 raft_consensus.cc:1275] T acd879c3b0204930b59f3d04f7be3324 P 0ee0bbe0f796476e96f490f2e5a45faa [term 1 FOLLOWER]: Refusing update from remote peer 45e0a0070d6842f7abd04608a965feb4: Log matching property violated. Preceding OpId in replica: term: 1 index: 2. Preceding OpId from leader: term: 1 index: 3. (index mismatch)
I20260710 13:20:39.307864 18370 consensus_queue.cc:1048] T acd879c3b0204930b59f3d04f7be3324 P 45e0a0070d6842f7abd04608a965feb4 [LEADER]: Connected to new peer: Peer: permanent_uuid: "e993836445d540b8b6772800eccf69d3" member_type: VOTER last_known_addr { host: "127.16.27.4" port: 40815 } attrs { promote: false }, Status: LMP_MISMATCH, Last received: 0.0, Next index: 3, Last known committed idx: 2, Time since last communication: 0.000s
I20260710 13:20:39.308696 18372 consensus_queue.cc:1048] T acd879c3b0204930b59f3d04f7be3324 P 45e0a0070d6842f7abd04608a965feb4 [LEADER]: Connected to new peer: Peer: permanent_uuid: "59342bc9d20e493e97d6638fa3cdda29" member_type: VOTER last_known_addr { host: "127.16.27.1" port: 45621 }, Status: LMP_MISMATCH, Last received: 0.0, Next index: 3, Last known committed idx: 2, Time since last communication: 0.000s
I20260710 13:20:39.309672 18336 consensus_queue.cc:1048] T acd879c3b0204930b59f3d04f7be3324 P 45e0a0070d6842f7abd04608a965feb4 [LEADER]: Connected to new peer: Peer: permanent_uuid: "0ee0bbe0f796476e96f490f2e5a45faa" member_type: VOTER last_known_addr { host: "127.16.27.3" port: 36609 } attrs { replace: true }, Status: LMP_MISMATCH, Last received: 0.0, Next index: 3, Last known committed idx: 2, Time since last communication: 0.000s
I20260710 13:20:39.327471 18372 raft_consensus.cc:2955] T acd879c3b0204930b59f3d04f7be3324 P 45e0a0070d6842f7abd04608a965feb4 [term 1 LEADER]: Committing config change with OpId 1.3: config changed from index 2 to 3, e993836445d540b8b6772800eccf69d3 (127.16.27.4) changed from NON_VOTER to VOTER. New config: { opid_index: 3 OBSOLETE_local: false peers { permanent_uuid: "59342bc9d20e493e97d6638fa3cdda29" member_type: VOTER last_known_addr { host: "127.16.27.1" port: 45621 } } peers { permanent_uuid: "45e0a0070d6842f7abd04608a965feb4" member_type: VOTER last_known_addr { host: "127.16.27.2" port: 35341 } } peers { permanent_uuid: "0ee0bbe0f796476e96f490f2e5a45faa" member_type: VOTER last_known_addr { host: "127.16.27.3" port: 36609 } attrs { replace: true } } peers { permanent_uuid: "e993836445d540b8b6772800eccf69d3" member_type: VOTER last_known_addr { host: "127.16.27.4" port: 40815 } attrs { promote: false } } }
I20260710 13:20:39.330293 17621 raft_consensus.cc:2955] T acd879c3b0204930b59f3d04f7be3324 P 59342bc9d20e493e97d6638fa3cdda29 [term 1 FOLLOWER]: Committing config change with OpId 1.3: config changed from index 2 to 3, e993836445d540b8b6772800eccf69d3 (127.16.27.4) changed from NON_VOTER to VOTER. New config: { opid_index: 3 OBSOLETE_local: false peers { permanent_uuid: "59342bc9d20e493e97d6638fa3cdda29" member_type: VOTER last_known_addr { host: "127.16.27.1" port: 45621 } } peers { permanent_uuid: "45e0a0070d6842f7abd04608a965feb4" member_type: VOTER last_known_addr { host: "127.16.27.2" port: 35341 } } peers { permanent_uuid: "0ee0bbe0f796476e96f490f2e5a45faa" member_type: VOTER last_known_addr { host: "127.16.27.3" port: 36609 } attrs { replace: true } } peers { permanent_uuid: "e993836445d540b8b6772800eccf69d3" member_type: VOTER last_known_addr { host: "127.16.27.4" port: 40815 } attrs { promote: false } } }
I20260710 13:20:39.335707 17773 raft_consensus.cc:2955] T acd879c3b0204930b59f3d04f7be3324 P 0ee0bbe0f796476e96f490f2e5a45faa [term 1 FOLLOWER]: Committing config change with OpId 1.3: config changed from index 2 to 3, e993836445d540b8b6772800eccf69d3 (127.16.27.4) changed from NON_VOTER to VOTER. New config: { opid_index: 3 OBSOLETE_local: false peers { permanent_uuid: "59342bc9d20e493e97d6638fa3cdda29" member_type: VOTER last_known_addr { host: "127.16.27.1" port: 45621 } } peers { permanent_uuid: "45e0a0070d6842f7abd04608a965feb4" member_type: VOTER last_known_addr { host: "127.16.27.2" port: 35341 } } peers { permanent_uuid: "0ee0bbe0f796476e96f490f2e5a45faa" member_type: VOTER last_known_addr { host: "127.16.27.3" port: 36609 } attrs { replace: true } } peers { permanent_uuid: "e993836445d540b8b6772800eccf69d3" member_type: VOTER last_known_addr { host: "127.16.27.4" port: 40815 } attrs { promote: false } } }
I20260710 13:20:39.340088 18035 raft_consensus.cc:2955] T acd879c3b0204930b59f3d04f7be3324 P e993836445d540b8b6772800eccf69d3 [term 1 FOLLOWER]: Committing config change with OpId 1.3: config changed from index 2 to 3, e993836445d540b8b6772800eccf69d3 (127.16.27.4) changed from NON_VOTER to VOTER. New config: { opid_index: 3 OBSOLETE_local: false peers { permanent_uuid: "59342bc9d20e493e97d6638fa3cdda29" member_type: VOTER last_known_addr { host: "127.16.27.1" port: 45621 } } peers { permanent_uuid: "45e0a0070d6842f7abd04608a965feb4" member_type: VOTER last_known_addr { host: "127.16.27.2" port: 35341 } } peers { permanent_uuid: "0ee0bbe0f796476e96f490f2e5a45faa" member_type: VOTER last_known_addr { host: "127.16.27.3" port: 36609 } attrs { replace: true } } peers { permanent_uuid: "e993836445d540b8b6772800eccf69d3" member_type: VOTER last_known_addr { host: "127.16.27.4" port: 40815 } attrs { promote: false } } }
