I20260710 13:15:19.149588  1468 catalog_manager.cc:5697] T cbc8850abb084241b73e5fd7ec4a8716 P 83d81c5dc3eb4b23a500784fe0d6baa5 reported cstate change: config changed from index -1 to 2, NON_VOTER 8236b1bc695f4cd7afa0470968aa75ac (127.0.107.196) added. New cstate: current_term: 1 leader_uuid: "83d81c5dc3eb4b23a500784fe0d6baa5" committed_config { opid_index: 2 OBSOLETE_local: false peers { permanent_uuid: "68a8a0ca91304d92af3094c3f5df78b6" member_type: VOTER last_known_addr { host: "127.0.107.193" port: 41627 } attrs { replace: true } health_report { overall_health: HEALTHY } } peers { permanent_uuid: "e195745590f0466f9e2a1cf8988d8b0a" member_type: VOTER last_known_addr { host: "127.0.107.194" port: 46719 } health_report { overall_health: HEALTHY } } peers { permanent_uuid: "83d81c5dc3eb4b23a500784fe0d6baa5" member_type: VOTER last_known_addr { host: "127.0.107.195" port: 39221 } health_report { overall_health: HEALTHY } } peers { permanent_uuid: "8236b1bc695f4cd7afa0470968aa75ac" member_type: NON_VOTER last_known_addr { host: "127.0.107.196" port: 40791 } attrs { promote: true } health_report { overall_health: UNKNOWN } } }
I20260710 13:15:19.152433  1567 consensus_queue.cc:237] T f1631f88f1fc4de48fbc7ebcb844c9a9 P 68a8a0ca91304d92af3094c3f5df78b6 [LEADER]: Queue going to LEADER mode. State: All replicated index: 0, Majority replicated index: 1, Committed index: 1, Last appended: 1.1, Last appended by leader: 0, Current term: 1, Majority size: 2, State: 0, Mode: LEADER, active raft config: opid_index: 2 OBSOLETE_local: false peers { permanent_uuid: "68a8a0ca91304d92af3094c3f5df78b6" member_type: VOTER last_known_addr { host: "127.0.107.193" port: 41627 } } peers { permanent_uuid: "e195745590f0466f9e2a1cf8988d8b0a" member_type: VOTER last_known_addr { host: "127.0.107.194" port: 46719 } } peers { permanent_uuid: "83d81c5dc3eb4b23a500784fe0d6baa5" member_type: VOTER last_known_addr { host: "127.0.107.195" port: 39221 } attrs { replace: true } } peers { permanent_uuid: "8236b1bc695f4cd7afa0470968aa75ac" member_type: NON_VOTER last_known_addr { host: "127.0.107.196" port: 40791 } attrs { promote: true } }
I20260710 13:15:19.160815  1719 raft_consensus.cc:1275] T f1631f88f1fc4de48fbc7ebcb844c9a9 P 83d81c5dc3eb4b23a500784fe0d6baa5 [term 1 FOLLOWER]: Refusing update from remote peer 68a8a0ca91304d92af3094c3f5df78b6: Log matching property violated. Preceding OpId in replica: term: 1 index: 1. Preceding OpId from leader: term: 1 index: 2. (index mismatch)
W20260710 13:15:19.161643  1535 consensus_peers.cc:597] T f1631f88f1fc4de48fbc7ebcb844c9a9 P 68a8a0ca91304d92af3094c3f5df78b6 -> Peer 8236b1bc695f4cd7afa0470968aa75ac (127.0.107.196:40791): Couldn't send request to peer 8236b1bc695f4cd7afa0470968aa75ac. Error code: TABLET_NOT_FOUND (6). Status: Not found: Tablet not found: f1631f88f1fc4de48fbc7ebcb844c9a9. This is attempt 1: this message will repeat every 5th retry.
I20260710 13:15:19.162104  1643 raft_consensus.cc:1275] T f1631f88f1fc4de48fbc7ebcb844c9a9 P e195745590f0466f9e2a1cf8988d8b0a [term 1 FOLLOWER]: Refusing update from remote peer 68a8a0ca91304d92af3094c3f5df78b6: Log matching property violated. Preceding OpId in replica: term: 1 index: 1. Preceding OpId from leader: term: 1 index: 2. (index mismatch)
I20260710 13:15:19.162441  2187 consensus_queue.cc:1048] T f1631f88f1fc4de48fbc7ebcb844c9a9 P 68a8a0ca91304d92af3094c3f5df78b6 [LEADER]: Connected to new peer: Peer: permanent_uuid: "83d81c5dc3eb4b23a500784fe0d6baa5" member_type: VOTER last_known_addr { host: "127.0.107.195" port: 39221 } attrs { replace: true }, Status: LMP_MISMATCH, Last received: 0.0, Next index: 2, Last known committed idx: 1, Time since last communication: 0.000s
I20260710 13:15:19.163380  2191 consensus_queue.cc:1048] T f1631f88f1fc4de48fbc7ebcb844c9a9 P 68a8a0ca91304d92af3094c3f5df78b6 [LEADER]: Connected to new peer: Peer: permanent_uuid: "e195745590f0466f9e2a1cf8988d8b0a" member_type: VOTER last_known_addr { host: "127.0.107.194" port: 46719 }, Status: LMP_MISMATCH, Last received: 0.0, Next index: 2, Last known committed idx: 1, Time since last communication: 0.000s
I20260710 13:15:19.172482  2187 raft_consensus.cc:2955] T f1631f88f1fc4de48fbc7ebcb844c9a9 P 68a8a0ca91304d92af3094c3f5df78b6 [term 1 LEADER]: Committing config change with OpId 1.2: config changed from index -1 to 2, NON_VOTER 8236b1bc695f4cd7afa0470968aa75ac (127.0.107.196) added. New config: { opid_index: 2 OBSOLETE_local: false peers { permanent_uuid: "68a8a0ca91304d92af3094c3f5df78b6" member_type: VOTER last_known_addr { host: "127.0.107.193" port: 41627 } } peers { permanent_uuid: "e195745590f0466f9e2a1cf8988d8b0a" member_type: VOTER last_known_addr { host: "127.0.107.194" port: 46719 } } peers { permanent_uuid: "83d81c5dc3eb4b23a500784fe0d6baa5" member_type: VOTER last_known_addr { host: "127.0.107.195" port: 39221 } attrs { replace: true } } peers { permanent_uuid: "8236b1bc695f4cd7afa0470968aa75ac" member_type: NON_VOTER last_known_addr { host: "127.0.107.196" port: 40791 } attrs { promote: true } } }
I20260710 13:15:19.174193  1643 raft_consensus.cc:2955] T f1631f88f1fc4de48fbc7ebcb844c9a9 P e195745590f0466f9e2a1cf8988d8b0a [term 1 FOLLOWER]: Committing config change with OpId 1.2: config changed from index -1 to 2, NON_VOTER 8236b1bc695f4cd7afa0470968aa75ac (127.0.107.196) added. New config: { opid_index: 2 OBSOLETE_local: false peers { permanent_uuid: "68a8a0ca91304d92af3094c3f5df78b6" member_type: VOTER last_known_addr { host: "127.0.107.193" port: 41627 } } peers { permanent_uuid: "e195745590f0466f9e2a1cf8988d8b0a" member_type: VOTER last_known_addr { host: "127.0.107.194" port: 46719 } } peers { permanent_uuid: "83d81c5dc3eb4b23a500784fe0d6baa5" member_type: VOTER last_known_addr { host: "127.0.107.195" port: 39221 } attrs { replace: true } } peers { permanent_uuid: "8236b1bc695f4cd7afa0470968aa75ac" member_type: NON_VOTER last_known_addr { host: "127.0.107.196" port: 40791 } attrs { promote: true } } }
I20260710 13:15:19.177275  1719 raft_consensus.cc:2955] T f1631f88f1fc4de48fbc7ebcb844c9a9 P 83d81c5dc3eb4b23a500784fe0d6baa5 [term 1 FOLLOWER]: Committing config change with OpId 1.2: config changed from index -1 to 2, NON_VOTER 8236b1bc695f4cd7afa0470968aa75ac (127.0.107.196) added. New config: { opid_index: 2 OBSOLETE_local: false peers { permanent_uuid: "68a8a0ca91304d92af3094c3f5df78b6" member_type: VOTER last_known_addr { host: "127.0.107.193" port: 41627 } } peers { permanent_uuid: "e195745590f0466f9e2a1cf8988d8b0a" member_type: VOTER last_known_addr { host: "127.0.107.194" port: 46719 } } peers { permanent_uuid: "83d81c5dc3eb4b23a500784fe0d6baa5" member_type: VOTER last_known_addr { host: "127.0.107.195" port: 39221 } attrs { replace: true } } peers { permanent_uuid: "8236b1bc695f4cd7afa0470968aa75ac" member_type: NON_VOTER last_known_addr { host: "127.0.107.196" port: 40791 } attrs { promote: true } } }
I20260710 13:15:19.189347  1468 catalog_manager.cc:5697] T f1631f88f1fc4de48fbc7ebcb844c9a9 P e195745590f0466f9e2a1cf8988d8b0a reported cstate change: config changed from index -1 to 2, NON_VOTER 8236b1bc695f4cd7afa0470968aa75ac (127.0.107.196) added. New cstate: current_term: 1 leader_uuid: "68a8a0ca91304d92af3094c3f5df78b6" committed_config { opid_index: 2 OBSOLETE_local: false peers { permanent_uuid: "68a8a0ca91304d92af3094c3f5df78b6" member_type: VOTER last_known_addr { host: "127.0.107.193" port: 41627 } } peers { permanent_uuid: "e195745590f0466f9e2a1cf8988d8b0a" member_type: VOTER last_known_addr { host: "127.0.107.194" port: 46719 } } peers { permanent_uuid: "83d81c5dc3eb4b23a500784fe0d6baa5" member_type: VOTER last_known_addr { host: "127.0.107.195" port: 39221 } attrs { replace: true } } peers { permanent_uuid: "8236b1bc695f4cd7afa0470968aa75ac" member_type: NON_VOTER last_known_addr { host: "127.0.107.196" port: 40791 } attrs { promote: true } } }
I20260710 13:15:19.190568  1719 consensus_queue.cc:237] T 1f15d418e4d04884bad3c8bb0fcf173b P 83d81c5dc3eb4b23a500784fe0d6baa5 [LEADER]: Queue going to LEADER mode. State: All replicated index: 0, Majority replicated index: 1, Committed index: 1, Last appended: 1.1, Last appended by leader: 0, Current term: 1, Majority size: 2, State: 0, Mode: LEADER, active raft config: opid_index: 2 OBSOLETE_local: false peers { permanent_uuid: "68a8a0ca91304d92af3094c3f5df78b6" member_type: VOTER last_known_addr { host: "127.0.107.193" port: 41627 } } peers { permanent_uuid: "e195745590f0466f9e2a1cf8988d8b0a" member_type: VOTER last_known_addr { host: "127.0.107.194" port: 46719 } attrs { replace: true } } peers { permanent_uuid: "83d81c5dc3eb4b23a500784fe0d6baa5" member_type: VOTER last_known_addr { host: "127.0.107.195" port: 39221 } } peers { permanent_uuid: "8236b1bc695f4cd7afa0470968aa75ac" member_type: NON_VOTER last_known_addr { host: "127.0.107.196" port: 40791 } attrs { promote: true } }
I20260710 13:15:19.198503  1567 raft_consensus.cc:1275] T 1f15d418e4d04884bad3c8bb0fcf173b P 68a8a0ca91304d92af3094c3f5df78b6 [term 1 FOLLOWER]: Refusing update from remote peer 83d81c5dc3eb4b23a500784fe0d6baa5: Log matching property violated. Preceding OpId in replica: term: 1 index: 1. Preceding OpId from leader: term: 1 index: 2. (index mismatch)
W20260710 13:15:19.198958  1684 consensus_peers.cc:597] T 1f15d418e4d04884bad3c8bb0fcf173b P 83d81c5dc3eb4b23a500784fe0d6baa5 -> Peer 8236b1bc695f4cd7afa0470968aa75ac (127.0.107.196:40791): Couldn't send request to peer 8236b1bc695f4cd7afa0470968aa75ac. Error code: TABLET_NOT_FOUND (6). Status: Not found: Tablet not found: 1f15d418e4d04884bad3c8bb0fcf173b. This is attempt 1: this message will repeat every 5th retry.
I20260710 13:15:19.200003  2115 consensus_queue.cc:1048] T 1f15d418e4d04884bad3c8bb0fcf173b P 83d81c5dc3eb4b23a500784fe0d6baa5 [LEADER]: Connected to new peer: Peer: permanent_uuid: "68a8a0ca91304d92af3094c3f5df78b6" member_type: VOTER last_known_addr { host: "127.0.107.193" port: 41627 }, Status: LMP_MISMATCH, Last received: 0.0, Next index: 2, Last known committed idx: 1, Time since last communication: 0.000s
I20260710 13:15:19.209307  1643 raft_consensus.cc:1275] T 1f15d418e4d04884bad3c8bb0fcf173b P e195745590f0466f9e2a1cf8988d8b0a [term 1 FOLLOWER]: Refusing update from remote peer 83d81c5dc3eb4b23a500784fe0d6baa5: Log matching property violated. Preceding OpId in replica: term: 1 index: 1. Preceding OpId from leader: term: 1 index: 2. (index mismatch)
I20260710 13:15:19.210835  2195 consensus_queue.cc:1048] T 1f15d418e4d04884bad3c8bb0fcf173b P 83d81c5dc3eb4b23a500784fe0d6baa5 [LEADER]: Connected to new peer: Peer: permanent_uuid: "e195745590f0466f9e2a1cf8988d8b0a" member_type: VOTER last_known_addr { host: "127.0.107.194" port: 46719 } attrs { replace: true }, Status: LMP_MISMATCH, Last received: 0.0, Next index: 2, Last known committed idx: 1, Time since last communication: 0.000s
I20260710 13:15:19.220927  2203 raft_consensus.cc:2955] T 1f15d418e4d04884bad3c8bb0fcf173b P 83d81c5dc3eb4b23a500784fe0d6baa5 [term 1 LEADER]: Committing config change with OpId 1.2: config changed from index -1 to 2, NON_VOTER 8236b1bc695f4cd7afa0470968aa75ac (127.0.107.196) added. New config: { opid_index: 2 OBSOLETE_local: false peers { permanent_uuid: "68a8a0ca91304d92af3094c3f5df78b6" member_type: VOTER last_known_addr { host: "127.0.107.193" port: 41627 } } peers { permanent_uuid: "e195745590f0466f9e2a1cf8988d8b0a" member_type: VOTER last_known_addr { host: "127.0.107.194" port: 46719 } attrs { replace: true } } peers { permanent_uuid: "83d81c5dc3eb4b23a500784fe0d6baa5" member_type: VOTER last_known_addr { host: "127.0.107.195" port: 39221 } } peers { permanent_uuid: "8236b1bc695f4cd7afa0470968aa75ac" member_type: NON_VOTER last_known_addr { host: "127.0.107.196" port: 40791 } attrs { promote: true } } }
I20260710 13:15:19.222715  1645 raft_consensus.cc:2955] T 1f15d418e4d04884bad3c8bb0fcf173b P e195745590f0466f9e2a1cf8988d8b0a [term 1 FOLLOWER]: Committing config change with OpId 1.2: config changed from index -1 to 2, NON_VOTER 8236b1bc695f4cd7afa0470968aa75ac (127.0.107.196) added. New config: { opid_index: 2 OBSOLETE_local: false peers { permanent_uuid: "68a8a0ca91304d92af3094c3f5df78b6" member_type: VOTER last_known_addr { host: "127.0.107.193" port: 41627 } } peers { permanent_uuid: "e195745590f0466f9e2a1cf8988d8b0a" member_type: VOTER last_known_addr { host: "127.0.107.194" port: 46719 } attrs { replace: true } } peers { permanent_uuid: "83d81c5dc3eb4b23a500784fe0d6baa5" member_type: VOTER last_known_addr { host: "127.0.107.195" port: 39221 } } peers { permanent_uuid: "8236b1bc695f4cd7afa0470968aa75ac" member_type: NON_VOTER last_known_addr { host: "127.0.107.196" port: 40791 } attrs { promote: true } } }
I20260710 13:15:19.222911  1567 raft_consensus.cc:2955] T 1f15d418e4d04884bad3c8bb0fcf173b P 68a8a0ca91304d92af3094c3f5df78b6 [term 1 FOLLOWER]: Committing config change with OpId 1.2: config changed from index -1 to 2, NON_VOTER 8236b1bc695f4cd7afa0470968aa75ac (127.0.107.196) added. New config: { opid_index: 2 OBSOLETE_local: false peers { permanent_uuid: "68a8a0ca91304d92af3094c3f5df78b6" member_type: VOTER last_known_addr { host: "127.0.107.193" port: 41627 } } peers { permanent_uuid: "e195745590f0466f9e2a1cf8988d8b0a" member_type: VOTER last_known_addr { host: "127.0.107.194" port: 46719 } attrs { replace: true } } peers { permanent_uuid: "83d81c5dc3eb4b23a500784fe0d6baa5" member_type: VOTER last_known_addr { host: "127.0.107.195" port: 39221 } } peers { permanent_uuid: "8236b1bc695f4cd7afa0470968aa75ac" member_type: NON_VOTER last_known_addr { host: "127.0.107.196" port: 40791 } attrs { promote: true } } }
I20260710 13:15:19.233888  1466 catalog_manager.cc:5697] T 1f15d418e4d04884bad3c8bb0fcf173b P 83d81c5dc3eb4b23a500784fe0d6baa5 reported cstate change: config changed from index -1 to 2, NON_VOTER 8236b1bc695f4cd7afa0470968aa75ac (127.0.107.196) added. New cstate: current_term: 1 leader_uuid: "83d81c5dc3eb4b23a500784fe0d6baa5" committed_config { opid_index: 2 OBSOLETE_local: false peers { permanent_uuid: "68a8a0ca91304d92af3094c3f5df78b6" member_type: VOTER last_known_addr { host: "127.0.107.193" port: 41627 } health_report { overall_health: HEALTHY } } peers { permanent_uuid: "e195745590f0466f9e2a1cf8988d8b0a" member_type: VOTER last_known_addr { host: "127.0.107.194" port: 46719 } attrs { replace: true } health_report { overall_health: HEALTHY } } peers { permanent_uuid: "83d81c5dc3eb4b23a500784fe0d6baa5" member_type: VOTER last_known_addr { host: "127.0.107.195" port: 39221 } health_report { overall_health: HEALTHY } } peers { permanent_uuid: "8236b1bc695f4cd7afa0470968aa75ac" member_type: NON_VOTER last_known_addr { host: "127.0.107.196" port: 40791 } attrs { promote: true } health_report { overall_health: UNKNOWN } } }
I20260710 13:15:19.584709  2211 ts_tablet_manager.cc:933] T f1631f88f1fc4de48fbc7ebcb844c9a9 P 8236b1bc695f4cd7afa0470968aa75ac: Initiating tablet copy from peer 68a8a0ca91304d92af3094c3f5df78b6 (127.0.107.193:41627)
I20260710 13:15:19.586705  2211 tablet_copy_client.cc:323] T f1631f88f1fc4de48fbc7ebcb844c9a9 P 8236b1bc695f4cd7afa0470968aa75ac: tablet copy: Beginning tablet copy session from remote peer at address 127.0.107.193:41627
I20260710 13:15:19.588505  1580 tablet_copy_service.cc:140] P 68a8a0ca91304d92af3094c3f5df78b6: Received BeginTabletCopySession request for tablet f1631f88f1fc4de48fbc7ebcb844c9a9 from peer 8236b1bc695f4cd7afa0470968aa75ac ({username='slave'} at 127.0.0.1:39758)
I20260710 13:15:19.589020  1580 tablet_copy_service.cc:161] P 68a8a0ca91304d92af3094c3f5df78b6: Beginning new tablet copy session on tablet f1631f88f1fc4de48fbc7ebcb844c9a9 from peer 8236b1bc695f4cd7afa0470968aa75ac at {username='slave'} at 127.0.0.1:39758: session id = 8236b1bc695f4cd7afa0470968aa75ac-f1631f88f1fc4de48fbc7ebcb844c9a9
I20260710 13:15:19.596252  1580 tablet_copy_source_session.cc:215] T f1631f88f1fc4de48fbc7ebcb844c9a9 P 68a8a0ca91304d92af3094c3f5df78b6: Tablet Copy: opened 0 blocks and 1 log segments
I20260710 13:15:19.599540  2211 data_dirs.cc:400] Could only allocate 1 dirs of requested 3 for tablet f1631f88f1fc4de48fbc7ebcb844c9a9. 1 dirs total, 0 dirs full, 0 dirs failed
I20260710 13:15:19.614500  2211 tablet_copy_client.cc:806] T f1631f88f1fc4de48fbc7ebcb844c9a9 P 8236b1bc695f4cd7afa0470968aa75ac: tablet copy: Starting download of 0 data blocks...
I20260710 13:15:19.615058  2211 tablet_copy_client.cc:670] T f1631f88f1fc4de48fbc7ebcb844c9a9 P 8236b1bc695f4cd7afa0470968aa75ac: tablet copy: Starting download of 1 WAL segments...
I20260710 13:15:19.619365  2211 tablet_copy_client.cc:538] T f1631f88f1fc4de48fbc7ebcb844c9a9 P 8236b1bc695f4cd7afa0470968aa75ac: tablet copy: Tablet Copy complete. Replacing tablet superblock.
I20260710 13:15:19.627592  2211 tablet_bootstrap.cc:492] T f1631f88f1fc4de48fbc7ebcb844c9a9 P 8236b1bc695f4cd7afa0470968aa75ac: Bootstrap starting.
I20260710 13:15:19.637039  2213 ts_tablet_manager.cc:933] T 65aacbba58df4e67bdd56fc6cfafee90 P 8236b1bc695f4cd7afa0470968aa75ac: Initiating tablet copy from peer 68a8a0ca91304d92af3094c3f5df78b6 (127.0.107.193:41627)
I20260710 13:15:19.639791  2213 tablet_copy_client.cc:323] T 65aacbba58df4e67bdd56fc6cfafee90 P 8236b1bc695f4cd7afa0470968aa75ac: tablet copy: Beginning tablet copy session from remote peer at address 127.0.107.193:41627
I20260710 13:15:19.642164  1580 tablet_copy_service.cc:140] P 68a8a0ca91304d92af3094c3f5df78b6: Received BeginTabletCopySession request for tablet 65aacbba58df4e67bdd56fc6cfafee90 from peer 8236b1bc695f4cd7afa0470968aa75ac ({username='slave'} at 127.0.0.1:39758)
I20260710 13:15:19.642947  1580 tablet_copy_service.cc:161] P 68a8a0ca91304d92af3094c3f5df78b6: Beginning new tablet copy session on tablet 65aacbba58df4e67bdd56fc6cfafee90 from peer 8236b1bc695f4cd7afa0470968aa75ac at {username='slave'} at 127.0.0.1:39758: session id = 8236b1bc695f4cd7afa0470968aa75ac-65aacbba58df4e67bdd56fc6cfafee90
I20260710 13:15:19.651741  1580 tablet_copy_source_session.cc:215] T 65aacbba58df4e67bdd56fc6cfafee90 P 68a8a0ca91304d92af3094c3f5df78b6: Tablet Copy: opened 0 blocks and 1 log segments
I20260710 13:15:19.652407  2211 tablet_bootstrap.cc:492] T f1631f88f1fc4de48fbc7ebcb844c9a9 P 8236b1bc695f4cd7afa0470968aa75ac: Bootstrap replayed 1/1 log segments. Stats: ops{read=2 overwritten=0 applied=2 ignored=0} inserts{seen=0 ignored=0} mutations{seen=0 ignored=0} orphaned_commits=0. Pending: 0 replicates
I20260710 13:15:19.653396  2211 tablet_bootstrap.cc:492] T f1631f88f1fc4de48fbc7ebcb844c9a9 P 8236b1bc695f4cd7afa0470968aa75ac: Bootstrap complete.
I20260710 13:15:19.654119  2211 ts_tablet_manager.cc:1403] T f1631f88f1fc4de48fbc7ebcb844c9a9 P 8236b1bc695f4cd7afa0470968aa75ac: Time spent bootstrapping tablet: real 0.027s	user 0.010s	sys 0.015s
I20260710 13:15:19.655390  2213 data_dirs.cc:400] Could only allocate 1 dirs of requested 3 for tablet 65aacbba58df4e67bdd56fc6cfafee90. 1 dirs total, 0 dirs full, 0 dirs failed
I20260710 13:15:19.656800  2211 raft_consensus.cc:359] T f1631f88f1fc4de48fbc7ebcb844c9a9 P 8236b1bc695f4cd7afa0470968aa75ac [term 1 LEARNER]: Replica starting. Triggering 0 pending ops. Active config: opid_index: 2 OBSOLETE_local: false peers { permanent_uuid: "68a8a0ca91304d92af3094c3f5df78b6" member_type: VOTER last_known_addr { host: "127.0.107.193" port: 41627 } } peers { permanent_uuid: "e195745590f0466f9e2a1cf8988d8b0a" member_type: VOTER last_known_addr { host: "127.0.107.194" port: 46719 } } peers { permanent_uuid: "83d81c5dc3eb4b23a500784fe0d6baa5" member_type: VOTER last_known_addr { host: "127.0.107.195" port: 39221 } attrs { replace: true } } peers { permanent_uuid: "8236b1bc695f4cd7afa0470968aa75ac" member_type: NON_VOTER last_known_addr { host: "127.0.107.196" port: 40791 } attrs { promote: true } }
I20260710 13:15:19.657681  2211 raft_consensus.cc:740] T f1631f88f1fc4de48fbc7ebcb844c9a9 P 8236b1bc695f4cd7afa0470968aa75ac [term 1 LEARNER]: Becoming Follower/Learner. State: Replica: 8236b1bc695f4cd7afa0470968aa75ac, State: Initialized, Role: LEARNER
I20260710 13:15:19.658331  2211 consensus_queue.cc:260] T f1631f88f1fc4de48fbc7ebcb844c9a9 P 8236b1bc695f4cd7afa0470968aa75ac [NON_LEADER]: Queue going to NON_LEADER mode. State: All replicated index: 0, Majority replicated index: 0, Committed index: 2, Last appended: 1.2, Last appended by leader: 2, Current term: 0, Majority size: -1, State: 0, Mode: NON_LEADER, active raft config: opid_index: 2 OBSOLETE_local: false peers { permanent_uuid: "68a8a0ca91304d92af3094c3f5df78b6" member_type: VOTER last_known_addr { host: "127.0.107.193" port: 41627 } } peers { permanent_uuid: "e195745590f0466f9e2a1cf8988d8b0a" member_type: VOTER last_known_addr { host: "127.0.107.194" port: 46719 } } peers { permanent_uuid: "83d81c5dc3eb4b23a500784fe0d6baa5" member_type: VOTER last_known_addr { host: "127.0.107.195" port: 39221 } attrs { replace: true } } peers { permanent_uuid: "8236b1bc695f4cd7afa0470968aa75ac" member_type: NON_VOTER last_known_addr { host: "127.0.107.196" port: 40791 } attrs { promote: true } }
I20260710 13:15:19.670889  2213 tablet_copy_client.cc:806] T 65aacbba58df4e67bdd56fc6cfafee90 P 8236b1bc695f4cd7afa0470968aa75ac: tablet copy: Starting download of 0 data blocks...
I20260710 13:15:19.671478  2213 tablet_copy_client.cc:670] T 65aacbba58df4e67bdd56fc6cfafee90 P 8236b1bc695f4cd7afa0470968aa75ac: tablet copy: Starting download of 1 WAL segments...
I20260710 13:15:19.677574  2213 tablet_copy_client.cc:538] T 65aacbba58df4e67bdd56fc6cfafee90 P 8236b1bc695f4cd7afa0470968aa75ac: tablet copy: Tablet Copy complete. Replacing tablet superblock.
I20260710 13:15:19.678966  2211 ts_tablet_manager.cc:1434] T f1631f88f1fc4de48fbc7ebcb844c9a9 P 8236b1bc695f4cd7afa0470968aa75ac: Time spent starting tablet: real 0.025s	user 0.006s	sys 0.016s
I20260710 13:15:19.680939  1580 tablet_copy_service.cc:342] P 68a8a0ca91304d92af3094c3f5df78b6: Request end of tablet copy session 8236b1bc695f4cd7afa0470968aa75ac-f1631f88f1fc4de48fbc7ebcb844c9a9 received from {username='slave'} at 127.0.0.1:39758
I20260710 13:15:19.681664  1580 tablet_copy_service.cc:434] P 68a8a0ca91304d92af3094c3f5df78b6: ending tablet copy session 8236b1bc695f4cd7afa0470968aa75ac-f1631f88f1fc4de48fbc7ebcb844c9a9 on tablet f1631f88f1fc4de48fbc7ebcb844c9a9 with peer 8236b1bc695f4cd7afa0470968aa75ac
I20260710 13:15:19.686087  2213 tablet_bootstrap.cc:492] T 65aacbba58df4e67bdd56fc6cfafee90 P 8236b1bc695f4cd7afa0470968aa75ac: Bootstrap starting.
I20260710 13:15:19.699771  2211 ts_tablet_manager.cc:933] T cbc8850abb084241b73e5fd7ec4a8716 P 8236b1bc695f4cd7afa0470968aa75ac: Initiating tablet copy from peer 83d81c5dc3eb4b23a500784fe0d6baa5 (127.0.107.195:39221)
I20260710 13:15:19.701946  2211 tablet_copy_client.cc:323] T cbc8850abb084241b73e5fd7ec4a8716 P 8236b1bc695f4cd7afa0470968aa75ac: tablet copy: Beginning tablet copy session from remote peer at address 127.0.107.195:39221
I20260710 13:15:19.703647  1729 tablet_copy_service.cc:140] P 83d81c5dc3eb4b23a500784fe0d6baa5: Received BeginTabletCopySession request for tablet cbc8850abb084241b73e5fd7ec4a8716 from peer 8236b1bc695f4cd7afa0470968aa75ac ({username='slave'} at 127.0.0.1:60100)
I20260710 13:15:19.704218  1729 tablet_copy_service.cc:161] P 83d81c5dc3eb4b23a500784fe0d6baa5: Beginning new tablet copy session on tablet cbc8850abb084241b73e5fd7ec4a8716 from peer 8236b1bc695f4cd7afa0470968aa75ac at {username='slave'} at 127.0.0.1:60100: session id = 8236b1bc695f4cd7afa0470968aa75ac-cbc8850abb084241b73e5fd7ec4a8716
I20260710 13:15:19.706332  2213 tablet_bootstrap.cc:492] T 65aacbba58df4e67bdd56fc6cfafee90 P 8236b1bc695f4cd7afa0470968aa75ac: Bootstrap replayed 1/1 log segments. Stats: ops{read=2 overwritten=0 applied=2 ignored=0} inserts{seen=0 ignored=0} mutations{seen=0 ignored=0} orphaned_commits=0. Pending: 0 replicates
I20260710 13:15:19.708570  2213 tablet_bootstrap.cc:492] T 65aacbba58df4e67bdd56fc6cfafee90 P 8236b1bc695f4cd7afa0470968aa75ac: Bootstrap complete.
I20260710 13:15:19.709259  2213 ts_tablet_manager.cc:1403] T 65aacbba58df4e67bdd56fc6cfafee90 P 8236b1bc695f4cd7afa0470968aa75ac: Time spent bootstrapping tablet: real 0.023s	user 0.015s	sys 0.008s
I20260710 13:15:19.712162  1729 tablet_copy_source_session.cc:215] T cbc8850abb084241b73e5fd7ec4a8716 P 83d81c5dc3eb4b23a500784fe0d6baa5: Tablet Copy: opened 0 blocks and 1 log segments
I20260710 13:15:19.712335  2213 raft_consensus.cc:359] T 65aacbba58df4e67bdd56fc6cfafee90 P 8236b1bc695f4cd7afa0470968aa75ac [term 1 LEARNER]: Replica starting. Triggering 0 pending ops. Active config: opid_index: 2 OBSOLETE_local: false peers { permanent_uuid: "68a8a0ca91304d92af3094c3f5df78b6" member_type: VOTER last_known_addr { host: "127.0.107.193" port: 41627 } } peers { permanent_uuid: "e195745590f0466f9e2a1cf8988d8b0a" member_type: VOTER last_known_addr { host: "127.0.107.194" port: 46719 } } peers { permanent_uuid: "83d81c5dc3eb4b23a500784fe0d6baa5" member_type: VOTER last_known_addr { host: "127.0.107.195" port: 39221 } attrs { replace: true } } peers { permanent_uuid: "8236b1bc695f4cd7afa0470968aa75ac" member_type: NON_VOTER last_known_addr { host: "127.0.107.196" port: 40791 } attrs { promote: true } }
I20260710 13:15:19.713333  2213 raft_consensus.cc:740] T 65aacbba58df4e67bdd56fc6cfafee90 P 8236b1bc695f4cd7afa0470968aa75ac [term 1 LEARNER]: Becoming Follower/Learner. State: Replica: 8236b1bc695f4cd7afa0470968aa75ac, State: Initialized, Role: LEARNER
I20260710 13:15:19.713955  2213 consensus_queue.cc:260] T 65aacbba58df4e67bdd56fc6cfafee90 P 8236b1bc695f4cd7afa0470968aa75ac [NON_LEADER]: Queue going to NON_LEADER mode. State: All replicated index: 0, Majority replicated index: 0, Committed index: 2, Last appended: 1.2, Last appended by leader: 2, Current term: 0, Majority size: -1, State: 0, Mode: NON_LEADER, active raft config: opid_index: 2 OBSOLETE_local: false peers { permanent_uuid: "68a8a0ca91304d92af3094c3f5df78b6" member_type: VOTER last_known_addr { host: "127.0.107.193" port: 41627 } } peers { permanent_uuid: "e195745590f0466f9e2a1cf8988d8b0a" member_type: VOTER last_known_addr { host: "127.0.107.194" port: 46719 } } peers { permanent_uuid: "83d81c5dc3eb4b23a500784fe0d6baa5" member_type: VOTER last_known_addr { host: "127.0.107.195" port: 39221 } attrs { replace: true } } peers { permanent_uuid: "8236b1bc695f4cd7afa0470968aa75ac" member_type: NON_VOTER last_known_addr { host: "127.0.107.196" port: 40791 } attrs { promote: true } }
I20260710 13:15:19.716676  2213 ts_tablet_manager.cc:1434] T 65aacbba58df4e67bdd56fc6cfafee90 P 8236b1bc695f4cd7afa0470968aa75ac: Time spent starting tablet: real 0.007s	user 0.006s	sys 0.002s
I20260710 13:15:19.718957  1580 tablet_copy_service.cc:342] P 68a8a0ca91304d92af3094c3f5df78b6: Request end of tablet copy session 8236b1bc695f4cd7afa0470968aa75ac-65aacbba58df4e67bdd56fc6cfafee90 received from {username='slave'} at 127.0.0.1:39758
I20260710 13:15:19.719352  1580 tablet_copy_service.cc:434] P 68a8a0ca91304d92af3094c3f5df78b6: ending tablet copy session 8236b1bc695f4cd7afa0470968aa75ac-65aacbba58df4e67bdd56fc6cfafee90 on tablet 65aacbba58df4e67bdd56fc6cfafee90 with peer 8236b1bc695f4cd7afa0470968aa75ac
I20260710 13:15:19.721835  2213 ts_tablet_manager.cc:933] T 1f15d418e4d04884bad3c8bb0fcf173b P 8236b1bc695f4cd7afa0470968aa75ac: Initiating tablet copy from peer 83d81c5dc3eb4b23a500784fe0d6baa5 (127.0.107.195:39221)
I20260710 13:15:19.731649  2213 tablet_copy_client.cc:323] T 1f15d418e4d04884bad3c8bb0fcf173b P 8236b1bc695f4cd7afa0470968aa75ac: tablet copy: Beginning tablet copy session from remote peer at address 127.0.107.195:39221
I20260710 13:15:19.732671  2211 data_dirs.cc:400] Could only allocate 1 dirs of requested 3 for tablet cbc8850abb084241b73e5fd7ec4a8716. 1 dirs total, 0 dirs full, 0 dirs failed
I20260710 13:15:19.733588  1729 tablet_copy_service.cc:140] P 83d81c5dc3eb4b23a500784fe0d6baa5: Received BeginTabletCopySession request for tablet 1f15d418e4d04884bad3c8bb0fcf173b from peer 8236b1bc695f4cd7afa0470968aa75ac ({username='slave'} at 127.0.0.1:60100)
I20260710 13:15:19.734150  1729 tablet_copy_service.cc:161] P 83d81c5dc3eb4b23a500784fe0d6baa5: Beginning new tablet copy session on tablet 1f15d418e4d04884bad3c8bb0fcf173b from peer 8236b1bc695f4cd7afa0470968aa75ac at {username='slave'} at 127.0.0.1:60100: session id = 8236b1bc695f4cd7afa0470968aa75ac-1f15d418e4d04884bad3c8bb0fcf173b
I20260710 13:15:19.745311  1729 tablet_copy_source_session.cc:215] T 1f15d418e4d04884bad3c8bb0fcf173b P 83d81c5dc3eb4b23a500784fe0d6baa5: Tablet Copy: opened 0 blocks and 1 log segments
I20260710 13:15:19.748770  2213 data_dirs.cc:400] Could only allocate 1 dirs of requested 3 for tablet 1f15d418e4d04884bad3c8bb0fcf173b. 1 dirs total, 0 dirs full, 0 dirs failed
I20260710 13:15:19.752485  2211 tablet_copy_client.cc:806] T cbc8850abb084241b73e5fd7ec4a8716 P 8236b1bc695f4cd7afa0470968aa75ac: tablet copy: Starting download of 0 data blocks...
I20260710 13:15:19.753242  2211 tablet_copy_client.cc:670] T cbc8850abb084241b73e5fd7ec4a8716 P 8236b1bc695f4cd7afa0470968aa75ac: tablet copy: Starting download of 1 WAL segments...
I20260710 13:15:19.759541  2211 tablet_copy_client.cc:538] T cbc8850abb084241b73e5fd7ec4a8716 P 8236b1bc695f4cd7afa0470968aa75ac: tablet copy: Tablet Copy complete. Replacing tablet superblock.
I20260710 13:15:19.769867  2211 tablet_bootstrap.cc:492] T cbc8850abb084241b73e5fd7ec4a8716 P 8236b1bc695f4cd7afa0470968aa75ac: Bootstrap starting.
I20260710 13:15:19.770334  2213 tablet_copy_client.cc:806] T 1f15d418e4d04884bad3c8bb0fcf173b P 8236b1bc695f4cd7afa0470968aa75ac: tablet copy: Starting download of 0 data blocks...
I20260710 13:15:19.770933  2213 tablet_copy_client.cc:670] T 1f15d418e4d04884bad3c8bb0fcf173b P 8236b1bc695f4cd7afa0470968aa75ac: tablet copy: Starting download of 1 WAL segments...
I20260710 13:15:19.775614  2213 tablet_copy_client.cc:538] T 1f15d418e4d04884bad3c8bb0fcf173b P 8236b1bc695f4cd7afa0470968aa75ac: tablet copy: Tablet Copy complete. Replacing tablet superblock.
I20260710 13:15:19.790292  2213 tablet_bootstrap.cc:492] T 1f15d418e4d04884bad3c8bb0fcf173b P 8236b1bc695f4cd7afa0470968aa75ac: Bootstrap starting.
I20260710 13:15:19.797320  2211 tablet_bootstrap.cc:492] T cbc8850abb084241b73e5fd7ec4a8716 P 8236b1bc695f4cd7afa0470968aa75ac: Bootstrap replayed 1/1 log segments. Stats: ops{read=2 overwritten=0 applied=2 ignored=0} inserts{seen=0 ignored=0} mutations{seen=0 ignored=0} orphaned_commits=0. Pending: 0 replicates
I20260710 13:15:19.798346  2211 tablet_bootstrap.cc:492] T cbc8850abb084241b73e5fd7ec4a8716 P 8236b1bc695f4cd7afa0470968aa75ac: Bootstrap complete.
I20260710 13:15:19.799104  2211 ts_tablet_manager.cc:1403] T cbc8850abb084241b73e5fd7ec4a8716 P 8236b1bc695f4cd7afa0470968aa75ac: Time spent bootstrapping tablet: real 0.029s	user 0.015s	sys 0.008s
I20260710 13:15:19.803088  2211 raft_consensus.cc:359] T cbc8850abb084241b73e5fd7ec4a8716 P 8236b1bc695f4cd7afa0470968aa75ac [term 1 LEARNER]: Replica starting. Triggering 0 pending ops. Active config: opid_index: 2 OBSOLETE_local: false peers { permanent_uuid: "68a8a0ca91304d92af3094c3f5df78b6" member_type: VOTER last_known_addr { host: "127.0.107.193" port: 41627 } attrs { replace: true } } peers { permanent_uuid: "e195745590f0466f9e2a1cf8988d8b0a" member_type: VOTER last_known_addr { host: "127.0.107.194" port: 46719 } } peers { permanent_uuid: "83d81c5dc3eb4b23a500784fe0d6baa5" member_type: VOTER last_known_addr { host: "127.0.107.195" port: 39221 } } peers { permanent_uuid: "8236b1bc695f4cd7afa0470968aa75ac" member_type: NON_VOTER last_known_addr { host: "127.0.107.196" port: 40791 } attrs { promote: true } }
I20260710 13:15:19.803994  2211 raft_consensus.cc:740] T cbc8850abb084241b73e5fd7ec4a8716 P 8236b1bc695f4cd7afa0470968aa75ac [term 1 LEARNER]: Becoming Follower/Learner. State: Replica: 8236b1bc695f4cd7afa0470968aa75ac, State: Initialized, Role: LEARNER
I20260710 13:15:19.804715  2211 consensus_queue.cc:260] T cbc8850abb084241b73e5fd7ec4a8716 P 8236b1bc695f4cd7afa0470968aa75ac [NON_LEADER]: Queue going to NON_LEADER mode. State: All replicated index: 0, Majority replicated index: 0, Committed index: 2, Last appended: 1.2, Last appended by leader: 2, Current term: 0, Majority size: -1, State: 0, Mode: NON_LEADER, active raft config: opid_index: 2 OBSOLETE_local: false peers { permanent_uuid: "68a8a0ca91304d92af3094c3f5df78b6" member_type: VOTER last_known_addr { host: "127.0.107.193" port: 41627 } attrs { replace: true } } peers { permanent_uuid: "e195745590f0466f9e2a1cf8988d8b0a" member_type: VOTER last_known_addr { host: "127.0.107.194" port: 46719 } } peers { permanent_uuid: "83d81c5dc3eb4b23a500784fe0d6baa5" member_type: VOTER last_known_addr { host: "127.0.107.195" port: 39221 } } peers { permanent_uuid: "8236b1bc695f4cd7afa0470968aa75ac" member_type: NON_VOTER last_known_addr { host: "127.0.107.196" port: 40791 } attrs { promote: true } }
I20260710 13:15:19.808683  2211 ts_tablet_manager.cc:1434] T cbc8850abb084241b73e5fd7ec4a8716 P 8236b1bc695f4cd7afa0470968aa75ac: Time spent starting tablet: real 0.009s	user 0.005s	sys 0.006s
I20260710 13:15:19.812506  1729 tablet_copy_service.cc:342] P 83d81c5dc3eb4b23a500784fe0d6baa5: Request end of tablet copy session 8236b1bc695f4cd7afa0470968aa75ac-cbc8850abb084241b73e5fd7ec4a8716 received from {username='slave'} at 127.0.0.1:60100
I20260710 13:15:19.812964  1729 tablet_copy_service.cc:434] P 83d81c5dc3eb4b23a500784fe0d6baa5: ending tablet copy session 8236b1bc695f4cd7afa0470968aa75ac-cbc8850abb084241b73e5fd7ec4a8716 on tablet cbc8850abb084241b73e5fd7ec4a8716 with peer 8236b1bc695f4cd7afa0470968aa75ac
I20260710 13:15:19.828704  2213 tablet_bootstrap.cc:492] T 1f15d418e4d04884bad3c8bb0fcf173b P 8236b1bc695f4cd7afa0470968aa75ac: Bootstrap replayed 1/1 log segments. Stats: ops{read=2 overwritten=0 applied=2 ignored=0} inserts{seen=0 ignored=0} mutations{seen=0 ignored=0} orphaned_commits=0. Pending: 0 replicates
I20260710 13:15:19.829608  2213 tablet_bootstrap.cc:492] T 1f15d418e4d04884bad3c8bb0fcf173b P 8236b1bc695f4cd7afa0470968aa75ac: Bootstrap complete.
I20260710 13:15:19.830221  2213 ts_tablet_manager.cc:1403] T 1f15d418e4d04884bad3c8bb0fcf173b P 8236b1bc695f4cd7afa0470968aa75ac: Time spent bootstrapping tablet: real 0.040s	user 0.026s	sys 0.005s
I20260710 13:15:19.832612  2213 raft_consensus.cc:359] T 1f15d418e4d04884bad3c8bb0fcf173b P 8236b1bc695f4cd7afa0470968aa75ac [term 1 LEARNER]: Replica starting. Triggering 0 pending ops. Active config: opid_index: 2 OBSOLETE_local: false peers { permanent_uuid: "68a8a0ca91304d92af3094c3f5df78b6" member_type: VOTER last_known_addr { host: "127.0.107.193" port: 41627 } } peers { permanent_uuid: "e195745590f0466f9e2a1cf8988d8b0a" member_type: VOTER last_known_addr { host: "127.0.107.194" port: 46719 } attrs { replace: true } } peers { permanent_uuid: "83d81c5dc3eb4b23a500784fe0d6baa5" member_type: VOTER last_known_addr { host: "127.0.107.195" port: 39221 } } peers { permanent_uuid: "8236b1bc695f4cd7afa0470968aa75ac" member_type: NON_VOTER last_known_addr { host: "127.0.107.196" port: 40791 } attrs { promote: true } }
I20260710 13:15:19.833269  2213 raft_consensus.cc:740] T 1f15d418e4d04884bad3c8bb0fcf173b P 8236b1bc695f4cd7afa0470968aa75ac [term 1 LEARNER]: Becoming Follower/Learner. State: Replica: 8236b1bc695f4cd7afa0470968aa75ac, State: Initialized, Role: LEARNER
I20260710 13:15:19.833796  2213 consensus_queue.cc:260] T 1f15d418e4d04884bad3c8bb0fcf173b P 8236b1bc695f4cd7afa0470968aa75ac [NON_LEADER]: Queue going to NON_LEADER mode. State: All replicated index: 0, Majority replicated index: 0, Committed index: 2, Last appended: 1.2, Last appended by leader: 2, Current term: 0, Majority size: -1, State: 0, Mode: NON_LEADER, active raft config: opid_index: 2 OBSOLETE_local: false peers { permanent_uuid: "68a8a0ca91304d92af3094c3f5df78b6" member_type: VOTER last_known_addr { host: "127.0.107.193" port: 41627 } } peers { permanent_uuid: "e195745590f0466f9e2a1cf8988d8b0a" member_type: VOTER last_known_addr { host: "127.0.107.194" port: 46719 } attrs { replace: true } } peers { permanent_uuid: "83d81c5dc3eb4b23a500784fe0d6baa5" member_type: VOTER last_known_addr { host: "127.0.107.195" port: 39221 } } peers { permanent_uuid: "8236b1bc695f4cd7afa0470968aa75ac" member_type: NON_VOTER last_known_addr { host: "127.0.107.196" port: 40791 } attrs { promote: true } }
I20260710 13:15:19.835677  2213 ts_tablet_manager.cc:1434] T 1f15d418e4d04884bad3c8bb0fcf173b P 8236b1bc695f4cd7afa0470968aa75ac: Time spent starting tablet: real 0.005s	user 0.004s	sys 0.000s
I20260710 13:15:19.837817  1729 tablet_copy_service.cc:342] P 83d81c5dc3eb4b23a500784fe0d6baa5: Request end of tablet copy session 8236b1bc695f4cd7afa0470968aa75ac-1f15d418e4d04884bad3c8bb0fcf173b received from {username='slave'} at 127.0.0.1:60100
I20260710 13:15:19.838243  1729 tablet_copy_service.cc:434] P 83d81c5dc3eb4b23a500784fe0d6baa5: ending tablet copy session 8236b1bc695f4cd7afa0470968aa75ac-1f15d418e4d04884bad3c8bb0fcf173b on tablet 1f15d418e4d04884bad3c8bb0fcf173b with peer 8236b1bc695f4cd7afa0470968aa75ac
I20260710 13:15:19.991636  2007 raft_consensus.cc:1217] T f1631f88f1fc4de48fbc7ebcb844c9a9 P 8236b1bc695f4cd7afa0470968aa75ac [term 1 LEARNER]: Deduplicated request from leader. Original: 1.1->[1.2-1.2]   Dedup: 1.2->[]
I20260710 13:15:20.045540  2007 raft_consensus.cc:1217] T 65aacbba58df4e67bdd56fc6cfafee90 P 8236b1bc695f4cd7afa0470968aa75ac [term 1 LEARNER]: Deduplicated request from leader. Original: 1.1->[1.2-1.2]   Dedup: 1.2->[]
I20260710 13:15:20.102195  2007 raft_consensus.cc:1217] T cbc8850abb084241b73e5fd7ec4a8716 P 8236b1bc695f4cd7afa0470968aa75ac [term 1 LEARNER]: Deduplicated request from leader. Original: 1.1->[1.2-1.2]   Dedup: 1.2->[]
I20260710 13:15:20.282701  2007 raft_consensus.cc:1217] T 1f15d418e4d04884bad3c8bb0fcf173b P 8236b1bc695f4cd7afa0470968aa75ac [term 1 LEARNER]: Deduplicated request from leader. Original: 1.1->[1.2-1.2]   Dedup: 1.2->[]
I20260710 13:15:20.469305  2187 raft_consensus.cc:1064] T f1631f88f1fc4de48fbc7ebcb844c9a9 P 68a8a0ca91304d92af3094c3f5df78b6: attempting to promote NON_VOTER 8236b1bc695f4cd7afa0470968aa75ac to VOTER
I20260710 13:15:20.472044  2187 consensus_queue.cc:237] T f1631f88f1fc4de48fbc7ebcb844c9a9 P 68a8a0ca91304d92af3094c3f5df78b6 [LEADER]: Queue going to LEADER mode. State: All replicated index: 0, Majority replicated index: 2, Committed index: 2, Last appended: 1.2, Last appended by leader: 0, Current term: 1, Majority size: 3, State: 0, Mode: LEADER, active raft config: opid_index: 3 OBSOLETE_local: false peers { permanent_uuid: "68a8a0ca91304d92af3094c3f5df78b6" member_type: VOTER last_known_addr { host: "127.0.107.193" port: 41627 } } peers { permanent_uuid: "e195745590f0466f9e2a1cf8988d8b0a" member_type: VOTER last_known_addr { host: "127.0.107.194" port: 46719 } } peers { permanent_uuid: "83d81c5dc3eb4b23a500784fe0d6baa5" member_type: VOTER last_known_addr { host: "127.0.107.195" port: 39221 } attrs { replace: true } } peers { permanent_uuid: "8236b1bc695f4cd7afa0470968aa75ac" member_type: VOTER last_known_addr { host: "127.0.107.196" port: 40791 } attrs { promote: false } }
I20260710 13:15:20.480252  1715 raft_consensus.cc:1275] T f1631f88f1fc4de48fbc7ebcb844c9a9 P 83d81c5dc3eb4b23a500784fe0d6baa5 [term 1 FOLLOWER]: Refusing update from remote peer 68a8a0ca91304d92af3094c3f5df78b6: Log matching property violated. Preceding OpId in replica: term: 1 index: 2. Preceding OpId from leader: term: 1 index: 3. (index mismatch)
I20260710 13:15:20.480727  1645 raft_consensus.cc:1275] T f1631f88f1fc4de48fbc7ebcb844c9a9 P e195745590f0466f9e2a1cf8988d8b0a [term 1 FOLLOWER]: Refusing update from remote peer 68a8a0ca91304d92af3094c3f5df78b6: Log matching property violated. Preceding OpId in replica: term: 1 index: 2. Preceding OpId from leader: term: 1 index: 3. (index mismatch)
I20260710 13:15:20.481631  2007 raft_consensus.cc:1275] T f1631f88f1fc4de48fbc7ebcb844c9a9 P 8236b1bc695f4cd7afa0470968aa75ac [term 1 LEARNER]: Refusing update from remote peer 68a8a0ca91304d92af3094c3f5df78b6: Log matching property violated. Preceding OpId in replica: term: 1 index: 2. Preceding OpId from leader: term: 1 index: 3. (index mismatch)
I20260710 13:15:20.481699  2187 consensus_queue.cc:1048] T f1631f88f1fc4de48fbc7ebcb844c9a9 P 68a8a0ca91304d92af3094c3f5df78b6 [LEADER]: Connected to new peer: Peer: permanent_uuid: "83d81c5dc3eb4b23a500784fe0d6baa5" member_type: VOTER last_known_addr { host: "127.0.107.195" port: 39221 } attrs { replace: true }, Status: LMP_MISMATCH, Last received: 0.0, Next index: 3, Last known committed idx: 2, Time since last communication: 0.001s
I20260710 13:15:20.483120  2191 consensus_queue.cc:1048] T f1631f88f1fc4de48fbc7ebcb844c9a9 P 68a8a0ca91304d92af3094c3f5df78b6 [LEADER]: Connected to new peer: Peer: permanent_uuid: "e195745590f0466f9e2a1cf8988d8b0a" member_type: VOTER last_known_addr { host: "127.0.107.194" port: 46719 }, Status: LMP_MISMATCH, Last received: 0.0, Next index: 3, Last known committed idx: 2, Time since last communication: 0.000s
I20260710 13:15:20.484175  2224 consensus_queue.cc:1048] T f1631f88f1fc4de48fbc7ebcb844c9a9 P 68a8a0ca91304d92af3094c3f5df78b6 [LEADER]: Connected to new peer: Peer: permanent_uuid: "8236b1bc695f4cd7afa0470968aa75ac" member_type: VOTER last_known_addr { host: "127.0.107.196" port: 40791 } attrs { promote: false }, Status: LMP_MISMATCH, Last received: 0.0, Next index: 3, Last known committed idx: 2, Time since last communication: 0.001s
I20260710 13:15:20.516595  2223 raft_consensus.cc:2955] T f1631f88f1fc4de48fbc7ebcb844c9a9 P 68a8a0ca91304d92af3094c3f5df78b6 [term 1 LEADER]: Committing config change with OpId 1.3: config changed from index 2 to 3, 8236b1bc695f4cd7afa0470968aa75ac (127.0.107.196) changed from NON_VOTER to VOTER. New config: { opid_index: 3 OBSOLETE_local: false peers { permanent_uuid: "68a8a0ca91304d92af3094c3f5df78b6" member_type: VOTER last_known_addr { host: "127.0.107.193" port: 41627 } } peers { permanent_uuid: "e195745590f0466f9e2a1cf8988d8b0a" member_type: VOTER last_known_addr { host: "127.0.107.194" port: 46719 } } peers { permanent_uuid: "83d81c5dc3eb4b23a500784fe0d6baa5" member_type: VOTER last_known_addr { host: "127.0.107.195" port: 39221 } attrs { replace: true } } peers { permanent_uuid: "8236b1bc695f4cd7afa0470968aa75ac" member_type: VOTER last_known_addr { host: "127.0.107.196" port: 40791 } attrs { promote: false } } }
I20260710 13:15:20.529570  1715 raft_consensus.cc:2955] T f1631f88f1fc4de48fbc7ebcb844c9a9 P 83d81c5dc3eb4b23a500784fe0d6baa5 [term 1 FOLLOWER]: Committing config change with OpId 1.3: config changed from index 2 to 3, 8236b1bc695f4cd7afa0470968aa75ac (127.0.107.196) changed from NON_VOTER to VOTER. New config: { opid_index: 3 OBSOLETE_local: false peers { permanent_uuid: "68a8a0ca91304d92af3094c3f5df78b6" member_type: VOTER last_known_addr { host: "127.0.107.193" port: 41627 } } peers { permanent_uuid: "e195745590f0466f9e2a1cf8988d8b0a" member_type: VOTER last_known_addr { host: "127.0.107.194" port: 46719 } } peers { permanent_uuid: "83d81c5dc3eb4b23a500784fe0d6baa5" member_type: VOTER last_known_addr { host: "127.0.107.195" port: 39221 } attrs { replace: true } } peers { permanent_uuid: "8236b1bc695f4cd7afa0470968aa75ac" member_type: VOTER last_known_addr { host: "127.0.107.196" port: 40791 } attrs { promote: false } } }
I20260710 13:15:20.536898  1645 raft_consensus.cc:2955] T f1631f88f1fc4de48fbc7ebcb844c9a9 P e195745590f0466f9e2a1cf8988d8b0a [term 1 FOLLOWER]: Committing config change with OpId 1.3: config changed from index 2 to 3, 8236b1bc695f4cd7afa0470968aa75ac (127.0.107.196) changed from NON_VOTER to VOTER. New config: { opid_index: 3 OBSOLETE_local: false peers { permanent_uuid: "68a8a0ca91304d92af3094c3f5df78b6" member_type: VOTER last_known_addr { host: "127.0.107.193" port: 41627 } } peers { permanent_uuid: "e195745590f0466f9e2a1cf8988d8b0a" member_type: VOTER last_known_addr { host: "127.0.107.194" port: 46719 } } peers { permanent_uuid: "83d81c5dc3eb4b23a500784fe0d6baa5" member_type: VOTER last_known_addr { host: "127.0.107.195" port: 39221 } attrs { replace: true } } peers { permanent_uuid: "8236b1bc695f4cd7afa0470968aa75ac" member_type: VOTER last_known_addr { host: "127.0.107.196" port: 40791 } attrs { promote: false } } }
I20260710 13:15:20.527215  2008 raft_consensus.cc:2955] T f1631f88f1fc4de48fbc7ebcb844c9a9 P 8236b1bc695f4cd7afa0470968aa75ac [term 1 FOLLOWER]: Committing config change with OpId 1.3: config changed from index 2 to 3, 8236b1bc695f4cd7afa0470968aa75ac (127.0.107.196) changed from NON_VOTER to VOTER. New config: { opid_index: 3 OBSOLETE_local: false peers { permanent_uuid: "68a8a0ca91304d92af3094c3f5df78b6" member_type: VOTER last_known_addr { host: "127.0.107.193" port: 41627 } } peers { permanent_uuid: "e195745590f0466f9e2a1cf8988d8b0a" member_type: VOTER last_known_addr { host: "127.0.107.194" port: 46719 } } peers { permanent_uuid: "83d81c5dc3eb4b23a500784fe0d6baa5" member_type: VOTER last_known_addr { host: "127.0.107.195" port: 39221 } attrs { replace: true } } peers { permanent_uuid: "8236b1bc695f4cd7afa0470968aa75ac" member_type: VOTER last_known_addr { host: "127.0.107.196" port: 40791 } attrs { promote: false } } }
I20260710 13:15:20.543452  1468 catalog_manager.cc:5697] T f1631f88f1fc4de48fbc7ebcb844c9a9 P 68a8a0ca91304d92af3094c3f5df78b6 reported cstate change: config changed from index 2 to 3, 8236b1bc695f4cd7afa0470968aa75ac (127.0.107.196) changed from NON_VOTER to VOTER. New cstate: current_term: 1 leader_uuid: "68a8a0ca91304d92af3094c3f5df78b6" committed_config { opid_index: 3 OBSOLETE_local: false peers { permanent_uuid: "68a8a0ca91304d92af3094c3f5df78b6" member_type: VOTER last_known_addr { host: "127.0.107.193" port: 41627 } health_report { overall_health: HEALTHY } } peers { permanent_uuid: "e195745590f0466f9e2a1cf8988d8b0a" member_type: VOTER last_known_addr { host: "127.0.107.194" port: 46719 } health_report { overall_health: HEALTHY } } peers { permanent_uuid: "83d81c5dc3eb4b23a500784fe0d6baa5" member_type: VOTER last_known_addr { host: "127.0.107.195" port: 39221 } attrs { replace: true } health_report { overall_health: HEALTHY } } peers { permanent_uuid: "8236b1bc695f4cd7afa0470968aa75ac" member_type: VOTER last_known_addr { host: "127.0.107.196" port: 40791 } attrs { promote: false } health_report { overall_health: HEALTHY } } }
I20260710 13:15:20.590865  1570 consensus_queue.cc:237] T f1631f88f1fc4de48fbc7ebcb844c9a9 P 68a8a0ca91304d92af3094c3f5df78b6 [LEADER]: Queue going to LEADER mode. State: All replicated index: 0, Majority replicated index: 3, Committed index: 3, Last appended: 1.3, Last appended by leader: 0, Current term: 1, Majority size: 2, State: 0, Mode: LEADER, active raft config: opid_index: 4 OBSOLETE_local: false peers { permanent_uuid: "68a8a0ca91304d92af3094c3f5df78b6" member_type: VOTER last_known_addr { host: "127.0.107.193" port: 41627 } } peers { permanent_uuid: "e195745590f0466f9e2a1cf8988d8b0a" member_type: VOTER last_known_addr { host: "127.0.107.194" port: 46719 } } peers { permanent_uuid: "8236b1bc695f4cd7afa0470968aa75ac" member_type: VOTER last_known_addr { host: "127.0.107.196" port: 40791 } attrs { promote: false } }
I20260710 13:15:20.599049  2007 raft_consensus.cc:1275] T f1631f88f1fc4de48fbc7ebcb844c9a9 P 8236b1bc695f4cd7afa0470968aa75ac [term 1 FOLLOWER]: Refusing update from remote peer 68a8a0ca91304d92af3094c3f5df78b6: Log matching property violated. Preceding OpId in replica: term: 1 index: 3. Preceding OpId from leader: term: 1 index: 4. (index mismatch)
I20260710 13:15:20.599278  1645 raft_consensus.cc:1275] T f1631f88f1fc4de48fbc7ebcb844c9a9 P e195745590f0466f9e2a1cf8988d8b0a [term 1 FOLLOWER]: Refusing update from remote peer 68a8a0ca91304d92af3094c3f5df78b6: Log matching property violated. Preceding OpId in replica: term: 1 index: 3. Preceding OpId from leader: term: 1 index: 4. (index mismatch)
I20260710 13:15:20.600327  2203 raft_consensus.cc:1064] T cbc8850abb084241b73e5fd7ec4a8716 P 83d81c5dc3eb4b23a500784fe0d6baa5: attempting to promote NON_VOTER 8236b1bc695f4cd7afa0470968aa75ac to VOTER
I20260710 13:15:20.600947  2224 consensus_queue.cc:1048] T f1631f88f1fc4de48fbc7ebcb844c9a9 P 68a8a0ca91304d92af3094c3f5df78b6 [LEADER]: Connected to new peer: Peer: permanent_uuid: "8236b1bc695f4cd7afa0470968aa75ac" member_type: VOTER last_known_addr { host: "127.0.107.196" port: 40791 } attrs { promote: false }, Status: LMP_MISMATCH, Last received: 0.0, Next index: 4, Last known committed idx: 3, Time since last communication: 0.000s
I20260710 13:15:20.601904  2223 consensus_queue.cc:1048] T f1631f88f1fc4de48fbc7ebcb844c9a9 P 68a8a0ca91304d92af3094c3f5df78b6 [LEADER]: Connected to new peer: Peer: permanent_uuid: "e195745590f0466f9e2a1cf8988d8b0a" member_type: VOTER last_known_addr { host: "127.0.107.194" port: 46719 }, Status: LMP_MISMATCH, Last received: 0.0, Next index: 4, Last known committed idx: 3, Time since last communication: 0.000s
I20260710 13:15:20.603631  2203 consensus_queue.cc:237] T cbc8850abb084241b73e5fd7ec4a8716 P 83d81c5dc3eb4b23a500784fe0d6baa5 [LEADER]: Queue going to LEADER mode. State: All replicated index: 0, Majority replicated index: 2, Committed index: 2, Last appended: 1.2, Last appended by leader: 0, Current term: 1, Majority size: 3, State: 0, Mode: LEADER, active raft config: opid_index: 3 OBSOLETE_local: false peers { permanent_uuid: "68a8a0ca91304d92af3094c3f5df78b6" member_type: VOTER last_known_addr { host: "127.0.107.193" port: 41627 } attrs { replace: true } } peers { permanent_uuid: "e195745590f0466f9e2a1cf8988d8b0a" member_type: VOTER last_known_addr { host: "127.0.107.194" port: 46719 } } peers { permanent_uuid: "83d81c5dc3eb4b23a500784fe0d6baa5" member_type: VOTER last_known_addr { host: "127.0.107.195" port: 39221 } } peers { permanent_uuid: "8236b1bc695f4cd7afa0470968aa75ac" member_type: VOTER last_known_addr { host: "127.0.107.196" port: 40791 } attrs { promote: false } }
