I20260710 13:19:54.083251 11430 tablet_service.cc:1917] Received RequestConsensusVote() RPC: tablet_id: "6c27485df6ba47d993b875a052179a08" candidate_uuid: "4886a475587b49619aa73d5052f32a21" candidate_term: 1 candidate_status { last_received { term: 0 index: 0 } } ignore_live_leader: false dest_uuid: "66fcf2e6d3474431afdb38f9dc0a8d62"
I20260710 13:19:54.083760 11430 raft_consensus.cc:3060] T 6c27485df6ba47d993b875a052179a08 P 66fcf2e6d3474431afdb38f9dc0a8d62 [term 0 FOLLOWER]: Advancing to term 1
W20260710 13:19:54.084448 11321 leader_election.cc:343] T 6c27485df6ba47d993b875a052179a08 P 4886a475587b49619aa73d5052f32a21 [CANDIDATE]: Term 1 election: Tablet error from VoteRequest() call to peer c887acd2212b4e18919bbf5b291e25c8 (127.10.226.193:36049): Illegal state: must be running to vote when last-logged opid is not known
I20260710 13:19:54.085017 11478 raft_consensus.cc:359] T 461b4c59fe8a44fc903e8e1ea476e3ea P c887acd2212b4e18919bbf5b291e25c8 [term 0 FOLLOWER]: Replica starting. Triggering 0 pending ops. Active config: opid_index: -1 OBSOLETE_local: false peers { permanent_uuid: "c887acd2212b4e18919bbf5b291e25c8" member_type: VOTER last_known_addr { host: "127.10.226.193" port: 36049 } } peers { permanent_uuid: "4886a475587b49619aa73d5052f32a21" member_type: VOTER last_known_addr { host: "127.10.226.194" port: 42149 } } peers { permanent_uuid: "66fcf2e6d3474431afdb38f9dc0a8d62" member_type: VOTER last_known_addr { host: "127.10.226.195" port: 41567 } }
I20260710 13:19:54.085740 11478 raft_consensus.cc:385] T 461b4c59fe8a44fc903e8e1ea476e3ea P c887acd2212b4e18919bbf5b291e25c8 [term 0 FOLLOWER]: Consensus starting up: Expiring failure detector timer to make a prompt election more likely
I20260710 13:19:54.086087 11478 raft_consensus.cc:740] T 461b4c59fe8a44fc903e8e1ea476e3ea P c887acd2212b4e18919bbf5b291e25c8 [term 0 FOLLOWER]: Becoming Follower/Learner. State: Replica: c887acd2212b4e18919bbf5b291e25c8, State: Initialized, Role: FOLLOWER
I20260710 13:19:54.086951 11478 consensus_queue.cc:260] T 461b4c59fe8a44fc903e8e1ea476e3ea P c887acd2212b4e18919bbf5b291e25c8 [NON_LEADER]: Queue going to NON_LEADER mode. State: All replicated index: 0, Majority replicated index: 0, Committed index: 0, Last appended: 0.0, Last appended by leader: 0, Current term: 0, Majority size: -1, State: 0, Mode: NON_LEADER, active raft config: opid_index: -1 OBSOLETE_local: false peers { permanent_uuid: "c887acd2212b4e18919bbf5b291e25c8" member_type: VOTER last_known_addr { host: "127.10.226.193" port: 36049 } } peers { permanent_uuid: "4886a475587b49619aa73d5052f32a21" member_type: VOTER last_known_addr { host: "127.10.226.194" port: 42149 } } peers { permanent_uuid: "66fcf2e6d3474431afdb38f9dc0a8d62" member_type: VOTER last_known_addr { host: "127.10.226.195" port: 41567 } }
I20260710 13:19:54.089378 11478 ts_tablet_manager.cc:1434] T 461b4c59fe8a44fc903e8e1ea476e3ea P c887acd2212b4e18919bbf5b291e25c8: Time spent starting tablet: real 0.017s	user 0.006s	sys 0.006s
I20260710 13:19:54.090446 11486 raft_consensus.cc:493] T ba3b317720ec442e9a59285e26277bff P c887acd2212b4e18919bbf5b291e25c8 [term 0 FOLLOWER]: Starting pre-election (no leader contacted us within the election timeout)
I20260710 13:19:54.090917 11486 raft_consensus.cc:515] T ba3b317720ec442e9a59285e26277bff P c887acd2212b4e18919bbf5b291e25c8 [term 0 FOLLOWER]: Starting pre-election with config: opid_index: -1 OBSOLETE_local: false peers { permanent_uuid: "c887acd2212b4e18919bbf5b291e25c8" member_type: VOTER last_known_addr { host: "127.10.226.193" port: 36049 } } peers { permanent_uuid: "4886a475587b49619aa73d5052f32a21" member_type: VOTER last_known_addr { host: "127.10.226.194" port: 42149 } } peers { permanent_uuid: "66fcf2e6d3474431afdb38f9dc0a8d62" member_type: VOTER last_known_addr { host: "127.10.226.195" port: 41567 } }
I20260710 13:19:54.094164 11486 leader_election.cc:290] T ba3b317720ec442e9a59285e26277bff P c887acd2212b4e18919bbf5b291e25c8 [CANDIDATE]: Term 1 pre-election: Requested pre-vote from peers 4886a475587b49619aa73d5052f32a21 (127.10.226.194:42149), 66fcf2e6d3474431afdb38f9dc0a8d62 (127.10.226.195:41567)
I20260710 13:19:54.108191 11478 tablet_bootstrap.cc:492] T 6c27485df6ba47d993b875a052179a08 P c887acd2212b4e18919bbf5b291e25c8: Bootstrap starting.
I20260710 13:19:54.111395 11479 raft_consensus.cc:493] T 95a33b33f88f4fd282b37c2514dfa670 P 66fcf2e6d3474431afdb38f9dc0a8d62 [term 0 FOLLOWER]: Starting pre-election (no leader contacted us within the election timeout)
I20260710 13:19:54.114003 11479 raft_consensus.cc:515] T 95a33b33f88f4fd282b37c2514dfa670 P 66fcf2e6d3474431afdb38f9dc0a8d62 [term 0 FOLLOWER]: Starting pre-election with config: opid_index: -1 OBSOLETE_local: false peers { permanent_uuid: "c887acd2212b4e18919bbf5b291e25c8" member_type: VOTER last_known_addr { host: "127.10.226.193" port: 36049 } } peers { permanent_uuid: "4886a475587b49619aa73d5052f32a21" member_type: VOTER last_known_addr { host: "127.10.226.194" port: 42149 } } peers { permanent_uuid: "66fcf2e6d3474431afdb38f9dc0a8d62" member_type: VOTER last_known_addr { host: "127.10.226.195" port: 41567 } }
I20260710 13:19:54.116045 11479 leader_election.cc:290] T 95a33b33f88f4fd282b37c2514dfa670 P 66fcf2e6d3474431afdb38f9dc0a8d62 [CANDIDATE]: Term 1 pre-election: Requested pre-vote from peers c887acd2212b4e18919bbf5b291e25c8 (127.10.226.193:36049), 4886a475587b49619aa73d5052f32a21 (127.10.226.194:42149)
I20260710 13:19:54.115378 11430 raft_consensus.cc:2468] T 6c27485df6ba47d993b875a052179a08 P 66fcf2e6d3474431afdb38f9dc0a8d62 [term 1 FOLLOWER]: Leader election vote request: Granting yes vote for candidate 4886a475587b49619aa73d5052f32a21 in term 1.
I20260710 13:19:54.122042 11357 tablet_service.cc:1917] Received RequestConsensusVote() RPC: tablet_id: "95a33b33f88f4fd282b37c2514dfa670" candidate_uuid: "66fcf2e6d3474431afdb38f9dc0a8d62" candidate_term: 1 candidate_status { last_received { term: 0 index: 0 } } ignore_live_leader: false dest_uuid: "4886a475587b49619aa73d5052f32a21" is_pre_election: true
I20260710 13:19:54.117128 11282 tablet_service.cc:1917] Received RequestConsensusVote() RPC: tablet_id: "95a33b33f88f4fd282b37c2514dfa670" candidate_uuid: "66fcf2e6d3474431afdb38f9dc0a8d62" candidate_term: 1 candidate_status { last_received { term: 0 index: 0 } } ignore_live_leader: false dest_uuid: "c887acd2212b4e18919bbf5b291e25c8" is_pre_election: true
I20260710 13:19:54.123451 11475 tablet_bootstrap.cc:492] T 95a33b33f88f4fd282b37c2514dfa670 P 4886a475587b49619aa73d5052f32a21: No bootstrap required, opened a new log
W20260710 13:19:54.124745 11397 leader_election.cc:343] T 95a33b33f88f4fd282b37c2514dfa670 P 66fcf2e6d3474431afdb38f9dc0a8d62 [CANDIDATE]: Term 1 pre-election: Tablet error from VoteRequest() call to peer 4886a475587b49619aa73d5052f32a21 (127.10.226.194:42149): Illegal state: must be running to vote when last-logged opid is not known
I20260710 13:19:54.125262 11474 tablet_bootstrap.cc:492] T ba3b317720ec442e9a59285e26277bff P 66fcf2e6d3474431afdb38f9dc0a8d62: No bootstrap required, opened a new log
I20260710 13:19:54.125383 11475 ts_tablet_manager.cc:1403] T 95a33b33f88f4fd282b37c2514dfa670 P 4886a475587b49619aa73d5052f32a21: Time spent bootstrapping tablet: real 0.070s	user 0.010s	sys 0.013s
I20260710 13:19:54.125303 11320 leader_election.cc:304] T 6c27485df6ba47d993b875a052179a08 P 4886a475587b49619aa73d5052f32a21 [CANDIDATE]: Term 1 election: Election decided. Result: candidate won. Election summary: received 3 responses out of 3 voters: 2 yes votes; 1 no votes. yes voters: 4886a475587b49619aa73d5052f32a21, 66fcf2e6d3474431afdb38f9dc0a8d62; no voters: c887acd2212b4e18919bbf5b291e25c8
I20260710 13:19:54.127029 11474 ts_tablet_manager.cc:1403] T ba3b317720ec442e9a59285e26277bff P 66fcf2e6d3474431afdb38f9dc0a8d62: Time spent bootstrapping tablet: real 0.093s	user 0.009s	sys 0.017s
I20260710 13:19:54.127614 11489 raft_consensus.cc:2804] T 6c27485df6ba47d993b875a052179a08 P 4886a475587b49619aa73d5052f32a21 [term 1 FOLLOWER]: Leader election won for term 1
I20260710 13:19:54.128487 11489 raft_consensus.cc:697] T 6c27485df6ba47d993b875a052179a08 P 4886a475587b49619aa73d5052f32a21 [term 1 LEADER]: Becoming Leader. State: Replica: 4886a475587b49619aa73d5052f32a21, State: Running, Role: LEADER
W20260710 13:19:54.128774 11395 leader_election.cc:343] T 95a33b33f88f4fd282b37c2514dfa670 P 66fcf2e6d3474431afdb38f9dc0a8d62 [CANDIDATE]: Term 1 pre-election: Tablet error from VoteRequest() call to peer c887acd2212b4e18919bbf5b291e25c8 (127.10.226.193:36049): Illegal state: must be running to vote when last-logged opid is not known
I20260710 13:19:54.131412 11489 consensus_queue.cc:237] T 6c27485df6ba47d993b875a052179a08 P 4886a475587b49619aa73d5052f32a21 [LEADER]: Queue going to LEADER mode. State: All replicated index: 0, Majority replicated index: 0, Committed index: 0, Last appended: 0.0, Last appended by leader: 0, Current term: 1, Majority size: 2, State: 0, Mode: LEADER, active raft config: opid_index: -1 OBSOLETE_local: false peers { permanent_uuid: "c887acd2212b4e18919bbf5b291e25c8" member_type: VOTER last_known_addr { host: "127.10.226.193" port: 36049 } } peers { permanent_uuid: "4886a475587b49619aa73d5052f32a21" member_type: VOTER last_known_addr { host: "127.10.226.194" port: 42149 } } peers { permanent_uuid: "66fcf2e6d3474431afdb38f9dc0a8d62" member_type: VOTER last_known_addr { host: "127.10.226.195" port: 41567 } }
I20260710 13:19:54.132396 11395 leader_election.cc:304] T 95a33b33f88f4fd282b37c2514dfa670 P 66fcf2e6d3474431afdb38f9dc0a8d62 [CANDIDATE]: Term 1 pre-election: Election decided. Result: candidate lost. Election summary: received 3 responses out of 3 voters: 1 yes votes; 2 no votes. yes voters: 66fcf2e6d3474431afdb38f9dc0a8d62; no voters: 4886a475587b49619aa73d5052f32a21, c887acd2212b4e18919bbf5b291e25c8
I20260710 13:19:54.133689 11479 raft_consensus.cc:2749] T 95a33b33f88f4fd282b37c2514dfa670 P 66fcf2e6d3474431afdb38f9dc0a8d62 [term 0 FOLLOWER]: Leader pre-election lost for term 1. Reason: could not achieve majority
I20260710 13:19:54.139355 11475 raft_consensus.cc:359] T 95a33b33f88f4fd282b37c2514dfa670 P 4886a475587b49619aa73d5052f32a21 [term 0 FOLLOWER]: Replica starting. Triggering 0 pending ops. Active config: opid_index: -1 OBSOLETE_local: false peers { permanent_uuid: "c887acd2212b4e18919bbf5b291e25c8" member_type: VOTER last_known_addr { host: "127.10.226.193" port: 36049 } } peers { permanent_uuid: "4886a475587b49619aa73d5052f32a21" member_type: VOTER last_known_addr { host: "127.10.226.194" port: 42149 } } peers { permanent_uuid: "66fcf2e6d3474431afdb38f9dc0a8d62" member_type: VOTER last_known_addr { host: "127.10.226.195" port: 41567 } }
I20260710 13:19:54.135598 11474 raft_consensus.cc:359] T ba3b317720ec442e9a59285e26277bff P 66fcf2e6d3474431afdb38f9dc0a8d62 [term 0 FOLLOWER]: Replica starting. Triggering 0 pending ops. Active config: opid_index: -1 OBSOLETE_local: false peers { permanent_uuid: "c887acd2212b4e18919bbf5b291e25c8" member_type: VOTER last_known_addr { host: "127.10.226.193" port: 36049 } } peers { permanent_uuid: "4886a475587b49619aa73d5052f32a21" member_type: VOTER last_known_addr { host: "127.10.226.194" port: 42149 } } peers { permanent_uuid: "66fcf2e6d3474431afdb38f9dc0a8d62" member_type: VOTER last_known_addr { host: "127.10.226.195" port: 41567 } }
I20260710 13:19:54.145172 11475 raft_consensus.cc:385] T 95a33b33f88f4fd282b37c2514dfa670 P 4886a475587b49619aa73d5052f32a21 [term 0 FOLLOWER]: Consensus starting up: Expiring failure detector timer to make a prompt election more likely
I20260710 13:19:54.155229 11474 raft_consensus.cc:385] T ba3b317720ec442e9a59285e26277bff P 66fcf2e6d3474431afdb38f9dc0a8d62 [term 0 FOLLOWER]: Consensus starting up: Expiring failure detector timer to make a prompt election more likely
I20260710 13:19:54.150548 11475 raft_consensus.cc:740] T 95a33b33f88f4fd282b37c2514dfa670 P 4886a475587b49619aa73d5052f32a21 [term 0 FOLLOWER]: Becoming Follower/Learner. State: Replica: 4886a475587b49619aa73d5052f32a21, State: Initialized, Role: FOLLOWER
I20260710 13:19:54.160792 11480 raft_consensus.cc:493] T ba3b317720ec442e9a59285e26277bff P 4886a475587b49619aa73d5052f32a21 [term 0 FOLLOWER]: Starting pre-election (no leader contacted us within the election timeout)
I20260710 13:19:54.157266 11475 consensus_queue.cc:260] T 95a33b33f88f4fd282b37c2514dfa670 P 4886a475587b49619aa73d5052f32a21 [NON_LEADER]: Queue going to NON_LEADER mode. State: All replicated index: 0, Majority replicated index: 0, Committed index: 0, Last appended: 0.0, Last appended by leader: 0, Current term: 0, Majority size: -1, State: 0, Mode: NON_LEADER, active raft config: opid_index: -1 OBSOLETE_local: false peers { permanent_uuid: "c887acd2212b4e18919bbf5b291e25c8" member_type: VOTER last_known_addr { host: "127.10.226.193" port: 36049 } } peers { permanent_uuid: "4886a475587b49619aa73d5052f32a21" member_type: VOTER last_known_addr { host: "127.10.226.194" port: 42149 } } peers { permanent_uuid: "66fcf2e6d3474431afdb38f9dc0a8d62" member_type: VOTER last_known_addr { host: "127.10.226.195" port: 41567 } }
I20260710 13:19:54.156641 11474 raft_consensus.cc:740] T ba3b317720ec442e9a59285e26277bff P 66fcf2e6d3474431afdb38f9dc0a8d62 [term 0 FOLLOWER]: Becoming Follower/Learner. State: Replica: 66fcf2e6d3474431afdb38f9dc0a8d62, State: Initialized, Role: FOLLOWER
I20260710 13:19:54.161298 11480 raft_consensus.cc:515] T ba3b317720ec442e9a59285e26277bff P 4886a475587b49619aa73d5052f32a21 [term 0 FOLLOWER]: Starting pre-election with config: opid_index: -1 OBSOLETE_local: false peers { permanent_uuid: "c887acd2212b4e18919bbf5b291e25c8" member_type: VOTER last_known_addr { host: "127.10.226.193" port: 36049 } } peers { permanent_uuid: "4886a475587b49619aa73d5052f32a21" member_type: VOTER last_known_addr { host: "127.10.226.194" port: 42149 } } peers { permanent_uuid: "66fcf2e6d3474431afdb38f9dc0a8d62" member_type: VOTER last_known_addr { host: "127.10.226.195" port: 41567 } }
I20260710 13:19:54.165299 11480 leader_election.cc:290] T ba3b317720ec442e9a59285e26277bff P 4886a475587b49619aa73d5052f32a21 [CANDIDATE]: Term 1 pre-election: Requested pre-vote from peers c887acd2212b4e18919bbf5b291e25c8 (127.10.226.193:36049), 66fcf2e6d3474431afdb38f9dc0a8d62 (127.10.226.195:41567)
I20260710 13:19:54.166276 11282 tablet_service.cc:1917] Received RequestConsensusVote() RPC: tablet_id: "ba3b317720ec442e9a59285e26277bff" candidate_uuid: "4886a475587b49619aa73d5052f32a21" candidate_term: 1 candidate_status { last_received { term: 0 index: 0 } } ignore_live_leader: false dest_uuid: "c887acd2212b4e18919bbf5b291e25c8" is_pre_election: true
I20260710 13:19:54.165467 11475 ts_tablet_manager.cc:1434] T 95a33b33f88f4fd282b37c2514dfa670 P 4886a475587b49619aa73d5052f32a21: Time spent starting tablet: real 0.039s	user 0.007s	sys 0.000s
I20260710 13:19:54.166954 11430 tablet_service.cc:1917] Received RequestConsensusVote() RPC: tablet_id: "ba3b317720ec442e9a59285e26277bff" candidate_uuid: "4886a475587b49619aa73d5052f32a21" candidate_term: 1 candidate_status { last_received { term: 0 index: 0 } } ignore_live_leader: false dest_uuid: "66fcf2e6d3474431afdb38f9dc0a8d62" is_pre_election: true
I20260710 13:19:54.168125 11475 tablet_bootstrap.cc:492] T 6657f0e1a2704b35be63cd31ebbb3d72 P 4886a475587b49619aa73d5052f32a21: Bootstrap starting.
I20260710 13:19:54.166922 11282 raft_consensus.cc:2468] T ba3b317720ec442e9a59285e26277bff P c887acd2212b4e18919bbf5b291e25c8 [term 0 FOLLOWER]: Leader pre-election vote request: Granting yes vote for candidate 4886a475587b49619aa73d5052f32a21 in term 0.
I20260710 13:19:54.165774 11474 consensus_queue.cc:260] T ba3b317720ec442e9a59285e26277bff P 66fcf2e6d3474431afdb38f9dc0a8d62 [NON_LEADER]: Queue going to NON_LEADER mode. State: All replicated index: 0, Majority replicated index: 0, Committed index: 0, Last appended: 0.0, Last appended by leader: 0, Current term: 0, Majority size: -1, State: 0, Mode: NON_LEADER, active raft config: opid_index: -1 OBSOLETE_local: false peers { permanent_uuid: "c887acd2212b4e18919bbf5b291e25c8" member_type: VOTER last_known_addr { host: "127.10.226.193" port: 36049 } } peers { permanent_uuid: "4886a475587b49619aa73d5052f32a21" member_type: VOTER last_known_addr { host: "127.10.226.194" port: 42149 } } peers { permanent_uuid: "66fcf2e6d3474431afdb38f9dc0a8d62" member_type: VOTER last_known_addr { host: "127.10.226.195" port: 41567 } }
I20260710 13:19:54.169097 11430 raft_consensus.cc:2468] T ba3b317720ec442e9a59285e26277bff P 66fcf2e6d3474431afdb38f9dc0a8d62 [term 0 FOLLOWER]: Leader pre-election vote request: Granting yes vote for candidate 4886a475587b49619aa73d5052f32a21 in term 0.
I20260710 13:19:54.171058 11321 leader_election.cc:304] T ba3b317720ec442e9a59285e26277bff P 4886a475587b49619aa73d5052f32a21 [CANDIDATE]: Term 1 pre-election: Election decided. Result: candidate won. Election summary: received 2 responses out of 3 voters: 2 yes votes; 0 no votes. yes voters: 4886a475587b49619aa73d5052f32a21, c887acd2212b4e18919bbf5b291e25c8; no voters: 
I20260710 13:19:54.172555 11480 raft_consensus.cc:2804] T ba3b317720ec442e9a59285e26277bff P 4886a475587b49619aa73d5052f32a21 [term 0 FOLLOWER]: Leader pre-election won for term 1
I20260710 13:19:54.173230 11480 raft_consensus.cc:493] T ba3b317720ec442e9a59285e26277bff P 4886a475587b49619aa73d5052f32a21 [term 0 FOLLOWER]: Starting leader election (no leader contacted us within the election timeout)
I20260710 13:19:54.173588 11478 tablet_bootstrap.cc:654] T 6c27485df6ba47d993b875a052179a08 P c887acd2212b4e18919bbf5b291e25c8: Neither blocks nor log segments found. Creating new log.
I20260710 13:19:54.173749 11480 raft_consensus.cc:3060] T ba3b317720ec442e9a59285e26277bff P 4886a475587b49619aa73d5052f32a21 [term 0 FOLLOWER]: Advancing to term 1
I20260710 13:19:54.175436 11486 raft_consensus.cc:493] T 461b4c59fe8a44fc903e8e1ea476e3ea P c887acd2212b4e18919bbf5b291e25c8 [term 0 FOLLOWER]: Starting pre-election (no leader contacted us within the election timeout)
I20260710 13:19:54.177382 11486 raft_consensus.cc:515] T 461b4c59fe8a44fc903e8e1ea476e3ea P c887acd2212b4e18919bbf5b291e25c8 [term 0 FOLLOWER]: Starting pre-election with config: opid_index: -1 OBSOLETE_local: false peers { permanent_uuid: "c887acd2212b4e18919bbf5b291e25c8" member_type: VOTER last_known_addr { host: "127.10.226.193" port: 36049 } } peers { permanent_uuid: "4886a475587b49619aa73d5052f32a21" member_type: VOTER last_known_addr { host: "127.10.226.194" port: 42149 } } peers { permanent_uuid: "66fcf2e6d3474431afdb38f9dc0a8d62" member_type: VOTER last_known_addr { host: "127.10.226.195" port: 41567 } }
I20260710 13:19:54.183636 11431 tablet_service.cc:1917] Received RequestConsensusVote() RPC: tablet_id: "461b4c59fe8a44fc903e8e1ea476e3ea" candidate_uuid: "c887acd2212b4e18919bbf5b291e25c8" candidate_term: 1 candidate_status { last_received { term: 0 index: 0 } } ignore_live_leader: false dest_uuid: "66fcf2e6d3474431afdb38f9dc0a8d62" is_pre_election: true
I20260710 13:19:54.185104 11431 raft_consensus.cc:2393] T 461b4c59fe8a44fc903e8e1ea476e3ea P 66fcf2e6d3474431afdb38f9dc0a8d62 [term 1 FOLLOWER]: Leader pre-election vote request: Denying vote to candidate c887acd2212b4e18919bbf5b291e25c8 in current term 1: Already voted for candidate 4886a475587b49619aa73d5052f32a21 in this term.
I20260710 13:19:54.185057 11486 leader_election.cc:290] T 461b4c59fe8a44fc903e8e1ea476e3ea P c887acd2212b4e18919bbf5b291e25c8 [CANDIDATE]: Term 1 pre-election: Requested pre-vote from peers 4886a475587b49619aa73d5052f32a21 (127.10.226.194:42149), 66fcf2e6d3474431afdb38f9dc0a8d62 (127.10.226.195:41567)
I20260710 13:19:54.177129 11430 tablet_service.cc:1917] Received RequestConsensusVote() RPC: tablet_id: "ba3b317720ec442e9a59285e26277bff" candidate_uuid: "c887acd2212b4e18919bbf5b291e25c8" candidate_term: 1 candidate_status { last_received { term: 0 index: 0 } } ignore_live_leader: false dest_uuid: "66fcf2e6d3474431afdb38f9dc0a8d62" is_pre_election: true
I20260710 13:19:54.187004 11430 raft_consensus.cc:2468] T ba3b317720ec442e9a59285e26277bff P 66fcf2e6d3474431afdb38f9dc0a8d62 [term 0 FOLLOWER]: Leader pre-election vote request: Granting yes vote for candidate c887acd2212b4e18919bbf5b291e25c8 in term 0.
I20260710 13:19:54.189054 11245 leader_election.cc:304] T ba3b317720ec442e9a59285e26277bff P c887acd2212b4e18919bbf5b291e25c8 [CANDIDATE]: Term 1 pre-election: Election decided. Result: candidate won. Election summary: received 2 responses out of 3 voters: 2 yes votes; 0 no votes. yes voters: 66fcf2e6d3474431afdb38f9dc0a8d62, c887acd2212b4e18919bbf5b291e25c8; no voters: 
I20260710 13:19:54.192391 11486 raft_consensus.cc:2804] T ba3b317720ec442e9a59285e26277bff P c887acd2212b4e18919bbf5b291e25c8 [term 0 FOLLOWER]: Leader pre-election won for term 1
I20260710 13:19:54.192795 11486 raft_consensus.cc:493] T ba3b317720ec442e9a59285e26277bff P c887acd2212b4e18919bbf5b291e25c8 [term 0 FOLLOWER]: Starting leader election (no leader contacted us within the election timeout)
I20260710 13:19:54.192950 11474 ts_tablet_manager.cc:1434] T ba3b317720ec442e9a59285e26277bff P 66fcf2e6d3474431afdb38f9dc0a8d62: Time spent starting tablet: real 0.065s	user 0.004s	sys 0.006s
I20260710 13:19:54.193269 11486 raft_consensus.cc:3060] T ba3b317720ec442e9a59285e26277bff P c887acd2212b4e18919bbf5b291e25c8 [term 0 FOLLOWER]: Advancing to term 1
I20260710 13:19:54.194016 11475 tablet_bootstrap.cc:654] T 6657f0e1a2704b35be63cd31ebbb3d72 P 4886a475587b49619aa73d5052f32a21: Neither blocks nor log segments found. Creating new log.
I20260710 13:19:54.193936 11474 tablet_bootstrap.cc:492] T 8345238f1e78432795a685fa538d0379 P 66fcf2e6d3474431afdb38f9dc0a8d62: Bootstrap starting.
I20260710 13:19:54.200184 11480 raft_consensus.cc:515] T ba3b317720ec442e9a59285e26277bff P 4886a475587b49619aa73d5052f32a21 [term 1 FOLLOWER]: Starting leader election with config: opid_index: -1 OBSOLETE_local: false peers { permanent_uuid: "c887acd2212b4e18919bbf5b291e25c8" member_type: VOTER last_known_addr { host: "127.10.226.193" port: 36049 } } peers { permanent_uuid: "4886a475587b49619aa73d5052f32a21" member_type: VOTER last_known_addr { host: "127.10.226.194" port: 42149 } } peers { permanent_uuid: "66fcf2e6d3474431afdb38f9dc0a8d62" member_type: VOTER last_known_addr { host: "127.10.226.195" port: 41567 } }
I20260710 13:19:54.201391 11486 raft_consensus.cc:515] T ba3b317720ec442e9a59285e26277bff P c887acd2212b4e18919bbf5b291e25c8 [term 1 FOLLOWER]: Starting leader election with config: opid_index: -1 OBSOLETE_local: false peers { permanent_uuid: "c887acd2212b4e18919bbf5b291e25c8" member_type: VOTER last_known_addr { host: "127.10.226.193" port: 36049 } } peers { permanent_uuid: "4886a475587b49619aa73d5052f32a21" member_type: VOTER last_known_addr { host: "127.10.226.194" port: 42149 } } peers { permanent_uuid: "66fcf2e6d3474431afdb38f9dc0a8d62" member_type: VOTER last_known_addr { host: "127.10.226.195" port: 41567 } }
I20260710 13:19:54.203850 11282 tablet_service.cc:1917] Received RequestConsensusVote() RPC: tablet_id: "ba3b317720ec442e9a59285e26277bff" candidate_uuid: "4886a475587b49619aa73d5052f32a21" candidate_term: 1 candidate_status { last_received { term: 0 index: 0 } } ignore_live_leader: false dest_uuid: "c887acd2212b4e18919bbf5b291e25c8"
I20260710 13:19:54.204756 11282 raft_consensus.cc:2393] T ba3b317720ec442e9a59285e26277bff P c887acd2212b4e18919bbf5b291e25c8 [term 1 FOLLOWER]: Leader election vote request: Denying vote to candidate 4886a475587b49619aa73d5052f32a21 in current term 1: Already voted for candidate c887acd2212b4e18919bbf5b291e25c8 in this term.
I20260710 13:19:54.211000 11430 tablet_service.cc:1917] Received RequestConsensusVote() RPC: tablet_id: "ba3b317720ec442e9a59285e26277bff" candidate_uuid: "4886a475587b49619aa73d5052f32a21" candidate_term: 1 candidate_status { last_received { term: 0 index: 0 } } ignore_live_leader: false dest_uuid: "66fcf2e6d3474431afdb38f9dc0a8d62"
I20260710 13:19:54.211994 11430 raft_consensus.cc:3060] T ba3b317720ec442e9a59285e26277bff P 66fcf2e6d3474431afdb38f9dc0a8d62 [term 0 FOLLOWER]: Advancing to term 1
I20260710 13:19:54.202955 11480 leader_election.cc:290] T ba3b317720ec442e9a59285e26277bff P 4886a475587b49619aa73d5052f32a21 [CANDIDATE]: Term 1 election: Requested vote from peers c887acd2212b4e18919bbf5b291e25c8 (127.10.226.193:36049), 66fcf2e6d3474431afdb38f9dc0a8d62 (127.10.226.195:41567)
I20260710 13:19:54.214253 11357 tablet_service.cc:1917] Received RequestConsensusVote() RPC: tablet_id: "ba3b317720ec442e9a59285e26277bff" candidate_uuid: "c887acd2212b4e18919bbf5b291e25c8" candidate_term: 1 candidate_status { last_received { term: 0 index: 0 } } ignore_live_leader: false dest_uuid: "4886a475587b49619aa73d5052f32a21" is_pre_election: true
I20260710 13:19:54.216917 11357 raft_consensus.cc:2393] T ba3b317720ec442e9a59285e26277bff P 4886a475587b49619aa73d5052f32a21 [term 1 FOLLOWER]: Leader pre-election vote request: Denying vote to candidate c887acd2212b4e18919bbf5b291e25c8 in current term 1: Already voted for candidate 4886a475587b49619aa73d5052f32a21 in this term.
I20260710 13:19:54.217098 11486 leader_election.cc:290] T ba3b317720ec442e9a59285e26277bff P c887acd2212b4e18919bbf5b291e25c8 [CANDIDATE]: Term 1 election: Requested vote from peers 4886a475587b49619aa73d5052f32a21 (127.10.226.194:42149), 66fcf2e6d3474431afdb38f9dc0a8d62 (127.10.226.195:41567)
I20260710 13:19:54.215888 11356 tablet_service.cc:1917] Received RequestConsensusVote() RPC: tablet_id: "461b4c59fe8a44fc903e8e1ea476e3ea" candidate_uuid: "c887acd2212b4e18919bbf5b291e25c8" candidate_term: 1 candidate_status { last_received { term: 0 index: 0 } } ignore_live_leader: false dest_uuid: "4886a475587b49619aa73d5052f32a21" is_pre_election: true
I20260710 13:19:54.219004 11431 tablet_service.cc:1917] Received RequestConsensusVote() RPC: tablet_id: "ba3b317720ec442e9a59285e26277bff" candidate_uuid: "c887acd2212b4e18919bbf5b291e25c8" candidate_term: 1 candidate_status { last_received { term: 0 index: 0 } } ignore_live_leader: false dest_uuid: "66fcf2e6d3474431afdb38f9dc0a8d62"
I20260710 13:19:54.219334 11355 tablet_service.cc:1917] Received RequestConsensusVote() RPC: tablet_id: "ba3b317720ec442e9a59285e26277bff" candidate_uuid: "c887acd2212b4e18919bbf5b291e25c8" candidate_term: 1 candidate_status { last_received { term: 0 index: 0 } } ignore_live_leader: false dest_uuid: "4886a475587b49619aa73d5052f32a21"
I20260710 13:19:54.220201 11355 raft_consensus.cc:2393] T ba3b317720ec442e9a59285e26277bff P 4886a475587b49619aa73d5052f32a21 [term 1 FOLLOWER]: Leader election vote request: Denying vote to candidate c887acd2212b4e18919bbf5b291e25c8 in current term 1: Already voted for candidate 4886a475587b49619aa73d5052f32a21 in this term.
I20260710 13:19:54.220283 11475 tablet_bootstrap.cc:492] T 6657f0e1a2704b35be63cd31ebbb3d72 P 4886a475587b49619aa73d5052f32a21: No bootstrap required, opened a new log
I20260710 13:19:54.220736 11475 ts_tablet_manager.cc:1403] T 6657f0e1a2704b35be63cd31ebbb3d72 P 4886a475587b49619aa73d5052f32a21: Time spent bootstrapping tablet: real 0.053s	user 0.012s	sys 0.014s
I20260710 13:19:54.221864 11248 leader_election.cc:304] T 461b4c59fe8a44fc903e8e1ea476e3ea P c887acd2212b4e18919bbf5b291e25c8 [CANDIDATE]: Term 1 pre-election: Election decided. Result: candidate lost. Election summary: received 3 responses out of 3 voters: 1 yes votes; 2 no votes. yes voters: c887acd2212b4e18919bbf5b291e25c8; no voters: 4886a475587b49619aa73d5052f32a21, 66fcf2e6d3474431afdb38f9dc0a8d62
I20260710 13:19:54.222993 11248 leader_election.cc:304] T ba3b317720ec442e9a59285e26277bff P c887acd2212b4e18919bbf5b291e25c8 [CANDIDATE]: Term 1 election: Election decided. Result: candidate lost. Election summary: received 3 responses out of 3 voters: 1 yes votes; 2 no votes. yes voters: c887acd2212b4e18919bbf5b291e25c8; no voters: 4886a475587b49619aa73d5052f32a21, 66fcf2e6d3474431afdb38f9dc0a8d62
I20260710 13:19:54.223714 11475 raft_consensus.cc:359] T 6657f0e1a2704b35be63cd31ebbb3d72 P 4886a475587b49619aa73d5052f32a21 [term 0 FOLLOWER]: Replica starting. Triggering 0 pending ops. Active config: opid_index: -1 OBSOLETE_local: false peers { permanent_uuid: "c887acd2212b4e18919bbf5b291e25c8" member_type: VOTER last_known_addr { host: "127.10.226.193" port: 36049 } } peers { permanent_uuid: "4886a475587b49619aa73d5052f32a21" member_type: VOTER last_known_addr { host: "127.10.226.194" port: 42149 } } peers { permanent_uuid: "66fcf2e6d3474431afdb38f9dc0a8d62" member_type: VOTER last_known_addr { host: "127.10.226.195" port: 41567 } }
I20260710 13:19:54.224438 11475 raft_consensus.cc:385] T 6657f0e1a2704b35be63cd31ebbb3d72 P 4886a475587b49619aa73d5052f32a21 [term 0 FOLLOWER]: Consensus starting up: Expiring failure detector timer to make a prompt election more likely
I20260710 13:19:54.224720 11475 raft_consensus.cc:740] T 6657f0e1a2704b35be63cd31ebbb3d72 P 4886a475587b49619aa73d5052f32a21 [term 0 FOLLOWER]: Becoming Follower/Learner. State: Replica: 4886a475587b49619aa73d5052f32a21, State: Initialized, Role: FOLLOWER
I20260710 13:19:54.225422 11475 consensus_queue.cc:260] T 6657f0e1a2704b35be63cd31ebbb3d72 P 4886a475587b49619aa73d5052f32a21 [NON_LEADER]: Queue going to NON_LEADER mode. State: All replicated index: 0, Majority replicated index: 0, Committed index: 0, Last appended: 0.0, Last appended by leader: 0, Current term: 0, Majority size: -1, State: 0, Mode: NON_LEADER, active raft config: opid_index: -1 OBSOLETE_local: false peers { permanent_uuid: "c887acd2212b4e18919bbf5b291e25c8" member_type: VOTER last_known_addr { host: "127.10.226.193" port: 36049 } } peers { permanent_uuid: "4886a475587b49619aa73d5052f32a21" member_type: VOTER last_known_addr { host: "127.10.226.194" port: 42149 } } peers { permanent_uuid: "66fcf2e6d3474431afdb38f9dc0a8d62" member_type: VOTER last_known_addr { host: "127.10.226.195" port: 41567 } }
I20260710 13:19:54.226529 11486 raft_consensus.cc:3060] T 461b4c59fe8a44fc903e8e1ea476e3ea P c887acd2212b4e18919bbf5b291e25c8 [term 0 FOLLOWER]: Advancing to term 1
I20260710 13:19:54.228155 11475 ts_tablet_manager.cc:1434] T 6657f0e1a2704b35be63cd31ebbb3d72 P 4886a475587b49619aa73d5052f32a21: Time spent starting tablet: real 0.007s	user 0.005s	sys 0.002s
I20260710 13:19:54.229333 11475 tablet_bootstrap.cc:492] T 2bd99ade3ccc45688a77c7db6985d961 P 4886a475587b49619aa73d5052f32a21: Bootstrap starting.
I20260710 13:19:54.233732 11486 raft_consensus.cc:2749] T 461b4c59fe8a44fc903e8e1ea476e3ea P c887acd2212b4e18919bbf5b291e25c8 [term 1 FOLLOWER]: Leader pre-election lost for term 1. Reason: could not achieve majority
I20260710 13:19:54.234356 11486 raft_consensus.cc:2749] T ba3b317720ec442e9a59285e26277bff P c887acd2212b4e18919bbf5b291e25c8 [term 1 FOLLOWER]: Leader election lost for term 1. Reason: could not achieve majority
I20260710 13:19:54.235775 11475 tablet_bootstrap.cc:654] T 2bd99ade3ccc45688a77c7db6985d961 P 4886a475587b49619aa73d5052f32a21: Neither blocks nor log segments found. Creating new log.
I20260710 13:19:54.253156 11430 raft_consensus.cc:2468] T ba3b317720ec442e9a59285e26277bff P 66fcf2e6d3474431afdb38f9dc0a8d62 [term 1 FOLLOWER]: Leader election vote request: Granting yes vote for candidate 4886a475587b49619aa73d5052f32a21 in term 1.
I20260710 13:19:54.256388 11177 catalog_manager.cc:5697] T 461b4c59fe8a44fc903e8e1ea476e3ea P 4886a475587b49619aa73d5052f32a21 reported cstate change: term changed from 0 to 1, leader changed from <none> to 4886a475587b49619aa73d5052f32a21 (127.10.226.194). New cstate: current_term: 1 leader_uuid: "4886a475587b49619aa73d5052f32a21" committed_config { opid_index: -1 OBSOLETE_local: false peers { permanent_uuid: "c887acd2212b4e18919bbf5b291e25c8" member_type: VOTER last_known_addr { host: "127.10.226.193" port: 36049 } health_report { overall_health: UNKNOWN } } peers { permanent_uuid: "4886a475587b49619aa73d5052f32a21" member_type: VOTER last_known_addr { host: "127.10.226.194" port: 42149 } health_report { overall_health: HEALTHY } } peers { permanent_uuid: "66fcf2e6d3474431afdb38f9dc0a8d62" member_type: VOTER last_known_addr { host: "127.10.226.195" port: 41567 } health_report { overall_health: UNKNOWN } } }
I20260710 13:19:54.256979 11320 leader_election.cc:304] T ba3b317720ec442e9a59285e26277bff P 4886a475587b49619aa73d5052f32a21 [CANDIDATE]: Term 1 election: Election decided. Result: candidate won. Election summary: received 3 responses out of 3 voters: 2 yes votes; 1 no votes. yes voters: 4886a475587b49619aa73d5052f32a21, 66fcf2e6d3474431afdb38f9dc0a8d62; no voters: c887acd2212b4e18919bbf5b291e25c8
I20260710 13:19:54.258617 11480 raft_consensus.cc:2804] T ba3b317720ec442e9a59285e26277bff P 4886a475587b49619aa73d5052f32a21 [term 1 FOLLOWER]: Leader election won for term 1
I20260710 13:19:54.259141 11480 raft_consensus.cc:697] T ba3b317720ec442e9a59285e26277bff P 4886a475587b49619aa73d5052f32a21 [term 1 LEADER]: Becoming Leader. State: Replica: 4886a475587b49619aa73d5052f32a21, State: Running, Role: LEADER
I20260710 13:19:54.258912 11177 catalog_manager.cc:5697] T 6c27485df6ba47d993b875a052179a08 P 4886a475587b49619aa73d5052f32a21 reported cstate change: term changed from 0 to 1, leader changed from <none> to 4886a475587b49619aa73d5052f32a21 (127.10.226.194). New cstate: current_term: 1 leader_uuid: "4886a475587b49619aa73d5052f32a21" committed_config { opid_index: -1 OBSOLETE_local: false peers { permanent_uuid: "c887acd2212b4e18919bbf5b291e25c8" member_type: VOTER last_known_addr { host: "127.10.226.193" port: 36049 } health_report { overall_health: UNKNOWN } } peers { permanent_uuid: "4886a475587b49619aa73d5052f32a21" member_type: VOTER last_known_addr { host: "127.10.226.194" port: 42149 } health_report { overall_health: HEALTHY } } peers { permanent_uuid: "66fcf2e6d3474431afdb38f9dc0a8d62" member_type: VOTER last_known_addr { host: "127.10.226.195" port: 41567 } health_report { overall_health: UNKNOWN } } }
I20260710 13:19:54.259975 11480 consensus_queue.cc:237] T ba3b317720ec442e9a59285e26277bff P 4886a475587b49619aa73d5052f32a21 [LEADER]: Queue going to LEADER mode. State: All replicated index: 0, Majority replicated index: 0, Committed index: 0, Last appended: 0.0, Last appended by leader: 0, Current term: 1, Majority size: 2, State: 0, Mode: LEADER, active raft config: opid_index: -1 OBSOLETE_local: false peers { permanent_uuid: "c887acd2212b4e18919bbf5b291e25c8" member_type: VOTER last_known_addr { host: "127.10.226.193" port: 36049 } } peers { permanent_uuid: "4886a475587b49619aa73d5052f32a21" member_type: VOTER last_known_addr { host: "127.10.226.194" port: 42149 } } peers { permanent_uuid: "66fcf2e6d3474431afdb38f9dc0a8d62" member_type: VOTER last_known_addr { host: "127.10.226.195" port: 41567 } }
I20260710 13:19:54.260675 11474 tablet_bootstrap.cc:654] T 8345238f1e78432795a685fa538d0379 P 66fcf2e6d3474431afdb38f9dc0a8d62: Neither blocks nor log segments found. Creating new log.
I20260710 13:19:54.266547 11478 tablet_bootstrap.cc:492] T 6c27485df6ba47d993b875a052179a08 P c887acd2212b4e18919bbf5b291e25c8: No bootstrap required, opened a new log
I20260710 13:19:54.267221 11478 ts_tablet_manager.cc:1403] T 6c27485df6ba47d993b875a052179a08 P c887acd2212b4e18919bbf5b291e25c8: Time spent bootstrapping tablet: real 0.160s	user 0.013s	sys 0.003s
I20260710 13:19:54.269243 11475 tablet_bootstrap.cc:492] T 2bd99ade3ccc45688a77c7db6985d961 P 4886a475587b49619aa73d5052f32a21: No bootstrap required, opened a new log
I20260710 13:19:54.269670 11475 ts_tablet_manager.cc:1403] T 2bd99ade3ccc45688a77c7db6985d961 P 4886a475587b49619aa73d5052f32a21: Time spent bootstrapping tablet: real 0.041s	user 0.017s	sys 0.017s
I20260710 13:19:54.272668 11475 raft_consensus.cc:359] T 2bd99ade3ccc45688a77c7db6985d961 P 4886a475587b49619aa73d5052f32a21 [term 0 FOLLOWER]: Replica starting. Triggering 0 pending ops. Active config: opid_index: -1 OBSOLETE_local: false peers { permanent_uuid: "c887acd2212b4e18919bbf5b291e25c8" member_type: VOTER last_known_addr { host: "127.10.226.193" port: 36049 } } peers { permanent_uuid: "4886a475587b49619aa73d5052f32a21" member_type: VOTER last_known_addr { host: "127.10.226.194" port: 42149 } } peers { permanent_uuid: "66fcf2e6d3474431afdb38f9dc0a8d62" member_type: VOTER last_known_addr { host: "127.10.226.195" port: 41567 } }
I20260710 13:19:54.273821 11475 raft_consensus.cc:385] T 2bd99ade3ccc45688a77c7db6985d961 P 4886a475587b49619aa73d5052f32a21 [term 0 FOLLOWER]: Consensus starting up: Expiring failure detector timer to make a prompt election more likely
I20260710 13:19:54.274080 11475 raft_consensus.cc:740] T 2bd99ade3ccc45688a77c7db6985d961 P 4886a475587b49619aa73d5052f32a21 [term 0 FOLLOWER]: Becoming Follower/Learner. State: Replica: 4886a475587b49619aa73d5052f32a21, State: Initialized, Role: FOLLOWER
I20260710 13:19:54.274708 11475 consensus_queue.cc:260] T 2bd99ade3ccc45688a77c7db6985d961 P 4886a475587b49619aa73d5052f32a21 [NON_LEADER]: Queue going to NON_LEADER mode. State: All replicated index: 0, Majority replicated index: 0, Committed index: 0, Last appended: 0.0, Last appended by leader: 0, Current term: 0, Majority size: -1, State: 0, Mode: NON_LEADER, active raft config: opid_index: -1 OBSOLETE_local: false peers { permanent_uuid: "c887acd2212b4e18919bbf5b291e25c8" member_type: VOTER last_known_addr { host: "127.10.226.193" port: 36049 } } peers { permanent_uuid: "4886a475587b49619aa73d5052f32a21" member_type: VOTER last_known_addr { host: "127.10.226.194" port: 42149 } } peers { permanent_uuid: "66fcf2e6d3474431afdb38f9dc0a8d62" member_type: VOTER last_known_addr { host: "127.10.226.195" port: 41567 } }
I20260710 13:19:54.276952 11475 ts_tablet_manager.cc:1434] T 2bd99ade3ccc45688a77c7db6985d961 P 4886a475587b49619aa73d5052f32a21: Time spent starting tablet: real 0.007s	user 0.007s	sys 0.000s
I20260710 13:19:54.277810 11475 tablet_bootstrap.cc:492] T ee8affea63b747839df97009d7c2d6ab P 4886a475587b49619aa73d5052f32a21: Bootstrap starting.
I20260710 13:19:54.270198 11478 raft_consensus.cc:359] T 6c27485df6ba47d993b875a052179a08 P c887acd2212b4e18919bbf5b291e25c8 [term 0 FOLLOWER]: Replica starting. Triggering 0 pending ops. Active config: opid_index: -1 OBSOLETE_local: false peers { permanent_uuid: "c887acd2212b4e18919bbf5b291e25c8" member_type: VOTER last_known_addr { host: "127.10.226.193" port: 36049 } } peers { permanent_uuid: "4886a475587b49619aa73d5052f32a21" member_type: VOTER last_known_addr { host: "127.10.226.194" port: 42149 } } peers { permanent_uuid: "66fcf2e6d3474431afdb38f9dc0a8d62" member_type: VOTER last_known_addr { host: "127.10.226.195" port: 41567 } }
I20260710 13:19:54.279551 11478 raft_consensus.cc:385] T 6c27485df6ba47d993b875a052179a08 P c887acd2212b4e18919bbf5b291e25c8 [term 0 FOLLOWER]: Consensus starting up: Expiring failure detector timer to make a prompt election more likely
I20260710 13:19:54.280051 11478 raft_consensus.cc:740] T 6c27485df6ba47d993b875a052179a08 P c887acd2212b4e18919bbf5b291e25c8 [term 0 FOLLOWER]: Becoming Follower/Learner. State: Replica: c887acd2212b4e18919bbf5b291e25c8, State: Initialized, Role: FOLLOWER
I20260710 13:19:54.281015 11478 consensus_queue.cc:260] T 6c27485df6ba47d993b875a052179a08 P c887acd2212b4e18919bbf5b291e25c8 [NON_LEADER]: Queue going to NON_LEADER mode. State: All replicated index: 0, Majority replicated index: 0, Committed index: 0, Last appended: 0.0, Last appended by leader: 0, Current term: 0, Majority size: -1, State: 0, Mode: NON_LEADER, active raft config: opid_index: -1 OBSOLETE_local: false peers { permanent_uuid: "c887acd2212b4e18919bbf5b291e25c8" member_type: VOTER last_known_addr { host: "127.10.226.193" port: 36049 } } peers { permanent_uuid: "4886a475587b49619aa73d5052f32a21" member_type: VOTER last_known_addr { host: "127.10.226.194" port: 42149 } } peers { permanent_uuid: "66fcf2e6d3474431afdb38f9dc0a8d62" member_type: VOTER last_known_addr { host: "127.10.226.195" port: 41567 } }
I20260710 13:19:54.283631 11475 tablet_bootstrap.cc:654] T ee8affea63b747839df97009d7c2d6ab P 4886a475587b49619aa73d5052f32a21: Neither blocks nor log segments found. Creating new log.
I20260710 13:19:54.291285 11474 tablet_bootstrap.cc:492] T 8345238f1e78432795a685fa538d0379 P 66fcf2e6d3474431afdb38f9dc0a8d62: No bootstrap required, opened a new log
I20260710 13:19:54.291625 11478 ts_tablet_manager.cc:1434] T 6c27485df6ba47d993b875a052179a08 P c887acd2212b4e18919bbf5b291e25c8: Time spent starting tablet: real 0.024s	user 0.005s	sys 0.003s
I20260710 13:19:54.293081 11474 ts_tablet_manager.cc:1403] T 8345238f1e78432795a685fa538d0379 P 66fcf2e6d3474431afdb38f9dc0a8d62: Time spent bootstrapping tablet: real 0.099s	user 0.008s	sys 0.012s
I20260710 13:19:54.295516 11475 tablet_bootstrap.cc:492] T ee8affea63b747839df97009d7c2d6ab P 4886a475587b49619aa73d5052f32a21: No bootstrap required, opened a new log
I20260710 13:19:54.295930 11475 ts_tablet_manager.cc:1403] T ee8affea63b747839df97009d7c2d6ab P 4886a475587b49619aa73d5052f32a21: Time spent bootstrapping tablet: real 0.018s	user 0.008s	sys 0.008s
I20260710 13:19:54.296049 11478 tablet_bootstrap.cc:492] T 95a33b33f88f4fd282b37c2514dfa670 P c887acd2212b4e18919bbf5b291e25c8: Bootstrap starting.
I20260710 13:19:54.298255 11474 raft_consensus.cc:359] T 8345238f1e78432795a685fa538d0379 P 66fcf2e6d3474431afdb38f9dc0a8d62 [term 0 FOLLOWER]: Replica starting. Triggering 0 pending ops. Active config: opid_index: -1 OBSOLETE_local: false peers { permanent_uuid: "c887acd2212b4e18919bbf5b291e25c8" member_type: VOTER last_known_addr { host: "127.10.226.193" port: 36049 } } peers { permanent_uuid: "4886a475587b49619aa73d5052f32a21" member_type: VOTER last_known_addr { host: "127.10.226.194" port: 42149 } } peers { permanent_uuid: "66fcf2e6d3474431afdb38f9dc0a8d62" member_type: VOTER last_known_addr { host: "127.10.226.195" port: 41567 } }
I20260710 13:19:54.298410 11475 raft_consensus.cc:359] T ee8affea63b747839df97009d7c2d6ab P 4886a475587b49619aa73d5052f32a21 [term 0 FOLLOWER]: Replica starting. Triggering 0 pending ops. Active config: opid_index: -1 OBSOLETE_local: false peers { permanent_uuid: "c887acd2212b4e18919bbf5b291e25c8" member_type: VOTER last_known_addr { host: "127.10.226.193" port: 36049 } } peers { permanent_uuid: "4886a475587b49619aa73d5052f32a21" member_type: VOTER last_known_addr { host: "127.10.226.194" port: 42149 } } peers { permanent_uuid: "66fcf2e6d3474431afdb38f9dc0a8d62" member_type: VOTER last_known_addr { host: "127.10.226.195" port: 41567 } }
I20260710 13:19:54.301062 11475 raft_consensus.cc:385] T ee8affea63b747839df97009d7c2d6ab P 4886a475587b49619aa73d5052f32a21 [term 0 FOLLOWER]: Consensus starting up: Expiring failure detector timer to make a prompt election more likely
I20260710 13:19:54.301386 11475 raft_consensus.cc:740] T ee8affea63b747839df97009d7c2d6ab P 4886a475587b49619aa73d5052f32a21 [term 0 FOLLOWER]: Becoming Follower/Learner. State: Replica: 4886a475587b49619aa73d5052f32a21, State: Initialized, Role: FOLLOWER
I20260710 13:19:54.301123 11474 raft_consensus.cc:385] T 8345238f1e78432795a685fa538d0379 P 66fcf2e6d3474431afdb38f9dc0a8d62 [term 0 FOLLOWER]: Consensus starting up: Expiring failure detector timer to make a prompt election more likely
I20260710 13:19:54.301954 11478 tablet_bootstrap.cc:654] T 95a33b33f88f4fd282b37c2514dfa670 P c887acd2212b4e18919bbf5b291e25c8: Neither blocks nor log segments found. Creating new log.
I20260710 13:19:54.302003 11474 raft_consensus.cc:740] T 8345238f1e78432795a685fa538d0379 P 66fcf2e6d3474431afdb38f9dc0a8d62 [term 0 FOLLOWER]: Becoming Follower/Learner. State: Replica: 66fcf2e6d3474431afdb38f9dc0a8d62, State: Initialized, Role: FOLLOWER
I20260710 13:19:54.302107 11475 consensus_queue.cc:260] T ee8affea63b747839df97009d7c2d6ab P 4886a475587b49619aa73d5052f32a21 [NON_LEADER]: Queue going to NON_LEADER mode. State: All replicated index: 0, Majority replicated index: 0, Committed index: 0, Last appended: 0.0, Last appended by leader: 0, Current term: 0, Majority size: -1, State: 0, Mode: NON_LEADER, active raft config: opid_index: -1 OBSOLETE_local: false peers { permanent_uuid: "c887acd2212b4e18919bbf5b291e25c8" member_type: VOTER last_known_addr { host: "127.10.226.193" port: 36049 } } peers { permanent_uuid: "4886a475587b49619aa73d5052f32a21" member_type: VOTER last_known_addr { host: "127.10.226.194" port: 42149 } } peers { permanent_uuid: "66fcf2e6d3474431afdb38f9dc0a8d62" member_type: VOTER last_known_addr { host: "127.10.226.195" port: 41567 } }
I20260710 13:19:54.303922 11474 consensus_queue.cc:260] T 8345238f1e78432795a685fa538d0379 P 66fcf2e6d3474431afdb38f9dc0a8d62 [NON_LEADER]: Queue going to NON_LEADER mode. State: All replicated index: 0, Majority replicated index: 0, Committed index: 0, Last appended: 0.0, Last appended by leader: 0, Current term: 0, Majority size: -1, State: 0, Mode: NON_LEADER, active raft config: opid_index: -1 OBSOLETE_local: false peers { permanent_uuid: "c887acd2212b4e18919bbf5b291e25c8" member_type: VOTER last_known_addr { host: "127.10.226.193" port: 36049 } } peers { permanent_uuid: "4886a475587b49619aa73d5052f32a21" member_type: VOTER last_known_addr { host: "127.10.226.194" port: 42149 } } peers { permanent_uuid: "66fcf2e6d3474431afdb38f9dc0a8d62" member_type: VOTER last_known_addr { host: "127.10.226.195" port: 41567 } }
I20260710 13:19:54.304967 11475 ts_tablet_manager.cc:1434] T ee8affea63b747839df97009d7c2d6ab P 4886a475587b49619aa73d5052f32a21: Time spent starting tablet: real 0.009s	user 0.007s	sys 0.000s
I20260710 13:19:54.307540 11474 ts_tablet_manager.cc:1434] T 8345238f1e78432795a685fa538d0379 P 66fcf2e6d3474431afdb38f9dc0a8d62: Time spent starting tablet: real 0.014s	user 0.005s	sys 0.002s
I20260710 13:19:54.308542 11474 tablet_bootstrap.cc:492] T 6657f0e1a2704b35be63cd31ebbb3d72 P 66fcf2e6d3474431afdb38f9dc0a8d62: Bootstrap starting.
I20260710 13:19:54.312994 11179 catalog_manager.cc:5697] T ba3b317720ec442e9a59285e26277bff P 4886a475587b49619aa73d5052f32a21 reported cstate change: term changed from 0 to 1, leader changed from <none> to 4886a475587b49619aa73d5052f32a21 (127.10.226.194). New cstate: current_term: 1 leader_uuid: "4886a475587b49619aa73d5052f32a21" committed_config { opid_index: -1 OBSOLETE_local: false peers { permanent_uuid: "c887acd2212b4e18919bbf5b291e25c8" member_type: VOTER last_known_addr { host: "127.10.226.193" port: 36049 } health_report { overall_health: UNKNOWN } } peers { permanent_uuid: "4886a475587b49619aa73d5052f32a21" member_type: VOTER last_known_addr { host: "127.10.226.194" port: 42149 } health_report { overall_health: HEALTHY } } peers { permanent_uuid: "66fcf2e6d3474431afdb38f9dc0a8d62" member_type: VOTER last_known_addr { host: "127.10.226.195" port: 41567 } health_report { overall_health: UNKNOWN } } }
I20260710 13:19:54.314925 11474 tablet_bootstrap.cc:654] T 6657f0e1a2704b35be63cd31ebbb3d72 P 66fcf2e6d3474431afdb38f9dc0a8d62: Neither blocks nor log segments found. Creating new log.
I20260710 13:19:54.332160 11474 tablet_bootstrap.cc:492] T 6657f0e1a2704b35be63cd31ebbb3d72 P 66fcf2e6d3474431afdb38f9dc0a8d62: No bootstrap required, opened a new log
I20260710 13:19:54.332718 11474 ts_tablet_manager.cc:1403] T 6657f0e1a2704b35be63cd31ebbb3d72 P 66fcf2e6d3474431afdb38f9dc0a8d62: Time spent bootstrapping tablet: real 0.024s	user 0.011s	sys 0.006s
I20260710 13:19:54.333554 11478 tablet_bootstrap.cc:492] T 95a33b33f88f4fd282b37c2514dfa670 P c887acd2212b4e18919bbf5b291e25c8: No bootstrap required, opened a new log
I20260710 13:19:54.333881 11478 ts_tablet_manager.cc:1403] T 95a33b33f88f4fd282b37c2514dfa670 P c887acd2212b4e18919bbf5b291e25c8: Time spent bootstrapping tablet: real 0.038s	user 0.015s	sys 0.001s
I20260710 13:19:54.335604 11474 raft_consensus.cc:359] T 6657f0e1a2704b35be63cd31ebbb3d72 P 66fcf2e6d3474431afdb38f9dc0a8d62 [term 0 FOLLOWER]: Replica starting. Triggering 0 pending ops. Active config: opid_index: -1 OBSOLETE_local: false peers { permanent_uuid: "c887acd2212b4e18919bbf5b291e25c8" member_type: VOTER last_known_addr { host: "127.10.226.193" port: 36049 } } peers { permanent_uuid: "4886a475587b49619aa73d5052f32a21" member_type: VOTER last_known_addr { host: "127.10.226.194" port: 42149 } } peers { permanent_uuid: "66fcf2e6d3474431afdb38f9dc0a8d62" member_type: VOTER last_known_addr { host: "127.10.226.195" port: 41567 } }
I20260710 13:19:54.335983 11478 raft_consensus.cc:359] T 95a33b33f88f4fd282b37c2514dfa670 P c887acd2212b4e18919bbf5b291e25c8 [term 0 FOLLOWER]: Replica starting. Triggering 0 pending ops. Active config: opid_index: -1 OBSOLETE_local: false peers { permanent_uuid: "c887acd2212b4e18919bbf5b291e25c8" member_type: VOTER last_known_addr { host: "127.10.226.193" port: 36049 } } peers { permanent_uuid: "4886a475587b49619aa73d5052f32a21" member_type: VOTER last_known_addr { host: "127.10.226.194" port: 42149 } } peers { permanent_uuid: "66fcf2e6d3474431afdb38f9dc0a8d62" member_type: VOTER last_known_addr { host: "127.10.226.195" port: 41567 } }
I20260710 13:19:54.336391 11474 raft_consensus.cc:385] T 6657f0e1a2704b35be63cd31ebbb3d72 P 66fcf2e6d3474431afdb38f9dc0a8d62 [term 0 FOLLOWER]: Consensus starting up: Expiring failure detector timer to make a prompt election more likely
I20260710 13:19:54.336491 11478 raft_consensus.cc:385] T 95a33b33f88f4fd282b37c2514dfa670 P c887acd2212b4e18919bbf5b291e25c8 [term 0 FOLLOWER]: Consensus starting up: Expiring failure detector timer to make a prompt election more likely
I20260710 13:19:54.336998 11474 raft_consensus.cc:740] T 6657f0e1a2704b35be63cd31ebbb3d72 P 66fcf2e6d3474431afdb38f9dc0a8d62 [term 0 FOLLOWER]: Becoming Follower/Learner. State: Replica: 66fcf2e6d3474431afdb38f9dc0a8d62, State: Initialized, Role: FOLLOWER
I20260710 13:19:54.337021 11478 raft_consensus.cc:740] T 95a33b33f88f4fd282b37c2514dfa670 P c887acd2212b4e18919bbf5b291e25c8 [term 0 FOLLOWER]: Becoming Follower/Learner. State: Replica: c887acd2212b4e18919bbf5b291e25c8, State: Initialized, Role: FOLLOWER
