I20260710 13:20:23.237650 12295 leader_election.cc:304] T a6eb7ee211194bc6a9f47d5b582256de P 9d33891f62ee41b6b5faa31951b7bd16 [CANDIDATE]: Term 2 pre-election: Election decided. Result: candidate lost. Election summary: received 3 responses out of 3 voters: 1 yes votes; 2 no votes. yes voters: 9d33891f62ee41b6b5faa31951b7bd16; no voters: 20a3061ccbcf4560aea201352cad8a91, 85d5059e8b794c67ae0a96c78d5346ed
I20260710 13:20:23.207652 12915 raft_consensus.cc:515] T e45eafb4189042128297f2790bed4d4a P 85d5059e8b794c67ae0a96c78d5346ed [term 2 FOLLOWER]: Starting leader election with config: opid_index: -1 OBSOLETE_local: false peers { permanent_uuid: "9d33891f62ee41b6b5faa31951b7bd16" member_type: VOTER last_known_addr { host: "127.10.246.65" port: 43277 } } peers { permanent_uuid: "20a3061ccbcf4560aea201352cad8a91" member_type: VOTER last_known_addr { host: "127.10.246.66" port: 33469 } } peers { permanent_uuid: "85d5059e8b794c67ae0a96c78d5346ed" member_type: VOTER last_known_addr { host: "127.10.246.67" port: 33841 } }
I20260710 13:20:23.240181 12935 raft_consensus.cc:2749] T 9af349486d1647c79c330b0906969885 P 85d5059e8b794c67ae0a96c78d5346ed [term 1 FOLLOWER]: Leader pre-election lost for term 2. Reason: could not achieve majority
I20260710 13:20:23.229411 12327 tablet_service.cc:1917] Received RequestConsensusVote() RPC: tablet_id: "3887d4d31b2e4e4c82fb83b17c6681d4" candidate_uuid: "20a3061ccbcf4560aea201352cad8a91" candidate_term: 2 candidate_status { last_received { term: 1 index: 1 } } ignore_live_leader: false dest_uuid: "9d33891f62ee41b6b5faa31951b7bd16"
I20260710 13:20:23.239338 12873 raft_consensus.cc:2749] T a6eb7ee211194bc6a9f47d5b582256de P 9d33891f62ee41b6b5faa31951b7bd16 [term 1 FOLLOWER]: Leader pre-election lost for term 2. Reason: could not achieve majority
I20260710 13:20:23.224725 12469 tablet_service.cc:1917] Received RequestConsensusVote() RPC: tablet_id: "1cfb3ad7948c42858f1d7bbea37e37ce" candidate_uuid: "20a3061ccbcf4560aea201352cad8a91" candidate_term: 2 candidate_status { last_received { term: 1 index: 1 } } ignore_live_leader: false dest_uuid: "85d5059e8b794c67ae0a96c78d5346ed"
I20260710 13:20:23.246647 12329 tablet_service.cc:1917] Received RequestConsensusVote() RPC: tablet_id: "25fc796d92814196978f01e9c20b8070" candidate_uuid: "85d5059e8b794c67ae0a96c78d5346ed" candidate_term: 2 candidate_status { last_received { term: 1 index: 4 } } ignore_live_leader: false dest_uuid: "9d33891f62ee41b6b5faa31951b7bd16"
I20260710 13:20:23.231323 12895 raft_consensus.cc:2749] T 2f511508e30f4be9a5a107a0d924ad9d P 20a3061ccbcf4560aea201352cad8a91 [term 2 FOLLOWER]: Leader election lost for term 2. Reason: could not achieve majority
I20260710 13:20:23.223120 12876 raft_consensus.cc:515] T 6ee14c5369994aecb9f3d3642d562ee0 P 9d33891f62ee41b6b5faa31951b7bd16 [term 2 FOLLOWER]: Starting leader election with config: opid_index: -1 OBSOLETE_local: false peers { permanent_uuid: "9d33891f62ee41b6b5faa31951b7bd16" member_type: VOTER last_known_addr { host: "127.10.246.65" port: 43277 } } peers { permanent_uuid: "20a3061ccbcf4560aea201352cad8a91" member_type: VOTER last_known_addr { host: "127.10.246.66" port: 33469 } } peers { permanent_uuid: "85d5059e8b794c67ae0a96c78d5346ed" member_type: VOTER last_known_addr { host: "127.10.246.67" port: 33841 } }
I20260710 13:20:23.245760 12328 raft_consensus.cc:1240] T 9af349486d1647c79c330b0906969885 P 9d33891f62ee41b6b5faa31951b7bd16 [term 2 FOLLOWER]: Rejecting Update request from peer 20a3061ccbcf4560aea201352cad8a91 for earlier term 1. Current term is 2. Ops: []
I20260710 13:20:23.247997 12474 tablet_service.cc:1917] Received RequestConsensusVote() RPC: tablet_id: "63a420e6c3c04b2a9a96ed7c6715298d" candidate_uuid: "9d33891f62ee41b6b5faa31951b7bd16" candidate_term: 2 candidate_status { last_received { term: 1 index: 1 } } ignore_live_leader: false dest_uuid: "85d5059e8b794c67ae0a96c78d5346ed"
I20260710 13:20:23.248281 12295 leader_election.cc:304] T 1222c5e17ab94ca8a9bd6970361f3e0e P 9d33891f62ee41b6b5faa31951b7bd16 [CANDIDATE]: Term 2 election: Election decided. Result: candidate lost. Election summary: received 3 responses out of 3 voters: 1 yes votes; 2 no votes. yes voters: 9d33891f62ee41b6b5faa31951b7bd16; no voters: 20a3061ccbcf4560aea201352cad8a91, 85d5059e8b794c67ae0a96c78d5346ed
I20260710 13:20:23.249011 12444 leader_election.cc:304] T f2918a256fd0409dbf87c93207eac3dc P 85d5059e8b794c67ae0a96c78d5346ed [CANDIDATE]: Term 2 pre-election: Election decided. Result: candidate lost. Election summary: received 3 responses out of 3 voters: 1 yes votes; 2 no votes. yes voters: 85d5059e8b794c67ae0a96c78d5346ed; no voters: 20a3061ccbcf4560aea201352cad8a91, 9d33891f62ee41b6b5faa31951b7bd16
I20260710 13:20:23.260295 12295 leader_election.cc:304] T 511ea572bbd14938928b7c0132d2c65b P 9d33891f62ee41b6b5faa31951b7bd16 [CANDIDATE]: Term 2 election: Election decided. Result: candidate won. Election summary: received 2 responses out of 3 voters: 2 yes votes; 0 no votes. yes voters: 85d5059e8b794c67ae0a96c78d5346ed, 9d33891f62ee41b6b5faa31951b7bd16; no voters: 
I20260710 13:20:23.261636 12444 leader_election.cc:304] T feefcab37ced4de7a3dcd76ed47809f8 P 85d5059e8b794c67ae0a96c78d5346ed [CANDIDATE]: Term 2 pre-election: Election decided. Result: candidate lost. Election summary: received 3 responses out of 3 voters: 1 yes votes; 2 no votes. yes voters: 85d5059e8b794c67ae0a96c78d5346ed; no voters: 20a3061ccbcf4560aea201352cad8a91, 9d33891f62ee41b6b5faa31951b7bd16
I20260710 13:20:23.258332 12323 raft_consensus.cc:2955] T 948d03df0247420bbbc2767de45db138 P 9d33891f62ee41b6b5faa31951b7bd16 [term 1 FOLLOWER]: Committing config change with OpId 1.4: config changed from index 3 to 4, VOTER 85d5059e8b794c67ae0a96c78d5346ed (127.10.246.67) evicted. New config: { opid_index: 4 OBSOLETE_local: false peers { permanent_uuid: "9d33891f62ee41b6b5faa31951b7bd16" member_type: VOTER last_known_addr { host: "127.10.246.65" port: 43277 } } peers { permanent_uuid: "20a3061ccbcf4560aea201352cad8a91" member_type: VOTER last_known_addr { host: "127.10.246.66" port: 33469 } } peers { permanent_uuid: "9defeabc25354f2e89260a2e7ded8ff4" member_type: VOTER last_known_addr { host: "127.10.246.68" port: 37977 } attrs { promote: false } } }
I20260710 13:20:23.263865 12476 raft_consensus.cc:1240] T 54859c6ffc214599bf963586b83f0afd P 85d5059e8b794c67ae0a96c78d5346ed [term 2 FOLLOWER]: Rejecting Update request from peer 9d33891f62ee41b6b5faa31951b7bd16 for earlier term 1. Current term is 2. Ops: []
I20260710 13:20:23.264160 12295 leader_election.cc:304] T 9af349486d1647c79c330b0906969885 P 9d33891f62ee41b6b5faa31951b7bd16 [CANDIDATE]: Term 2 election: Election decided. Result: candidate lost. Election summary: received 3 responses out of 3 voters: 1 yes votes; 2 no votes. yes voters: 9d33891f62ee41b6b5faa31951b7bd16; no voters: 20a3061ccbcf4560aea201352cad8a91, 85d5059e8b794c67ae0a96c78d5346ed
I20260710 13:20:23.247020 12935 raft_consensus.cc:2749] T 1222c5e17ab94ca8a9bd6970361f3e0e P 85d5059e8b794c67ae0a96c78d5346ed [term 1 FOLLOWER]: Leader pre-election lost for term 2. Reason: could not achieve majority
I20260710 13:20:23.266099 12444 leader_election.cc:304] T f35586ee7e174553b484097c448041f0 P 85d5059e8b794c67ae0a96c78d5346ed [CANDIDATE]: Term 2 pre-election: Election decided. Result: candidate lost. Election summary: received 3 responses out of 3 voters: 1 yes votes; 2 no votes. yes voters: 85d5059e8b794c67ae0a96c78d5346ed; no voters: 20a3061ccbcf4560aea201352cad8a91, 9d33891f62ee41b6b5faa31951b7bd16
I20260710 13:20:23.242287 12901 consensus_queue.cc:1059] T 5796086b221a41318f5dfc9c68942273 P 9d33891f62ee41b6b5faa31951b7bd16 [LEADER]: Peer responded invalid term: Peer: permanent_uuid: "20a3061ccbcf4560aea201352cad8a91" member_type: VOTER last_known_addr { host: "127.10.246.66" port: 33469 }, Status: INVALID_TERM, Last received: 1.4, Next index: 5, Last known committed idx: 4, Time since last communication: 0.019s
I20260710 13:20:23.266448 12938 raft_consensus.cc:2749] T 1222c5e17ab94ca8a9bd6970361f3e0e P 9d33891f62ee41b6b5faa31951b7bd16 [term 2 FOLLOWER]: Leader election lost for term 2. Reason: could not achieve majority
I20260710 13:20:23.255716 12918 consensus_queue.cc:1059] T 511ea572bbd14938928b7c0132d2c65b P 20a3061ccbcf4560aea201352cad8a91 [LEADER]: Peer responded invalid term: Peer: permanent_uuid: "85d5059e8b794c67ae0a96c78d5346ed" member_type: VOTER last_known_addr { host: "127.10.246.67" port: 33841 }, Status: INVALID_TERM, Last received: 1.2, Next index: 3, Last known committed idx: 2, Time since last communication: 0.012s
I20260710 13:20:23.305756 12933 raft_consensus.cc:2749] T 3887d4d31b2e4e4c82fb83b17c6681d4 P 9d33891f62ee41b6b5faa31951b7bd16 [term 1 FOLLOWER]: Leader pre-election lost for term 2. Reason: could not achieve majority
I20260710 13:20:23.267568 12910 consensus_queue.cc:1059] T 54859c6ffc214599bf963586b83f0afd P 9d33891f62ee41b6b5faa31951b7bd16 [LEADER]: Peer responded invalid term: Peer: permanent_uuid: "85d5059e8b794c67ae0a96c78d5346ed" member_type: VOTER last_known_addr { host: "127.10.246.67" port: 33841 }, Status: INVALID_TERM, Last received: 1.1, Next index: 2, Last known committed idx: 1, Time since last communication: 0.049s
I20260710 13:20:23.272143 12906 raft_consensus.cc:515] T e6437ad19aeb4f85969f2fc8e922ca54 P 85d5059e8b794c67ae0a96c78d5346ed [term 2 FOLLOWER]: Starting leader election with config: opid_index: -1 OBSOLETE_local: false peers { permanent_uuid: "9d33891f62ee41b6b5faa31951b7bd16" member_type: VOTER last_known_addr { host: "127.10.246.65" port: 43277 } } peers { permanent_uuid: "20a3061ccbcf4560aea201352cad8a91" member_type: VOTER last_known_addr { host: "127.10.246.66" port: 33469 } } peers { permanent_uuid: "85d5059e8b794c67ae0a96c78d5346ed" member_type: VOTER last_known_addr { host: "127.10.246.67" port: 33841 } }
I20260710 13:20:23.317835 12910 raft_consensus.cc:3055] T 54859c6ffc214599bf963586b83f0afd P 9d33891f62ee41b6b5faa31951b7bd16 [term 1 LEADER]: Stepping down as leader of term 1
I20260710 13:20:23.318214 12910 raft_consensus.cc:740] T 54859c6ffc214599bf963586b83f0afd P 9d33891f62ee41b6b5faa31951b7bd16 [term 1 LEADER]: Becoming Follower/Learner. State: Replica: 9d33891f62ee41b6b5faa31951b7bd16, State: Running, Role: LEADER
I20260710 13:20:23.318462 12905 raft_consensus.cc:515] T 195acbbc8b3446ee85e53e2d3b1b3ab9 P 20a3061ccbcf4560aea201352cad8a91 [term 2 FOLLOWER]: Starting leader election with config: opid_index: -1 OBSOLETE_local: false peers { permanent_uuid: "9d33891f62ee41b6b5faa31951b7bd16" member_type: VOTER last_known_addr { host: "127.10.246.65" port: 43277 } } peers { permanent_uuid: "20a3061ccbcf4560aea201352cad8a91" member_type: VOTER last_known_addr { host: "127.10.246.66" port: 33469 } } peers { permanent_uuid: "85d5059e8b794c67ae0a96c78d5346ed" member_type: VOTER last_known_addr { host: "127.10.246.67" port: 33841 } }
W20260710 13:20:23.319319 12370 outbound_call.cc:321] RPC callback for RPC call kudu.consensus.ConsensusService.UpdateConsensus -> {remote=127.10.246.67:33841, user_credentials={real_user=slave}} blocked reactor thread for 74575.7us
I20260710 13:20:23.269943 12860 raft_consensus.cc:2749] T f35586ee7e174553b484097c448041f0 P 85d5059e8b794c67ae0a96c78d5346ed [term 1 FOLLOWER]: Leader pre-election lost for term 2. Reason: could not achieve majority
I20260710 13:20:23.269964 12444 leader_election.cc:304] T 25fc796d92814196978f01e9c20b8070 P 85d5059e8b794c67ae0a96c78d5346ed [CANDIDATE]: Term 2 election: Election decided. Result: candidate lost. Election summary: received 3 responses out of 3 voters: 1 yes votes; 2 no votes. yes voters: 85d5059e8b794c67ae0a96c78d5346ed; no voters: 9d33891f62ee41b6b5faa31951b7bd16, 9defeabc25354f2e89260a2e7ded8ff4
I20260710 13:20:23.291751 12702 leader_election.cc:304] T 948d03df0247420bbbc2767de45db138 P 9defeabc25354f2e89260a2e7ded8ff4 [CANDIDATE]: Term 2 election: Election decided. Result: candidate lost. Election summary: received 3 responses out of 3 voters: 1 yes votes; 2 no votes. yes voters: 9defeabc25354f2e89260a2e7ded8ff4; no voters: 20a3061ccbcf4560aea201352cad8a91, 9d33891f62ee41b6b5faa31951b7bd16
W20260710 13:20:23.321400 12444 outbound_call.cc:321] RPC callback for RPC call kudu.consensus.ConsensusService.RequestConsensusVote -> {remote=127.10.246.65:43277, user_credentials={real_user=slave}} blocked reactor thread for 51516.4us
I20260710 13:20:23.321513 12902 raft_consensus.cc:2749] T 948d03df0247420bbbc2767de45db138 P 9defeabc25354f2e89260a2e7ded8ff4 [term 2 FOLLOWER]: Leader election lost for term 2. Reason: could not achieve majority
I20260710 13:20:23.270283 12478 tablet_service.cc:1917] Received RequestConsensusVote() RPC: tablet_id: "f2918a256fd0409dbf87c93207eac3dc" candidate_uuid: "9d33891f62ee41b6b5faa31951b7bd16" candidate_term: 2 candidate_status { last_received { term: 1 index: 1 } } ignore_live_leader: false dest_uuid: "85d5059e8b794c67ae0a96c78d5346ed"
I20260710 13:20:23.268493 12936 raft_consensus.cc:2749] T 1cfb3ad7948c42858f1d7bbea37e37ce P 9d33891f62ee41b6b5faa31951b7bd16 [term 1 FOLLOWER]: Leader pre-election lost for term 2. Reason: could not achieve majority
I20260710 13:20:23.267287 12893 raft_consensus.cc:2804] T 511ea572bbd14938928b7c0132d2c65b P 9d33891f62ee41b6b5faa31951b7bd16 [term 2 FOLLOWER]: Leader election won for term 2
I20260710 13:20:23.322949 12940 raft_consensus.cc:2749] T 9af349486d1647c79c330b0906969885 P 9d33891f62ee41b6b5faa31951b7bd16 [term 2 FOLLOWER]: Leader election lost for term 2. Reason: could not achieve majority
W20260710 13:20:23.323396 12929 log.cc:927] Time spent T 1222c5e17ab94ca8a9bd6970361f3e0e P 9defeabc25354f2e89260a2e7ded8ff4: Append to log took a long time: real 0.083s	user 0.000s	sys 0.001s
I20260710 13:20:23.260305 12874 consensus_queue.cc:1048] T 1222c5e17ab94ca8a9bd6970361f3e0e P 20a3061ccbcf4560aea201352cad8a91 [LEADER]: Connected to new peer: Peer: permanent_uuid: "85d5059e8b794c67ae0a96c78d5346ed" member_type: VOTER last_known_addr { host: "127.10.246.67" port: 33841 } attrs { replace: true }, Status: LMP_MISMATCH, Last received: 0.0, Next index: 3, Last known committed idx: 2, Time since last communication: 0.044s
I20260710 13:20:23.320672 12905 leader_election.cc:290] T 195acbbc8b3446ee85e53e2d3b1b3ab9 P 20a3061ccbcf4560aea201352cad8a91 [CANDIDATE]: Term 2 election: Requested vote from peers 9d33891f62ee41b6b5faa31951b7bd16 (127.10.246.65:43277), 85d5059e8b794c67ae0a96c78d5346ed (127.10.246.67:33841)
I20260710 13:20:23.330638 12912 leader_election.cc:290] T 54859c6ffc214599bf963586b83f0afd P 85d5059e8b794c67ae0a96c78d5346ed [CANDIDATE]: Term 2 election: Requested vote from peers 9d33891f62ee41b6b5faa31951b7bd16 (127.10.246.65:43277), 20a3061ccbcf4560aea201352cad8a91 (127.10.246.66:33469)
I20260710 13:20:23.267601 12909 raft_consensus.cc:2749] T feefcab37ced4de7a3dcd76ed47809f8 P 85d5059e8b794c67ae0a96c78d5346ed [term 1 FOLLOWER]: Leader pre-election lost for term 2. Reason: could not achieve majority
I20260710 13:20:23.321918 12906 leader_election.cc:290] T e6437ad19aeb4f85969f2fc8e922ca54 P 85d5059e8b794c67ae0a96c78d5346ed [CANDIDATE]: Term 2 election: Requested vote from peers 9d33891f62ee41b6b5faa31951b7bd16 (127.10.246.65:43277), 20a3061ccbcf4560aea201352cad8a91 (127.10.246.66:33469)
W20260710 13:20:23.321612 12702 outbound_call.cc:321] RPC callback for RPC call kudu.consensus.ConsensusService.RequestConsensusVote -> {remote=127.10.246.65:43277, user_credentials={real_user=slave}} blocked reactor thread for 53938.4us
I20260710 13:20:23.332310 12473 raft_consensus.cc:1240] T e6437ad19aeb4f85969f2fc8e922ca54 P 85d5059e8b794c67ae0a96c78d5346ed [term 2 FOLLOWER]: Rejecting Update request from peer 9d33891f62ee41b6b5faa31951b7bd16 for earlier term 1. Current term is 2. Ops: []
I20260710 13:20:23.329519 12860 raft_consensus.cc:2749] T 25fc796d92814196978f01e9c20b8070 P 85d5059e8b794c67ae0a96c78d5346ed [term 2 FOLLOWER]: Leader election lost for term 2. Reason: could not achieve majority
I20260710 13:20:23.319092 12910 consensus_queue.cc:260] T 54859c6ffc214599bf963586b83f0afd P 9d33891f62ee41b6b5faa31951b7bd16 [NON_LEADER]: Queue going to NON_LEADER mode. State: All replicated index: 0, Majority replicated index: 1, Committed index: 1, Last appended: 1.1, Last appended by leader: 1, Current term: 1, Majority size: -1, State: 0, Mode: NON_LEADER, active raft config: opid_index: -1 OBSOLETE_local: false peers { permanent_uuid: "9d33891f62ee41b6b5faa31951b7bd16" member_type: VOTER last_known_addr { host: "127.10.246.65" port: 43277 } } peers { permanent_uuid: "20a3061ccbcf4560aea201352cad8a91" member_type: VOTER last_known_addr { host: "127.10.246.66" port: 33469 } } peers { permanent_uuid: "85d5059e8b794c67ae0a96c78d5346ed" member_type: VOTER last_known_addr { host: "127.10.246.67" port: 33841 } }
I20260710 13:20:23.333455 12893 raft_consensus.cc:697] T 511ea572bbd14938928b7c0132d2c65b P 9d33891f62ee41b6b5faa31951b7bd16 [term 2 LEADER]: Becoming Leader. State: Replica: 9d33891f62ee41b6b5faa31951b7bd16, State: Running, Role: LEADER
I20260710 13:20:23.346006 12910 raft_consensus.cc:3060] T 54859c6ffc214599bf963586b83f0afd P 9d33891f62ee41b6b5faa31951b7bd16 [term 1 FOLLOWER]: Advancing to term 2
I20260710 13:20:23.340759 12895 consensus_queue.cc:1059] T 1222c5e17ab94ca8a9bd6970361f3e0e P 20a3061ccbcf4560aea201352cad8a91 [LEADER]: Peer responded invalid term: Peer: permanent_uuid: "9d33891f62ee41b6b5faa31951b7bd16" member_type: VOTER last_known_addr { host: "127.10.246.65" port: 43277 }, Status: INVALID_TERM, Last received: 0.0, Next index: 3, Last known committed idx: 2, Time since last communication: 0.014s
I20260710 13:20:23.356319 12927 raft_consensus.cc:3055] T 25fc796d92814196978f01e9c20b8070 P 9d33891f62ee41b6b5faa31951b7bd16 [term 1 LEADER]: Stepping down as leader of term 1
I20260710 13:20:23.357163 12370 leader_election.cc:304] T 3887d4d31b2e4e4c82fb83b17c6681d4 P 20a3061ccbcf4560aea201352cad8a91 [CANDIDATE]: Term 2 election: Election decided. Result: candidate lost. Election summary: received 3 responses out of 3 voters: 1 yes votes; 2 no votes. yes voters: 20a3061ccbcf4560aea201352cad8a91; no voters: 85d5059e8b794c67ae0a96c78d5346ed, 9d33891f62ee41b6b5faa31951b7bd16
I20260710 13:20:23.360685 12404 raft_consensus.cc:1240] T 3887d4d31b2e4e4c82fb83b17c6681d4 P 20a3061ccbcf4560aea201352cad8a91 [term 2 FOLLOWER]: Rejecting Update request from peer 85d5059e8b794c67ae0a96c78d5346ed for earlier term 1. Current term is 2. Ops: []
I20260710 13:20:23.356714 12927 raft_consensus.cc:740] T 25fc796d92814196978f01e9c20b8070 P 9d33891f62ee41b6b5faa31951b7bd16 [term 1 LEADER]: Becoming Follower/Learner. State: Replica: 9d33891f62ee41b6b5faa31951b7bd16, State: Running, Role: LEADER
I20260710 13:20:23.362274 12404 tablet_service.cc:1917] Received RequestConsensusVote() RPC: tablet_id: "e6437ad19aeb4f85969f2fc8e922ca54" candidate_uuid: "85d5059e8b794c67ae0a96c78d5346ed" candidate_term: 2 candidate_status { last_received { term: 1 index: 1 } } ignore_live_leader: false dest_uuid: "20a3061ccbcf4560aea201352cad8a91"
I20260710 13:20:23.363633 12404 tablet_service.cc:1917] Received RequestConsensusVote() RPC: tablet_id: "54859c6ffc214599bf963586b83f0afd" candidate_uuid: "85d5059e8b794c67ae0a96c78d5346ed" candidate_term: 2 candidate_status { last_received { term: 1 index: 1 } } ignore_live_leader: false dest_uuid: "20a3061ccbcf4560aea201352cad8a91"
I20260710 13:20:23.363974 12401 tablet_service.cc:1917] Received RequestConsensusVote() RPC: tablet_id: "6ee14c5369994aecb9f3d3642d562ee0" candidate_uuid: "85d5059e8b794c67ae0a96c78d5346ed" candidate_term: 2 candidate_status { last_received { term: 1 index: 1 } } ignore_live_leader: false dest_uuid: "20a3061ccbcf4560aea201352cad8a91"
I20260710 13:20:23.366027 12404 tablet_service.cc:1917] Received RequestConsensusVote() RPC: tablet_id: "be7f27d68aec4ff9acbf695d4e262e8f" candidate_uuid: "9d33891f62ee41b6b5faa31951b7bd16" candidate_term: 2 candidate_status { last_received { term: 1 index: 1 } } ignore_live_leader: false dest_uuid: "20a3061ccbcf4560aea201352cad8a91"
I20260710 13:20:23.366457 12328 tablet_service.cc:1917] Received RequestConsensusVote() RPC: tablet_id: "195acbbc8b3446ee85e53e2d3b1b3ab9" candidate_uuid: "20a3061ccbcf4560aea201352cad8a91" candidate_term: 2 candidate_status { last_received { term: 1 index: 1 } } ignore_live_leader: false dest_uuid: "9d33891f62ee41b6b5faa31951b7bd16"
I20260710 13:20:23.367129 12370 leader_election.cc:304] T 1cfb3ad7948c42858f1d7bbea37e37ce P 20a3061ccbcf4560aea201352cad8a91 [CANDIDATE]: Term 2 election: Election decided. Result: candidate lost. Election summary: received 3 responses out of 3 voters: 1 yes votes; 2 no votes. yes voters: 20a3061ccbcf4560aea201352cad8a91; no voters: 85d5059e8b794c67ae0a96c78d5346ed, 9d33891f62ee41b6b5faa31951b7bd16
I20260710 13:20:23.363658 12474 raft_consensus.cc:1240] T 6ee14c5369994aecb9f3d3642d562ee0 P 85d5059e8b794c67ae0a96c78d5346ed [term 2 FOLLOWER]: Rejecting Update request from peer 20a3061ccbcf4560aea201352cad8a91 for earlier term 1. Current term is 2. Ops: []
I20260710 13:20:23.368213 12402 raft_consensus.cc:1240] T 195acbbc8b3446ee85e53e2d3b1b3ab9 P 20a3061ccbcf4560aea201352cad8a91 [term 2 FOLLOWER]: Rejecting Update request from peer 85d5059e8b794c67ae0a96c78d5346ed for earlier term 1. Current term is 2. Ops: []
I20260710 13:20:23.363188 12905 consensus_queue.cc:1059] T 9af349486d1647c79c330b0906969885 P 20a3061ccbcf4560aea201352cad8a91 [LEADER]: Peer responded invalid term: Peer: permanent_uuid: "9d33891f62ee41b6b5faa31951b7bd16" member_type: VOTER last_known_addr { host: "127.10.246.65" port: 43277 }, Status: INVALID_TERM, Last received: 1.1, Next index: 2, Last known committed idx: 1, Time since last communication: 0.006s
I20260710 13:20:23.370069 12905 raft_consensus.cc:2749] T 3887d4d31b2e4e4c82fb83b17c6681d4 P 20a3061ccbcf4560aea201352cad8a91 [term 2 FOLLOWER]: Leader election lost for term 2. Reason: could not achieve majority
I20260710 13:20:23.370208 12398 tablet_service.cc:1917] Received RequestConsensusVote() RPC: tablet_id: "63a420e6c3c04b2a9a96ed7c6715298d" candidate_uuid: "9d33891f62ee41b6b5faa31951b7bd16" candidate_term: 2 candidate_status { last_received { term: 1 index: 1 } } ignore_live_leader: false dest_uuid: "20a3061ccbcf4560aea201352cad8a91"
I20260710 13:20:23.370605 12905 raft_consensus.cc:2749] T 1cfb3ad7948c42858f1d7bbea37e37ce P 20a3061ccbcf4560aea201352cad8a91 [term 2 FOLLOWER]: Leader election lost for term 2. Reason: could not achieve majority
I20260710 13:20:23.371124 12905 raft_consensus.cc:3055] T 9af349486d1647c79c330b0906969885 P 20a3061ccbcf4560aea201352cad8a91 [term 1 LEADER]: Stepping down as leader of term 1
I20260710 13:20:23.371435 12905 raft_consensus.cc:740] T 9af349486d1647c79c330b0906969885 P 20a3061ccbcf4560aea201352cad8a91 [term 1 LEADER]: Becoming Follower/Learner. State: Replica: 20a3061ccbcf4560aea201352cad8a91, State: Running, Role: LEADER
I20260710 13:20:23.372138 12905 consensus_queue.cc:260] T 9af349486d1647c79c330b0906969885 P 20a3061ccbcf4560aea201352cad8a91 [NON_LEADER]: Queue going to NON_LEADER mode. State: All replicated index: 0, Majority replicated index: 1, Committed index: 1, Last appended: 1.1, Last appended by leader: 1, Current term: 1, Majority size: -1, State: 0, Mode: NON_LEADER, active raft config: opid_index: -1 OBSOLETE_local: false peers { permanent_uuid: "20a3061ccbcf4560aea201352cad8a91" member_type: VOTER last_known_addr { host: "127.10.246.66" port: 33469 } } peers { permanent_uuid: "85d5059e8b794c67ae0a96c78d5346ed" member_type: VOTER last_known_addr { host: "127.10.246.67" port: 33841 } } peers { permanent_uuid: "9d33891f62ee41b6b5faa31951b7bd16" member_type: VOTER last_known_addr { host: "127.10.246.65" port: 43277 } }
I20260710 13:20:23.373181 12905 raft_consensus.cc:3060] T 9af349486d1647c79c330b0906969885 P 20a3061ccbcf4560aea201352cad8a91 [term 1 FOLLOWER]: Advancing to term 2
I20260710 13:20:23.373575 12900 raft_consensus.cc:515] T be7f27d68aec4ff9acbf695d4e262e8f P 85d5059e8b794c67ae0a96c78d5346ed [term 2 FOLLOWER]: Starting leader election with config: opid_index: -1 OBSOLETE_local: false peers { permanent_uuid: "9d33891f62ee41b6b5faa31951b7bd16" member_type: VOTER last_known_addr { host: "127.10.246.65" port: 43277 } } peers { permanent_uuid: "20a3061ccbcf4560aea201352cad8a91" member_type: VOTER last_known_addr { host: "127.10.246.66" port: 33469 } } peers { permanent_uuid: "85d5059e8b794c67ae0a96c78d5346ed" member_type: VOTER last_known_addr { host: "127.10.246.67" port: 33841 } }
I20260710 13:20:23.361642 12944 raft_consensus.cc:3055] T 1222c5e17ab94ca8a9bd6970361f3e0e P 20a3061ccbcf4560aea201352cad8a91 [term 1 LEADER]: Stepping down as leader of term 1
I20260710 13:20:23.375744 12401 tablet_service.cc:1917] Received RequestConsensusVote() RPC: tablet_id: "f2918a256fd0409dbf87c93207eac3dc" candidate_uuid: "9d33891f62ee41b6b5faa31951b7bd16" candidate_term: 2 candidate_status { last_received { term: 1 index: 1 } } ignore_live_leader: false dest_uuid: "20a3061ccbcf4560aea201352cad8a91"
I20260710 13:20:23.364312 12937 raft_consensus.cc:2749] T f2918a256fd0409dbf87c93207eac3dc P 85d5059e8b794c67ae0a96c78d5346ed [term 1 FOLLOWER]: Leader pre-election lost for term 2. Reason: could not achieve majority
I20260710 13:20:23.365343 12464 tablet_service.cc:1558] Processing DeleteTablet for tablet 948d03df0247420bbbc2767de45db138 with delete_type TABLET_DATA_TOMBSTONED (TS 85d5059e8b794c67ae0a96c78d5346ed not found in new config with opid_index 4) from {username='slave'} at 127.0.0.1:48072
I20260710 13:20:23.388230 12912 consensus_queue.cc:1059] T 3887d4d31b2e4e4c82fb83b17c6681d4 P 85d5059e8b794c67ae0a96c78d5346ed [LEADER]: Peer responded invalid term: Peer: permanent_uuid: "20a3061ccbcf4560aea201352cad8a91" member_type: VOTER last_known_addr { host: "127.10.246.66" port: 33469 }, Status: INVALID_TERM, Last received: 1.1, Next index: 2, Last known committed idx: 1, Time since last communication: 0.002s
I20260710 13:20:23.382334 12896 raft_consensus.cc:515] T 434f8e6e6ec64e378e0ce689f1c6345c P 20a3061ccbcf4560aea201352cad8a91 [term 2 FOLLOWER]: Starting leader election with config: opid_index: -1 OBSOLETE_local: false peers { permanent_uuid: "9d33891f62ee41b6b5faa31951b7bd16" member_type: VOTER last_known_addr { host: "127.10.246.65" port: 43277 } } peers { permanent_uuid: "20a3061ccbcf4560aea201352cad8a91" member_type: VOTER last_known_addr { host: "127.10.246.66" port: 33469 } } peers { permanent_uuid: "85d5059e8b794c67ae0a96c78d5346ed" member_type: VOTER last_known_addr { host: "127.10.246.67" port: 33841 } }
I20260710 13:20:23.390431 12944 raft_consensus.cc:740] T 1222c5e17ab94ca8a9bd6970361f3e0e P 20a3061ccbcf4560aea201352cad8a91 [term 1 LEADER]: Becoming Follower/Learner. State: Replica: 20a3061ccbcf4560aea201352cad8a91, State: Running, Role: LEADER
I20260710 13:20:23.389209 12931 raft_consensus.cc:2749] T 948d03df0247420bbbc2767de45db138 P 9d33891f62ee41b6b5faa31951b7bd16 [term 1 FOLLOWER]: Leader pre-election lost for term 2. Reason: could not achieve majority
I20260710 13:20:23.379006 12400 tablet_service.cc:1917] Received RequestConsensusVote() RPC: tablet_id: "31e9329fddce4af29f30c28acdff85d4" candidate_uuid: "85d5059e8b794c67ae0a96c78d5346ed" candidate_term: 2 candidate_status { last_received { term: 1 index: 1 } } ignore_live_leader: false dest_uuid: "20a3061ccbcf4560aea201352cad8a91"
I20260710 13:20:23.363814 12927 consensus_queue.cc:260] T 25fc796d92814196978f01e9c20b8070 P 9d33891f62ee41b6b5faa31951b7bd16 [NON_LEADER]: Queue going to NON_LEADER mode. State: All replicated index: 0, Majority replicated index: 4, Committed index: 4, Last appended: 1.4, Last appended by leader: 4, Current term: 1, Majority size: -1, State: 0, Mode: NON_LEADER, active raft config: opid_index: 4 OBSOLETE_local: false peers { permanent_uuid: "9d33891f62ee41b6b5faa31951b7bd16" member_type: VOTER last_known_addr { host: "127.10.246.65" port: 43277 } } peers { permanent_uuid: "85d5059e8b794c67ae0a96c78d5346ed" member_type: VOTER last_known_addr { host: "127.10.246.67" port: 33841 } } peers { permanent_uuid: "9defeabc25354f2e89260a2e7ded8ff4" member_type: VOTER last_known_addr { host: "127.10.246.68" port: 37977 } attrs { promote: false } }
I20260710 13:20:23.377317 12899 raft_consensus.cc:515] T f35586ee7e174553b484097c448041f0 P 9d33891f62ee41b6b5faa31951b7bd16 [term 2 FOLLOWER]: Starting leader election with config: opid_index: -1 OBSOLETE_local: false peers { permanent_uuid: "9d33891f62ee41b6b5faa31951b7bd16" member_type: VOTER last_known_addr { host: "127.10.246.65" port: 43277 } } peers { permanent_uuid: "20a3061ccbcf4560aea201352cad8a91" member_type: VOTER last_known_addr { host: "127.10.246.66" port: 33469 } } peers { permanent_uuid: "85d5059e8b794c67ae0a96c78d5346ed" member_type: VOTER last_known_addr { host: "127.10.246.67" port: 33841 } }
I20260710 13:20:23.369086 12919 raft_consensus.cc:2749] T 25fc796d92814196978f01e9c20b8070 P 20a3061ccbcf4560aea201352cad8a91 [term 2 FOLLOWER]: Leader pre-election lost for term 2. Reason: could not achieve majority
I20260710 13:20:23.393044 12912 raft_consensus.cc:3055] T 3887d4d31b2e4e4c82fb83b17c6681d4 P 85d5059e8b794c67ae0a96c78d5346ed [term 1 LEADER]: Stepping down as leader of term 1
I20260710 13:20:23.395016 12399 raft_consensus.cc:1240] T 434f8e6e6ec64e378e0ce689f1c6345c P 20a3061ccbcf4560aea201352cad8a91 [term 2 FOLLOWER]: Rejecting Update request from peer 85d5059e8b794c67ae0a96c78d5346ed for earlier term 1. Current term is 2. Ops: []
I20260710 13:20:23.394825 12945 consensus_queue.cc:1059] T 5796086b221a41318f5dfc9c68942273 P 9d33891f62ee41b6b5faa31951b7bd16 [LEADER]: Peer responded invalid term: Peer: permanent_uuid: "9defeabc25354f2e89260a2e7ded8ff4" member_type: VOTER last_known_addr { host: "127.10.246.68" port: 37977 } attrs { promote: false }, Status: INVALID_TERM, Last received: 1.4, Next index: 5, Last known committed idx: 4, Time since last communication: 0.001s
I20260710 13:20:23.400528 12896 leader_election.cc:290] T 434f8e6e6ec64e378e0ce689f1c6345c P 20a3061ccbcf4560aea201352cad8a91 [CANDIDATE]: Term 2 election: Requested vote from peers 9d33891f62ee41b6b5faa31951b7bd16 (127.10.246.65:43277), 85d5059e8b794c67ae0a96c78d5346ed (127.10.246.67:33841)
I20260710 13:20:23.386296 12925 raft_consensus.cc:515] T feefcab37ced4de7a3dcd76ed47809f8 P 9d33891f62ee41b6b5faa31951b7bd16 [term 2 FOLLOWER]: Starting leader election with config: opid_index: -1 OBSOLETE_local: false peers { permanent_uuid: "9d33891f62ee41b6b5faa31951b7bd16" member_type: VOTER last_known_addr { host: "127.10.246.65" port: 43277 } } peers { permanent_uuid: "20a3061ccbcf4560aea201352cad8a91" member_type: VOTER last_known_addr { host: "127.10.246.66" port: 33469 } } peers { permanent_uuid: "85d5059e8b794c67ae0a96c78d5346ed" member_type: VOTER last_known_addr { host: "127.10.246.67" port: 33841 } }
I20260710 13:20:23.408556 12327 raft_consensus.cc:1240] T feefcab37ced4de7a3dcd76ed47809f8 P 9d33891f62ee41b6b5faa31951b7bd16 [term 2 FOLLOWER]: Rejecting Update request from peer 20a3061ccbcf4560aea201352cad8a91 for earlier term 1. Current term is 2. Ops: []
I20260710 13:20:23.401124 12927 raft_consensus.cc:3060] T 25fc796d92814196978f01e9c20b8070 P 9d33891f62ee41b6b5faa31951b7bd16 [term 1 FOLLOWER]: Advancing to term 2
I20260710 13:20:23.397581 12912 raft_consensus.cc:740] T 3887d4d31b2e4e4c82fb83b17c6681d4 P 85d5059e8b794c67ae0a96c78d5346ed [term 1 LEADER]: Becoming Follower/Learner. State: Replica: 85d5059e8b794c67ae0a96c78d5346ed, State: Running, Role: LEADER
I20260710 13:20:23.395818 12944 consensus_queue.cc:260] T 1222c5e17ab94ca8a9bd6970361f3e0e P 20a3061ccbcf4560aea201352cad8a91 [NON_LEADER]: Queue going to NON_LEADER mode. State: All replicated index: 0, Majority replicated index: 2, Committed index: 2, Last appended: 1.3, Last appended by leader: 3, Current term: 1, Majority size: -1, State: 0, Mode: NON_LEADER, active raft config: opid_index: 3 OBSOLETE_local: false peers { permanent_uuid: "9d33891f62ee41b6b5faa31951b7bd16" member_type: VOTER last_known_addr { host: "127.10.246.65" port: 43277 } } peers { permanent_uuid: "20a3061ccbcf4560aea201352cad8a91" member_type: VOTER last_known_addr { host: "127.10.246.66" port: 33469 } } peers { permanent_uuid: "85d5059e8b794c67ae0a96c78d5346ed" member_type: VOTER last_known_addr { host: "127.10.246.67" port: 33841 } attrs { replace: true } } peers { permanent_uuid: "9defeabc25354f2e89260a2e7ded8ff4" member_type: VOTER last_known_addr { host: "127.10.246.68" port: 37977 } attrs { promote: false } }
I20260710 13:20:23.403784 12326 raft_consensus.cc:1240] T f35586ee7e174553b484097c448041f0 P 9d33891f62ee41b6b5faa31951b7bd16 [term 2 FOLLOWER]: Rejecting Update request from peer 20a3061ccbcf4560aea201352cad8a91 for earlier term 1. Current term is 2. Ops: []
I20260710 13:20:23.404847 12899 leader_election.cc:290] T f35586ee7e174553b484097c448041f0 P 9d33891f62ee41b6b5faa31951b7bd16 [CANDIDATE]: Term 2 election: Requested vote from peers 20a3061ccbcf4560aea201352cad8a91 (127.10.246.66:33469), 85d5059e8b794c67ae0a96c78d5346ed (127.10.246.67:33841)
I20260710 13:20:23.402091 12945 consensus_queue.cc:1243] T 5796086b221a41318f5dfc9c68942273 P 9d33891f62ee41b6b5faa31951b7bd16 [LEADER]: Peer 9defeabc25354f2e89260a2e7ded8ff4 log is divergent from this leader: its last log entry 2.5 is not in this leader's log and it has not received anything from this leader yet. Falling back to committed index 4
I20260710 13:20:23.406955 12471 tablet_service.cc:1917] Received RequestConsensusVote() RPC: tablet_id: "be7f27d68aec4ff9acbf695d4e262e8f" candidate_uuid: "9d33891f62ee41b6b5faa31951b7bd16" candidate_term: 2 candidate_status { last_received { term: 1 index: 1 } } ignore_live_leader: false dest_uuid: "85d5059e8b794c67ae0a96c78d5346ed"
I20260710 13:20:23.392135 12478 tablet_service.cc:1917] Received RequestConsensusVote() RPC: tablet_id: "195acbbc8b3446ee85e53e2d3b1b3ab9" candidate_uuid: "20a3061ccbcf4560aea201352cad8a91" candidate_term: 2 candidate_status { last_received { term: 1 index: 1 } } ignore_live_leader: false dest_uuid: "85d5059e8b794c67ae0a96c78d5346ed"
I20260710 13:20:23.413194 12897 consensus_queue.cc:1059] T 6ee14c5369994aecb9f3d3642d562ee0 P 20a3061ccbcf4560aea201352cad8a91 [LEADER]: Peer responded invalid term: Peer: permanent_uuid: "85d5059e8b794c67ae0a96c78d5346ed" member_type: VOTER last_known_addr { host: "127.10.246.67" port: 33841 }, Status: INVALID_TERM, Last received: 1.1, Next index: 2, Last known committed idx: 1, Time since last communication: 0.004s
I20260710 13:20:23.417116 12469 tablet_service.cc:1917] Received RequestConsensusVote() RPC: tablet_id: "434f8e6e6ec64e378e0ce689f1c6345c" candidate_uuid: "20a3061ccbcf4560aea201352cad8a91" candidate_term: 2 candidate_status { last_received { term: 1 index: 1 } } ignore_live_leader: false dest_uuid: "85d5059e8b794c67ae0a96c78d5346ed"
I20260710 13:20:23.417402 12898 raft_consensus.cc:3055] T 6ee14c5369994aecb9f3d3642d562ee0 P 20a3061ccbcf4560aea201352cad8a91 [term 1 LEADER]: Stepping down as leader of term 1
I20260710 13:20:23.417737 12898 raft_consensus.cc:740] T 6ee14c5369994aecb9f3d3642d562ee0 P 20a3061ccbcf4560aea201352cad8a91 [term 1 LEADER]: Becoming Follower/Learner. State: Replica: 20a3061ccbcf4560aea201352cad8a91, State: Running, Role: LEADER
I20260710 13:20:23.418470 12898 consensus_queue.cc:260] T 6ee14c5369994aecb9f3d3642d562ee0 P 20a3061ccbcf4560aea201352cad8a91 [NON_LEADER]: Queue going to NON_LEADER mode. State: All replicated index: 0, Majority replicated index: 1, Committed index: 1, Last appended: 1.1, Last appended by leader: 1, Current term: 1, Majority size: -1, State: 0, Mode: NON_LEADER, active raft config: opid_index: -1 OBSOLETE_local: false peers { permanent_uuid: "9d33891f62ee41b6b5faa31951b7bd16" member_type: VOTER last_known_addr { host: "127.10.246.65" port: 43277 } } peers { permanent_uuid: "20a3061ccbcf4560aea201352cad8a91" member_type: VOTER last_known_addr { host: "127.10.246.66" port: 33469 } } peers { permanent_uuid: "85d5059e8b794c67ae0a96c78d5346ed" member_type: VOTER last_known_addr { host: "127.10.246.67" port: 33841 } }
I20260710 13:20:23.419649 12898 raft_consensus.cc:3060] T 6ee14c5369994aecb9f3d3642d562ee0 P 20a3061ccbcf4560aea201352cad8a91 [term 1 FOLLOWER]: Advancing to term 2
I20260710 13:20:23.422576 12323 tablet_service.cc:1917] Received RequestConsensusVote() RPC: tablet_id: "434f8e6e6ec64e378e0ce689f1c6345c" candidate_uuid: "20a3061ccbcf4560aea201352cad8a91" candidate_term: 2 candidate_status { last_received { term: 1 index: 1 } } ignore_live_leader: false dest_uuid: "9d33891f62ee41b6b5faa31951b7bd16"
I20260710 13:20:23.401917 12941 consensus_queue.cc:1059] T 195acbbc8b3446ee85e53e2d3b1b3ab9 P 85d5059e8b794c67ae0a96c78d5346ed [LEADER]: Peer responded invalid term: Peer: permanent_uuid: "20a3061ccbcf4560aea201352cad8a91" member_type: VOTER last_known_addr { host: "127.10.246.66" port: 33469 }, Status: INVALID_TERM, Last received: 1.1, Next index: 2, Last known committed idx: 1, Time since last communication: 0.017s
I20260710 13:20:23.419864 12912 consensus_queue.cc:260] T 3887d4d31b2e4e4c82fb83b17c6681d4 P 85d5059e8b794c67ae0a96c78d5346ed [NON_LEADER]: Queue going to NON_LEADER mode. State: All replicated index: 0, Majority replicated index: 1, Committed index: 1, Last appended: 1.1, Last appended by leader: 1, Current term: 1, Majority size: -1, State: 0, Mode: NON_LEADER, active raft config: opid_index: -1 OBSOLETE_local: false peers { permanent_uuid: "9d33891f62ee41b6b5faa31951b7bd16" member_type: VOTER last_known_addr { host: "127.10.246.65" port: 43277 } } peers { permanent_uuid: "20a3061ccbcf4560aea201352cad8a91" member_type: VOTER last_known_addr { host: "127.10.246.66" port: 33469 } } peers { permanent_uuid: "85d5059e8b794c67ae0a96c78d5346ed" member_type: VOTER last_known_addr { host: "127.10.246.67" port: 33841 } }
I20260710 13:20:23.420504 12944 raft_consensus.cc:3060] T 1222c5e17ab94ca8a9bd6970361f3e0e P 20a3061ccbcf4560aea201352cad8a91 [term 1 FOLLOWER]: Advancing to term 2
I20260710 13:20:23.416093 12900 leader_election.cc:290] T be7f27d68aec4ff9acbf695d4e262e8f P 85d5059e8b794c67ae0a96c78d5346ed [CANDIDATE]: Term 2 election: Requested vote from peers 9d33891f62ee41b6b5faa31951b7bd16 (127.10.246.65:43277), 20a3061ccbcf4560aea201352cad8a91 (127.10.246.66:33469)
I20260710 13:20:23.387789 12893 consensus_queue.cc:237] T 511ea572bbd14938928b7c0132d2c65b P 9d33891f62ee41b6b5faa31951b7bd16 [LEADER]: Queue going to LEADER mode. State: All replicated index: 0, Majority replicated index: 2, Committed index: 2, Last appended: 1.2, Last appended by leader: 2, Current term: 2, Majority size: 2, State: 0, Mode: LEADER, active raft config: opid_index: 2 OBSOLETE_local: false peers { permanent_uuid: "9d33891f62ee41b6b5faa31951b7bd16" member_type: VOTER last_known_addr { host: "127.10.246.65" port: 43277 } attrs { replace: true } } peers { permanent_uuid: "20a3061ccbcf4560aea201352cad8a91" member_type: VOTER last_known_addr { host: "127.10.246.66" port: 33469 } } peers { permanent_uuid: "85d5059e8b794c67ae0a96c78d5346ed" member_type: VOTER last_known_addr { host: "127.10.246.67" port: 33841 } } peers { permanent_uuid: "9defeabc25354f2e89260a2e7ded8ff4" member_type: NON_VOTER last_known_addr { host: "127.10.246.68" port: 37977 } attrs { promote: true } }
I20260710 13:20:23.427796 12925 leader_election.cc:290] T feefcab37ced4de7a3dcd76ed47809f8 P 9d33891f62ee41b6b5faa31951b7bd16 [CANDIDATE]: Term 2 election: Requested vote from peers 20a3061ccbcf4560aea201352cad8a91 (127.10.246.66:33469), 85d5059e8b794c67ae0a96c78d5346ed (127.10.246.67:33841)
I20260710 13:20:23.436941 12401 tablet_service.cc:1917] Received RequestConsensusVote() RPC: tablet_id: "be7f27d68aec4ff9acbf695d4e262e8f" candidate_uuid: "85d5059e8b794c67ae0a96c78d5346ed" candidate_term: 2 candidate_status { last_received { term: 1 index: 1 } } ignore_live_leader: false dest_uuid: "20a3061ccbcf4560aea201352cad8a91"
I20260710 13:20:23.437976 12370 leader_election.cc:304] T 195acbbc8b3446ee85e53e2d3b1b3ab9 P 20a3061ccbcf4560aea201352cad8a91 [CANDIDATE]: Term 2 election: Election decided. Result: candidate lost. Election summary: received 3 responses out of 3 voters: 1 yes votes; 2 no votes. yes voters: 20a3061ccbcf4560aea201352cad8a91; no voters: 85d5059e8b794c67ae0a96c78d5346ed, 9d33891f62ee41b6b5faa31951b7bd16
I20260710 13:20:23.438932 12399 raft_consensus.cc:1240] T 1cfb3ad7948c42858f1d7bbea37e37ce P 20a3061ccbcf4560aea201352cad8a91 [term 2 FOLLOWER]: Rejecting Update request from peer 85d5059e8b794c67ae0a96c78d5346ed for earlier term 1. Current term is 2. Ops: []
I20260710 13:20:23.439489 12329 raft_consensus.cc:1240] T 63a420e6c3c04b2a9a96ed7c6715298d P 9d33891f62ee41b6b5faa31951b7bd16 [term 2 FOLLOWER]: Rejecting Update request from peer 20a3061ccbcf4560aea201352cad8a91 for earlier term 1. Current term is 2. Ops: []
I20260710 13:20:23.439040 12328 raft_consensus.cc:1240] T f2918a256fd0409dbf87c93207eac3dc P 9d33891f62ee41b6b5faa31951b7bd16 [term 2 FOLLOWER]: Rejecting Update request from peer 20a3061ccbcf4560aea201352cad8a91 for earlier term 1. Current term is 2. Ops: []
I20260710 13:20:23.442788 12949 tablet_replica.cc:333] T 948d03df0247420bbbc2767de45db138 P 85d5059e8b794c67ae0a96c78d5346ed: stopping tablet replica
I20260710 13:20:23.445356 12947 raft_consensus.cc:2749] T 195acbbc8b3446ee85e53e2d3b1b3ab9 P 20a3061ccbcf4560aea201352cad8a91 [term 2 FOLLOWER]: Leader election lost for term 2. Reason: could not achieve majority
I20260710 13:20:23.443778 12949 raft_consensus.cc:2243] T 948d03df0247420bbbc2767de45db138 P 85d5059e8b794c67ae0a96c78d5346ed [term 1 FOLLOWER]: Raft consensus shutting down.
I20260710 13:20:23.443954 12912 raft_consensus.cc:3060] T 3887d4d31b2e4e4c82fb83b17c6681d4 P 85d5059e8b794c67ae0a96c78d5346ed [term 1 FOLLOWER]: Advancing to term 2
I20260710 13:20:23.449318 12370 leader_election.cc:304] T 434f8e6e6ec64e378e0ce689f1c6345c P 20a3061ccbcf4560aea201352cad8a91 [CANDIDATE]: Term 2 election: Election decided. Result: candidate lost. Election summary: received 3 responses out of 3 voters: 1 yes votes; 2 no votes. yes voters: 20a3061ccbcf4560aea201352cad8a91; no voters: 85d5059e8b794c67ae0a96c78d5346ed, 9d33891f62ee41b6b5faa31951b7bd16
I20260710 13:20:23.457324 12947 raft_consensus.cc:2749] T 434f8e6e6ec64e378e0ce689f1c6345c P 20a3061ccbcf4560aea201352cad8a91 [term 2 FOLLOWER]: Leader election lost for term 2. Reason: could not achieve majority
I20260710 13:20:23.459390 12932 tablet_replica.cc:333] T 25fc796d92814196978f01e9c20b8070 P 20a3061ccbcf4560aea201352cad8a91: stopping tablet replica
I20260710 13:20:23.462770 12949 raft_consensus.cc:2272] T 948d03df0247420bbbc2767de45db138 P 85d5059e8b794c67ae0a96c78d5346ed [term 1 FOLLOWER]: Raft consensus is shut down!
I20260710 13:20:23.464526 12876 leader_election.cc:290] T 6ee14c5369994aecb9f3d3642d562ee0 P 9d33891f62ee41b6b5faa31951b7bd16 [CANDIDATE]: Term 2 election: Requested vote from peers 20a3061ccbcf4560aea201352cad8a91 (127.10.246.66:33469), 85d5059e8b794c67ae0a96c78d5346ed (127.10.246.67:33841)
I20260710 13:20:23.466439 12223 catalog_manager.cc:5697] T 5796086b221a41318f5dfc9c68942273 P 9defeabc25354f2e89260a2e7ded8ff4 reported cstate change: term changed from 1 to 2, leader changed from 9d33891f62ee41b6b5faa31951b7bd16 (127.10.246.65) to 9defeabc25354f2e89260a2e7ded8ff4 (127.10.246.68). New cstate: current_term: 2 leader_uuid: "9defeabc25354f2e89260a2e7ded8ff4" committed_config { opid_index: 4 OBSOLETE_local: false peers { permanent_uuid: "9d33891f62ee41b6b5faa31951b7bd16" member_type: VOTER last_known_addr { host: "127.10.246.65" port: 43277 } health_report { overall_health: UNKNOWN } } peers { permanent_uuid: "20a3061ccbcf4560aea201352cad8a91" member_type: VOTER last_known_addr { host: "127.10.246.66" port: 33469 } health_report { overall_health: UNKNOWN } } peers { permanent_uuid: "9defeabc25354f2e89260a2e7ded8ff4" member_type: VOTER last_known_addr { host: "127.10.246.68" port: 37977 } attrs { promote: false } health_report { overall_health: HEALTHY } } }
I20260710 13:20:23.469064 12478 raft_consensus.cc:1240] T be7f27d68aec4ff9acbf695d4e262e8f P 85d5059e8b794c67ae0a96c78d5346ed [term 2 FOLLOWER]: Rejecting Update request from peer 20a3061ccbcf4560aea201352cad8a91 for earlier term 1. Current term is 2. Ops: []
I20260710 13:20:23.469784 12949 ts_tablet_manager.cc:1916] T 948d03df0247420bbbc2767de45db138 P 85d5059e8b794c67ae0a96c78d5346ed: Deleting tablet data with delete state TABLET_DATA_TOMBSTONED
I20260710 13:20:23.446662 12941 consensus_queue.cc:1059] T 434f8e6e6ec64e378e0ce689f1c6345c P 85d5059e8b794c67ae0a96c78d5346ed [LEADER]: Peer responded invalid term: Peer: permanent_uuid: "20a3061ccbcf4560aea201352cad8a91" member_type: VOTER last_known_addr { host: "127.10.246.66" port: 33469 }, Status: INVALID_TERM, Last received: 1.1, Next index: 2, Last known committed idx: 1, Time since last communication: 0.012s
I20260710 13:20:23.471067 12933 raft_consensus.cc:3055] T 5796086b221a41318f5dfc9c68942273 P 9d33891f62ee41b6b5faa31951b7bd16 [term 1 LEADER]: Stepping down as leader of term 1
I20260710 13:20:23.471405 12917 raft_consensus.cc:3055] T 434f8e6e6ec64e378e0ce689f1c6345c P 85d5059e8b794c67ae0a96c78d5346ed [term 1 LEADER]: Stepping down as leader of term 1
I20260710 13:20:23.471745 12917 raft_consensus.cc:740] T 434f8e6e6ec64e378e0ce689f1c6345c P 85d5059e8b794c67ae0a96c78d5346ed [term 1 LEADER]: Becoming Follower/Learner. State: Replica: 85d5059e8b794c67ae0a96c78d5346ed, State: Running, Role: LEADER
I20260710 13:20:23.472657 12900 raft_consensus.cc:3055] T 195acbbc8b3446ee85e53e2d3b1b3ab9 P 85d5059e8b794c67ae0a96c78d5346ed [term 1 LEADER]: Stepping down as leader of term 1
I20260710 13:20:23.473024 12900 raft_consensus.cc:740] T 195acbbc8b3446ee85e53e2d3b1b3ab9 P 85d5059e8b794c67ae0a96c78d5346ed [term 1 LEADER]: Becoming Follower/Learner. State: Replica: 85d5059e8b794c67ae0a96c78d5346ed, State: Running, Role: LEADER
I20260710 13:20:23.472586 12917 consensus_queue.cc:260] T 434f8e6e6ec64e378e0ce689f1c6345c P 85d5059e8b794c67ae0a96c78d5346ed [NON_LEADER]: Queue going to NON_LEADER mode. State: All replicated index: 0, Majority replicated index: 1, Committed index: 1, Last appended: 1.1, Last appended by leader: 1, Current term: 1, Majority size: -1, State: 0, Mode: NON_LEADER, active raft config: opid_index: -1 OBSOLETE_local: false peers { permanent_uuid: "9d33891f62ee41b6b5faa31951b7bd16" member_type: VOTER last_known_addr { host: "127.10.246.65" port: 43277 } } peers { permanent_uuid: "20a3061ccbcf4560aea201352cad8a91" member_type: VOTER last_known_addr { host: "127.10.246.66" port: 33469 } } peers { permanent_uuid: "85d5059e8b794c67ae0a96c78d5346ed" member_type: VOTER last_known_addr { host: "127.10.246.67" port: 33841 } }
I20260710 13:20:23.494746 12323 raft_consensus.cc:1240] T be7f27d68aec4ff9acbf695d4e262e8f P 9d33891f62ee41b6b5faa31951b7bd16 [term 2 FOLLOWER]: Rejecting Update request from peer 20a3061ccbcf4560aea201352cad8a91 for earlier term 1. Current term is 2. Ops: []
I20260710 13:20:23.494891 12917 raft_consensus.cc:3060] T 434f8e6e6ec64e378e0ce689f1c6345c P 85d5059e8b794c67ae0a96c78d5346ed [term 1 FOLLOWER]: Advancing to term 2
I20260710 13:20:23.447746 12860 consensus_queue.cc:1059] T 1cfb3ad7948c42858f1d7bbea37e37ce P 85d5059e8b794c67ae0a96c78d5346ed [LEADER]: Peer responded invalid term: Peer: permanent_uuid: "20a3061ccbcf4560aea201352cad8a91" member_type: VOTER last_known_addr { host: "127.10.246.66" port: 33469 }, Status: INVALID_TERM, Last received: 1.1, Next index: 2, Last known committed idx: 1, Time since last communication: 0.023s
I20260710 13:20:23.517032 12474 tablet_service.cc:1917] Received RequestConsensusVote() RPC: tablet_id: "f35586ee7e174553b484097c448041f0" candidate_uuid: "9d33891f62ee41b6b5faa31951b7bd16" candidate_term: 2 candidate_status { last_received { term: 1 index: 1 } } ignore_live_leader: false dest_uuid: "85d5059e8b794c67ae0a96c78d5346ed"
I20260710 13:20:23.523118 12895 consensus_queue.cc:1059] T be7f27d68aec4ff9acbf695d4e262e8f P 20a3061ccbcf4560aea201352cad8a91 [LEADER]: Peer responded invalid term: Peer: permanent_uuid: "85d5059e8b794c67ae0a96c78d5346ed" member_type: VOTER last_known_addr { host: "127.10.246.67" port: 33841 }, Status: INVALID_TERM, Last received: 1.1, Next index: 2, Last known committed idx: 1, Time since last communication: 0.000s
I20260710 13:20:23.524073 12895 raft_consensus.cc:3055] T be7f27d68aec4ff9acbf695d4e262e8f P 20a3061ccbcf4560aea201352cad8a91 [term 1 LEADER]: Stepping down as leader of term 1
I20260710 13:20:23.524386 12895 raft_consensus.cc:740] T be7f27d68aec4ff9acbf695d4e262e8f P 20a3061ccbcf4560aea201352cad8a91 [term 1 LEADER]: Becoming Follower/Learner. State: Replica: 20a3061ccbcf4560aea201352cad8a91, State: Running, Role: LEADER
I20260710 13:20:23.525120 12895 consensus_queue.cc:260] T be7f27d68aec4ff9acbf695d4e262e8f P 20a3061ccbcf4560aea201352cad8a91 [NON_LEADER]: Queue going to NON_LEADER mode. State: All replicated index: 0, Majority replicated index: 1, Committed index: 1, Last appended: 1.1, Last appended by leader: 1, Current term: 1, Majority size: -1, State: 0, Mode: NON_LEADER, active raft config: opid_index: -1 OBSOLETE_local: false peers { permanent_uuid: "9d33891f62ee41b6b5faa31951b7bd16" member_type: VOTER last_known_addr { host: "127.10.246.65" port: 43277 } } peers { permanent_uuid: "20a3061ccbcf4560aea201352cad8a91" member_type: VOTER last_known_addr { host: "127.10.246.66" port: 33469 } } peers { permanent_uuid: "85d5059e8b794c67ae0a96c78d5346ed" member_type: VOTER last_known_addr { host: "127.10.246.67" port: 33841 } }
I20260710 13:20:23.526103 12895 raft_consensus.cc:3060] T be7f27d68aec4ff9acbf695d4e262e8f P 20a3061ccbcf4560aea201352cad8a91 [term 1 FOLLOWER]: Advancing to term 2
