[==========] Running 8 tests from 2 test suites.
[----------] Global test environment set-up.
[----------] 6 tests from LeaderRebalancerTest
[ RUN      ] LeaderRebalancerTest.FunctionalTestForDivided
WARNING: Logging before InitGoogleLogging() is written to STDERR
I20260710 13:19:47.338655 11021 internal_mini_cluster.cc:156] Creating distributed mini masters. Addrs: 127.10.195.126:37145
I20260710 13:19:47.340153 11021 env_posix.cc:2285] Not raising this process' open files per process limit of 1048576; it is already as high as it can go
I20260710 13:19:47.341161 11021 file_cache.cc:504] Constructed file cache file cache with capacity 419430
W20260710 13:19:47.357352 11028 instance_detector.cc:116] could not retrieve Azure instance metadata: Network error: curl error: HTTP response code said error: The requested URL returned error: 404
W20260710 13:19:47.357375 11030 instance_detector.cc:116] could not retrieve OpenStack instance metadata: Network error: curl error: HTTP response code said error: The requested URL returned error: 404
W20260710 13:19:47.358946 11027 instance_detector.cc:116] could not retrieve AWS instance metadata: Network error: curl error: HTTP response code said error: The requested URL returned error: 404
I20260710 13:19:47.359100 11021 server_base.cc:1061] running on GCE node
I20260710 13:19:48.553042 11021 hybrid_clock.cc:584] initializing the hybrid clock with 'system_unsync' time source
W20260710 13:19:48.553284 11021 system_unsync_time.cc:38] NTP support is disabled. Clock error bounds will not be accurate. This configuration is not suitable for distributed clusters.
I20260710 13:19:48.553548 11021 hybrid_clock.cc:648] HybridClock initialized: now 1783689588553520 us; error 0 us; skew 500 ppm
I20260710 13:19:48.554404 11021 server_base.cc:861] Flag tcmalloc_max_total_thread_cache_bytes is not working since tcmalloc is not enabled.
I20260710 13:19:48.560853 11021 webserver.cc:533] Webserver started at http://127.10.195.126:35179/ using document root <none> and password file <none>
I20260710 13:19:48.561702 11021 fs_manager.cc:362] Metadata directory not provided
I20260710 13:19:48.561928 11021 fs_manager.cc:368] Using write-ahead log directory (fs_wal_dir) as metadata directory
I20260710 13:19:48.562386 11021 server_base.cc:909] This appears to be a new deployment of Kudu; creating new FS layout
I20260710 13:19:48.568249 11021 fs_manager.cc:1068] Generated new instance metadata in path /tmp/dist-test-taskEFB98m/test-tmp/auto_leader_rebalancer-test.0.LeaderRebalancerTest.FunctionalTestForDivided.1783689587175461-11021-0/minicluster-data/master-0-root/instance:
uuid: "400712aa78494467a1e35f265461cf17"
format_stamp: "Formatted at 2026-07-10 13:19:48 on dist-test-slave-45xx"
I20260710 13:19:48.576049 11021 fs_manager.cc:696] Time spent creating directory manager: real 0.007s	user 0.007s	sys 0.001s
I20260710 13:19:48.581153 11036 log_block_manager.cc:4127] Time spent loading block containers with low live blocks: real 0.000s	user 0.000s	sys 0.000s
I20260710 13:19:48.582392 11021 fs_manager.cc:730] Time spent opening block manager: real 0.004s	user 0.002s	sys 0.000s
I20260710 13:19:48.582872 11021 fs_manager.cc:647] Opened local filesystem: /tmp/dist-test-taskEFB98m/test-tmp/auto_leader_rebalancer-test.0.LeaderRebalancerTest.FunctionalTestForDivided.1783689587175461-11021-0/minicluster-data/master-0-root
uuid: "400712aa78494467a1e35f265461cf17"
format_stamp: "Formatted at 2026-07-10 13:19:48 on dist-test-slave-45xx"
I20260710 13:19:48.583218 11021 fs_report.cc:389] FS layout report
--------------------
wal directory: /tmp/dist-test-taskEFB98m/test-tmp/auto_leader_rebalancer-test.0.LeaderRebalancerTest.FunctionalTestForDivided.1783689587175461-11021-0/minicluster-data/master-0-root
metadata directory: /tmp/dist-test-taskEFB98m/test-tmp/auto_leader_rebalancer-test.0.LeaderRebalancerTest.FunctionalTestForDivided.1783689587175461-11021-0/minicluster-data/master-0-root
1 data directories: /tmp/dist-test-taskEFB98m/test-tmp/auto_leader_rebalancer-test.0.LeaderRebalancerTest.FunctionalTestForDivided.1783689587175461-11021-0/minicluster-data/master-0-root/data
Total live blocks: 0
Total live bytes: 0
Total live bytes (after alignment): 0
Total number of LBM containers: 0 (0 full)
Did not check for missing blocks
Did not check for orphaned blocks
Total full LBM containers with extra space: 0 (0 repaired)
Total full LBM container extra space in bytes: 0 (0 repaired)
Total incomplete LBM containers: 0 (0 repaired)
Total LBM partial records: 0 (0 repaired)
Total corrupted LBM metadata records in RocksDB: 0 (0 repaired)
I20260710 13:19:48.639114 11021 rpc_server.cc:225] running with OpenSSL 1.1.1  11 Sep 2018
I20260710 13:19:48.640600 11021 env_posix.cc:2285] Not raising this process' running threads per effective uid limit of 18446744073709551615; it is already as high as it can go
I20260710 13:19:48.641052 11021 kserver.cc:163] Server-wide thread pool size limit: 3276
I20260710 13:19:48.711283 11021 rpc_server.cc:307] RPC server started. Bound to: 127.10.195.126:37145
I20260710 13:19:48.711357 11087 acceptor_pool.cc:272] collecting diagnostics on the listening RPC socket 127.10.195.126:37145 every 8 connection(s)
I20260710 13:19:48.719091 11088 data_dirs.cc:400] Could only allocate 1 dirs of requested 3 for tablet 00000000000000000000000000000000. 1 dirs total, 0 dirs full, 0 dirs failed
I20260710 13:19:48.740417 11088 tablet_bootstrap.cc:492] T 00000000000000000000000000000000 P 400712aa78494467a1e35f265461cf17: Bootstrap starting.
I20260710 13:19:48.746088 11088 tablet_bootstrap.cc:654] T 00000000000000000000000000000000 P 400712aa78494467a1e35f265461cf17: Neither blocks nor log segments found. Creating new log.
I20260710 13:19:48.747984 11088 log.cc:826] T 00000000000000000000000000000000 P 400712aa78494467a1e35f265461cf17: Log is configured to *not* fsync() on all Append() calls
I20260710 13:19:48.752378 11088 tablet_bootstrap.cc:492] T 00000000000000000000000000000000 P 400712aa78494467a1e35f265461cf17: No bootstrap required, opened a new log
I20260710 13:19:48.772697 11088 raft_consensus.cc:359] T 00000000000000000000000000000000 P 400712aa78494467a1e35f265461cf17 [term 0 FOLLOWER]: Replica starting. Triggering 0 pending ops. Active config: opid_index: -1 OBSOLETE_local: true peers { permanent_uuid: "400712aa78494467a1e35f265461cf17" member_type: VOTER }
I20260710 13:19:48.773209 11088 raft_consensus.cc:385] T 00000000000000000000000000000000 P 400712aa78494467a1e35f265461cf17 [term 0 FOLLOWER]: Consensus starting up: Expiring failure detector timer to make a prompt election more likely
I20260710 13:19:48.773510 11088 raft_consensus.cc:740] T 00000000000000000000000000000000 P 400712aa78494467a1e35f265461cf17 [term 0 FOLLOWER]: Becoming Follower/Learner. State: Replica: 400712aa78494467a1e35f265461cf17, State: Initialized, Role: FOLLOWER
I20260710 13:19:48.774379 11088 consensus_queue.cc:260] T 00000000000000000000000000000000 P 400712aa78494467a1e35f265461cf17 [NON_LEADER]: Queue going to NON_LEADER mode. State: All replicated index: 0, Majority replicated index: 0, Committed index: 0, Last appended: 0.0, Last appended by leader: 0, Current term: 0, Majority size: -1, State: 0, Mode: NON_LEADER, active raft config: opid_index: -1 OBSOLETE_local: true peers { permanent_uuid: "400712aa78494467a1e35f265461cf17" member_type: VOTER }
I20260710 13:19:48.774919 11088 raft_consensus.cc:399] T 00000000000000000000000000000000 P 400712aa78494467a1e35f265461cf17 [term 0 FOLLOWER]: Only one voter in the Raft config. Triggering election immediately
I20260710 13:19:48.775213 11088 raft_consensus.cc:493] T 00000000000000000000000000000000 P 400712aa78494467a1e35f265461cf17 [term 0 FOLLOWER]: Starting leader election (initial election of a single-replica configuration)
I20260710 13:19:48.775561 11088 raft_consensus.cc:3060] T 00000000000000000000000000000000 P 400712aa78494467a1e35f265461cf17 [term 0 FOLLOWER]: Advancing to term 1
I20260710 13:19:48.779626 11088 raft_consensus.cc:515] T 00000000000000000000000000000000 P 400712aa78494467a1e35f265461cf17 [term 1 FOLLOWER]: Starting leader election with config: opid_index: -1 OBSOLETE_local: true peers { permanent_uuid: "400712aa78494467a1e35f265461cf17" member_type: VOTER }
I20260710 13:19:48.780329 11088 leader_election.cc:304] T 00000000000000000000000000000000 P 400712aa78494467a1e35f265461cf17 [CANDIDATE]: Term 1 election: Election decided. Result: candidate won. Election summary: received 1 responses out of 1 voters: 1 yes votes; 0 no votes. yes voters: 400712aa78494467a1e35f265461cf17; no voters: 
I20260710 13:19:48.782045 11088 leader_election.cc:290] T 00000000000000000000000000000000 P 400712aa78494467a1e35f265461cf17 [CANDIDATE]: Term 1 election: Requested vote from peers 
I20260710 13:19:48.782415 11091 raft_consensus.cc:2804] T 00000000000000000000000000000000 P 400712aa78494467a1e35f265461cf17 [term 1 FOLLOWER]: Leader election won for term 1
I20260710 13:19:48.785197 11091 raft_consensus.cc:697] T 00000000000000000000000000000000 P 400712aa78494467a1e35f265461cf17 [term 1 LEADER]: Becoming Leader. State: Replica: 400712aa78494467a1e35f265461cf17, State: Running, Role: LEADER
I20260710 13:19:48.786124 11091 consensus_queue.cc:237] T 00000000000000000000000000000000 P 400712aa78494467a1e35f265461cf17 [LEADER]: Queue going to LEADER mode. State: All replicated index: 0, Majority replicated index: 0, Committed index: 0, Last appended: 0.0, Last appended by leader: 0, Current term: 1, Majority size: 1, State: 0, Mode: LEADER, active raft config: opid_index: -1 OBSOLETE_local: true peers { permanent_uuid: "400712aa78494467a1e35f265461cf17" member_type: VOTER }
I20260710 13:19:48.787123 11088 sys_catalog.cc:565] T 00000000000000000000000000000000 P 400712aa78494467a1e35f265461cf17 [sys.catalog]: configured and running, proceeding with master startup.
I20260710 13:19:48.798442 11092 sys_catalog.cc:455] T 00000000000000000000000000000000 P 400712aa78494467a1e35f265461cf17 [sys.catalog]: SysCatalogTable state changed. Reason: RaftConsensus started. Latest consensus state: current_term: 1 leader_uuid: "400712aa78494467a1e35f265461cf17" committed_config { opid_index: -1 OBSOLETE_local: true peers { permanent_uuid: "400712aa78494467a1e35f265461cf17" member_type: VOTER } }
I20260710 13:19:48.798499 11093 sys_catalog.cc:455] T 00000000000000000000000000000000 P 400712aa78494467a1e35f265461cf17 [sys.catalog]: SysCatalogTable state changed. Reason: New leader 400712aa78494467a1e35f265461cf17. Latest consensus state: current_term: 1 leader_uuid: "400712aa78494467a1e35f265461cf17" committed_config { opid_index: -1 OBSOLETE_local: true peers { permanent_uuid: "400712aa78494467a1e35f265461cf17" member_type: VOTER } }
I20260710 13:19:48.799470 11092 sys_catalog.cc:458] T 00000000000000000000000000000000 P 400712aa78494467a1e35f265461cf17 [sys.catalog]: This master's current role is: LEADER
I20260710 13:19:48.799471 11093 sys_catalog.cc:458] T 00000000000000000000000000000000 P 400712aa78494467a1e35f265461cf17 [sys.catalog]: This master's current role is: LEADER
I20260710 13:19:48.803340 11101 catalog_manager.cc:1511] Loading table and tablet metadata into memory...
I20260710 13:19:48.814713 11101 catalog_manager.cc:1520] Initializing Kudu cluster ID...
I20260710 13:19:48.817047 11021 internal_mini_cluster.cc:184] Waiting to initialize catalog manager on master 0
I20260710 13:19:48.831715 11101 catalog_manager.cc:1383] Generated new cluster ID: 0278b8f5d06a4922bbc8080ca7521351
I20260710 13:19:48.832003 11101 catalog_manager.cc:1531] Initializing Kudu internal certificate authority...
I20260710 13:19:48.850503 11101 catalog_manager.cc:1406] Generated new certificate authority record
I20260710 13:19:48.852293 11101 catalog_manager.cc:1540] Loading token signing keys...
I20260710 13:19:48.872345 11101 catalog_manager.cc:6070] T 00000000000000000000000000000000 P 400712aa78494467a1e35f265461cf17: Generated new TSK 0
I20260710 13:19:48.873291 11101 catalog_manager.cc:1550] Initializing in-progress tserver states...
I20260710 13:19:48.883737 11021 file_cache.cc:504] Constructed file cache file cache with capacity 419430
W20260710 13:19:48.892901 11110 instance_detector.cc:116] could not retrieve AWS instance metadata: Network error: curl error: HTTP response code said error: The requested URL returned error: 404
W20260710 13:19:48.894157 11111 instance_detector.cc:116] could not retrieve Azure instance metadata: Network error: curl error: HTTP response code said error: The requested URL returned error: 404
I20260710 13:19:48.897709 11021 server_base.cc:1061] running on GCE node
W20260710 13:19:48.897924 11113 instance_detector.cc:116] could not retrieve OpenStack instance metadata: Network error: curl error: HTTP response code said error: The requested URL returned error: 404
I20260710 13:19:48.898914 11021 hybrid_clock.cc:584] initializing the hybrid clock with 'system_unsync' time source
W20260710 13:19:48.899114 11021 system_unsync_time.cc:38] NTP support is disabled. Clock error bounds will not be accurate. This configuration is not suitable for distributed clusters.
I20260710 13:19:48.899351 11021 hybrid_clock.cc:648] HybridClock initialized: now 1783689588899319 us; error 0 us; skew 500 ppm
I20260710 13:19:48.899959 11021 server_base.cc:861] Flag tcmalloc_max_total_thread_cache_bytes is not working since tcmalloc is not enabled.
I20260710 13:19:48.904547 11021 webserver.cc:533] Webserver started at http://127.10.195.65:42035/ using document root <none> and password file <none>
I20260710 13:19:48.905076 11021 fs_manager.cc:362] Metadata directory not provided
I20260710 13:19:48.905282 11021 fs_manager.cc:368] Using write-ahead log directory (fs_wal_dir) as metadata directory
I20260710 13:19:48.905580 11021 server_base.cc:909] This appears to be a new deployment of Kudu; creating new FS layout
I20260710 13:19:48.906716 11021 fs_manager.cc:1068] Generated new instance metadata in path /tmp/dist-test-taskEFB98m/test-tmp/auto_leader_rebalancer-test.0.LeaderRebalancerTest.FunctionalTestForDivided.1783689587175461-11021-0/minicluster-data/ts-0-root/instance:
uuid: "a5a787ec121c482a9efc6de91e5328c1"
format_stamp: "Formatted at 2026-07-10 13:19:48 on dist-test-slave-45xx"
I20260710 13:19:48.912345 11021 fs_manager.cc:696] Time spent creating directory manager: real 0.005s	user 0.004s	sys 0.001s
I20260710 13:19:48.916797 11118 log_block_manager.cc:4127] Time spent loading block containers with low live blocks: real 0.000s	user 0.000s	sys 0.000s
I20260710 13:19:48.917657 11021 fs_manager.cc:730] Time spent opening block manager: real 0.003s	user 0.003s	sys 0.001s
I20260710 13:19:48.917966 11021 fs_manager.cc:647] Opened local filesystem: /tmp/dist-test-taskEFB98m/test-tmp/auto_leader_rebalancer-test.0.LeaderRebalancerTest.FunctionalTestForDivided.1783689587175461-11021-0/minicluster-data/ts-0-root
uuid: "a5a787ec121c482a9efc6de91e5328c1"
format_stamp: "Formatted at 2026-07-10 13:19:48 on dist-test-slave-45xx"
I20260710 13:19:48.918252 11021 fs_report.cc:389] FS layout report
--------------------
wal directory: /tmp/dist-test-taskEFB98m/test-tmp/auto_leader_rebalancer-test.0.LeaderRebalancerTest.FunctionalTestForDivided.1783689587175461-11021-0/minicluster-data/ts-0-root
metadata directory: /tmp/dist-test-taskEFB98m/test-tmp/auto_leader_rebalancer-test.0.LeaderRebalancerTest.FunctionalTestForDivided.1783689587175461-11021-0/minicluster-data/ts-0-root
1 data directories: /tmp/dist-test-taskEFB98m/test-tmp/auto_leader_rebalancer-test.0.LeaderRebalancerTest.FunctionalTestForDivided.1783689587175461-11021-0/minicluster-data/ts-0-root/data
Total live blocks: 0
Total live bytes: 0
Total live bytes (after alignment): 0
Total number of LBM containers: 0 (0 full)
Did not check for missing blocks
Did not check for orphaned blocks
Total full LBM containers with extra space: 0 (0 repaired)
Total full LBM container extra space in bytes: 0 (0 repaired)
Total incomplete LBM containers: 0 (0 repaired)
Total LBM partial records: 0 (0 repaired)
Total corrupted LBM metadata records in RocksDB: 0 (0 repaired)
I20260710 13:19:48.944315 11021 rpc_server.cc:225] running with OpenSSL 1.1.1  11 Sep 2018
I20260710 13:19:48.945612 11021 kserver.cc:163] Server-wide thread pool size limit: 3276
I20260710 13:19:48.948352 11021 txn_system_client.cc:432] TxnSystemClient initialization is disabled...
I20260710 13:19:48.952935 11021 ts_tablet_manager.cc:585] Loaded tablet metadata (0 total tablets, 0 live tablets)
I20260710 13:19:48.953199 11021 ts_tablet_manager.cc:531] Time spent load tablet metadata: real 0.000s	user 0.000s	sys 0.000s
I20260710 13:19:48.953465 11021 ts_tablet_manager.cc:616] Registered 0 tablets
I20260710 13:19:48.953651 11021 ts_tablet_manager.cc:595] Time spent register tablets: real 0.000s	user 0.000s	sys 0.000s
I20260710 13:19:49.060230 11021 rpc_server.cc:307] RPC server started. Bound to: 127.10.195.65:35277
I20260710 13:19:49.060297 11180 acceptor_pool.cc:272] collecting diagnostics on the listening RPC socket 127.10.195.65:35277 every 8 connection(s)
I20260710 13:19:49.067313 11021 file_cache.cc:504] Constructed file cache file cache with capacity 419430
W20260710 13:19:49.080988 11185 instance_detector.cc:116] could not retrieve AWS instance metadata: Network error: curl error: HTTP response code said error: The requested URL returned error: 404
W20260710 13:19:49.085646 11186 instance_detector.cc:116] could not retrieve Azure instance metadata: Network error: curl error: HTTP response code said error: The requested URL returned error: 404
W20260710 13:19:49.087514 11188 instance_detector.cc:116] could not retrieve OpenStack instance metadata: Network error: curl error: HTTP response code said error: The requested URL returned error: 404
I20260710 13:19:49.091159 11021 server_base.cc:1061] running on GCE node
I20260710 13:19:49.092070 11021 hybrid_clock.cc:584] initializing the hybrid clock with 'system_unsync' time source
W20260710 13:19:49.092255 11021 system_unsync_time.cc:38] NTP support is disabled. Clock error bounds will not be accurate. This configuration is not suitable for distributed clusters.
I20260710 13:19:49.092496 11021 hybrid_clock.cc:648] HybridClock initialized: now 1783689589092458 us; error 0 us; skew 500 ppm
I20260710 13:19:49.093109 11021 server_base.cc:861] Flag tcmalloc_max_total_thread_cache_bytes is not working since tcmalloc is not enabled.
I20260710 13:19:49.095909 11021 webserver.cc:533] Webserver started at http://127.10.195.66:43189/ using document root <none> and password file <none>
I20260710 13:19:49.096572 11021 fs_manager.cc:362] Metadata directory not provided
I20260710 13:19:49.096819 11021 fs_manager.cc:368] Using write-ahead log directory (fs_wal_dir) as metadata directory
I20260710 13:19:49.097115 11021 server_base.cc:909] This appears to be a new deployment of Kudu; creating new FS layout
I20260710 13:19:49.098181 11021 fs_manager.cc:1068] Generated new instance metadata in path /tmp/dist-test-taskEFB98m/test-tmp/auto_leader_rebalancer-test.0.LeaderRebalancerTest.FunctionalTestForDivided.1783689587175461-11021-0/minicluster-data/ts-1-root/instance:
uuid: "55dd96a82f844c85a5fdb3fb40b43bfa"
format_stamp: "Formatted at 2026-07-10 13:19:49 on dist-test-slave-45xx"
I20260710 13:19:49.103154 11181 heartbeater.cc:344] Connected to a master server at 127.10.195.126:37145
I20260710 13:19:49.103742 11181 heartbeater.cc:461] Registering TS with master...
I20260710 13:19:49.104733 11021 fs_manager.cc:696] Time spent creating directory manager: real 0.006s	user 0.005s	sys 0.000s
I20260710 13:19:49.104837 11181 heartbeater.cc:507] Master 127.10.195.126:37145 requested a full tablet report, sending...
I20260710 13:19:49.108582 11053 ts_manager.cc:194] Registered new tserver with Master: a5a787ec121c482a9efc6de91e5328c1 (127.10.195.65:35277)
I20260710 13:19:49.110430 11193 log_block_manager.cc:4127] Time spent loading block containers with low live blocks: real 0.000s	user 0.000s	sys 0.000s
I20260710 13:19:49.111407 11021 fs_manager.cc:730] Time spent opening block manager: real 0.004s	user 0.003s	sys 0.000s
I20260710 13:19:49.111699 11021 fs_manager.cc:647] Opened local filesystem: /tmp/dist-test-taskEFB98m/test-tmp/auto_leader_rebalancer-test.0.LeaderRebalancerTest.FunctionalTestForDivided.1783689587175461-11021-0/minicluster-data/ts-1-root
uuid: "55dd96a82f844c85a5fdb3fb40b43bfa"
format_stamp: "Formatted at 2026-07-10 13:19:49 on dist-test-slave-45xx"
I20260710 13:19:49.111940 11053 master_service.cc:502] Signed X509 certificate for tserver {username='slave'} at 127.0.0.1:36836
I20260710 13:19:49.111994 11021 fs_report.cc:389] FS layout report
--------------------
wal directory: /tmp/dist-test-taskEFB98m/test-tmp/auto_leader_rebalancer-test.0.LeaderRebalancerTest.FunctionalTestForDivided.1783689587175461-11021-0/minicluster-data/ts-1-root
metadata directory: /tmp/dist-test-taskEFB98m/test-tmp/auto_leader_rebalancer-test.0.LeaderRebalancerTest.FunctionalTestForDivided.1783689587175461-11021-0/minicluster-data/ts-1-root
1 data directories: /tmp/dist-test-taskEFB98m/test-tmp/auto_leader_rebalancer-test.0.LeaderRebalancerTest.FunctionalTestForDivided.1783689587175461-11021-0/minicluster-data/ts-1-root/data
Total live blocks: 0
Total live bytes: 0
Total live bytes (after alignment): 0
Total number of LBM containers: 0 (0 full)
Did not check for missing blocks
Did not check for orphaned blocks
Total full LBM containers with extra space: 0 (0 repaired)
Total full LBM container extra space in bytes: 0 (0 repaired)
Total incomplete LBM containers: 0 (0 repaired)
Total LBM partial records: 0 (0 repaired)
Total corrupted LBM metadata records in RocksDB: 0 (0 repaired)
I20260710 13:19:49.129724 11021 rpc_server.cc:225] running with OpenSSL 1.1.1  11 Sep 2018
I20260710 13:19:49.131013 11021 kserver.cc:163] Server-wide thread pool size limit: 3276
I20260710 13:19:49.133517 11021 txn_system_client.cc:432] TxnSystemClient initialization is disabled...
I20260710 13:19:49.136313 11021 ts_tablet_manager.cc:585] Loaded tablet metadata (0 total tablets, 0 live tablets)
I20260710 13:19:49.136533 11021 ts_tablet_manager.cc:531] Time spent load tablet metadata: real 0.000s	user 0.000s	sys 0.000s
I20260710 13:19:49.136782 11021 ts_tablet_manager.cc:616] Registered 0 tablets
I20260710 13:19:49.136962 11021 ts_tablet_manager.cc:595] Time spent register tablets: real 0.000s	user 0.000s	sys 0.000s
I20260710 13:19:49.239110 11021 rpc_server.cc:307] RPC server started. Bound to: 127.10.195.66:39535
I20260710 13:19:49.239218 11255 acceptor_pool.cc:272] collecting diagnostics on the listening RPC socket 127.10.195.66:39535 every 8 connection(s)
I20260710 13:19:49.245905 11021 file_cache.cc:504] Constructed file cache file cache with capacity 419430
W20260710 13:19:49.253835 11259 instance_detector.cc:116] could not retrieve AWS instance metadata: Network error: curl error: HTTP response code said error: The requested URL returned error: 404
W20260710 13:19:49.258494 11260 instance_detector.cc:116] could not retrieve Azure instance metadata: Network error: curl error: HTTP response code said error: The requested URL returned error: 404
I20260710 13:19:49.260835 11256 heartbeater.cc:344] Connected to a master server at 127.10.195.126:37145
I20260710 13:19:49.261300 11256 heartbeater.cc:461] Registering TS with master...
I20260710 13:19:49.262347 11256 heartbeater.cc:507] Master 127.10.195.126:37145 requested a full tablet report, sending...
W20260710 13:19:49.261194 11262 instance_detector.cc:116] could not retrieve OpenStack instance metadata: Network error: curl error: HTTP response code said error: The requested URL returned error: 404
I20260710 13:19:49.262553 11021 server_base.cc:1061] running on GCE node
I20260710 13:19:49.263896 11021 hybrid_clock.cc:584] initializing the hybrid clock with 'system_unsync' time source
W20260710 13:19:49.264153 11021 system_unsync_time.cc:38] NTP support is disabled. Clock error bounds will not be accurate. This configuration is not suitable for distributed clusters.
I20260710 13:19:49.264354 11021 hybrid_clock.cc:648] HybridClock initialized: now 1783689589264337 us; error 0 us; skew 500 ppm
I20260710 13:19:49.264611 11053 ts_manager.cc:194] Registered new tserver with Master: 55dd96a82f844c85a5fdb3fb40b43bfa (127.10.195.66:39535)
I20260710 13:19:49.265053 11021 server_base.cc:861] Flag tcmalloc_max_total_thread_cache_bytes is not working since tcmalloc is not enabled.
I20260710 13:19:49.266078 11053 master_service.cc:502] Signed X509 certificate for tserver {username='slave'} at 127.0.0.1:36838
I20260710 13:19:49.268719 11021 webserver.cc:533] Webserver started at http://127.10.195.67:43971/ using document root <none> and password file <none>
I20260710 13:19:49.269337 11021 fs_manager.cc:362] Metadata directory not provided
I20260710 13:19:49.269569 11021 fs_manager.cc:368] Using write-ahead log directory (fs_wal_dir) as metadata directory
I20260710 13:19:49.269870 11021 server_base.cc:909] This appears to be a new deployment of Kudu; creating new FS layout
I20260710 13:19:49.271296 11021 fs_manager.cc:1068] Generated new instance metadata in path /tmp/dist-test-taskEFB98m/test-tmp/auto_leader_rebalancer-test.0.LeaderRebalancerTest.FunctionalTestForDivided.1783689587175461-11021-0/minicluster-data/ts-2-root/instance:
uuid: "babb4f6c83d242fda1fead6cfb553443"
format_stamp: "Formatted at 2026-07-10 13:19:49 on dist-test-slave-45xx"
I20260710 13:19:49.276710 11021 fs_manager.cc:696] Time spent creating directory manager: real 0.005s	user 0.005s	sys 0.000s
I20260710 13:19:49.280679 11267 log_block_manager.cc:4127] Time spent loading block containers with low live blocks: real 0.000s	user 0.000s	sys 0.000s
I20260710 13:19:49.281469 11021 fs_manager.cc:730] Time spent opening block manager: real 0.002s	user 0.002s	sys 0.000s
I20260710 13:19:49.281782 11021 fs_manager.cc:647] Opened local filesystem: /tmp/dist-test-taskEFB98m/test-tmp/auto_leader_rebalancer-test.0.LeaderRebalancerTest.FunctionalTestForDivided.1783689587175461-11021-0/minicluster-data/ts-2-root
uuid: "babb4f6c83d242fda1fead6cfb553443"
format_stamp: "Formatted at 2026-07-10 13:19:49 on dist-test-slave-45xx"
I20260710 13:19:49.282135 11021 fs_report.cc:389] FS layout report
--------------------
wal directory: /tmp/dist-test-taskEFB98m/test-tmp/auto_leader_rebalancer-test.0.LeaderRebalancerTest.FunctionalTestForDivided.1783689587175461-11021-0/minicluster-data/ts-2-root
metadata directory: /tmp/dist-test-taskEFB98m/test-tmp/auto_leader_rebalancer-test.0.LeaderRebalancerTest.FunctionalTestForDivided.1783689587175461-11021-0/minicluster-data/ts-2-root
1 data directories: /tmp/dist-test-taskEFB98m/test-tmp/auto_leader_rebalancer-test.0.LeaderRebalancerTest.FunctionalTestForDivided.1783689587175461-11021-0/minicluster-data/ts-2-root/data
Total live blocks: 0
Total live bytes: 0
Total live bytes (after alignment): 0
Total number of LBM containers: 0 (0 full)
Did not check for missing blocks
Did not check for orphaned blocks
Total full LBM containers with extra space: 0 (0 repaired)
Total full LBM container extra space in bytes: 0 (0 repaired)
Total incomplete LBM containers: 0 (0 repaired)
Total LBM partial records: 0 (0 repaired)
Total corrupted LBM metadata records in RocksDB: 0 (0 repaired)
I20260710 13:19:49.304069 11021 rpc_server.cc:225] running with OpenSSL 1.1.1  11 Sep 2018
I20260710 13:19:49.305647 11021 kserver.cc:163] Server-wide thread pool size limit: 3276
I20260710 13:19:49.307216 11021 txn_system_client.cc:432] TxnSystemClient initialization is disabled...
I20260710 13:19:49.309892 11021 ts_tablet_manager.cc:585] Loaded tablet metadata (0 total tablets, 0 live tablets)
I20260710 13:19:49.310144 11021 ts_tablet_manager.cc:531] Time spent load tablet metadata: real 0.000s	user 0.000s	sys 0.000s
I20260710 13:19:49.310410 11021 ts_tablet_manager.cc:616] Registered 0 tablets
I20260710 13:19:49.310607 11021 ts_tablet_manager.cc:595] Time spent register tablets: real 0.000s	user 0.000s	sys 0.000s
I20260710 13:19:49.396797 11021 rpc_server.cc:307] RPC server started. Bound to: 127.10.195.67:44355
I20260710 13:19:49.396915 11329 acceptor_pool.cc:272] collecting diagnostics on the listening RPC socket 127.10.195.67:44355 every 8 connection(s)
I20260710 13:19:49.414453 11330 heartbeater.cc:344] Connected to a master server at 127.10.195.126:37145
I20260710 13:19:49.414878 11330 heartbeater.cc:461] Registering TS with master...
I20260710 13:19:49.415663 11330 heartbeater.cc:507] Master 127.10.195.126:37145 requested a full tablet report, sending...
I20260710 13:19:49.417507 11053 ts_manager.cc:194] Registered new tserver with Master: babb4f6c83d242fda1fead6cfb553443 (127.10.195.67:44355)
I20260710 13:19:49.417618 11021 internal_mini_cluster.cc:371] 3 TS(s) registered with all masters after 0.012469496s
I20260710 13:19:49.419078 11053 master_service.cc:502] Signed X509 certificate for tserver {username='slave'} at 127.0.0.1:36844
I20260710 13:19:49.468626 11053 catalog_manager.cc:2283] Servicing CreateTable request from {username='slave'} at 127.0.0.1:36846:
name: "test-workload"
schema {
  columns {
    name: "key"
    type: INT32
    is_key: true
    is_nullable: false
    encoding: AUTO_ENCODING
    compression: DEFAULT_COMPRESSION
    cfile_block_size: 0
    immutable: false
  }
  columns {
    name: "int_val"
    type: INT32
    is_key: false
    is_nullable: false
    encoding: AUTO_ENCODING
    compression: DEFAULT_COMPRESSION
    cfile_block_size: 0
    immutable: false
  }
  columns {
    name: "string_val"
    type: STRING
    is_key: false
    is_nullable: true
    encoding: AUTO_ENCODING
    compression: DEFAULT_COMPRESSION
    cfile_block_size: 0
    immutable: false
  }
}
num_replicas: 3
split_rows_range_bounds {
  rows: "\004\001\000\216\3438\016\004\001\000\034\307q\034\004\001\000\252\252\252*\004\001\0008\216\3438\004\001\000\306q\034G\004\001\000TUUU\004\001\000\3428\216c\004\001\000p\034\307q""\004\001\000\216\3438\016\004\001\000\034\307q\034\004\001\000\252\252\252*\004\001\0008\216\3438\004\001\000\306q\034G\004\001\000TUUU\004\001\000\3428\216c\004\001\000p\034\307q"
  indirect_data: """"
}
partition_schema {
  range_schema {
    columns {
      name: "key"
    }
  }
}
W20260710 13:19:49.472215 11053 catalog_manager.cc:7077] The number of live tablet servers is not enough to re-replicate a tablet replica of the newly created table test-workload in case of a server failure: 4 tablet servers would be needed, 3 are available. Consider bringing up more tablet servers.
I20260710 13:19:49.580922 11294 tablet_service.cc:1511] Processing CreateTablet for tablet ca5edb1feb634c4ca7f81a46812561b2 (DEFAULT_TABLE table=test-workload [id=631572cdc3aa4f3bae1ef1a826da5ff2]), partition=RANGE (key) PARTITION 238609294 <= VALUES < 477218588
I20260710 13:19:49.582062 11220 tablet_service.cc:1511] Processing CreateTablet for tablet ca5edb1feb634c4ca7f81a46812561b2 (DEFAULT_TABLE table=test-workload [id=631572cdc3aa4f3bae1ef1a826da5ff2]), partition=RANGE (key) PARTITION 238609294 <= VALUES < 477218588
I20260710 13:19:49.582625 11294 data_dirs.cc:400] Could only allocate 1 dirs of requested 3 for tablet ca5edb1feb634c4ca7f81a46812561b2. 1 dirs total, 0 dirs full, 0 dirs failed
I20260710 13:19:49.583719 11220 data_dirs.cc:400] Could only allocate 1 dirs of requested 3 for tablet ca5edb1feb634c4ca7f81a46812561b2. 1 dirs total, 0 dirs full, 0 dirs failed
I20260710 13:19:49.580932 11221 tablet_service.cc:1511] Processing CreateTablet for tablet 97ab1a101c20457ea0799693f935aaeb (DEFAULT_TABLE table=test-workload [id=631572cdc3aa4f3bae1ef1a826da5ff2]), partition=RANGE (key) PARTITION VALUES < 238609294
I20260710 13:19:49.584030 11293 tablet_service.cc:1511] Processing CreateTablet for tablet 33e1ec07263749648f0fa94984be45f4 (DEFAULT_TABLE table=test-workload [id=631572cdc3aa4f3bae1ef1a826da5ff2]), partition=RANGE (key) PARTITION 477218588 <= VALUES < 715827882
I20260710 13:19:49.604745 11221 data_dirs.cc:400] Could only allocate 1 dirs of requested 3 for tablet 97ab1a101c20457ea0799693f935aaeb. 1 dirs total, 0 dirs full, 0 dirs failed
I20260710 13:19:49.603760 11216 tablet_service.cc:1511] Processing CreateTablet for tablet d63dada40b7a423e9bf3bb4df70b91f4 (DEFAULT_TABLE table=test-workload [id=631572cdc3aa4f3bae1ef1a826da5ff2]), partition=RANGE (key) PARTITION 1193046470 <= VALUES < 1431655764
I20260710 13:19:49.605108 11293 data_dirs.cc:400] Could only allocate 1 dirs of requested 3 for tablet 33e1ec07263749648f0fa94984be45f4. 1 dirs total, 0 dirs full, 0 dirs failed
I20260710 13:19:49.606909 11215 tablet_service.cc:1511] Processing CreateTablet for tablet 695017572327460bb6cc4743ed4fc66d (DEFAULT_TABLE table=test-workload [id=631572cdc3aa4f3bae1ef1a826da5ff2]), partition=RANGE (key) PARTITION 1431655764 <= VALUES < 1670265058
I20260710 13:19:49.607923 11288 tablet_service.cc:1511] Processing CreateTablet for tablet c87a92fd0e134109ac31a958234f2508 (DEFAULT_TABLE table=test-workload [id=631572cdc3aa4f3bae1ef1a826da5ff2]), partition=RANGE (key) PARTITION 1670265058 <= VALUES < 1908874352
I20260710 13:19:49.614408 11295 tablet_service.cc:1511] Processing CreateTablet for tablet 97ab1a101c20457ea0799693f935aaeb (DEFAULT_TABLE table=test-workload [id=631572cdc3aa4f3bae1ef1a826da5ff2]), partition=RANGE (key) PARTITION VALUES < 238609294
I20260710 13:19:49.609208 11214 tablet_service.cc:1511] Processing CreateTablet for tablet c87a92fd0e134109ac31a958234f2508 (DEFAULT_TABLE table=test-workload [id=631572cdc3aa4f3bae1ef1a826da5ff2]), partition=RANGE (key) PARTITION 1670265058 <= VALUES < 1908874352
I20260710 13:19:49.616091 11146 tablet_service.cc:1511] Processing CreateTablet for tablet 97ab1a101c20457ea0799693f935aaeb (DEFAULT_TABLE table=test-workload [id=631572cdc3aa4f3bae1ef1a826da5ff2]), partition=RANGE (key) PARTITION VALUES < 238609294
I20260710 13:19:49.607003 11289 tablet_service.cc:1511] Processing CreateTablet for tablet 695017572327460bb6cc4743ed4fc66d (DEFAULT_TABLE table=test-workload [id=631572cdc3aa4f3bae1ef1a826da5ff2]), partition=RANGE (key) PARTITION 1431655764 <= VALUES < 1670265058
I20260710 13:19:49.618315 11295 data_dirs.cc:400] Could only allocate 1 dirs of requested 3 for tablet 97ab1a101c20457ea0799693f935aaeb. 1 dirs total, 0 dirs full, 0 dirs failed
I20260710 13:19:49.617611 11290 tablet_service.cc:1511] Processing CreateTablet for tablet d63dada40b7a423e9bf3bb4df70b91f4 (DEFAULT_TABLE table=test-workload [id=631572cdc3aa4f3bae1ef1a826da5ff2]), partition=RANGE (key) PARTITION 1193046470 <= VALUES < 1431655764
I20260710 13:19:49.615579 11217 tablet_service.cc:1511] Processing CreateTablet for tablet c32a93b86130447aa28424ded72d44b9 (DEFAULT_TABLE table=test-workload [id=631572cdc3aa4f3bae1ef1a826da5ff2]), partition=RANGE (key) PARTITION 954437176 <= VALUES < 1193046470
I20260710 13:19:49.620513 11215 data_dirs.cc:400] Could only allocate 1 dirs of requested 3 for tablet 695017572327460bb6cc4743ed4fc66d. 1 dirs total, 0 dirs full, 0 dirs failed
I20260710 13:19:49.615865 11218 tablet_service.cc:1511] Processing CreateTablet for tablet 68b82414a61c4f9fbc445406aa4309d0 (DEFAULT_TABLE table=test-workload [id=631572cdc3aa4f3bae1ef1a826da5ff2]), partition=RANGE (key) PARTITION 715827882 <= VALUES < 954437176
I20260710 13:19:49.629282 11146 data_dirs.cc:400] Could only allocate 1 dirs of requested 3 for tablet 97ab1a101c20457ea0799693f935aaeb. 1 dirs total, 0 dirs full, 0 dirs failed
I20260710 13:19:49.622967 11292 tablet_service.cc:1511] Processing CreateTablet for tablet 68b82414a61c4f9fbc445406aa4309d0 (DEFAULT_TABLE table=test-workload [id=631572cdc3aa4f3bae1ef1a826da5ff2]), partition=RANGE (key) PARTITION 715827882 <= VALUES < 954437176
I20260710 13:19:49.615161 11219 tablet_service.cc:1511] Processing CreateTablet for tablet 33e1ec07263749648f0fa94984be45f4 (DEFAULT_TABLE table=test-workload [id=631572cdc3aa4f3bae1ef1a826da5ff2]), partition=RANGE (key) PARTITION 477218588 <= VALUES < 715827882
I20260710 13:19:49.625420 11291 tablet_service.cc:1511] Processing CreateTablet for tablet c32a93b86130447aa28424ded72d44b9 (DEFAULT_TABLE table=test-workload [id=631572cdc3aa4f3bae1ef1a826da5ff2]), partition=RANGE (key) PARTITION 954437176 <= VALUES < 1193046470
I20260710 13:19:49.631536 11144 tablet_service.cc:1511] Processing CreateTablet for tablet 33e1ec07263749648f0fa94984be45f4 (DEFAULT_TABLE table=test-workload [id=631572cdc3aa4f3bae1ef1a826da5ff2]), partition=RANGE (key) PARTITION 477218588 <= VALUES < 715827882
I20260710 13:19:49.625298 11145 tablet_service.cc:1511] Processing CreateTablet for tablet ca5edb1feb634c4ca7f81a46812561b2 (DEFAULT_TABLE table=test-workload [id=631572cdc3aa4f3bae1ef1a826da5ff2]), partition=RANGE (key) PARTITION 238609294 <= VALUES < 477218588
I20260710 13:19:49.632222 11289 data_dirs.cc:400] Could only allocate 1 dirs of requested 3 for tablet 695017572327460bb6cc4743ed4fc66d. 1 dirs total, 0 dirs full, 0 dirs failed
I20260710 13:19:49.636314 11214 data_dirs.cc:400] Could only allocate 1 dirs of requested 3 for tablet c87a92fd0e134109ac31a958234f2508. 1 dirs total, 0 dirs full, 0 dirs failed
I20260710 13:19:49.640358 11145 data_dirs.cc:400] Could only allocate 1 dirs of requested 3 for tablet ca5edb1feb634c4ca7f81a46812561b2. 1 dirs total, 0 dirs full, 0 dirs failed
I20260710 13:19:49.643986 11288 data_dirs.cc:400] Could only allocate 1 dirs of requested 3 for tablet c87a92fd0e134109ac31a958234f2508. 1 dirs total, 0 dirs full, 0 dirs failed
I20260710 13:19:49.647505 11218 data_dirs.cc:400] Could only allocate 1 dirs of requested 3 for tablet 68b82414a61c4f9fbc445406aa4309d0. 1 dirs total, 0 dirs full, 0 dirs failed
I20260710 13:19:49.632622 11143 tablet_service.cc:1511] Processing CreateTablet for tablet 68b82414a61c4f9fbc445406aa4309d0 (DEFAULT_TABLE table=test-workload [id=631572cdc3aa4f3bae1ef1a826da5ff2]), partition=RANGE (key) PARTITION 715827882 <= VALUES < 954437176
I20260710 13:19:49.650564 11144 data_dirs.cc:400] Could only allocate 1 dirs of requested 3 for tablet 33e1ec07263749648f0fa94984be45f4. 1 dirs total, 0 dirs full, 0 dirs failed
I20260710 13:19:49.653452 11141 tablet_service.cc:1511] Processing CreateTablet for tablet d63dada40b7a423e9bf3bb4df70b91f4 (DEFAULT_TABLE table=test-workload [id=631572cdc3aa4f3bae1ef1a826da5ff2]), partition=RANGE (key) PARTITION 1193046470 <= VALUES < 1431655764
I20260710 13:19:49.647421 11142 tablet_service.cc:1511] Processing CreateTablet for tablet c32a93b86130447aa28424ded72d44b9 (DEFAULT_TABLE table=test-workload [id=631572cdc3aa4f3bae1ef1a826da5ff2]), partition=RANGE (key) PARTITION 954437176 <= VALUES < 1193046470
I20260710 13:19:49.653625 11213 tablet_service.cc:1511] Processing CreateTablet for tablet 82f6da6a14fa46b687a7e38cd87d2352 (DEFAULT_TABLE table=test-workload [id=631572cdc3aa4f3bae1ef1a826da5ff2]), partition=RANGE (key) PARTITION 1908874352 <= VALUES
I20260710 13:19:49.657786 11290 data_dirs.cc:400] Could only allocate 1 dirs of requested 3 for tablet d63dada40b7a423e9bf3bb4df70b91f4. 1 dirs total, 0 dirs full, 0 dirs failed
I20260710 13:19:49.678807 11143 data_dirs.cc:400] Could only allocate 1 dirs of requested 3 for tablet 68b82414a61c4f9fbc445406aa4309d0. 1 dirs total, 0 dirs full, 0 dirs failed
I20260710 13:19:49.663869 11219 data_dirs.cc:400] Could only allocate 1 dirs of requested 3 for tablet 33e1ec07263749648f0fa94984be45f4. 1 dirs total, 0 dirs full, 0 dirs failed
I20260710 13:19:49.662143 11138 tablet_service.cc:1511] Processing CreateTablet for tablet 82f6da6a14fa46b687a7e38cd87d2352 (DEFAULT_TABLE table=test-workload [id=631572cdc3aa4f3bae1ef1a826da5ff2]), partition=RANGE (key) PARTITION 1908874352 <= VALUES
I20260710 13:19:49.680553 11140 tablet_service.cc:1511] Processing CreateTablet for tablet 695017572327460bb6cc4743ed4fc66d (DEFAULT_TABLE table=test-workload [id=631572cdc3aa4f3bae1ef1a826da5ff2]), partition=RANGE (key) PARTITION 1431655764 <= VALUES < 1670265058
I20260710 13:19:49.680707 11287 tablet_service.cc:1511] Processing CreateTablet for tablet 82f6da6a14fa46b687a7e38cd87d2352 (DEFAULT_TABLE table=test-workload [id=631572cdc3aa4f3bae1ef1a826da5ff2]), partition=RANGE (key) PARTITION 1908874352 <= VALUES
I20260710 13:19:49.686161 11141 data_dirs.cc:400] Could only allocate 1 dirs of requested 3 for tablet d63dada40b7a423e9bf3bb4df70b91f4. 1 dirs total, 0 dirs full, 0 dirs failed
I20260710 13:19:49.661267 11139 tablet_service.cc:1511] Processing CreateTablet for tablet c87a92fd0e134109ac31a958234f2508 (DEFAULT_TABLE table=test-workload [id=631572cdc3aa4f3bae1ef1a826da5ff2]), partition=RANGE (key) PARTITION 1670265058 <= VALUES < 1908874352
I20260710 13:19:49.688072 11216 data_dirs.cc:400] Could only allocate 1 dirs of requested 3 for tablet d63dada40b7a423e9bf3bb4df70b91f4. 1 dirs total, 0 dirs full, 0 dirs failed
I20260710 13:19:49.683804 11292 data_dirs.cc:400] Could only allocate 1 dirs of requested 3 for tablet 68b82414a61c4f9fbc445406aa4309d0. 1 dirs total, 0 dirs full, 0 dirs failed
I20260710 13:19:49.691944 11213 data_dirs.cc:400] Could only allocate 1 dirs of requested 3 for tablet 82f6da6a14fa46b687a7e38cd87d2352. 1 dirs total, 0 dirs full, 0 dirs failed
I20260710 13:19:49.692003 11140 data_dirs.cc:400] Could only allocate 1 dirs of requested 3 for tablet 695017572327460bb6cc4743ed4fc66d. 1 dirs total, 0 dirs full, 0 dirs failed
I20260710 13:19:49.696236 11139 data_dirs.cc:400] Could only allocate 1 dirs of requested 3 for tablet c87a92fd0e134109ac31a958234f2508. 1 dirs total, 0 dirs full, 0 dirs failed
I20260710 13:19:49.709991 11287 data_dirs.cc:400] Could only allocate 1 dirs of requested 3 for tablet 82f6da6a14fa46b687a7e38cd87d2352. 1 dirs total, 0 dirs full, 0 dirs failed
I20260710 13:19:49.696820 11217 data_dirs.cc:400] Could only allocate 1 dirs of requested 3 for tablet c32a93b86130447aa28424ded72d44b9. 1 dirs total, 0 dirs full, 0 dirs failed
I20260710 13:19:49.720953 11291 data_dirs.cc:400] Could only allocate 1 dirs of requested 3 for tablet c32a93b86130447aa28424ded72d44b9. 1 dirs total, 0 dirs full, 0 dirs failed
I20260710 13:19:49.728305 11142 data_dirs.cc:400] Could only allocate 1 dirs of requested 3 for tablet c32a93b86130447aa28424ded72d44b9. 1 dirs total, 0 dirs full, 0 dirs failed
I20260710 13:19:49.741176 11138 data_dirs.cc:400] Could only allocate 1 dirs of requested 3 for tablet 82f6da6a14fa46b687a7e38cd87d2352. 1 dirs total, 0 dirs full, 0 dirs failed
W20260710 13:19:49.802872 11100 auto_rebalancer.cc:288] Could not retrieve cluster info: Service unavailable: Tablet not running
I20260710 13:19:49.903045 11348 tablet_bootstrap.cc:492] T ca5edb1feb634c4ca7f81a46812561b2 P 55dd96a82f844c85a5fdb3fb40b43bfa: Bootstrap starting.
I20260710 13:19:49.933005 11348 tablet_bootstrap.cc:654] T ca5edb1feb634c4ca7f81a46812561b2 P 55dd96a82f844c85a5fdb3fb40b43bfa: Neither blocks nor log segments found. Creating new log.
I20260710 13:19:49.936405 11350 tablet_bootstrap.cc:492] T 97ab1a101c20457ea0799693f935aaeb P a5a787ec121c482a9efc6de91e5328c1: Bootstrap starting.
I20260710 13:19:49.930495 11349 tablet_bootstrap.cc:492] T ca5edb1feb634c4ca7f81a46812561b2 P babb4f6c83d242fda1fead6cfb553443: Bootstrap starting.
I20260710 13:19:49.958294 11349 tablet_bootstrap.cc:654] T ca5edb1feb634c4ca7f81a46812561b2 P babb4f6c83d242fda1fead6cfb553443: Neither blocks nor log segments found. Creating new log.
I20260710 13:19:49.970247 11350 tablet_bootstrap.cc:654] T 97ab1a101c20457ea0799693f935aaeb P a5a787ec121c482a9efc6de91e5328c1: Neither blocks nor log segments found. Creating new log.
I20260710 13:19:49.981485 11348 tablet_bootstrap.cc:492] T ca5edb1feb634c4ca7f81a46812561b2 P 55dd96a82f844c85a5fdb3fb40b43bfa: No bootstrap required, opened a new log
I20260710 13:19:49.982121 11348 ts_tablet_manager.cc:1403] T ca5edb1feb634c4ca7f81a46812561b2 P 55dd96a82f844c85a5fdb3fb40b43bfa: Time spent bootstrapping tablet: real 0.132s	user 0.011s	sys 0.011s
I20260710 13:19:49.982611 11350 tablet_bootstrap.cc:492] T 97ab1a101c20457ea0799693f935aaeb P a5a787ec121c482a9efc6de91e5328c1: No bootstrap required, opened a new log
I20260710 13:19:49.983121 11350 ts_tablet_manager.cc:1403] T 97ab1a101c20457ea0799693f935aaeb P a5a787ec121c482a9efc6de91e5328c1: Time spent bootstrapping tablet: real 0.057s	user 0.015s	sys 0.000s
I20260710 13:19:49.985569 11350 raft_consensus.cc:359] T 97ab1a101c20457ea0799693f935aaeb P a5a787ec121c482a9efc6de91e5328c1 [term 0 FOLLOWER]: Replica starting. Triggering 0 pending ops. Active config: opid_index: -1 OBSOLETE_local: false peers { permanent_uuid: "55dd96a82f844c85a5fdb3fb40b43bfa" member_type: VOTER last_known_addr { host: "127.10.195.66" port: 39535 } } peers { permanent_uuid: "a5a787ec121c482a9efc6de91e5328c1" member_type: VOTER last_known_addr { host: "127.10.195.65" port: 35277 } } peers { permanent_uuid: "babb4f6c83d242fda1fead6cfb553443" member_type: VOTER last_known_addr { host: "127.10.195.67" port: 44355 } }
I20260710 13:19:49.986143 11350 raft_consensus.cc:385] T 97ab1a101c20457ea0799693f935aaeb P a5a787ec121c482a9efc6de91e5328c1 [term 0 FOLLOWER]: Consensus starting up: Expiring failure detector timer to make a prompt election more likely
I20260710 13:19:49.986387 11350 raft_consensus.cc:740] T 97ab1a101c20457ea0799693f935aaeb P a5a787ec121c482a9efc6de91e5328c1 [term 0 FOLLOWER]: Becoming Follower/Learner. State: Replica: a5a787ec121c482a9efc6de91e5328c1, State: Initialized, Role: FOLLOWER
I20260710 13:19:49.986332 11348 raft_consensus.cc:359] T ca5edb1feb634c4ca7f81a46812561b2 P 55dd96a82f844c85a5fdb3fb40b43bfa [term 0 FOLLOWER]: Replica starting. Triggering 0 pending ops. Active config: opid_index: -1 OBSOLETE_local: false peers { permanent_uuid: "a5a787ec121c482a9efc6de91e5328c1" member_type: VOTER last_known_addr { host: "127.10.195.65" port: 35277 } } peers { permanent_uuid: "55dd96a82f844c85a5fdb3fb40b43bfa" member_type: VOTER last_known_addr { host: "127.10.195.66" port: 39535 } } peers { permanent_uuid: "babb4f6c83d242fda1fead6cfb553443" member_type: VOTER last_known_addr { host: "127.10.195.67" port: 44355 } }
I20260710 13:19:49.987413 11348 raft_consensus.cc:385] T ca5edb1feb634c4ca7f81a46812561b2 P 55dd96a82f844c85a5fdb3fb40b43bfa [term 0 FOLLOWER]: Consensus starting up: Expiring failure detector timer to make a prompt election more likely
I20260710 13:19:49.987195 11350 consensus_queue.cc:260] T 97ab1a101c20457ea0799693f935aaeb P a5a787ec121c482a9efc6de91e5328c1 [NON_LEADER]: Queue going to NON_LEADER mode. State: All replicated index: 0, Majority replicated index: 0, Committed index: 0, Last appended: 0.0, Last appended by leader: 0, Current term: 0, Majority size: -1, State: 0, Mode: NON_LEADER, active raft config: opid_index: -1 OBSOLETE_local: false peers { permanent_uuid: "55dd96a82f844c85a5fdb3fb40b43bfa" member_type: VOTER last_known_addr { host: "127.10.195.66" port: 39535 } } peers { permanent_uuid: "a5a787ec121c482a9efc6de91e5328c1" member_type: VOTER last_known_addr { host: "127.10.195.65" port: 35277 } } peers { permanent_uuid: "babb4f6c83d242fda1fead6cfb553443" member_type: VOTER last_known_addr { host: "127.10.195.67" port: 44355 } }
I20260710 13:19:49.987819 11348 raft_consensus.cc:740] T ca5edb1feb634c4ca7f81a46812561b2 P 55dd96a82f844c85a5fdb3fb40b43bfa [term 0 FOLLOWER]: Becoming Follower/Learner. State: Replica: 55dd96a82f844c85a5fdb3fb40b43bfa, State: Initialized, Role: FOLLOWER
I20260710 13:19:49.988737 11348 consensus_queue.cc:260] T ca5edb1feb634c4ca7f81a46812561b2 P 55dd96a82f844c85a5fdb3fb40b43bfa [NON_LEADER]: Queue going to NON_LEADER mode. State: All replicated index: 0, Majority replicated index: 0, Committed index: 0, Last appended: 0.0, Last appended by leader: 0, Current term: 0, Majority size: -1, State: 0, Mode: NON_LEADER, active raft config: opid_index: -1 OBSOLETE_local: false peers { permanent_uuid: "a5a787ec121c482a9efc6de91e5328c1" member_type: VOTER last_known_addr { host: "127.10.195.65" port: 35277 } } peers { permanent_uuid: "55dd96a82f844c85a5fdb3fb40b43bfa" member_type: VOTER last_known_addr { host: "127.10.195.66" port: 39535 } } peers { permanent_uuid: "babb4f6c83d242fda1fead6cfb553443" member_type: VOTER last_known_addr { host: "127.10.195.67" port: 44355 } }
I20260710 13:19:49.991050 11349 tablet_bootstrap.cc:492] T ca5edb1feb634c4ca7f81a46812561b2 P babb4f6c83d242fda1fead6cfb553443: No bootstrap required, opened a new log
I20260710 13:19:49.991653 11349 ts_tablet_manager.cc:1403] T ca5edb1feb634c4ca7f81a46812561b2 P babb4f6c83d242fda1fead6cfb553443: Time spent bootstrapping tablet: real 0.138s	user 0.001s	sys 0.020s
I20260710 13:19:49.995450 11349 raft_consensus.cc:359] T ca5edb1feb634c4ca7f81a46812561b2 P babb4f6c83d242fda1fead6cfb553443 [term 0 FOLLOWER]: Replica starting. Triggering 0 pending ops. Active config: opid_index: -1 OBSOLETE_local: false peers { permanent_uuid: "a5a787ec121c482a9efc6de91e5328c1" member_type: VOTER last_known_addr { host: "127.10.195.65" port: 35277 } } peers { permanent_uuid: "55dd96a82f844c85a5fdb3fb40b43bfa" member_type: VOTER last_known_addr { host: "127.10.195.66" port: 39535 } } peers { permanent_uuid: "babb4f6c83d242fda1fead6cfb553443" member_type: VOTER last_known_addr { host: "127.10.195.67" port: 44355 } }
I20260710 13:19:49.996356 11349 raft_consensus.cc:385] T ca5edb1feb634c4ca7f81a46812561b2 P babb4f6c83d242fda1fead6cfb553443 [term 0 FOLLOWER]: Consensus starting up: Expiring failure detector timer to make a prompt election more likely
I20260710 13:19:49.996726 11349 raft_consensus.cc:740] T ca5edb1feb634c4ca7f81a46812561b2 P babb4f6c83d242fda1fead6cfb553443 [term 0 FOLLOWER]: Becoming Follower/Learner. State: Replica: babb4f6c83d242fda1fead6cfb553443, State: Initialized, Role: FOLLOWER
