I20260710 13:14:44.602241   565 raft_consensus.cc:3055] T 08efdddab84a45f5b4a79bccf939149a P 1b0543ea61684ce6a8d578b2a449345c [term 2 LEADER]: Stepping down as leader of term 2
I20260710 13:14:44.602556   565 raft_consensus.cc:740] T 08efdddab84a45f5b4a79bccf939149a P 1b0543ea61684ce6a8d578b2a449345c [term 2 LEADER]: Becoming Follower/Learner. State: Replica: 1b0543ea61684ce6a8d578b2a449345c, State: Running, Role: LEADER
I20260710 13:14:44.603785   565 consensus_queue.cc:260] T 08efdddab84a45f5b4a79bccf939149a P 1b0543ea61684ce6a8d578b2a449345c [NON_LEADER]: Queue going to NON_LEADER mode. State: All replicated index: 0, Majority replicated index: 2, Committed index: 2, Last appended: 2.2, Last appended by leader: 2, Current term: 2, Majority size: -1, State: 0, Mode: NON_LEADER, active raft config: opid_index: -1 OBSOLETE_local: false peers { permanent_uuid: "c45e9137f17746559e8ecb5be0e7fd02" member_type: VOTER last_known_addr { host: "127.0.107.195" port: 33469 } } peers { permanent_uuid: "1b0543ea61684ce6a8d578b2a449345c" member_type: VOTER last_known_addr { host: "127.0.107.193" port: 37311 } } peers { permanent_uuid: "7739b9f686a54f3b8c2d40d1f7671a97" member_type: VOTER last_known_addr { host: "127.0.107.194" port: 34107 } }
I20260710 13:14:44.605410   565 raft_consensus.cc:3060] T 08efdddab84a45f5b4a79bccf939149a P 1b0543ea61684ce6a8d578b2a449345c [term 2 FOLLOWER]: Advancing to term 3
I20260710 13:14:44.607168   714 raft_consensus.cc:2468] T 6446e9f59f394479b9a3d185e25725fb P c45e9137f17746559e8ecb5be0e7fd02 [term 4 FOLLOWER]: Leader election vote request: Granting yes vote for candidate 7739b9f686a54f3b8c2d40d1f7671a97 in term 4.
I20260710 13:14:44.608546   605 leader_election.cc:304] T 6446e9f59f394479b9a3d185e25725fb P 7739b9f686a54f3b8c2d40d1f7671a97 [CANDIDATE]: Term 4 election: Election decided. Result: candidate won. Election summary: received 3 responses out of 3 voters: 2 yes votes; 1 no votes. yes voters: 7739b9f686a54f3b8c2d40d1f7671a97, c45e9137f17746559e8ecb5be0e7fd02; no voters: 1b0543ea61684ce6a8d578b2a449345c
I20260710 13:14:44.609156   715 raft_consensus.cc:2468] T 08efdddab84a45f5b4a79bccf939149a P c45e9137f17746559e8ecb5be0e7fd02 [term 3 FOLLOWER]: Leader election vote request: Granting yes vote for candidate 7739b9f686a54f3b8c2d40d1f7671a97 in term 3.
I20260710 13:14:44.609787   890 raft_consensus.cc:2804] T 6446e9f59f394479b9a3d185e25725fb P 7739b9f686a54f3b8c2d40d1f7671a97 [term 4 FOLLOWER]: Leader election won for term 4
I20260710 13:14:44.610296   890 raft_consensus.cc:697] T 6446e9f59f394479b9a3d185e25725fb P 7739b9f686a54f3b8c2d40d1f7671a97 [term 4 LEADER]: Becoming Leader. State: Replica: 7739b9f686a54f3b8c2d40d1f7671a97, State: Running, Role: LEADER
I20260710 13:14:44.610574   605 leader_election.cc:304] T 08efdddab84a45f5b4a79bccf939149a P 7739b9f686a54f3b8c2d40d1f7671a97 [CANDIDATE]: Term 3 election: Election decided. Result: candidate won. Election summary: received 2 responses out of 3 voters: 2 yes votes; 0 no votes. yes voters: 7739b9f686a54f3b8c2d40d1f7671a97, c45e9137f17746559e8ecb5be0e7fd02; no voters: 
I20260710 13:14:44.611352   910 raft_consensus.cc:2804] T 08efdddab84a45f5b4a79bccf939149a P 7739b9f686a54f3b8c2d40d1f7671a97 [term 3 FOLLOWER]: Leader election won for term 3
I20260710 13:14:44.611181   890 consensus_queue.cc:237] T 6446e9f59f394479b9a3d185e25725fb P 7739b9f686a54f3b8c2d40d1f7671a97 [LEADER]: Queue going to LEADER mode. State: All replicated index: 0, Majority replicated index: 3, Committed index: 3, Last appended: 3.3, Last appended by leader: 3, Current term: 4, Majority size: 2, State: 0, Mode: LEADER, active raft config: opid_index: -1 OBSOLETE_local: false peers { permanent_uuid: "1b0543ea61684ce6a8d578b2a449345c" member_type: VOTER last_known_addr { host: "127.0.107.193" port: 37311 } } peers { permanent_uuid: "7739b9f686a54f3b8c2d40d1f7671a97" member_type: VOTER last_known_addr { host: "127.0.107.194" port: 34107 } } peers { permanent_uuid: "c45e9137f17746559e8ecb5be0e7fd02" member_type: VOTER last_known_addr { host: "127.0.107.195" port: 33469 } }
I20260710 13:14:44.613165   910 raft_consensus.cc:697] T 08efdddab84a45f5b4a79bccf939149a P 7739b9f686a54f3b8c2d40d1f7671a97 [term 3 LEADER]: Becoming Leader. State: Replica: 7739b9f686a54f3b8c2d40d1f7671a97, State: Running, Role: LEADER
I20260710 13:14:44.613571   565 raft_consensus.cc:2468] T 08efdddab84a45f5b4a79bccf939149a P 1b0543ea61684ce6a8d578b2a449345c [term 3 FOLLOWER]: Leader election vote request: Granting yes vote for candidate 7739b9f686a54f3b8c2d40d1f7671a97 in term 3.
I20260710 13:14:44.614104   910 consensus_queue.cc:237] T 08efdddab84a45f5b4a79bccf939149a P 7739b9f686a54f3b8c2d40d1f7671a97 [LEADER]: Queue going to LEADER mode. State: All replicated index: 0, Majority replicated index: 2, Committed index: 2, Last appended: 2.2, Last appended by leader: 2, Current term: 3, Majority size: 2, State: 0, Mode: LEADER, active raft config: opid_index: -1 OBSOLETE_local: false peers { permanent_uuid: "c45e9137f17746559e8ecb5be0e7fd02" member_type: VOTER last_known_addr { host: "127.0.107.195" port: 33469 } } peers { permanent_uuid: "1b0543ea61684ce6a8d578b2a449345c" member_type: VOTER last_known_addr { host: "127.0.107.193" port: 37311 } } peers { permanent_uuid: "7739b9f686a54f3b8c2d40d1f7671a97" member_type: VOTER last_known_addr { host: "127.0.107.194" port: 34107 } }
I20260710 13:14:44.619665   460 catalog_manager.cc:5697] T 6446e9f59f394479b9a3d185e25725fb P 7739b9f686a54f3b8c2d40d1f7671a97 reported cstate change: term changed from 3 to 4, leader changed from c45e9137f17746559e8ecb5be0e7fd02 (127.0.107.195) to 7739b9f686a54f3b8c2d40d1f7671a97 (127.0.107.194). New cstate: current_term: 4 leader_uuid: "7739b9f686a54f3b8c2d40d1f7671a97" committed_config { opid_index: -1 OBSOLETE_local: false peers { permanent_uuid: "1b0543ea61684ce6a8d578b2a449345c" member_type: VOTER last_known_addr { host: "127.0.107.193" port: 37311 } health_report { overall_health: UNKNOWN } } peers { permanent_uuid: "7739b9f686a54f3b8c2d40d1f7671a97" member_type: VOTER last_known_addr { host: "127.0.107.194" port: 34107 } health_report { overall_health: HEALTHY } } peers { permanent_uuid: "c45e9137f17746559e8ecb5be0e7fd02" member_type: VOTER last_known_addr { host: "127.0.107.195" port: 33469 } health_report { overall_health: UNKNOWN } } }
I20260710 13:14:44.631240   460 catalog_manager.cc:5697] T 08efdddab84a45f5b4a79bccf939149a P 7739b9f686a54f3b8c2d40d1f7671a97 reported cstate change: term changed from 2 to 3, leader changed from 1b0543ea61684ce6a8d578b2a449345c (127.0.107.193) to 7739b9f686a54f3b8c2d40d1f7671a97 (127.0.107.194). New cstate: current_term: 3 leader_uuid: "7739b9f686a54f3b8c2d40d1f7671a97" committed_config { opid_index: -1 OBSOLETE_local: false peers { permanent_uuid: "c45e9137f17746559e8ecb5be0e7fd02" member_type: VOTER last_known_addr { host: "127.0.107.195" port: 33469 } health_report { overall_health: UNKNOWN } } peers { permanent_uuid: "1b0543ea61684ce6a8d578b2a449345c" member_type: VOTER last_known_addr { host: "127.0.107.193" port: 37311 } health_report { overall_health: UNKNOWN } } peers { permanent_uuid: "7739b9f686a54f3b8c2d40d1f7671a97" member_type: VOTER last_known_addr { host: "127.0.107.194" port: 34107 } health_report { overall_health: HEALTHY } } }
I20260710 13:14:44.764215   902 raft_consensus.cc:993] T d88e79e96575463898b8876af6ce121d P 1b0543ea61684ce6a8d578b2a449345c: : Instructing follower 7739b9f686a54f3b8c2d40d1f7671a97 to start an election
I20260710 13:14:44.764659   907 raft_consensus.cc:1081] T d88e79e96575463898b8876af6ce121d P 1b0543ea61684ce6a8d578b2a449345c [term 2 LEADER]: Signalling peer 7739b9f686a54f3b8c2d40d1f7671a97 to start an election
I20260710 13:14:44.766369   640 tablet_service.cc:2044] Received Run Leader Election RPC: tablet_id: "d88e79e96575463898b8876af6ce121d"
dest_uuid: "7739b9f686a54f3b8c2d40d1f7671a97"
 from {username='slave'} at 127.0.0.1:55122
I20260710 13:14:44.766873   640 raft_consensus.cc:493] T d88e79e96575463898b8876af6ce121d P 7739b9f686a54f3b8c2d40d1f7671a97 [term 2 FOLLOWER]: Starting forced leader election (received explicit request)
I20260710 13:14:44.767180   640 raft_consensus.cc:3060] T d88e79e96575463898b8876af6ce121d P 7739b9f686a54f3b8c2d40d1f7671a97 [term 2 FOLLOWER]: Advancing to term 3
I20260710 13:14:44.771759   640 raft_consensus.cc:515] T d88e79e96575463898b8876af6ce121d P 7739b9f686a54f3b8c2d40d1f7671a97 [term 3 FOLLOWER]: Starting forced leader election with config: opid_index: -1 OBSOLETE_local: false peers { permanent_uuid: "1b0543ea61684ce6a8d578b2a449345c" member_type: VOTER last_known_addr { host: "127.0.107.193" port: 37311 } } peers { permanent_uuid: "7739b9f686a54f3b8c2d40d1f7671a97" member_type: VOTER last_known_addr { host: "127.0.107.194" port: 34107 } } peers { permanent_uuid: "c45e9137f17746559e8ecb5be0e7fd02" member_type: VOTER last_known_addr { host: "127.0.107.195" port: 33469 } }
I20260710 13:14:44.773512   640 leader_election.cc:290] T d88e79e96575463898b8876af6ce121d P 7739b9f686a54f3b8c2d40d1f7671a97 [CANDIDATE]: Term 3 election: Requested vote from peers 1b0543ea61684ce6a8d578b2a449345c (127.0.107.193:37311), c45e9137f17746559e8ecb5be0e7fd02 (127.0.107.195:33469)
I20260710 13:14:44.774322   565 tablet_service.cc:1917] Received RequestConsensusVote() RPC: tablet_id: "d88e79e96575463898b8876af6ce121d" candidate_uuid: "7739b9f686a54f3b8c2d40d1f7671a97" candidate_term: 3 candidate_status { last_received { term: 2 index: 2 } } ignore_live_leader: true dest_uuid: "1b0543ea61684ce6a8d578b2a449345c"
I20260710 13:14:44.774943   565 raft_consensus.cc:3055] T d88e79e96575463898b8876af6ce121d P 1b0543ea61684ce6a8d578b2a449345c [term 2 LEADER]: Stepping down as leader of term 2
I20260710 13:14:44.775252   565 raft_consensus.cc:740] T d88e79e96575463898b8876af6ce121d P 1b0543ea61684ce6a8d578b2a449345c [term 2 LEADER]: Becoming Follower/Learner. State: Replica: 1b0543ea61684ce6a8d578b2a449345c, State: Running, Role: LEADER
I20260710 13:14:44.775125   715 tablet_service.cc:1917] Received RequestConsensusVote() RPC: tablet_id: "d88e79e96575463898b8876af6ce121d" candidate_uuid: "7739b9f686a54f3b8c2d40d1f7671a97" candidate_term: 3 candidate_status { last_received { term: 2 index: 2 } } ignore_live_leader: true dest_uuid: "c45e9137f17746559e8ecb5be0e7fd02"
I20260710 13:14:44.775839   715 raft_consensus.cc:3060] T d88e79e96575463898b8876af6ce121d P c45e9137f17746559e8ecb5be0e7fd02 [term 2 FOLLOWER]: Advancing to term 3
I20260710 13:14:44.776152   565 consensus_queue.cc:260] T d88e79e96575463898b8876af6ce121d P 1b0543ea61684ce6a8d578b2a449345c [NON_LEADER]: Queue going to NON_LEADER mode. State: All replicated index: 0, Majority replicated index: 2, Committed index: 2, Last appended: 2.2, Last appended by leader: 2, Current term: 2, Majority size: -1, State: 0, Mode: NON_LEADER, active raft config: opid_index: -1 OBSOLETE_local: false peers { permanent_uuid: "1b0543ea61684ce6a8d578b2a449345c" member_type: VOTER last_known_addr { host: "127.0.107.193" port: 37311 } } peers { permanent_uuid: "7739b9f686a54f3b8c2d40d1f7671a97" member_type: VOTER last_known_addr { host: "127.0.107.194" port: 34107 } } peers { permanent_uuid: "c45e9137f17746559e8ecb5be0e7fd02" member_type: VOTER last_known_addr { host: "127.0.107.195" port: 33469 } }
I20260710 13:14:44.777076   565 raft_consensus.cc:3060] T d88e79e96575463898b8876af6ce121d P 1b0543ea61684ce6a8d578b2a449345c [term 2 FOLLOWER]: Advancing to term 3
I20260710 13:14:44.781075   715 raft_consensus.cc:2468] T d88e79e96575463898b8876af6ce121d P c45e9137f17746559e8ecb5be0e7fd02 [term 3 FOLLOWER]: Leader election vote request: Granting yes vote for candidate 7739b9f686a54f3b8c2d40d1f7671a97 in term 3.
I20260710 13:14:44.782198   565 raft_consensus.cc:2468] T d88e79e96575463898b8876af6ce121d P 1b0543ea61684ce6a8d578b2a449345c [term 3 FOLLOWER]: Leader election vote request: Granting yes vote for candidate 7739b9f686a54f3b8c2d40d1f7671a97 in term 3.
I20260710 13:14:44.782171   605 leader_election.cc:304] T d88e79e96575463898b8876af6ce121d P 7739b9f686a54f3b8c2d40d1f7671a97 [CANDIDATE]: Term 3 election: Election decided. Result: candidate won. Election summary: received 2 responses out of 3 voters: 2 yes votes; 0 no votes. yes voters: 7739b9f686a54f3b8c2d40d1f7671a97, c45e9137f17746559e8ecb5be0e7fd02; no voters: 
I20260710 13:14:44.783197   910 raft_consensus.cc:2804] T d88e79e96575463898b8876af6ce121d P 7739b9f686a54f3b8c2d40d1f7671a97 [term 3 FOLLOWER]: Leader election won for term 3
I20260710 13:14:44.783708   910 raft_consensus.cc:697] T d88e79e96575463898b8876af6ce121d P 7739b9f686a54f3b8c2d40d1f7671a97 [term 3 LEADER]: Becoming Leader. State: Replica: 7739b9f686a54f3b8c2d40d1f7671a97, State: Running, Role: LEADER
I20260710 13:14:44.784498   910 consensus_queue.cc:237] T d88e79e96575463898b8876af6ce121d P 7739b9f686a54f3b8c2d40d1f7671a97 [LEADER]: Queue going to LEADER mode. State: All replicated index: 0, Majority replicated index: 2, Committed index: 2, Last appended: 2.2, Last appended by leader: 2, Current term: 3, Majority size: 2, State: 0, Mode: LEADER, active raft config: opid_index: -1 OBSOLETE_local: false peers { permanent_uuid: "1b0543ea61684ce6a8d578b2a449345c" member_type: VOTER last_known_addr { host: "127.0.107.193" port: 37311 } } peers { permanent_uuid: "7739b9f686a54f3b8c2d40d1f7671a97" member_type: VOTER last_known_addr { host: "127.0.107.194" port: 34107 } } peers { permanent_uuid: "c45e9137f17746559e8ecb5be0e7fd02" member_type: VOTER last_known_addr { host: "127.0.107.195" port: 33469 } }
I20260710 13:14:44.791982   460 catalog_manager.cc:5697] T d88e79e96575463898b8876af6ce121d P 7739b9f686a54f3b8c2d40d1f7671a97 reported cstate change: term changed from 2 to 3, leader changed from 1b0543ea61684ce6a8d578b2a449345c (127.0.107.193) to 7739b9f686a54f3b8c2d40d1f7671a97 (127.0.107.194). New cstate: current_term: 3 leader_uuid: "7739b9f686a54f3b8c2d40d1f7671a97" committed_config { opid_index: -1 OBSOLETE_local: false peers { permanent_uuid: "1b0543ea61684ce6a8d578b2a449345c" member_type: VOTER last_known_addr { host: "127.0.107.193" port: 37311 } health_report { overall_health: UNKNOWN } } peers { permanent_uuid: "7739b9f686a54f3b8c2d40d1f7671a97" member_type: VOTER last_known_addr { host: "127.0.107.194" port: 34107 } health_report { overall_health: HEALTHY } } peers { permanent_uuid: "c45e9137f17746559e8ecb5be0e7fd02" member_type: VOTER last_known_addr { host: "127.0.107.195" port: 33469 } health_report { overall_health: UNKNOWN } } }
I20260710 13:14:44.945114   715 raft_consensus.cc:1275] T 94824550821f4a158454babb856f9a85 P c45e9137f17746559e8ecb5be0e7fd02 [term 4 FOLLOWER]: Refusing update from remote peer 7739b9f686a54f3b8c2d40d1f7671a97: Log matching property violated. Preceding OpId in replica: term: 3 index: 3. Preceding OpId from leader: term: 4 index: 4. (index mismatch)
I20260710 13:14:44.947858   910 consensus_queue.cc:1048] T 94824550821f4a158454babb856f9a85 P 7739b9f686a54f3b8c2d40d1f7671a97 [LEADER]: Connected to new peer: Peer: permanent_uuid: "c45e9137f17746559e8ecb5be0e7fd02" member_type: VOTER last_known_addr { host: "127.0.107.195" port: 33469 }, Status: LMP_MISMATCH, Last received: 0.0, Next index: 4, Last known committed idx: 3, Time since last communication: 0.001s
I20260710 13:14:44.956812   715 raft_consensus.cc:1275] T 0d50ff94f1324b7c9e23fbfdfee445af P c45e9137f17746559e8ecb5be0e7fd02 [term 3 FOLLOWER]: Refusing update from remote peer 7739b9f686a54f3b8c2d40d1f7671a97: Log matching property violated. Preceding OpId in replica: term: 2 index: 2. Preceding OpId from leader: term: 3 index: 3. (index mismatch)
I20260710 13:14:44.958485   910 consensus_queue.cc:1048] T 0d50ff94f1324b7c9e23fbfdfee445af P 7739b9f686a54f3b8c2d40d1f7671a97 [LEADER]: Connected to new peer: Peer: permanent_uuid: "c45e9137f17746559e8ecb5be0e7fd02" member_type: VOTER last_known_addr { host: "127.0.107.195" port: 33469 }, Status: LMP_MISMATCH, Last received: 0.0, Next index: 3, Last known committed idx: 2, Time since last communication: 0.000s
I20260710 13:14:44.962065   565 raft_consensus.cc:1275] T 94824550821f4a158454babb856f9a85 P 1b0543ea61684ce6a8d578b2a449345c [term 4 FOLLOWER]: Refusing update from remote peer 7739b9f686a54f3b8c2d40d1f7671a97: Log matching property violated. Preceding OpId in replica: term: 3 index: 3. Preceding OpId from leader: term: 4 index: 4. (index mismatch)
I20260710 13:14:44.964094   920 consensus_queue.cc:1048] T 94824550821f4a158454babb856f9a85 P 7739b9f686a54f3b8c2d40d1f7671a97 [LEADER]: Connected to new peer: Peer: permanent_uuid: "1b0543ea61684ce6a8d578b2a449345c" member_type: VOTER last_known_addr { host: "127.0.107.193" port: 37311 }, Status: LMP_MISMATCH, Last received: 0.0, Next index: 4, Last known committed idx: 3, Time since last communication: 0.001s
I20260710 13:14:44.977985   566 raft_consensus.cc:1275] T 0d50ff94f1324b7c9e23fbfdfee445af P 1b0543ea61684ce6a8d578b2a449345c [term 3 FOLLOWER]: Refusing update from remote peer 7739b9f686a54f3b8c2d40d1f7671a97: Log matching property violated. Preceding OpId in replica: term: 2 index: 2. Preceding OpId from leader: term: 3 index: 3. (index mismatch)
I20260710 13:14:44.979715   920 consensus_queue.cc:1048] T 0d50ff94f1324b7c9e23fbfdfee445af P 7739b9f686a54f3b8c2d40d1f7671a97 [LEADER]: Connected to new peer: Peer: permanent_uuid: "1b0543ea61684ce6a8d578b2a449345c" member_type: VOTER last_known_addr { host: "127.0.107.193" port: 37311 }, Status: LMP_MISMATCH, Last received: 0.0, Next index: 3, Last known committed idx: 2, Time since last communication: 0.000s
I20260710 13:14:45.020929   715 raft_consensus.cc:1275] T 6446e9f59f394479b9a3d185e25725fb P c45e9137f17746559e8ecb5be0e7fd02 [term 4 FOLLOWER]: Refusing update from remote peer 7739b9f686a54f3b8c2d40d1f7671a97: Log matching property violated. Preceding OpId in replica: term: 3 index: 3. Preceding OpId from leader: term: 4 index: 4. (index mismatch)
I20260710 13:14:45.022154   920 consensus_queue.cc:1048] T 6446e9f59f394479b9a3d185e25725fb P 7739b9f686a54f3b8c2d40d1f7671a97 [LEADER]: Connected to new peer: Peer: permanent_uuid: "c45e9137f17746559e8ecb5be0e7fd02" member_type: VOTER last_known_addr { host: "127.0.107.195" port: 33469 }, Status: LMP_MISMATCH, Last received: 0.0, Next index: 4, Last known committed idx: 3, Time since last communication: 0.000s
I20260710 13:14:45.031690   566 raft_consensus.cc:3060] T 6446e9f59f394479b9a3d185e25725fb P 1b0543ea61684ce6a8d578b2a449345c [term 3 FOLLOWER]: Advancing to term 4
I20260710 13:14:45.039438   566 raft_consensus.cc:1275] T 6446e9f59f394479b9a3d185e25725fb P 1b0543ea61684ce6a8d578b2a449345c [term 4 FOLLOWER]: Refusing update from remote peer 7739b9f686a54f3b8c2d40d1f7671a97: Log matching property violated. Preceding OpId in replica: term: 3 index: 3. Preceding OpId from leader: term: 4 index: 4. (index mismatch)
I20260710 13:14:45.040556   920 consensus_queue.cc:1048] T 6446e9f59f394479b9a3d185e25725fb P 7739b9f686a54f3b8c2d40d1f7671a97 [LEADER]: Connected to new peer: Peer: permanent_uuid: "1b0543ea61684ce6a8d578b2a449345c" member_type: VOTER last_known_addr { host: "127.0.107.193" port: 37311 }, Status: LMP_MISMATCH, Last received: 0.0, Next index: 4, Last known committed idx: 3, Time since last communication: 0.000s
I20260710 13:14:45.175277   715 raft_consensus.cc:1275] T 08efdddab84a45f5b4a79bccf939149a P c45e9137f17746559e8ecb5be0e7fd02 [term 3 FOLLOWER]: Refusing update from remote peer 7739b9f686a54f3b8c2d40d1f7671a97: Log matching property violated. Preceding OpId in replica: term: 2 index: 2. Preceding OpId from leader: term: 3 index: 3. (index mismatch)
I20260710 13:14:45.176508   920 consensus_queue.cc:1048] T 08efdddab84a45f5b4a79bccf939149a P 7739b9f686a54f3b8c2d40d1f7671a97 [LEADER]: Connected to new peer: Peer: permanent_uuid: "c45e9137f17746559e8ecb5be0e7fd02" member_type: VOTER last_known_addr { host: "127.0.107.195" port: 33469 }, Status: LMP_MISMATCH, Last received: 0.0, Next index: 3, Last known committed idx: 2, Time since last communication: 0.000s
I20260710 13:14:45.186460   566 raft_consensus.cc:1275] T 08efdddab84a45f5b4a79bccf939149a P 1b0543ea61684ce6a8d578b2a449345c [term 3 FOLLOWER]: Refusing update from remote peer 7739b9f686a54f3b8c2d40d1f7671a97: Log matching property violated. Preceding OpId in replica: term: 2 index: 2. Preceding OpId from leader: term: 3 index: 3. (index mismatch)
I20260710 13:14:45.187798   920 consensus_queue.cc:1048] T 08efdddab84a45f5b4a79bccf939149a P 7739b9f686a54f3b8c2d40d1f7671a97 [LEADER]: Connected to new peer: Peer: permanent_uuid: "1b0543ea61684ce6a8d578b2a449345c" member_type: VOTER last_known_addr { host: "127.0.107.193" port: 37311 }, Status: LMP_MISMATCH, Last received: 0.0, Next index: 3, Last known committed idx: 2, Time since last communication: 0.000s
I20260710 13:14:45.271025   566 raft_consensus.cc:1275] T d88e79e96575463898b8876af6ce121d P 1b0543ea61684ce6a8d578b2a449345c [term 3 FOLLOWER]: Refusing update from remote peer 7739b9f686a54f3b8c2d40d1f7671a97: Log matching property violated. Preceding OpId in replica: term: 2 index: 2. Preceding OpId from leader: term: 3 index: 3. (index mismatch)
I20260710 13:14:45.272346   920 consensus_queue.cc:1048] T d88e79e96575463898b8876af6ce121d P 7739b9f686a54f3b8c2d40d1f7671a97 [LEADER]: Connected to new peer: Peer: permanent_uuid: "1b0543ea61684ce6a8d578b2a449345c" member_type: VOTER last_known_addr { host: "127.0.107.193" port: 37311 }, Status: LMP_MISMATCH, Last received: 0.0, Next index: 3, Last known committed idx: 2, Time since last communication: 0.000s
I20260710 13:14:45.281953   715 raft_consensus.cc:1275] T d88e79e96575463898b8876af6ce121d P c45e9137f17746559e8ecb5be0e7fd02 [term 3 FOLLOWER]: Refusing update from remote peer 7739b9f686a54f3b8c2d40d1f7671a97: Log matching property violated. Preceding OpId in replica: term: 2 index: 2. Preceding OpId from leader: term: 3 index: 3. (index mismatch)
I20260710 13:14:45.283844   920 consensus_queue.cc:1048] T d88e79e96575463898b8876af6ce121d P 7739b9f686a54f3b8c2d40d1f7671a97 [LEADER]: Connected to new peer: Peer: permanent_uuid: "c45e9137f17746559e8ecb5be0e7fd02" member_type: VOTER last_known_addr { host: "127.0.107.195" port: 33469 }, Status: LMP_MISMATCH, Last received: 0.0, Next index: 3, Last known committed idx: 2, Time since last communication: 0.000s
I20260710 13:14:47.392696   431 auto_leader_rebalancer.cc:141] leader rebalance for table test-workload
I20260710 13:14:47.400460   640 tablet_service.cc:2072] Received LeaderStepDown RPC: tablet_id: "08efdddab84a45f5b4a79bccf939149a"
dest_uuid: "7739b9f686a54f3b8c2d40d1f7671a97"
mode: GRACEFUL
new_leader_uuid: "c45e9137f17746559e8ecb5be0e7fd02"
 from {username='slave'} at 127.0.0.1:55154
I20260710 13:14:47.401126   640 raft_consensus.cc:606] T 08efdddab84a45f5b4a79bccf939149a P 7739b9f686a54f3b8c2d40d1f7671a97 [term 3 LEADER]: Received request to transfer leadership to TS c45e9137f17746559e8ecb5be0e7fd02
I20260710 13:14:47.403663   640 tablet_service.cc:2072] Received LeaderStepDown RPC: tablet_id: "6446e9f59f394479b9a3d185e25725fb"
dest_uuid: "7739b9f686a54f3b8c2d40d1f7671a97"
mode: GRACEFUL
new_leader_uuid: "c45e9137f17746559e8ecb5be0e7fd02"
 from {username='slave'} at 127.0.0.1:55154
I20260710 13:14:47.404162   640 raft_consensus.cc:606] T 6446e9f59f394479b9a3d185e25725fb P 7739b9f686a54f3b8c2d40d1f7671a97 [term 4 LEADER]: Received request to transfer leadership to TS c45e9137f17746559e8ecb5be0e7fd02
I20260710 13:14:47.406437   640 tablet_service.cc:2072] Received LeaderStepDown RPC: tablet_id: "79c63caa68c641188653c2e99fcefb12"
dest_uuid: "7739b9f686a54f3b8c2d40d1f7671a97"
mode: GRACEFUL
new_leader_uuid: "1b0543ea61684ce6a8d578b2a449345c"
 from {username='slave'} at 127.0.0.1:55154
I20260710 13:14:47.406945   640 raft_consensus.cc:606] T 79c63caa68c641188653c2e99fcefb12 P 7739b9f686a54f3b8c2d40d1f7671a97 [term 2 LEADER]: Received request to transfer leadership to TS 1b0543ea61684ce6a8d578b2a449345c
I20260710 13:14:47.409209   640 tablet_service.cc:2072] Received LeaderStepDown RPC: tablet_id: "94824550821f4a158454babb856f9a85"
dest_uuid: "7739b9f686a54f3b8c2d40d1f7671a97"
mode: GRACEFUL
new_leader_uuid: "1b0543ea61684ce6a8d578b2a449345c"
 from {username='slave'} at 127.0.0.1:55154
I20260710 13:14:47.409732   640 raft_consensus.cc:606] T 94824550821f4a158454babb856f9a85 P 7739b9f686a54f3b8c2d40d1f7671a97 [term 4 LEADER]: Received request to transfer leadership to TS 1b0543ea61684ce6a8d578b2a449345c
I20260710 13:14:47.412035   640 tablet_service.cc:2072] Received LeaderStepDown RPC: tablet_id: "d88e79e96575463898b8876af6ce121d"
dest_uuid: "7739b9f686a54f3b8c2d40d1f7671a97"
mode: GRACEFUL
new_leader_uuid: "1b0543ea61684ce6a8d578b2a449345c"
 from {username='slave'} at 127.0.0.1:55154
I20260710 13:14:47.412408   640 raft_consensus.cc:606] T d88e79e96575463898b8876af6ce121d P 7739b9f686a54f3b8c2d40d1f7671a97 [term 3 LEADER]: Received request to transfer leadership to TS 1b0543ea61684ce6a8d578b2a449345c
I20260710 13:14:47.413326   431 auto_leader_rebalancer.cc:479] table: test-workload, leader rebalance finish, leader transfer count: 5
I20260710 13:14:47.413986   431 auto_leader_rebalancer.cc:554] All tables' leader rebalancing finished this round
I20260710 13:14:47.614071   932 raft_consensus.cc:993] T 6446e9f59f394479b9a3d185e25725fb P 7739b9f686a54f3b8c2d40d1f7671a97: : Instructing follower c45e9137f17746559e8ecb5be0e7fd02 to start an election
I20260710 13:14:47.614647   890 raft_consensus.cc:1081] T 6446e9f59f394479b9a3d185e25725fb P 7739b9f686a54f3b8c2d40d1f7671a97 [term 4 LEADER]: Signalling peer c45e9137f17746559e8ecb5be0e7fd02 to start an election
I20260710 13:14:47.616170   715 tablet_service.cc:2044] Received Run Leader Election RPC: tablet_id: "6446e9f59f394479b9a3d185e25725fb"
dest_uuid: "c45e9137f17746559e8ecb5be0e7fd02"
 from {username='slave'} at 127.0.0.1:44140
I20260710 13:14:47.616639   715 raft_consensus.cc:493] T 6446e9f59f394479b9a3d185e25725fb P c45e9137f17746559e8ecb5be0e7fd02 [term 4 FOLLOWER]: Starting forced leader election (received explicit request)
I20260710 13:14:47.616859   715 raft_consensus.cc:3060] T 6446e9f59f394479b9a3d185e25725fb P c45e9137f17746559e8ecb5be0e7fd02 [term 4 FOLLOWER]: Advancing to term 5
I20260710 13:14:47.621327   715 raft_consensus.cc:515] T 6446e9f59f394479b9a3d185e25725fb P c45e9137f17746559e8ecb5be0e7fd02 [term 5 FOLLOWER]: Starting forced leader election with config: opid_index: -1 OBSOLETE_local: false peers { permanent_uuid: "1b0543ea61684ce6a8d578b2a449345c" member_type: VOTER last_known_addr { host: "127.0.107.193" port: 37311 } } peers { permanent_uuid: "7739b9f686a54f3b8c2d40d1f7671a97" member_type: VOTER last_known_addr { host: "127.0.107.194" port: 34107 } } peers { permanent_uuid: "c45e9137f17746559e8ecb5be0e7fd02" member_type: VOTER last_known_addr { host: "127.0.107.195" port: 33469 } }
I20260710 13:14:47.623085   715 leader_election.cc:290] T 6446e9f59f394479b9a3d185e25725fb P c45e9137f17746559e8ecb5be0e7fd02 [CANDIDATE]: Term 5 election: Requested vote from peers 1b0543ea61684ce6a8d578b2a449345c (127.0.107.193:37311), 7739b9f686a54f3b8c2d40d1f7671a97 (127.0.107.194:34107)
I20260710 13:14:47.623920   565 tablet_service.cc:1917] Received RequestConsensusVote() RPC: tablet_id: "6446e9f59f394479b9a3d185e25725fb" candidate_uuid: "c45e9137f17746559e8ecb5be0e7fd02" candidate_term: 5 candidate_status { last_received { term: 4 index: 4 } } ignore_live_leader: true dest_uuid: "1b0543ea61684ce6a8d578b2a449345c"
I20260710 13:14:47.624215   640 tablet_service.cc:1917] Received RequestConsensusVote() RPC: tablet_id: "6446e9f59f394479b9a3d185e25725fb" candidate_uuid: "c45e9137f17746559e8ecb5be0e7fd02" candidate_term: 5 candidate_status { last_received { term: 4 index: 4 } } ignore_live_leader: true dest_uuid: "7739b9f686a54f3b8c2d40d1f7671a97"
I20260710 13:14:47.624531   565 raft_consensus.cc:3060] T 6446e9f59f394479b9a3d185e25725fb P 1b0543ea61684ce6a8d578b2a449345c [term 4 FOLLOWER]: Advancing to term 5
I20260710 13:14:47.624747   640 raft_consensus.cc:3055] T 6446e9f59f394479b9a3d185e25725fb P 7739b9f686a54f3b8c2d40d1f7671a97 [term 4 LEADER]: Stepping down as leader of term 4
I20260710 13:14:47.625056   640 raft_consensus.cc:740] T 6446e9f59f394479b9a3d185e25725fb P 7739b9f686a54f3b8c2d40d1f7671a97 [term 4 LEADER]: Becoming Follower/Learner. State: Replica: 7739b9f686a54f3b8c2d40d1f7671a97, State: Running, Role: LEADER
I20260710 13:14:47.625720   640 consensus_queue.cc:260] T 6446e9f59f394479b9a3d185e25725fb P 7739b9f686a54f3b8c2d40d1f7671a97 [NON_LEADER]: Queue going to NON_LEADER mode. State: All replicated index: 0, Majority replicated index: 4, Committed index: 4, Last appended: 4.4, Last appended by leader: 4, Current term: 4, Majority size: -1, State: 0, Mode: NON_LEADER, active raft config: opid_index: -1 OBSOLETE_local: false peers { permanent_uuid: "1b0543ea61684ce6a8d578b2a449345c" member_type: VOTER last_known_addr { host: "127.0.107.193" port: 37311 } } peers { permanent_uuid: "7739b9f686a54f3b8c2d40d1f7671a97" member_type: VOTER last_known_addr { host: "127.0.107.194" port: 34107 } } peers { permanent_uuid: "c45e9137f17746559e8ecb5be0e7fd02" member_type: VOTER last_known_addr { host: "127.0.107.195" port: 33469 } }
I20260710 13:14:47.626585   640 raft_consensus.cc:3060] T 6446e9f59f394479b9a3d185e25725fb P 7739b9f686a54f3b8c2d40d1f7671a97 [term 4 FOLLOWER]: Advancing to term 5
I20260710 13:14:47.629539   565 raft_consensus.cc:2468] T 6446e9f59f394479b9a3d185e25725fb P 1b0543ea61684ce6a8d578b2a449345c [term 5 FOLLOWER]: Leader election vote request: Granting yes vote for candidate c45e9137f17746559e8ecb5be0e7fd02 in term 5.
I20260710 13:14:47.630818   681 leader_election.cc:304] T 6446e9f59f394479b9a3d185e25725fb P c45e9137f17746559e8ecb5be0e7fd02 [CANDIDATE]: Term 5 election: Election decided. Result: candidate won. Election summary: received 2 responses out of 3 voters: 2 yes votes; 0 no votes. yes voters: 1b0543ea61684ce6a8d578b2a449345c, c45e9137f17746559e8ecb5be0e7fd02; no voters: 
I20260710 13:14:47.631520   640 raft_consensus.cc:2468] T 6446e9f59f394479b9a3d185e25725fb P 7739b9f686a54f3b8c2d40d1f7671a97 [term 5 FOLLOWER]: Leader election vote request: Granting yes vote for candidate c45e9137f17746559e8ecb5be0e7fd02 in term 5.
I20260710 13:14:47.631731   909 raft_consensus.cc:2804] T 6446e9f59f394479b9a3d185e25725fb P c45e9137f17746559e8ecb5be0e7fd02 [term 5 FOLLOWER]: Leader election won for term 5
I20260710 13:14:47.632825   909 raft_consensus.cc:697] T 6446e9f59f394479b9a3d185e25725fb P c45e9137f17746559e8ecb5be0e7fd02 [term 5 LEADER]: Becoming Leader. State: Replica: c45e9137f17746559e8ecb5be0e7fd02, State: Running, Role: LEADER
I20260710 13:14:47.633648   909 consensus_queue.cc:237] T 6446e9f59f394479b9a3d185e25725fb P c45e9137f17746559e8ecb5be0e7fd02 [LEADER]: Queue going to LEADER mode. State: All replicated index: 0, Majority replicated index: 4, Committed index: 4, Last appended: 4.4, Last appended by leader: 4, Current term: 5, Majority size: 2, State: 0, Mode: LEADER, active raft config: opid_index: -1 OBSOLETE_local: false peers { permanent_uuid: "1b0543ea61684ce6a8d578b2a449345c" member_type: VOTER last_known_addr { host: "127.0.107.193" port: 37311 } } peers { permanent_uuid: "7739b9f686a54f3b8c2d40d1f7671a97" member_type: VOTER last_known_addr { host: "127.0.107.194" port: 34107 } } peers { permanent_uuid: "c45e9137f17746559e8ecb5be0e7fd02" member_type: VOTER last_known_addr { host: "127.0.107.195" port: 33469 } }
I20260710 13:14:47.640998   461 catalog_manager.cc:5697] T 6446e9f59f394479b9a3d185e25725fb P c45e9137f17746559e8ecb5be0e7fd02 reported cstate change: term changed from 4 to 5, leader changed from 7739b9f686a54f3b8c2d40d1f7671a97 (127.0.107.194) to c45e9137f17746559e8ecb5be0e7fd02 (127.0.107.195). New cstate: current_term: 5 leader_uuid: "c45e9137f17746559e8ecb5be0e7fd02" committed_config { opid_index: -1 OBSOLETE_local: false peers { permanent_uuid: "1b0543ea61684ce6a8d578b2a449345c" member_type: VOTER last_known_addr { host: "127.0.107.193" port: 37311 } health_report { overall_health: UNKNOWN } } peers { permanent_uuid: "7739b9f686a54f3b8c2d40d1f7671a97" member_type: VOTER last_known_addr { host: "127.0.107.194" port: 34107 } health_report { overall_health: UNKNOWN } } peers { permanent_uuid: "c45e9137f17746559e8ecb5be0e7fd02" member_type: VOTER last_known_addr { host: "127.0.107.195" port: 33469 } health_report { overall_health: HEALTHY } } }
I20260710 13:14:47.799669   890 raft_consensus.cc:993] T 08efdddab84a45f5b4a79bccf939149a P 7739b9f686a54f3b8c2d40d1f7671a97: : Instructing follower c45e9137f17746559e8ecb5be0e7fd02 to start an election
I20260710 13:14:47.800102   932 raft_consensus.cc:1081] T 08efdddab84a45f5b4a79bccf939149a P 7739b9f686a54f3b8c2d40d1f7671a97 [term 3 LEADER]: Signalling peer c45e9137f17746559e8ecb5be0e7fd02 to start an election
I20260710 13:14:47.801545   715 tablet_service.cc:2044] Received Run Leader Election RPC: tablet_id: "08efdddab84a45f5b4a79bccf939149a"
dest_uuid: "c45e9137f17746559e8ecb5be0e7fd02"
 from {username='slave'} at 127.0.0.1:44140
I20260710 13:14:47.802007   715 raft_consensus.cc:493] T 08efdddab84a45f5b4a79bccf939149a P c45e9137f17746559e8ecb5be0e7fd02 [term 3 FOLLOWER]: Starting forced leader election (received explicit request)
I20260710 13:14:47.802300   715 raft_consensus.cc:3060] T 08efdddab84a45f5b4a79bccf939149a P c45e9137f17746559e8ecb5be0e7fd02 [term 3 FOLLOWER]: Advancing to term 4
I20260710 13:14:47.806365   715 raft_consensus.cc:515] T 08efdddab84a45f5b4a79bccf939149a P c45e9137f17746559e8ecb5be0e7fd02 [term 4 FOLLOWER]: Starting forced leader election with config: opid_index: -1 OBSOLETE_local: false peers { permanent_uuid: "c45e9137f17746559e8ecb5be0e7fd02" member_type: VOTER last_known_addr { host: "127.0.107.195" port: 33469 } } peers { permanent_uuid: "1b0543ea61684ce6a8d578b2a449345c" member_type: VOTER last_known_addr { host: "127.0.107.193" port: 37311 } } peers { permanent_uuid: "7739b9f686a54f3b8c2d40d1f7671a97" member_type: VOTER last_known_addr { host: "127.0.107.194" port: 34107 } }
I20260710 13:14:47.807730   715 leader_election.cc:290] T 08efdddab84a45f5b4a79bccf939149a P c45e9137f17746559e8ecb5be0e7fd02 [CANDIDATE]: Term 4 election: Requested vote from peers 1b0543ea61684ce6a8d578b2a449345c (127.0.107.193:37311), 7739b9f686a54f3b8c2d40d1f7671a97 (127.0.107.194:34107)
I20260710 13:14:47.808637   565 tablet_service.cc:1917] Received RequestConsensusVote() RPC: tablet_id: "08efdddab84a45f5b4a79bccf939149a" candidate_uuid: "c45e9137f17746559e8ecb5be0e7fd02" candidate_term: 4 candidate_status { last_received { term: 3 index: 3 } } ignore_live_leader: true dest_uuid: "1b0543ea61684ce6a8d578b2a449345c"
I20260710 13:14:47.808735   640 tablet_service.cc:1917] Received RequestConsensusVote() RPC: tablet_id: "08efdddab84a45f5b4a79bccf939149a" candidate_uuid: "c45e9137f17746559e8ecb5be0e7fd02" candidate_term: 4 candidate_status { last_received { term: 3 index: 3 } } ignore_live_leader: true dest_uuid: "7739b9f686a54f3b8c2d40d1f7671a97"
I20260710 13:14:47.809221   565 raft_consensus.cc:3060] T 08efdddab84a45f5b4a79bccf939149a P 1b0543ea61684ce6a8d578b2a449345c [term 3 FOLLOWER]: Advancing to term 4
I20260710 13:14:47.809300   640 raft_consensus.cc:3055] T 08efdddab84a45f5b4a79bccf939149a P 7739b9f686a54f3b8c2d40d1f7671a97 [term 3 LEADER]: Stepping down as leader of term 3
I20260710 13:14:47.809646   640 raft_consensus.cc:740] T 08efdddab84a45f5b4a79bccf939149a P 7739b9f686a54f3b8c2d40d1f7671a97 [term 3 LEADER]: Becoming Follower/Learner. State: Replica: 7739b9f686a54f3b8c2d40d1f7671a97, State: Running, Role: LEADER
I20260710 13:14:47.810318   640 consensus_queue.cc:260] T 08efdddab84a45f5b4a79bccf939149a P 7739b9f686a54f3b8c2d40d1f7671a97 [NON_LEADER]: Queue going to NON_LEADER mode. State: All replicated index: 0, Majority replicated index: 3, Committed index: 3, Last appended: 3.3, Last appended by leader: 3, Current term: 3, Majority size: -1, State: 0, Mode: NON_LEADER, active raft config: opid_index: -1 OBSOLETE_local: false peers { permanent_uuid: "c45e9137f17746559e8ecb5be0e7fd02" member_type: VOTER last_known_addr { host: "127.0.107.195" port: 33469 } } peers { permanent_uuid: "1b0543ea61684ce6a8d578b2a449345c" member_type: VOTER last_known_addr { host: "127.0.107.193" port: 37311 } } peers { permanent_uuid: "7739b9f686a54f3b8c2d40d1f7671a97" member_type: VOTER last_known_addr { host: "127.0.107.194" port: 34107 } }
I20260710 13:14:47.811172   640 raft_consensus.cc:3060] T 08efdddab84a45f5b4a79bccf939149a P 7739b9f686a54f3b8c2d40d1f7671a97 [term 3 FOLLOWER]: Advancing to term 4
I20260710 13:14:47.813687   565 raft_consensus.cc:2468] T 08efdddab84a45f5b4a79bccf939149a P 1b0543ea61684ce6a8d578b2a449345c [term 4 FOLLOWER]: Leader election vote request: Granting yes vote for candidate c45e9137f17746559e8ecb5be0e7fd02 in term 4.
I20260710 13:14:47.814771   681 leader_election.cc:304] T 08efdddab84a45f5b4a79bccf939149a P c45e9137f17746559e8ecb5be0e7fd02 [CANDIDATE]: Term 4 election: Election decided. Result: candidate won. Election summary: received 2 responses out of 3 voters: 2 yes votes; 0 no votes. yes voters: 1b0543ea61684ce6a8d578b2a449345c, c45e9137f17746559e8ecb5be0e7fd02; no voters: 
I20260710 13:14:47.815389   640 raft_consensus.cc:2468] T 08efdddab84a45f5b4a79bccf939149a P 7739b9f686a54f3b8c2d40d1f7671a97 [term 4 FOLLOWER]: Leader election vote request: Granting yes vote for candidate c45e9137f17746559e8ecb5be0e7fd02 in term 4.
I20260710 13:14:47.815480   909 raft_consensus.cc:2804] T 08efdddab84a45f5b4a79bccf939149a P c45e9137f17746559e8ecb5be0e7fd02 [term 4 FOLLOWER]: Leader election won for term 4
I20260710 13:14:47.815981   909 raft_consensus.cc:697] T 08efdddab84a45f5b4a79bccf939149a P c45e9137f17746559e8ecb5be0e7fd02 [term 4 LEADER]: Becoming Leader. State: Replica: c45e9137f17746559e8ecb5be0e7fd02, State: Running, Role: LEADER
I20260710 13:14:47.816814   909 consensus_queue.cc:237] T 08efdddab84a45f5b4a79bccf939149a P c45e9137f17746559e8ecb5be0e7fd02 [LEADER]: Queue going to LEADER mode. State: All replicated index: 0, Majority replicated index: 3, Committed index: 3, Last appended: 3.3, Last appended by leader: 3, Current term: 4, Majority size: 2, State: 0, Mode: LEADER, active raft config: opid_index: -1 OBSOLETE_local: false peers { permanent_uuid: "c45e9137f17746559e8ecb5be0e7fd02" member_type: VOTER last_known_addr { host: "127.0.107.195" port: 33469 } } peers { permanent_uuid: "1b0543ea61684ce6a8d578b2a449345c" member_type: VOTER last_known_addr { host: "127.0.107.193" port: 37311 } } peers { permanent_uuid: "7739b9f686a54f3b8c2d40d1f7671a97" member_type: VOTER last_known_addr { host: "127.0.107.194" port: 34107 } }
I20260710 13:14:47.823643   461 catalog_manager.cc:5697] T 08efdddab84a45f5b4a79bccf939149a P c45e9137f17746559e8ecb5be0e7fd02 reported cstate change: term changed from 3 to 4, leader changed from 7739b9f686a54f3b8c2d40d1f7671a97 (127.0.107.194) to c45e9137f17746559e8ecb5be0e7fd02 (127.0.107.195). New cstate: current_term: 4 leader_uuid: "c45e9137f17746559e8ecb5be0e7fd02" committed_config { opid_index: -1 OBSOLETE_local: false peers { permanent_uuid: "c45e9137f17746559e8ecb5be0e7fd02" member_type: VOTER last_known_addr { host: "127.0.107.195" port: 33469 } health_report { overall_health: HEALTHY } } peers { permanent_uuid: "1b0543ea61684ce6a8d578b2a449345c" member_type: VOTER last_known_addr { host: "127.0.107.193" port: 37311 } health_report { overall_health: UNKNOWN } } peers { permanent_uuid: "7739b9f686a54f3b8c2d40d1f7671a97" member_type: VOTER last_known_addr { host: "127.0.107.194" port: 34107 } health_report { overall_health: UNKNOWN } } }
I20260710 13:14:47.845064   890 raft_consensus.cc:993] T 94824550821f4a158454babb856f9a85 P 7739b9f686a54f3b8c2d40d1f7671a97: : Instructing follower 1b0543ea61684ce6a8d578b2a449345c to start an election
I20260710 13:14:47.845635   932 raft_consensus.cc:1081] T 94824550821f4a158454babb856f9a85 P 7739b9f686a54f3b8c2d40d1f7671a97 [term 4 LEADER]: Signalling peer 1b0543ea61684ce6a8d578b2a449345c to start an election
I20260710 13:14:47.847647   565 tablet_service.cc:2044] Received Run Leader Election RPC: tablet_id: "94824550821f4a158454babb856f9a85"
dest_uuid: "1b0543ea61684ce6a8d578b2a449345c"
 from {username='slave'} at 127.0.0.1:50744
I20260710 13:14:47.848258   565 raft_consensus.cc:493] T 94824550821f4a158454babb856f9a85 P 1b0543ea61684ce6a8d578b2a449345c [term 4 FOLLOWER]: Starting forced leader election (received explicit request)
I20260710 13:14:47.848675   565 raft_consensus.cc:3060] T 94824550821f4a158454babb856f9a85 P 1b0543ea61684ce6a8d578b2a449345c [term 4 FOLLOWER]: Advancing to term 5
I20260710 13:14:47.851311   932 raft_consensus.cc:993] T 79c63caa68c641188653c2e99fcefb12 P 7739b9f686a54f3b8c2d40d1f7671a97: : Instructing follower 1b0543ea61684ce6a8d578b2a449345c to start an election
I20260710 13:14:47.851768   890 raft_consensus.cc:1081] T 79c63caa68c641188653c2e99fcefb12 P 7739b9f686a54f3b8c2d40d1f7671a97 [term 2 LEADER]: Signalling peer 1b0543ea61684ce6a8d578b2a449345c to start an election
I20260710 13:14:47.853560   566 tablet_service.cc:2044] Received Run Leader Election RPC: tablet_id: "79c63caa68c641188653c2e99fcefb12"
dest_uuid: "1b0543ea61684ce6a8d578b2a449345c"
 from {username='slave'} at 127.0.0.1:50744
I20260710 13:14:47.854058   890 raft_consensus.cc:993] T d88e79e96575463898b8876af6ce121d P 7739b9f686a54f3b8c2d40d1f7671a97: : Instructing follower 1b0543ea61684ce6a8d578b2a449345c to start an election
I20260710 13:14:47.854087   566 raft_consensus.cc:493] T 79c63caa68c641188653c2e99fcefb12 P 1b0543ea61684ce6a8d578b2a449345c [term 2 FOLLOWER]: Starting forced leader election (received explicit request)
I20260710 13:14:47.854590   566 raft_consensus.cc:3060] T 79c63caa68c641188653c2e99fcefb12 P 1b0543ea61684ce6a8d578b2a449345c [term 2 FOLLOWER]: Advancing to term 3
I20260710 13:14:47.854983   565 raft_consensus.cc:515] T 94824550821f4a158454babb856f9a85 P 1b0543ea61684ce6a8d578b2a449345c [term 5 FOLLOWER]: Starting forced leader election with config: opid_index: -1 OBSOLETE_local: false peers { permanent_uuid: "1b0543ea61684ce6a8d578b2a449345c" member_type: VOTER last_known_addr { host: "127.0.107.193" port: 37311 } } peers { permanent_uuid: "7739b9f686a54f3b8c2d40d1f7671a97" member_type: VOTER last_known_addr { host: "127.0.107.194" port: 34107 } } peers { permanent_uuid: "c45e9137f17746559e8ecb5be0e7fd02" member_type: VOTER last_known_addr { host: "127.0.107.195" port: 33469 } }
I20260710 13:14:47.856669   565 leader_election.cc:290] T 94824550821f4a158454babb856f9a85 P 1b0543ea61684ce6a8d578b2a449345c [CANDIDATE]: Term 5 election: Requested vote from peers 7739b9f686a54f3b8c2d40d1f7671a97 (127.0.107.194:34107), c45e9137f17746559e8ecb5be0e7fd02 (127.0.107.195:33469)
I20260710 13:14:47.857597   640 tablet_service.cc:1917] Received RequestConsensusVote() RPC: tablet_id: "94824550821f4a158454babb856f9a85" candidate_uuid: "1b0543ea61684ce6a8d578b2a449345c" candidate_term: 5 candidate_status { last_received { term: 4 index: 4 } } ignore_live_leader: true dest_uuid: "7739b9f686a54f3b8c2d40d1f7671a97"
I20260710 13:14:47.858089   640 raft_consensus.cc:3055] T 94824550821f4a158454babb856f9a85 P 7739b9f686a54f3b8c2d40d1f7671a97 [term 4 LEADER]: Stepping down as leader of term 4
I20260710 13:14:47.858266   715 tablet_service.cc:1917] Received RequestConsensusVote() RPC: tablet_id: "94824550821f4a158454babb856f9a85" candidate_uuid: "1b0543ea61684ce6a8d578b2a449345c" candidate_term: 5 candidate_status { last_received { term: 4 index: 4 } } ignore_live_leader: true dest_uuid: "c45e9137f17746559e8ecb5be0e7fd02"
I20260710 13:14:47.858369   640 raft_consensus.cc:740] T 94824550821f4a158454babb856f9a85 P 7739b9f686a54f3b8c2d40d1f7671a97 [term 4 LEADER]: Becoming Follower/Learner. State: Replica: 7739b9f686a54f3b8c2d40d1f7671a97, State: Running, Role: LEADER
I20260710 13:14:47.859236   640 consensus_queue.cc:260] T 94824550821f4a158454babb856f9a85 P 7739b9f686a54f3b8c2d40d1f7671a97 [NON_LEADER]: Queue going to NON_LEADER mode. State: All replicated index: 0, Majority replicated index: 4, Committed index: 4, Last appended: 4.4, Last appended by leader: 4, Current term: 4, Majority size: -1, State: 0, Mode: NON_LEADER, active raft config: opid_index: -1 OBSOLETE_local: false peers { permanent_uuid: "1b0543ea61684ce6a8d578b2a449345c" member_type: VOTER last_known_addr { host: "127.0.107.193" port: 37311 } } peers { permanent_uuid: "7739b9f686a54f3b8c2d40d1f7671a97" member_type: VOTER last_known_addr { host: "127.0.107.194" port: 34107 } } peers { permanent_uuid: "c45e9137f17746559e8ecb5be0e7fd02" member_type: VOTER last_known_addr { host: "127.0.107.195" port: 33469 } }
I20260710 13:14:47.860416   640 raft_consensus.cc:3060] T 94824550821f4a158454babb856f9a85 P 7739b9f686a54f3b8c2d40d1f7671a97 [term 4 FOLLOWER]: Advancing to term 5
I20260710 13:14:47.860375   566 raft_consensus.cc:515] T 79c63caa68c641188653c2e99fcefb12 P 1b0543ea61684ce6a8d578b2a449345c [term 3 FOLLOWER]: Starting forced leader election with config: opid_index: -1 OBSOLETE_local: false peers { permanent_uuid: "1b0543ea61684ce6a8d578b2a449345c" member_type: VOTER last_known_addr { host: "127.0.107.193" port: 37311 } } peers { permanent_uuid: "7739b9f686a54f3b8c2d40d1f7671a97" member_type: VOTER last_known_addr { host: "127.0.107.194" port: 34107 } } peers { permanent_uuid: "c45e9137f17746559e8ecb5be0e7fd02" member_type: VOTER last_known_addr { host: "127.0.107.195" port: 33469 } }
I20260710 13:14:47.862357   566 leader_election.cc:290] T 79c63caa68c641188653c2e99fcefb12 P 1b0543ea61684ce6a8d578b2a449345c [CANDIDATE]: Term 3 election: Requested vote from peers 7739b9f686a54f3b8c2d40d1f7671a97 (127.0.107.194:34107), c45e9137f17746559e8ecb5be0e7fd02 (127.0.107.195:33469)
I20260710 13:14:47.854631   890 raft_consensus.cc:1081] T d88e79e96575463898b8876af6ce121d P 7739b9f686a54f3b8c2d40d1f7671a97 [term 3 LEADER]: Signalling peer 1b0543ea61684ce6a8d578b2a449345c to start an election
I20260710 13:14:47.863577   714 tablet_service.cc:1917] Received RequestConsensusVote() RPC: tablet_id: "79c63caa68c641188653c2e99fcefb12" candidate_uuid: "1b0543ea61684ce6a8d578b2a449345c" candidate_term: 3 candidate_status { last_received { term: 2 index: 2 } } ignore_live_leader: true dest_uuid: "c45e9137f17746559e8ecb5be0e7fd02"
I20260710 13:14:47.864141   714 raft_consensus.cc:3060] T 79c63caa68c641188653c2e99fcefb12 P c45e9137f17746559e8ecb5be0e7fd02 [term 2 FOLLOWER]: Advancing to term 3
I20260710 13:14:47.864683   565 tablet_service.cc:2044] Received Run Leader Election RPC: tablet_id: "d88e79e96575463898b8876af6ce121d"
dest_uuid: "1b0543ea61684ce6a8d578b2a449345c"
 from {username='slave'} at 127.0.0.1:50744
I20260710 13:14:47.865159   565 raft_consensus.cc:493] T d88e79e96575463898b8876af6ce121d P 1b0543ea61684ce6a8d578b2a449345c [term 3 FOLLOWER]: Starting forced leader election (received explicit request)
I20260710 13:14:47.865463   565 raft_consensus.cc:3060] T d88e79e96575463898b8876af6ce121d P 1b0543ea61684ce6a8d578b2a449345c [term 3 FOLLOWER]: Advancing to term 4
I20260710 13:14:47.867312   639 tablet_service.cc:1917] Received RequestConsensusVote() RPC: tablet_id: "79c63caa68c641188653c2e99fcefb12" candidate_uuid: "1b0543ea61684ce6a8d578b2a449345c" candidate_term: 3 candidate_status { last_received { term: 2 index: 2 } } ignore_live_leader: true dest_uuid: "7739b9f686a54f3b8c2d40d1f7671a97"
I20260710 13:14:47.867901   639 raft_consensus.cc:3055] T 79c63caa68c641188653c2e99fcefb12 P 7739b9f686a54f3b8c2d40d1f7671a97 [term 2 LEADER]: Stepping down as leader of term 2
I20260710 13:14:47.868197   639 raft_consensus.cc:740] T 79c63caa68c641188653c2e99fcefb12 P 7739b9f686a54f3b8c2d40d1f7671a97 [term 2 LEADER]: Becoming Follower/Learner. State: Replica: 7739b9f686a54f3b8c2d40d1f7671a97, State: Running, Role: LEADER
I20260710 13:14:47.869179   714 raft_consensus.cc:2468] T 79c63caa68c641188653c2e99fcefb12 P c45e9137f17746559e8ecb5be0e7fd02 [term 3 FOLLOWER]: Leader election vote request: Granting yes vote for candidate 1b0543ea61684ce6a8d578b2a449345c in term 3.
I20260710 13:14:47.869025   639 consensus_queue.cc:260] T 79c63caa68c641188653c2e99fcefb12 P 7739b9f686a54f3b8c2d40d1f7671a97 [NON_LEADER]: Queue going to NON_LEADER mode. State: All replicated index: 0, Majority replicated index: 2, Committed index: 2, Last appended: 2.2, Last appended by leader: 2, Current term: 2, Majority size: -1, State: 0, Mode: NON_LEADER, active raft config: opid_index: -1 OBSOLETE_local: false peers { permanent_uuid: "1b0543ea61684ce6a8d578b2a449345c" member_type: VOTER last_known_addr { host: "127.0.107.193" port: 37311 } } peers { permanent_uuid: "7739b9f686a54f3b8c2d40d1f7671a97" member_type: VOTER last_known_addr { host: "127.0.107.194" port: 34107 } } peers { permanent_uuid: "c45e9137f17746559e8ecb5be0e7fd02" member_type: VOTER last_known_addr { host: "127.0.107.195" port: 33469 } }
I20260710 13:14:47.870333   639 raft_consensus.cc:3060] T 79c63caa68c641188653c2e99fcefb12 P 7739b9f686a54f3b8c2d40d1f7671a97 [term 2 FOLLOWER]: Advancing to term 3
I20260710 13:14:47.870563   530 leader_election.cc:304] T 79c63caa68c641188653c2e99fcefb12 P 1b0543ea61684ce6a8d578b2a449345c [CANDIDATE]: Term 3 election: Election decided. Result: candidate won. Election summary: received 2 responses out of 3 voters: 2 yes votes; 0 no votes. yes voters: 1b0543ea61684ce6a8d578b2a449345c, c45e9137f17746559e8ecb5be0e7fd02; no voters: 
I20260710 13:14:47.872484   940 raft_consensus.cc:2804] T 79c63caa68c641188653c2e99fcefb12 P 1b0543ea61684ce6a8d578b2a449345c [term 3 FOLLOWER]: Leader election won for term 3
