I20260710 13:19:58.196324 11926 ts_tablet_manager.cc:1434] T 2fa4ac8beb7a495c9698eefb92c3586b P 1c69d0bc08ea467f8bf50b55f251cc75: Time spent starting tablet: real 0.007s	user 0.005s	sys 0.000s
I20260710 13:19:58.196859 11928 tablet_bootstrap.cc:492] T 78b7a64d66584deab457e382320bb154 P 7d8b344c812942528306dcafce042002: Bootstrap starting.
I20260710 13:19:58.197270 11926 tablet_bootstrap.cc:492] T dff344fb910f416bb2fcc61cf8f6b0d5 P 1c69d0bc08ea467f8bf50b55f251cc75: Bootstrap starting.
I20260710 13:19:58.202253 11926 tablet_bootstrap.cc:654] T dff344fb910f416bb2fcc61cf8f6b0d5 P 1c69d0bc08ea467f8bf50b55f251cc75: Neither blocks nor log segments found. Creating new log.
I20260710 13:19:58.201224 11632 catalog_manager.cc:5697] T f54db5d602bd440c89274716b14c6c72 P 1c69d0bc08ea467f8bf50b55f251cc75 reported cstate change: term changed from 0 to 1, leader changed from <none> to 1c69d0bc08ea467f8bf50b55f251cc75 (127.10.217.66). New cstate: current_term: 1 leader_uuid: "1c69d0bc08ea467f8bf50b55f251cc75" committed_config { opid_index: -1 OBSOLETE_local: false peers { permanent_uuid: "1c69d0bc08ea467f8bf50b55f251cc75" member_type: VOTER last_known_addr { host: "127.10.217.66" port: 39197 } health_report { overall_health: HEALTHY } } peers { permanent_uuid: "7d8b344c812942528306dcafce042002" member_type: VOTER last_known_addr { host: "127.10.217.67" port: 41751 } health_report { overall_health: UNKNOWN } } peers { permanent_uuid: "577278d4942f4fb1937dcbe2d1e33af4" member_type: VOTER last_known_addr { host: "127.10.217.65" port: 43647 } health_report { overall_health: UNKNOWN } } }
I20260710 13:19:58.204470 11928 tablet_bootstrap.cc:654] T 78b7a64d66584deab457e382320bb154 P 7d8b344c812942528306dcafce042002: Neither blocks nor log segments found. Creating new log.
I20260710 13:19:58.210965 11928 tablet_bootstrap.cc:492] T 78b7a64d66584deab457e382320bb154 P 7d8b344c812942528306dcafce042002: No bootstrap required, opened a new log
I20260710 13:19:58.211421 11928 ts_tablet_manager.cc:1403] T 78b7a64d66584deab457e382320bb154 P 7d8b344c812942528306dcafce042002: Time spent bootstrapping tablet: real 0.015s	user 0.010s	sys 0.003s
I20260710 13:19:58.213507 11927 tablet_bootstrap.cc:492] T 2fa4ac8beb7a495c9698eefb92c3586b P 577278d4942f4fb1937dcbe2d1e33af4: No bootstrap required, opened a new log
I20260710 13:19:58.214063 11927 ts_tablet_manager.cc:1403] T 2fa4ac8beb7a495c9698eefb92c3586b P 577278d4942f4fb1937dcbe2d1e33af4: Time spent bootstrapping tablet: real 0.075s	user 0.009s	sys 0.012s
I20260710 13:19:58.215947 11926 tablet_bootstrap.cc:492] T dff344fb910f416bb2fcc61cf8f6b0d5 P 1c69d0bc08ea467f8bf50b55f251cc75: No bootstrap required, opened a new log
I20260710 13:19:58.216445 11926 ts_tablet_manager.cc:1403] T dff344fb910f416bb2fcc61cf8f6b0d5 P 1c69d0bc08ea467f8bf50b55f251cc75: Time spent bootstrapping tablet: real 0.019s	user 0.013s	sys 0.004s
I20260710 13:19:58.217197 11927 raft_consensus.cc:359] T 2fa4ac8beb7a495c9698eefb92c3586b P 577278d4942f4fb1937dcbe2d1e33af4 [term 0 FOLLOWER]: Replica starting. Triggering 0 pending ops. Active config: opid_index: -1 OBSOLETE_local: false peers { permanent_uuid: "577278d4942f4fb1937dcbe2d1e33af4" member_type: VOTER last_known_addr { host: "127.10.217.65" port: 43647 } } peers { permanent_uuid: "1c69d0bc08ea467f8bf50b55f251cc75" member_type: VOTER last_known_addr { host: "127.10.217.66" port: 39197 } } peers { permanent_uuid: "7d8b344c812942528306dcafce042002" member_type: VOTER last_known_addr { host: "127.10.217.67" port: 41751 } }
I20260710 13:19:58.217922 11927 raft_consensus.cc:385] T 2fa4ac8beb7a495c9698eefb92c3586b P 577278d4942f4fb1937dcbe2d1e33af4 [term 0 FOLLOWER]: Consensus starting up: Expiring failure detector timer to make a prompt election more likely
I20260710 13:19:58.218238 11927 raft_consensus.cc:740] T 2fa4ac8beb7a495c9698eefb92c3586b P 577278d4942f4fb1937dcbe2d1e33af4 [term 0 FOLLOWER]: Becoming Follower/Learner. State: Replica: 577278d4942f4fb1937dcbe2d1e33af4, State: Initialized, Role: FOLLOWER
I20260710 13:19:58.214028 11928 raft_consensus.cc:359] T 78b7a64d66584deab457e382320bb154 P 7d8b344c812942528306dcafce042002 [term 0 FOLLOWER]: Replica starting. Triggering 0 pending ops. Active config: opid_index: -1 OBSOLETE_local: false peers { permanent_uuid: "577278d4942f4fb1937dcbe2d1e33af4" member_type: VOTER last_known_addr { host: "127.10.217.65" port: 43647 } } peers { permanent_uuid: "1c69d0bc08ea467f8bf50b55f251cc75" member_type: VOTER last_known_addr { host: "127.10.217.66" port: 39197 } } peers { permanent_uuid: "7d8b344c812942528306dcafce042002" member_type: VOTER last_known_addr { host: "127.10.217.67" port: 41751 } }
I20260710 13:19:58.219074 11926 raft_consensus.cc:359] T dff344fb910f416bb2fcc61cf8f6b0d5 P 1c69d0bc08ea467f8bf50b55f251cc75 [term 0 FOLLOWER]: Replica starting. Triggering 0 pending ops. Active config: opid_index: -1 OBSOLETE_local: false peers { permanent_uuid: "577278d4942f4fb1937dcbe2d1e33af4" member_type: VOTER last_known_addr { host: "127.10.217.65" port: 43647 } } peers { permanent_uuid: "1c69d0bc08ea467f8bf50b55f251cc75" member_type: VOTER last_known_addr { host: "127.10.217.66" port: 39197 } } peers { permanent_uuid: "7d8b344c812942528306dcafce042002" member_type: VOTER last_known_addr { host: "127.10.217.67" port: 41751 } }
I20260710 13:19:58.219338 11928 raft_consensus.cc:385] T 78b7a64d66584deab457e382320bb154 P 7d8b344c812942528306dcafce042002 [term 0 FOLLOWER]: Consensus starting up: Expiring failure detector timer to make a prompt election more likely
I20260710 13:19:58.219657 11926 raft_consensus.cc:385] T dff344fb910f416bb2fcc61cf8f6b0d5 P 1c69d0bc08ea467f8bf50b55f251cc75 [term 0 FOLLOWER]: Consensus starting up: Expiring failure detector timer to make a prompt election more likely
I20260710 13:19:58.219733 11965 raft_consensus.cc:493] T 07e0be6d44a84e6f874cb0798abb7148 P 1c69d0bc08ea467f8bf50b55f251cc75 [term 0 FOLLOWER]: Starting pre-election (no leader contacted us within the election timeout)
I20260710 13:19:58.219920 11928 raft_consensus.cc:740] T 78b7a64d66584deab457e382320bb154 P 7d8b344c812942528306dcafce042002 [term 0 FOLLOWER]: Becoming Follower/Learner. State: Replica: 7d8b344c812942528306dcafce042002, State: Initialized, Role: FOLLOWER
I20260710 13:19:58.220036 11926 raft_consensus.cc:740] T dff344fb910f416bb2fcc61cf8f6b0d5 P 1c69d0bc08ea467f8bf50b55f251cc75 [term 0 FOLLOWER]: Becoming Follower/Learner. State: Replica: 1c69d0bc08ea467f8bf50b55f251cc75, State: Initialized, Role: FOLLOWER
I20260710 13:19:58.220302 11965 raft_consensus.cc:515] T 07e0be6d44a84e6f874cb0798abb7148 P 1c69d0bc08ea467f8bf50b55f251cc75 [term 0 FOLLOWER]: Starting pre-election with config: opid_index: -1 OBSOLETE_local: false peers { permanent_uuid: "577278d4942f4fb1937dcbe2d1e33af4" member_type: VOTER last_known_addr { host: "127.10.217.65" port: 43647 } } peers { permanent_uuid: "1c69d0bc08ea467f8bf50b55f251cc75" member_type: VOTER last_known_addr { host: "127.10.217.66" port: 39197 } } peers { permanent_uuid: "7d8b344c812942528306dcafce042002" member_type: VOTER last_known_addr { host: "127.10.217.67" port: 41751 } }
I20260710 13:19:58.220780 11926 consensus_queue.cc:260] T dff344fb910f416bb2fcc61cf8f6b0d5 P 1c69d0bc08ea467f8bf50b55f251cc75 [NON_LEADER]: Queue going to NON_LEADER mode. State: All replicated index: 0, Majority replicated index: 0, Committed index: 0, Last appended: 0.0, Last appended by leader: 0, Current term: 0, Majority size: -1, State: 0, Mode: NON_LEADER, active raft config: opid_index: -1 OBSOLETE_local: false peers { permanent_uuid: "577278d4942f4fb1937dcbe2d1e33af4" member_type: VOTER last_known_addr { host: "127.10.217.65" port: 43647 } } peers { permanent_uuid: "1c69d0bc08ea467f8bf50b55f251cc75" member_type: VOTER last_known_addr { host: "127.10.217.66" port: 39197 } } peers { permanent_uuid: "7d8b344c812942528306dcafce042002" member_type: VOTER last_known_addr { host: "127.10.217.67" port: 41751 } }
I20260710 13:19:58.220815 11928 consensus_queue.cc:260] T 78b7a64d66584deab457e382320bb154 P 7d8b344c812942528306dcafce042002 [NON_LEADER]: Queue going to NON_LEADER mode. State: All replicated index: 0, Majority replicated index: 0, Committed index: 0, Last appended: 0.0, Last appended by leader: 0, Current term: 0, Majority size: -1, State: 0, Mode: NON_LEADER, active raft config: opid_index: -1 OBSOLETE_local: false peers { permanent_uuid: "577278d4942f4fb1937dcbe2d1e33af4" member_type: VOTER last_known_addr { host: "127.10.217.65" port: 43647 } } peers { permanent_uuid: "1c69d0bc08ea467f8bf50b55f251cc75" member_type: VOTER last_known_addr { host: "127.10.217.66" port: 39197 } } peers { permanent_uuid: "7d8b344c812942528306dcafce042002" member_type: VOTER last_known_addr { host: "127.10.217.67" port: 41751 } }
I20260710 13:19:58.222884 11926 ts_tablet_manager.cc:1434] T dff344fb910f416bb2fcc61cf8f6b0d5 P 1c69d0bc08ea467f8bf50b55f251cc75: Time spent starting tablet: real 0.006s	user 0.005s	sys 0.000s
I20260710 13:19:58.223065 11737 tablet_service.cc:1917] Received RequestConsensusVote() RPC: tablet_id: "07e0be6d44a84e6f874cb0798abb7148" candidate_uuid: "1c69d0bc08ea467f8bf50b55f251cc75" candidate_term: 1 candidate_status { last_received { term: 0 index: 0 } } ignore_live_leader: false dest_uuid: "577278d4942f4fb1937dcbe2d1e33af4" is_pre_election: true
I20260710 13:19:58.223824 11926 tablet_bootstrap.cc:492] T 78b7a64d66584deab457e382320bb154 P 1c69d0bc08ea467f8bf50b55f251cc75: Bootstrap starting.
I20260710 13:19:58.223924 11928 ts_tablet_manager.cc:1434] T 78b7a64d66584deab457e382320bb154 P 7d8b344c812942528306dcafce042002: Time spent starting tablet: real 0.012s	user 0.007s	sys 0.000s
W20260710 13:19:58.224566 11776 leader_election.cc:343] T 07e0be6d44a84e6f874cb0798abb7148 P 1c69d0bc08ea467f8bf50b55f251cc75 [CANDIDATE]: Term 1 pre-election: Tablet error from VoteRequest() call to peer 577278d4942f4fb1937dcbe2d1e33af4 (127.10.217.65:43647): Illegal state: must be running to vote when last-logged opid is not known
I20260710 13:19:58.224838 11928 tablet_bootstrap.cc:492] T 1e18424259a049c489309605b15fec17 P 7d8b344c812942528306dcafce042002: Bootstrap starting.
I20260710 13:19:58.226538 11927 consensus_queue.cc:260] T 2fa4ac8beb7a495c9698eefb92c3586b P 577278d4942f4fb1937dcbe2d1e33af4 [NON_LEADER]: Queue going to NON_LEADER mode. State: All replicated index: 0, Majority replicated index: 0, Committed index: 0, Last appended: 0.0, Last appended by leader: 0, Current term: 0, Majority size: -1, State: 0, Mode: NON_LEADER, active raft config: opid_index: -1 OBSOLETE_local: false peers { permanent_uuid: "577278d4942f4fb1937dcbe2d1e33af4" member_type: VOTER last_known_addr { host: "127.10.217.65" port: 43647 } } peers { permanent_uuid: "1c69d0bc08ea467f8bf50b55f251cc75" member_type: VOTER last_known_addr { host: "127.10.217.66" port: 39197 } } peers { permanent_uuid: "7d8b344c812942528306dcafce042002" member_type: VOTER last_known_addr { host: "127.10.217.67" port: 41751 } }
I20260710 13:19:58.229429 11926 tablet_bootstrap.cc:654] T 78b7a64d66584deab457e382320bb154 P 1c69d0bc08ea467f8bf50b55f251cc75: Neither blocks nor log segments found. Creating new log.
I20260710 13:19:58.229569 11885 tablet_service.cc:1917] Received RequestConsensusVote() RPC: tablet_id: "07e0be6d44a84e6f874cb0798abb7148" candidate_uuid: "1c69d0bc08ea467f8bf50b55f251cc75" candidate_term: 1 candidate_status { last_received { term: 0 index: 0 } } ignore_live_leader: false dest_uuid: "7d8b344c812942528306dcafce042002" is_pre_election: true
I20260710 13:19:58.230014 11928 tablet_bootstrap.cc:654] T 1e18424259a049c489309605b15fec17 P 7d8b344c812942528306dcafce042002: Neither blocks nor log segments found. Creating new log.
W20260710 13:19:58.231050 11777 leader_election.cc:343] T 07e0be6d44a84e6f874cb0798abb7148 P 1c69d0bc08ea467f8bf50b55f251cc75 [CANDIDATE]: Term 1 pre-election: Tablet error from VoteRequest() call to peer 7d8b344c812942528306dcafce042002 (127.10.217.67:41751): Illegal state: must be running to vote when last-logged opid is not known
I20260710 13:19:58.231501 11777 leader_election.cc:304] T 07e0be6d44a84e6f874cb0798abb7148 P 1c69d0bc08ea467f8bf50b55f251cc75 [CANDIDATE]: Term 1 pre-election: Election decided. Result: candidate lost. Election summary: received 3 responses out of 3 voters: 1 yes votes; 2 no votes. yes voters: 1c69d0bc08ea467f8bf50b55f251cc75; no voters: 577278d4942f4fb1937dcbe2d1e33af4, 7d8b344c812942528306dcafce042002
I20260710 13:19:58.232398 11956 raft_consensus.cc:2749] T 07e0be6d44a84e6f874cb0798abb7148 P 1c69d0bc08ea467f8bf50b55f251cc75 [term 0 FOLLOWER]: Leader pre-election lost for term 1. Reason: could not achieve majority
I20260710 13:19:58.237416 11927 ts_tablet_manager.cc:1434] T 2fa4ac8beb7a495c9698eefb92c3586b P 577278d4942f4fb1937dcbe2d1e33af4: Time spent starting tablet: real 0.023s	user 0.000s	sys 0.006s
I20260710 13:19:58.238698 11928 tablet_bootstrap.cc:492] T 1e18424259a049c489309605b15fec17 P 7d8b344c812942528306dcafce042002: No bootstrap required, opened a new log
I20260710 13:19:58.239180 11928 ts_tablet_manager.cc:1403] T 1e18424259a049c489309605b15fec17 P 7d8b344c812942528306dcafce042002: Time spent bootstrapping tablet: real 0.015s	user 0.005s	sys 0.007s
I20260710 13:19:58.239105 11965 leader_election.cc:290] T 07e0be6d44a84e6f874cb0798abb7148 P 1c69d0bc08ea467f8bf50b55f251cc75 [CANDIDATE]: Term 1 pre-election: Requested pre-vote from peers 577278d4942f4fb1937dcbe2d1e33af4 (127.10.217.65:43647), 7d8b344c812942528306dcafce042002 (127.10.217.67:41751)
I20260710 13:19:58.241966 11928 raft_consensus.cc:359] T 1e18424259a049c489309605b15fec17 P 7d8b344c812942528306dcafce042002 [term 0 FOLLOWER]: Replica starting. Triggering 0 pending ops. Active config: opid_index: -1 OBSOLETE_local: false peers { permanent_uuid: "577278d4942f4fb1937dcbe2d1e33af4" member_type: VOTER last_known_addr { host: "127.10.217.65" port: 43647 } } peers { permanent_uuid: "1c69d0bc08ea467f8bf50b55f251cc75" member_type: VOTER last_known_addr { host: "127.10.217.66" port: 39197 } } peers { permanent_uuid: "7d8b344c812942528306dcafce042002" member_type: VOTER last_known_addr { host: "127.10.217.67" port: 41751 } }
I20260710 13:19:58.242714 11928 raft_consensus.cc:385] T 1e18424259a049c489309605b15fec17 P 7d8b344c812942528306dcafce042002 [term 0 FOLLOWER]: Consensus starting up: Expiring failure detector timer to make a prompt election more likely
I20260710 13:19:58.242988 11928 raft_consensus.cc:740] T 1e18424259a049c489309605b15fec17 P 7d8b344c812942528306dcafce042002 [term 0 FOLLOWER]: Becoming Follower/Learner. State: Replica: 7d8b344c812942528306dcafce042002, State: Initialized, Role: FOLLOWER
I20260710 13:19:58.243561 11927 tablet_bootstrap.cc:492] T 78b7a64d66584deab457e382320bb154 P 577278d4942f4fb1937dcbe2d1e33af4: Bootstrap starting.
I20260710 13:19:58.245138 11928 consensus_queue.cc:260] T 1e18424259a049c489309605b15fec17 P 7d8b344c812942528306dcafce042002 [NON_LEADER]: Queue going to NON_LEADER mode. State: All replicated index: 0, Majority replicated index: 0, Committed index: 0, Last appended: 0.0, Last appended by leader: 0, Current term: 0, Majority size: -1, State: 0, Mode: NON_LEADER, active raft config: opid_index: -1 OBSOLETE_local: false peers { permanent_uuid: "577278d4942f4fb1937dcbe2d1e33af4" member_type: VOTER last_known_addr { host: "127.10.217.65" port: 43647 } } peers { permanent_uuid: "1c69d0bc08ea467f8bf50b55f251cc75" member_type: VOTER last_known_addr { host: "127.10.217.66" port: 39197 } } peers { permanent_uuid: "7d8b344c812942528306dcafce042002" member_type: VOTER last_known_addr { host: "127.10.217.67" port: 41751 } }
I20260710 13:19:58.246160 11926 tablet_bootstrap.cc:492] T 78b7a64d66584deab457e382320bb154 P 1c69d0bc08ea467f8bf50b55f251cc75: No bootstrap required, opened a new log
I20260710 13:19:58.246605 11926 ts_tablet_manager.cc:1403] T 78b7a64d66584deab457e382320bb154 P 1c69d0bc08ea467f8bf50b55f251cc75: Time spent bootstrapping tablet: real 0.023s	user 0.006s	sys 0.016s
I20260710 13:19:58.247416 11928 ts_tablet_manager.cc:1434] T 1e18424259a049c489309605b15fec17 P 7d8b344c812942528306dcafce042002: Time spent starting tablet: real 0.008s	user 0.006s	sys 0.000s
I20260710 13:19:58.248312 11928 tablet_bootstrap.cc:492] T 07e0be6d44a84e6f874cb0798abb7148 P 7d8b344c812942528306dcafce042002: Bootstrap starting.
I20260710 13:19:58.249168 11926 raft_consensus.cc:359] T 78b7a64d66584deab457e382320bb154 P 1c69d0bc08ea467f8bf50b55f251cc75 [term 0 FOLLOWER]: Replica starting. Triggering 0 pending ops. Active config: opid_index: -1 OBSOLETE_local: false peers { permanent_uuid: "577278d4942f4fb1937dcbe2d1e33af4" member_type: VOTER last_known_addr { host: "127.10.217.65" port: 43647 } } peers { permanent_uuid: "1c69d0bc08ea467f8bf50b55f251cc75" member_type: VOTER last_known_addr { host: "127.10.217.66" port: 39197 } } peers { permanent_uuid: "7d8b344c812942528306dcafce042002" member_type: VOTER last_known_addr { host: "127.10.217.67" port: 41751 } }
I20260710 13:19:58.249890 11926 raft_consensus.cc:385] T 78b7a64d66584deab457e382320bb154 P 1c69d0bc08ea467f8bf50b55f251cc75 [term 0 FOLLOWER]: Consensus starting up: Expiring failure detector timer to make a prompt election more likely
I20260710 13:19:58.250165 11926 raft_consensus.cc:740] T 78b7a64d66584deab457e382320bb154 P 1c69d0bc08ea467f8bf50b55f251cc75 [term 0 FOLLOWER]: Becoming Follower/Learner. State: Replica: 1c69d0bc08ea467f8bf50b55f251cc75, State: Initialized, Role: FOLLOWER
I20260710 13:19:58.250826 11926 consensus_queue.cc:260] T 78b7a64d66584deab457e382320bb154 P 1c69d0bc08ea467f8bf50b55f251cc75 [NON_LEADER]: Queue going to NON_LEADER mode. State: All replicated index: 0, Majority replicated index: 0, Committed index: 0, Last appended: 0.0, Last appended by leader: 0, Current term: 0, Majority size: -1, State: 0, Mode: NON_LEADER, active raft config: opid_index: -1 OBSOLETE_local: false peers { permanent_uuid: "577278d4942f4fb1937dcbe2d1e33af4" member_type: VOTER last_known_addr { host: "127.10.217.65" port: 43647 } } peers { permanent_uuid: "1c69d0bc08ea467f8bf50b55f251cc75" member_type: VOTER last_known_addr { host: "127.10.217.66" port: 39197 } } peers { permanent_uuid: "7d8b344c812942528306dcafce042002" member_type: VOTER last_known_addr { host: "127.10.217.67" port: 41751 } }
I20260710 13:19:58.251590 11927 tablet_bootstrap.cc:654] T 78b7a64d66584deab457e382320bb154 P 577278d4942f4fb1937dcbe2d1e33af4: Neither blocks nor log segments found. Creating new log.
I20260710 13:19:58.252925 11926 ts_tablet_manager.cc:1434] T 78b7a64d66584deab457e382320bb154 P 1c69d0bc08ea467f8bf50b55f251cc75: Time spent starting tablet: real 0.006s	user 0.006s	sys 0.000s
I20260710 13:19:58.253820 11926 tablet_bootstrap.cc:492] T ead02a1882554074ae40cb8c685c34db P 1c69d0bc08ea467f8bf50b55f251cc75: Bootstrap starting.
I20260710 13:19:58.254261 11928 tablet_bootstrap.cc:654] T 07e0be6d44a84e6f874cb0798abb7148 P 7d8b344c812942528306dcafce042002: Neither blocks nor log segments found. Creating new log.
I20260710 13:19:58.261709 11926 tablet_bootstrap.cc:654] T ead02a1882554074ae40cb8c685c34db P 1c69d0bc08ea467f8bf50b55f251cc75: Neither blocks nor log segments found. Creating new log.
I20260710 13:19:58.285964 11928 tablet_bootstrap.cc:492] T 07e0be6d44a84e6f874cb0798abb7148 P 7d8b344c812942528306dcafce042002: No bootstrap required, opened a new log
I20260710 13:19:58.286410 11927 tablet_bootstrap.cc:492] T 78b7a64d66584deab457e382320bb154 P 577278d4942f4fb1937dcbe2d1e33af4: No bootstrap required, opened a new log
I20260710 13:19:58.286496 11928 ts_tablet_manager.cc:1403] T 07e0be6d44a84e6f874cb0798abb7148 P 7d8b344c812942528306dcafce042002: Time spent bootstrapping tablet: real 0.038s	user 0.020s	sys 0.012s
I20260710 13:19:58.286896 11927 ts_tablet_manager.cc:1403] T 78b7a64d66584deab457e382320bb154 P 577278d4942f4fb1937dcbe2d1e33af4: Time spent bootstrapping tablet: real 0.044s	user 0.021s	sys 0.019s
I20260710 13:19:58.287498 11926 tablet_bootstrap.cc:492] T ead02a1882554074ae40cb8c685c34db P 1c69d0bc08ea467f8bf50b55f251cc75: No bootstrap required, opened a new log
I20260710 13:19:58.287932 11926 ts_tablet_manager.cc:1403] T ead02a1882554074ae40cb8c685c34db P 1c69d0bc08ea467f8bf50b55f251cc75: Time spent bootstrapping tablet: real 0.034s	user 0.013s	sys 0.017s
I20260710 13:19:58.289618 11927 raft_consensus.cc:359] T 78b7a64d66584deab457e382320bb154 P 577278d4942f4fb1937dcbe2d1e33af4 [term 0 FOLLOWER]: Replica starting. Triggering 0 pending ops. Active config: opid_index: -1 OBSOLETE_local: false peers { permanent_uuid: "577278d4942f4fb1937dcbe2d1e33af4" member_type: VOTER last_known_addr { host: "127.10.217.65" port: 43647 } } peers { permanent_uuid: "1c69d0bc08ea467f8bf50b55f251cc75" member_type: VOTER last_known_addr { host: "127.10.217.66" port: 39197 } } peers { permanent_uuid: "7d8b344c812942528306dcafce042002" member_type: VOTER last_known_addr { host: "127.10.217.67" port: 41751 } }
I20260710 13:19:58.289572 11928 raft_consensus.cc:359] T 07e0be6d44a84e6f874cb0798abb7148 P 7d8b344c812942528306dcafce042002 [term 0 FOLLOWER]: Replica starting. Triggering 0 pending ops. Active config: opid_index: -1 OBSOLETE_local: false peers { permanent_uuid: "577278d4942f4fb1937dcbe2d1e33af4" member_type: VOTER last_known_addr { host: "127.10.217.65" port: 43647 } } peers { permanent_uuid: "1c69d0bc08ea467f8bf50b55f251cc75" member_type: VOTER last_known_addr { host: "127.10.217.66" port: 39197 } } peers { permanent_uuid: "7d8b344c812942528306dcafce042002" member_type: VOTER last_known_addr { host: "127.10.217.67" port: 41751 } }
I20260710 13:19:58.290382 11927 raft_consensus.cc:385] T 78b7a64d66584deab457e382320bb154 P 577278d4942f4fb1937dcbe2d1e33af4 [term 0 FOLLOWER]: Consensus starting up: Expiring failure detector timer to make a prompt election more likely
I20260710 13:19:58.290443 11928 raft_consensus.cc:385] T 07e0be6d44a84e6f874cb0798abb7148 P 7d8b344c812942528306dcafce042002 [term 0 FOLLOWER]: Consensus starting up: Expiring failure detector timer to make a prompt election more likely
I20260710 13:19:58.290326 11926 raft_consensus.cc:359] T ead02a1882554074ae40cb8c685c34db P 1c69d0bc08ea467f8bf50b55f251cc75 [term 0 FOLLOWER]: Replica starting. Triggering 0 pending ops. Active config: opid_index: -1 OBSOLETE_local: false peers { permanent_uuid: "577278d4942f4fb1937dcbe2d1e33af4" member_type: VOTER last_known_addr { host: "127.10.217.65" port: 43647 } } peers { permanent_uuid: "1c69d0bc08ea467f8bf50b55f251cc75" member_type: VOTER last_known_addr { host: "127.10.217.66" port: 39197 } } peers { permanent_uuid: "7d8b344c812942528306dcafce042002" member_type: VOTER last_known_addr { host: "127.10.217.67" port: 41751 } }
I20260710 13:19:58.290874 11927 raft_consensus.cc:740] T 78b7a64d66584deab457e382320bb154 P 577278d4942f4fb1937dcbe2d1e33af4 [term 0 FOLLOWER]: Becoming Follower/Learner. State: Replica: 577278d4942f4fb1937dcbe2d1e33af4, State: Initialized, Role: FOLLOWER
I20260710 13:19:58.290962 11928 raft_consensus.cc:740] T 07e0be6d44a84e6f874cb0798abb7148 P 7d8b344c812942528306dcafce042002 [term 0 FOLLOWER]: Becoming Follower/Learner. State: Replica: 7d8b344c812942528306dcafce042002, State: Initialized, Role: FOLLOWER
I20260710 13:19:58.291141 11926 raft_consensus.cc:385] T ead02a1882554074ae40cb8c685c34db P 1c69d0bc08ea467f8bf50b55f251cc75 [term 0 FOLLOWER]: Consensus starting up: Expiring failure detector timer to make a prompt election more likely
I20260710 13:19:58.291433 11926 raft_consensus.cc:740] T ead02a1882554074ae40cb8c685c34db P 1c69d0bc08ea467f8bf50b55f251cc75 [term 0 FOLLOWER]: Becoming Follower/Learner. State: Replica: 1c69d0bc08ea467f8bf50b55f251cc75, State: Initialized, Role: FOLLOWER
I20260710 13:19:58.291873 11928 consensus_queue.cc:260] T 07e0be6d44a84e6f874cb0798abb7148 P 7d8b344c812942528306dcafce042002 [NON_LEADER]: Queue going to NON_LEADER mode. State: All replicated index: 0, Majority replicated index: 0, Committed index: 0, Last appended: 0.0, Last appended by leader: 0, Current term: 0, Majority size: -1, State: 0, Mode: NON_LEADER, active raft config: opid_index: -1 OBSOLETE_local: false peers { permanent_uuid: "577278d4942f4fb1937dcbe2d1e33af4" member_type: VOTER last_known_addr { host: "127.10.217.65" port: 43647 } } peers { permanent_uuid: "1c69d0bc08ea467f8bf50b55f251cc75" member_type: VOTER last_known_addr { host: "127.10.217.66" port: 39197 } } peers { permanent_uuid: "7d8b344c812942528306dcafce042002" member_type: VOTER last_known_addr { host: "127.10.217.67" port: 41751 } }
I20260710 13:19:58.291882 11927 consensus_queue.cc:260] T 78b7a64d66584deab457e382320bb154 P 577278d4942f4fb1937dcbe2d1e33af4 [NON_LEADER]: Queue going to NON_LEADER mode. State: All replicated index: 0, Majority replicated index: 0, Committed index: 0, Last appended: 0.0, Last appended by leader: 0, Current term: 0, Majority size: -1, State: 0, Mode: NON_LEADER, active raft config: opid_index: -1 OBSOLETE_local: false peers { permanent_uuid: "577278d4942f4fb1937dcbe2d1e33af4" member_type: VOTER last_known_addr { host: "127.10.217.65" port: 43647 } } peers { permanent_uuid: "1c69d0bc08ea467f8bf50b55f251cc75" member_type: VOTER last_known_addr { host: "127.10.217.66" port: 39197 } } peers { permanent_uuid: "7d8b344c812942528306dcafce042002" member_type: VOTER last_known_addr { host: "127.10.217.67" port: 41751 } }
I20260710 13:19:58.292186 11926 consensus_queue.cc:260] T ead02a1882554074ae40cb8c685c34db P 1c69d0bc08ea467f8bf50b55f251cc75 [NON_LEADER]: Queue going to NON_LEADER mode. State: All replicated index: 0, Majority replicated index: 0, Committed index: 0, Last appended: 0.0, Last appended by leader: 0, Current term: 0, Majority size: -1, State: 0, Mode: NON_LEADER, active raft config: opid_index: -1 OBSOLETE_local: false peers { permanent_uuid: "577278d4942f4fb1937dcbe2d1e33af4" member_type: VOTER last_known_addr { host: "127.10.217.65" port: 43647 } } peers { permanent_uuid: "1c69d0bc08ea467f8bf50b55f251cc75" member_type: VOTER last_known_addr { host: "127.10.217.66" port: 39197 } } peers { permanent_uuid: "7d8b344c812942528306dcafce042002" member_type: VOTER last_known_addr { host: "127.10.217.67" port: 41751 } }
I20260710 13:19:58.293735 11927 ts_tablet_manager.cc:1434] T 78b7a64d66584deab457e382320bb154 P 577278d4942f4fb1937dcbe2d1e33af4: Time spent starting tablet: real 0.006s	user 0.005s	sys 0.000s
I20260710 13:19:58.294872 11927 tablet_bootstrap.cc:492] T 07e0be6d44a84e6f874cb0798abb7148 P 577278d4942f4fb1937dcbe2d1e33af4: Bootstrap starting.
I20260710 13:19:58.296842 11926 ts_tablet_manager.cc:1434] T ead02a1882554074ae40cb8c685c34db P 1c69d0bc08ea467f8bf50b55f251cc75: Time spent starting tablet: real 0.009s	user 0.007s	sys 0.000s
I20260710 13:19:58.300920 11928 ts_tablet_manager.cc:1434] T 07e0be6d44a84e6f874cb0798abb7148 P 7d8b344c812942528306dcafce042002: Time spent starting tablet: real 0.014s	user 0.006s	sys 0.000s
I20260710 13:19:58.301136 11927 tablet_bootstrap.cc:654] T 07e0be6d44a84e6f874cb0798abb7148 P 577278d4942f4fb1937dcbe2d1e33af4: Neither blocks nor log segments found. Creating new log.
I20260710 13:19:58.309248 11927 tablet_bootstrap.cc:492] T 07e0be6d44a84e6f874cb0798abb7148 P 577278d4942f4fb1937dcbe2d1e33af4: No bootstrap required, opened a new log
I20260710 13:19:58.309736 11927 ts_tablet_manager.cc:1403] T 07e0be6d44a84e6f874cb0798abb7148 P 577278d4942f4fb1937dcbe2d1e33af4: Time spent bootstrapping tablet: real 0.015s	user 0.009s	sys 0.003s
I20260710 13:19:58.312693 11927 raft_consensus.cc:359] T 07e0be6d44a84e6f874cb0798abb7148 P 577278d4942f4fb1937dcbe2d1e33af4 [term 0 FOLLOWER]: Replica starting. Triggering 0 pending ops. Active config: opid_index: -1 OBSOLETE_local: false peers { permanent_uuid: "577278d4942f4fb1937dcbe2d1e33af4" member_type: VOTER last_known_addr { host: "127.10.217.65" port: 43647 } } peers { permanent_uuid: "1c69d0bc08ea467f8bf50b55f251cc75" member_type: VOTER last_known_addr { host: "127.10.217.66" port: 39197 } } peers { permanent_uuid: "7d8b344c812942528306dcafce042002" member_type: VOTER last_known_addr { host: "127.10.217.67" port: 41751 } }
I20260710 13:19:58.313423 11927 raft_consensus.cc:385] T 07e0be6d44a84e6f874cb0798abb7148 P 577278d4942f4fb1937dcbe2d1e33af4 [term 0 FOLLOWER]: Consensus starting up: Expiring failure detector timer to make a prompt election more likely
I20260710 13:19:58.313723 11927 raft_consensus.cc:740] T 07e0be6d44a84e6f874cb0798abb7148 P 577278d4942f4fb1937dcbe2d1e33af4 [term 0 FOLLOWER]: Becoming Follower/Learner. State: Replica: 577278d4942f4fb1937dcbe2d1e33af4, State: Initialized, Role: FOLLOWER
I20260710 13:19:58.314473 11927 consensus_queue.cc:260] T 07e0be6d44a84e6f874cb0798abb7148 P 577278d4942f4fb1937dcbe2d1e33af4 [NON_LEADER]: Queue going to NON_LEADER mode. State: All replicated index: 0, Majority replicated index: 0, Committed index: 0, Last appended: 0.0, Last appended by leader: 0, Current term: 0, Majority size: -1, State: 0, Mode: NON_LEADER, active raft config: opid_index: -1 OBSOLETE_local: false peers { permanent_uuid: "577278d4942f4fb1937dcbe2d1e33af4" member_type: VOTER last_known_addr { host: "127.10.217.65" port: 43647 } } peers { permanent_uuid: "1c69d0bc08ea467f8bf50b55f251cc75" member_type: VOTER last_known_addr { host: "127.10.217.66" port: 39197 } } peers { permanent_uuid: "7d8b344c812942528306dcafce042002" member_type: VOTER last_known_addr { host: "127.10.217.67" port: 41751 } }
I20260710 13:19:58.316648 11927 ts_tablet_manager.cc:1434] T 07e0be6d44a84e6f874cb0798abb7148 P 577278d4942f4fb1937dcbe2d1e33af4: Time spent starting tablet: real 0.007s	user 0.003s	sys 0.003s
I20260710 13:19:58.317615 11927 tablet_bootstrap.cc:492] T 6bc55aeb67334c37bb6c6376eb4be060 P 577278d4942f4fb1937dcbe2d1e33af4: Bootstrap starting.
I20260710 13:19:58.322347 11927 tablet_bootstrap.cc:654] T 6bc55aeb67334c37bb6c6376eb4be060 P 577278d4942f4fb1937dcbe2d1e33af4: Neither blocks nor log segments found. Creating new log.
I20260710 13:19:58.326860 11927 tablet_bootstrap.cc:492] T 6bc55aeb67334c37bb6c6376eb4be060 P 577278d4942f4fb1937dcbe2d1e33af4: No bootstrap required, opened a new log
I20260710 13:19:58.327252 11927 ts_tablet_manager.cc:1403] T 6bc55aeb67334c37bb6c6376eb4be060 P 577278d4942f4fb1937dcbe2d1e33af4: Time spent bootstrapping tablet: real 0.010s	user 0.009s	sys 0.000s
I20260710 13:19:58.329490 11927 raft_consensus.cc:359] T 6bc55aeb67334c37bb6c6376eb4be060 P 577278d4942f4fb1937dcbe2d1e33af4 [term 0 FOLLOWER]: Replica starting. Triggering 0 pending ops. Active config: opid_index: -1 OBSOLETE_local: false peers { permanent_uuid: "577278d4942f4fb1937dcbe2d1e33af4" member_type: VOTER last_known_addr { host: "127.10.217.65" port: 43647 } } peers { permanent_uuid: "1c69d0bc08ea467f8bf50b55f251cc75" member_type: VOTER last_known_addr { host: "127.10.217.66" port: 39197 } } peers { permanent_uuid: "7d8b344c812942528306dcafce042002" member_type: VOTER last_known_addr { host: "127.10.217.67" port: 41751 } }
I20260710 13:19:58.330193 11927 raft_consensus.cc:385] T 6bc55aeb67334c37bb6c6376eb4be060 P 577278d4942f4fb1937dcbe2d1e33af4 [term 0 FOLLOWER]: Consensus starting up: Expiring failure detector timer to make a prompt election more likely
I20260710 13:19:58.330494 11927 raft_consensus.cc:740] T 6bc55aeb67334c37bb6c6376eb4be060 P 577278d4942f4fb1937dcbe2d1e33af4 [term 0 FOLLOWER]: Becoming Follower/Learner. State: Replica: 577278d4942f4fb1937dcbe2d1e33af4, State: Initialized, Role: FOLLOWER
I20260710 13:19:58.331125 11927 consensus_queue.cc:260] T 6bc55aeb67334c37bb6c6376eb4be060 P 577278d4942f4fb1937dcbe2d1e33af4 [NON_LEADER]: Queue going to NON_LEADER mode. State: All replicated index: 0, Majority replicated index: 0, Committed index: 0, Last appended: 0.0, Last appended by leader: 0, Current term: 0, Majority size: -1, State: 0, Mode: NON_LEADER, active raft config: opid_index: -1 OBSOLETE_local: false peers { permanent_uuid: "577278d4942f4fb1937dcbe2d1e33af4" member_type: VOTER last_known_addr { host: "127.10.217.65" port: 43647 } } peers { permanent_uuid: "1c69d0bc08ea467f8bf50b55f251cc75" member_type: VOTER last_known_addr { host: "127.10.217.66" port: 39197 } } peers { permanent_uuid: "7d8b344c812942528306dcafce042002" member_type: VOTER last_known_addr { host: "127.10.217.67" port: 41751 } }
I20260710 13:19:58.331856 11965 consensus_queue.cc:1048] T 1e18424259a049c489309605b15fec17 P 1c69d0bc08ea467f8bf50b55f251cc75 [LEADER]: Connected to new peer: Peer: permanent_uuid: "577278d4942f4fb1937dcbe2d1e33af4" member_type: VOTER last_known_addr { host: "127.10.217.65" port: 43647 }, Status: LMP_MISMATCH, Last received: 0.0, Next index: 1, Last known committed idx: 0, Time since last communication: 0.000s
I20260710 13:19:58.333290 11927 ts_tablet_manager.cc:1434] T 6bc55aeb67334c37bb6c6376eb4be060 P 577278d4942f4fb1937dcbe2d1e33af4: Time spent starting tablet: real 0.006s	user 0.004s	sys 0.000s
I20260710 13:19:58.339372 11812 raft_consensus.cc:3060] T ead02a1882554074ae40cb8c685c34db P 1c69d0bc08ea467f8bf50b55f251cc75 [term 0 FOLLOWER]: Advancing to term 1
I20260710 13:19:58.352449 11935 consensus_queue.cc:1048] T ead02a1882554074ae40cb8c685c34db P 577278d4942f4fb1937dcbe2d1e33af4 [LEADER]: Connected to new peer: Peer: permanent_uuid: "1c69d0bc08ea467f8bf50b55f251cc75" member_type: VOTER last_known_addr { host: "127.10.217.66" port: 39197 }, Status: LMP_MISMATCH, Last received: 0.0, Next index: 1, Last known committed idx: 0, Time since last communication: 0.001s
I20260710 13:19:58.358093 11885 raft_consensus.cc:3060] T 1e18424259a049c489309605b15fec17 P 7d8b344c812942528306dcafce042002 [term 0 FOLLOWER]: Advancing to term 1
I20260710 13:19:58.367591 11986 consensus_queue.cc:1048] T 1e18424259a049c489309605b15fec17 P 1c69d0bc08ea467f8bf50b55f251cc75 [LEADER]: Connected to new peer: Peer: permanent_uuid: "7d8b344c812942528306dcafce042002" member_type: VOTER last_known_addr { host: "127.10.217.67" port: 41751 }, Status: LMP_MISMATCH, Last received: 0.0, Next index: 1, Last known committed idx: 0, Time since last communication: 0.001s
I20260710 13:19:58.375545 11988 consensus_queue.cc:1048] T ead02a1882554074ae40cb8c685c34db P 577278d4942f4fb1937dcbe2d1e33af4 [LEADER]: Connected to new peer: Peer: permanent_uuid: "7d8b344c812942528306dcafce042002" member_type: VOTER last_known_addr { host: "127.10.217.67" port: 41751 }, Status: LMP_MISMATCH, Last received: 0.0, Next index: 1, Last known committed idx: 0, Time since last communication: 0.000s
I20260710 13:19:58.439497 11988 consensus_queue.cc:1048] T dff344fb910f416bb2fcc61cf8f6b0d5 P 577278d4942f4fb1937dcbe2d1e33af4 [LEADER]: Connected to new peer: Peer: permanent_uuid: "7d8b344c812942528306dcafce042002" member_type: VOTER last_known_addr { host: "127.10.217.67" port: 41751 }, Status: LMP_MISMATCH, Last received: 0.0, Next index: 1, Last known committed idx: 0, Time since last communication: 0.000s
I20260710 13:19:58.441563 11952 raft_consensus.cc:493] T 774c58fcb9374db2b59e511d8e53b7f8 P 7d8b344c812942528306dcafce042002 [term 0 FOLLOWER]: Starting pre-election (no leader contacted us within the election timeout)
I20260710 13:19:58.442056 11952 raft_consensus.cc:515] T 774c58fcb9374db2b59e511d8e53b7f8 P 7d8b344c812942528306dcafce042002 [term 0 FOLLOWER]: Starting pre-election with config: opid_index: -1 OBSOLETE_local: false peers { permanent_uuid: "577278d4942f4fb1937dcbe2d1e33af4" member_type: VOTER last_known_addr { host: "127.10.217.65" port: 43647 } } peers { permanent_uuid: "1c69d0bc08ea467f8bf50b55f251cc75" member_type: VOTER last_known_addr { host: "127.10.217.66" port: 39197 } } peers { permanent_uuid: "7d8b344c812942528306dcafce042002" member_type: VOTER last_known_addr { host: "127.10.217.67" port: 41751 } }
I20260710 13:19:58.445225 11737 tablet_service.cc:1917] Received RequestConsensusVote() RPC: tablet_id: "774c58fcb9374db2b59e511d8e53b7f8" candidate_uuid: "7d8b344c812942528306dcafce042002" candidate_term: 1 candidate_status { last_received { term: 0 index: 0 } } ignore_live_leader: false dest_uuid: "577278d4942f4fb1937dcbe2d1e33af4" is_pre_election: true
I20260710 13:19:58.445602 11812 tablet_service.cc:1917] Received RequestConsensusVote() RPC: tablet_id: "774c58fcb9374db2b59e511d8e53b7f8" candidate_uuid: "7d8b344c812942528306dcafce042002" candidate_term: 1 candidate_status { last_received { term: 0 index: 0 } } ignore_live_leader: false dest_uuid: "1c69d0bc08ea467f8bf50b55f251cc75" is_pre_election: true
I20260710 13:19:58.446085 11737 raft_consensus.cc:2393] T 774c58fcb9374db2b59e511d8e53b7f8 P 577278d4942f4fb1937dcbe2d1e33af4 [term 1 FOLLOWER]: Leader pre-election vote request: Denying vote to candidate 7d8b344c812942528306dcafce042002 in current term 1: Already voted for candidate 1c69d0bc08ea467f8bf50b55f251cc75 in this term.
I20260710 13:19:58.445772 11952 leader_election.cc:290] T 774c58fcb9374db2b59e511d8e53b7f8 P 7d8b344c812942528306dcafce042002 [CANDIDATE]: Term 1 pre-election: Requested pre-vote from peers 577278d4942f4fb1937dcbe2d1e33af4 (127.10.217.65:43647), 1c69d0bc08ea467f8bf50b55f251cc75 (127.10.217.66:39197)
I20260710 13:19:58.447358 11850 leader_election.cc:304] T 774c58fcb9374db2b59e511d8e53b7f8 P 7d8b344c812942528306dcafce042002 [CANDIDATE]: Term 1 pre-election: Election decided. Result: candidate lost. Election summary: received 3 responses out of 3 voters: 1 yes votes; 2 no votes. yes voters: 7d8b344c812942528306dcafce042002; no voters: 1c69d0bc08ea467f8bf50b55f251cc75, 577278d4942f4fb1937dcbe2d1e33af4
I20260710 13:19:58.448457 11952 raft_consensus.cc:3060] T 774c58fcb9374db2b59e511d8e53b7f8 P 7d8b344c812942528306dcafce042002 [term 0 FOLLOWER]: Advancing to term 1
I20260710 13:19:58.450736 11812 raft_consensus.cc:3060] T dff344fb910f416bb2fcc61cf8f6b0d5 P 1c69d0bc08ea467f8bf50b55f251cc75 [term 0 FOLLOWER]: Advancing to term 1
I20260710 13:19:58.457706 11952 raft_consensus.cc:2749] T 774c58fcb9374db2b59e511d8e53b7f8 P 7d8b344c812942528306dcafce042002 [term 1 FOLLOWER]: Leader pre-election lost for term 1. Reason: could not achieve majority
I20260710 13:19:58.459744 11988 consensus_queue.cc:1048] T dff344fb910f416bb2fcc61cf8f6b0d5 P 577278d4942f4fb1937dcbe2d1e33af4 [LEADER]: Connected to new peer: Peer: permanent_uuid: "1c69d0bc08ea467f8bf50b55f251cc75" member_type: VOTER last_known_addr { host: "127.10.217.66" port: 39197 }, Status: LMP_MISMATCH, Last received: 0.0, Next index: 1, Last known committed idx: 0, Time since last communication: 0.000s
I20260710 13:19:58.469583 11986 raft_consensus.cc:493] T 2fa4ac8beb7a495c9698eefb92c3586b P 1c69d0bc08ea467f8bf50b55f251cc75 [term 0 FOLLOWER]: Starting pre-election (no leader contacted us within the election timeout)
I20260710 13:19:58.470127 11986 raft_consensus.cc:515] T 2fa4ac8beb7a495c9698eefb92c3586b P 1c69d0bc08ea467f8bf50b55f251cc75 [term 0 FOLLOWER]: Starting pre-election with config: opid_index: -1 OBSOLETE_local: false peers { permanent_uuid: "577278d4942f4fb1937dcbe2d1e33af4" member_type: VOTER last_known_addr { host: "127.10.217.65" port: 43647 } } peers { permanent_uuid: "1c69d0bc08ea467f8bf50b55f251cc75" member_type: VOTER last_known_addr { host: "127.10.217.66" port: 39197 } } peers { permanent_uuid: "7d8b344c812942528306dcafce042002" member_type: VOTER last_known_addr { host: "127.10.217.67" port: 41751 } }
I20260710 13:19:58.472501 11986 leader_election.cc:290] T 2fa4ac8beb7a495c9698eefb92c3586b P 1c69d0bc08ea467f8bf50b55f251cc75 [CANDIDATE]: Term 1 pre-election: Requested pre-vote from peers 577278d4942f4fb1937dcbe2d1e33af4 (127.10.217.65:43647), 7d8b344c812942528306dcafce042002 (127.10.217.67:41751)
I20260710 13:19:58.473296 11737 tablet_service.cc:1917] Received RequestConsensusVote() RPC: tablet_id: "2fa4ac8beb7a495c9698eefb92c3586b" candidate_uuid: "1c69d0bc08ea467f8bf50b55f251cc75" candidate_term: 1 candidate_status { last_received { term: 0 index: 0 } } ignore_live_leader: false dest_uuid: "577278d4942f4fb1937dcbe2d1e33af4" is_pre_election: true
I20260710 13:19:58.473935 11737 raft_consensus.cc:2468] T 2fa4ac8beb7a495c9698eefb92c3586b P 577278d4942f4fb1937dcbe2d1e33af4 [term 0 FOLLOWER]: Leader pre-election vote request: Granting yes vote for candidate 1c69d0bc08ea467f8bf50b55f251cc75 in term 0.
I20260710 13:19:58.473974 11886 tablet_service.cc:1917] Received RequestConsensusVote() RPC: tablet_id: "2fa4ac8beb7a495c9698eefb92c3586b" candidate_uuid: "1c69d0bc08ea467f8bf50b55f251cc75" candidate_term: 1 candidate_status { last_received { term: 0 index: 0 } } ignore_live_leader: false dest_uuid: "7d8b344c812942528306dcafce042002" is_pre_election: true
I20260710 13:19:58.474763 11886 raft_consensus.cc:2468] T 2fa4ac8beb7a495c9698eefb92c3586b P 7d8b344c812942528306dcafce042002 [term 0 FOLLOWER]: Leader pre-election vote request: Granting yes vote for candidate 1c69d0bc08ea467f8bf50b55f251cc75 in term 0.
I20260710 13:19:58.475169 11776 leader_election.cc:304] T 2fa4ac8beb7a495c9698eefb92c3586b P 1c69d0bc08ea467f8bf50b55f251cc75 [CANDIDATE]: Term 1 pre-election: Election decided. Result: candidate won. Election summary: received 2 responses out of 3 voters: 2 yes votes; 0 no votes. yes voters: 1c69d0bc08ea467f8bf50b55f251cc75, 577278d4942f4fb1937dcbe2d1e33af4; no voters: 
I20260710 13:19:58.476028 11986 raft_consensus.cc:2804] T 2fa4ac8beb7a495c9698eefb92c3586b P 1c69d0bc08ea467f8bf50b55f251cc75 [term 0 FOLLOWER]: Leader pre-election won for term 1
I20260710 13:19:58.476351 11986 raft_consensus.cc:493] T 2fa4ac8beb7a495c9698eefb92c3586b P 1c69d0bc08ea467f8bf50b55f251cc75 [term 0 FOLLOWER]: Starting leader election (no leader contacted us within the election timeout)
I20260710 13:19:58.476672 11986 raft_consensus.cc:3060] T 2fa4ac8beb7a495c9698eefb92c3586b P 1c69d0bc08ea467f8bf50b55f251cc75 [term 0 FOLLOWER]: Advancing to term 1
I20260710 13:19:58.482023 11986 raft_consensus.cc:515] T 2fa4ac8beb7a495c9698eefb92c3586b P 1c69d0bc08ea467f8bf50b55f251cc75 [term 1 FOLLOWER]: Starting leader election with config: opid_index: -1 OBSOLETE_local: false peers { permanent_uuid: "577278d4942f4fb1937dcbe2d1e33af4" member_type: VOTER last_known_addr { host: "127.10.217.65" port: 43647 } } peers { permanent_uuid: "1c69d0bc08ea467f8bf50b55f251cc75" member_type: VOTER last_known_addr { host: "127.10.217.66" port: 39197 } } peers { permanent_uuid: "7d8b344c812942528306dcafce042002" member_type: VOTER last_known_addr { host: "127.10.217.67" port: 41751 } }
I20260710 13:19:58.483886 11986 leader_election.cc:290] T 2fa4ac8beb7a495c9698eefb92c3586b P 1c69d0bc08ea467f8bf50b55f251cc75 [CANDIDATE]: Term 1 election: Requested vote from peers 577278d4942f4fb1937dcbe2d1e33af4 (127.10.217.65:43647), 7d8b344c812942528306dcafce042002 (127.10.217.67:41751)
I20260710 13:19:58.484658 11737 tablet_service.cc:1917] Received RequestConsensusVote() RPC: tablet_id: "2fa4ac8beb7a495c9698eefb92c3586b" candidate_uuid: "1c69d0bc08ea467f8bf50b55f251cc75" candidate_term: 1 candidate_status { last_received { term: 0 index: 0 } } ignore_live_leader: false dest_uuid: "577278d4942f4fb1937dcbe2d1e33af4"
I20260710 13:19:58.484869 11886 tablet_service.cc:1917] Received RequestConsensusVote() RPC: tablet_id: "2fa4ac8beb7a495c9698eefb92c3586b" candidate_uuid: "1c69d0bc08ea467f8bf50b55f251cc75" candidate_term: 1 candidate_status { last_received { term: 0 index: 0 } } ignore_live_leader: false dest_uuid: "7d8b344c812942528306dcafce042002"
I20260710 13:19:58.485183 11737 raft_consensus.cc:3060] T 2fa4ac8beb7a495c9698eefb92c3586b P 577278d4942f4fb1937dcbe2d1e33af4 [term 0 FOLLOWER]: Advancing to term 1
I20260710 13:19:58.485428 11886 raft_consensus.cc:3060] T 2fa4ac8beb7a495c9698eefb92c3586b P 7d8b344c812942528306dcafce042002 [term 0 FOLLOWER]: Advancing to term 1
I20260710 13:19:58.490068 11737 raft_consensus.cc:2468] T 2fa4ac8beb7a495c9698eefb92c3586b P 577278d4942f4fb1937dcbe2d1e33af4 [term 1 FOLLOWER]: Leader election vote request: Granting yes vote for candidate 1c69d0bc08ea467f8bf50b55f251cc75 in term 1.
I20260710 13:19:58.490198 11886 raft_consensus.cc:2468] T 2fa4ac8beb7a495c9698eefb92c3586b P 7d8b344c812942528306dcafce042002 [term 1 FOLLOWER]: Leader election vote request: Granting yes vote for candidate 1c69d0bc08ea467f8bf50b55f251cc75 in term 1.
I20260710 13:19:58.491246 11776 leader_election.cc:304] T 2fa4ac8beb7a495c9698eefb92c3586b P 1c69d0bc08ea467f8bf50b55f251cc75 [CANDIDATE]: Term 1 election: Election decided. Result: candidate won. Election summary: received 2 responses out of 3 voters: 2 yes votes; 0 no votes. yes voters: 1c69d0bc08ea467f8bf50b55f251cc75, 577278d4942f4fb1937dcbe2d1e33af4; no voters: 
I20260710 13:19:58.491947 11986 raft_consensus.cc:2804] T 2fa4ac8beb7a495c9698eefb92c3586b P 1c69d0bc08ea467f8bf50b55f251cc75 [term 1 FOLLOWER]: Leader election won for term 1
I20260710 13:19:58.492448 11986 raft_consensus.cc:697] T 2fa4ac8beb7a495c9698eefb92c3586b P 1c69d0bc08ea467f8bf50b55f251cc75 [term 1 LEADER]: Becoming Leader. State: Replica: 1c69d0bc08ea467f8bf50b55f251cc75, State: Running, Role: LEADER
I20260710 13:19:58.493250 11986 consensus_queue.cc:237] T 2fa4ac8beb7a495c9698eefb92c3586b P 1c69d0bc08ea467f8bf50b55f251cc75 [LEADER]: Queue going to LEADER mode. State: All replicated index: 0, Majority replicated index: 0, Committed index: 0, Last appended: 0.0, Last appended by leader: 0, Current term: 1, Majority size: 2, State: 0, Mode: LEADER, active raft config: opid_index: -1 OBSOLETE_local: false peers { permanent_uuid: "577278d4942f4fb1937dcbe2d1e33af4" member_type: VOTER last_known_addr { host: "127.10.217.65" port: 43647 } } peers { permanent_uuid: "1c69d0bc08ea467f8bf50b55f251cc75" member_type: VOTER last_known_addr { host: "127.10.217.66" port: 39197 } } peers { permanent_uuid: "7d8b344c812942528306dcafce042002" member_type: VOTER last_known_addr { host: "127.10.217.67" port: 41751 } }
I20260710 13:19:58.500294 11632 catalog_manager.cc:5697] T 2fa4ac8beb7a495c9698eefb92c3586b P 1c69d0bc08ea467f8bf50b55f251cc75 reported cstate change: term changed from 0 to 1, leader changed from <none> to 1c69d0bc08ea467f8bf50b55f251cc75 (127.10.217.66). New cstate: current_term: 1 leader_uuid: "1c69d0bc08ea467f8bf50b55f251cc75" committed_config { opid_index: -1 OBSOLETE_local: false peers { permanent_uuid: "577278d4942f4fb1937dcbe2d1e33af4" member_type: VOTER last_known_addr { host: "127.10.217.65" port: 43647 } health_report { overall_health: UNKNOWN } } peers { permanent_uuid: "1c69d0bc08ea467f8bf50b55f251cc75" member_type: VOTER last_known_addr { host: "127.10.217.66" port: 39197 } health_report { overall_health: HEALTHY } } peers { permanent_uuid: "7d8b344c812942528306dcafce042002" member_type: VOTER last_known_addr { host: "127.10.217.67" port: 41751 } health_report { overall_health: UNKNOWN } } }
I20260710 13:19:58.505517 11986 consensus_queue.cc:1048] T 774c58fcb9374db2b59e511d8e53b7f8 P 1c69d0bc08ea467f8bf50b55f251cc75 [LEADER]: Connected to new peer: Peer: permanent_uuid: "577278d4942f4fb1937dcbe2d1e33af4" member_type: VOTER last_known_addr { host: "127.10.217.65" port: 43647 }, Status: LMP_MISMATCH, Last received: 0.0, Next index: 1, Last known committed idx: 0, Time since last communication: 0.000s
I20260710 13:19:58.507625 11952 raft_consensus.cc:493] T 78b7a64d66584deab457e382320bb154 P 7d8b344c812942528306dcafce042002 [term 0 FOLLOWER]: Starting pre-election (no leader contacted us within the election timeout)
I20260710 13:19:58.508284 11952 raft_consensus.cc:515] T 78b7a64d66584deab457e382320bb154 P 7d8b344c812942528306dcafce042002 [term 0 FOLLOWER]: Starting pre-election with config: opid_index: -1 OBSOLETE_local: false peers { permanent_uuid: "577278d4942f4fb1937dcbe2d1e33af4" member_type: VOTER last_known_addr { host: "127.10.217.65" port: 43647 } } peers { permanent_uuid: "1c69d0bc08ea467f8bf50b55f251cc75" member_type: VOTER last_known_addr { host: "127.10.217.66" port: 39197 } } peers { permanent_uuid: "7d8b344c812942528306dcafce042002" member_type: VOTER last_known_addr { host: "127.10.217.67" port: 41751 } }
I20260710 13:19:58.510066 11933 raft_consensus.cc:493] T 6bc55aeb67334c37bb6c6376eb4be060 P 7d8b344c812942528306dcafce042002 [term 0 FOLLOWER]: Starting pre-election (no leader contacted us within the election timeout)
I20260710 13:19:58.510650 11933 raft_consensus.cc:515] T 6bc55aeb67334c37bb6c6376eb4be060 P 7d8b344c812942528306dcafce042002 [term 0 FOLLOWER]: Starting pre-election with config: opid_index: -1 OBSOLETE_local: false peers { permanent_uuid: "577278d4942f4fb1937dcbe2d1e33af4" member_type: VOTER last_known_addr { host: "127.10.217.65" port: 43647 } } peers { permanent_uuid: "1c69d0bc08ea467f8bf50b55f251cc75" member_type: VOTER last_known_addr { host: "127.10.217.66" port: 39197 } } peers { permanent_uuid: "7d8b344c812942528306dcafce042002" member_type: VOTER last_known_addr { host: "127.10.217.67" port: 41751 } }
I20260710 13:19:58.512056 11812 tablet_service.cc:1917] Received RequestConsensusVote() RPC: tablet_id: "78b7a64d66584deab457e382320bb154" candidate_uuid: "7d8b344c812942528306dcafce042002" candidate_term: 1 candidate_status { last_received { term: 0 index: 0 } } ignore_live_leader: false dest_uuid: "1c69d0bc08ea467f8bf50b55f251cc75" is_pre_election: true
I20260710 13:19:58.512768 11812 raft_consensus.cc:2468] T 78b7a64d66584deab457e382320bb154 P 1c69d0bc08ea467f8bf50b55f251cc75 [term 0 FOLLOWER]: Leader pre-election vote request: Granting yes vote for candidate 7d8b344c812942528306dcafce042002 in term 0.
I20260710 13:19:58.512912 11933 leader_election.cc:290] T 6bc55aeb67334c37bb6c6376eb4be060 P 7d8b344c812942528306dcafce042002 [CANDIDATE]: Term 1 pre-election: Requested pre-vote from peers 577278d4942f4fb1937dcbe2d1e33af4 (127.10.217.65:43647), 1c69d0bc08ea467f8bf50b55f251cc75 (127.10.217.66:39197)
