I20260710 13:20:08.389385 17485 catalog_manager.cc:5697] T 1a3efa0e2805446d93f979e00f436733 P 55d89277cd4c4ef59bebc57453da9a82 reported cstate change: config changed from index 3 to 4, VOTER 8a2029523b334704ad9490d03d5a0169 (127.16.20.66) evicted. New cstate: current_term: 1 leader_uuid: "685bc413083a4fe7be8fc36077a6e4ce" committed_config { opid_index: 4 OBSOLETE_local: false peers { permanent_uuid: "5b051976434b49a9995995eb11b8462e" member_type: VOTER last_known_addr { host: "127.16.20.65" port: 34407 } } peers { permanent_uuid: "685bc413083a4fe7be8fc36077a6e4ce" member_type: VOTER last_known_addr { host: "127.16.20.67" port: 38297 } } peers { permanent_uuid: "55d89277cd4c4ef59bebc57453da9a82" member_type: VOTER last_known_addr { host: "127.16.20.68" port: 41459 } attrs { promote: false } } }
I20260710 13:20:08.393136 18009 raft_consensus.cc:2955] T 94ab4c1af029444d88c5cda186da78b0 P 55d89277cd4c4ef59bebc57453da9a82 [term 1 FOLLOWER]: Committing config change with OpId 1.4: config changed from index 3 to 4, VOTER 5b051976434b49a9995995eb11b8462e (127.16.20.65) evicted. New config: { opid_index: 4 OBSOLETE_local: false peers { permanent_uuid: "8a2029523b334704ad9490d03d5a0169" member_type: VOTER last_known_addr { host: "127.16.20.66" port: 41935 } } peers { permanent_uuid: "685bc413083a4fe7be8fc36077a6e4ce" member_type: VOTER last_known_addr { host: "127.16.20.67" port: 38297 } } peers { permanent_uuid: "55d89277cd4c4ef59bebc57453da9a82" member_type: VOTER last_known_addr { host: "127.16.20.68" port: 41459 } attrs { promote: false } } }
I20260710 13:20:08.395854 17471 catalog_manager.cc:5210] ChangeConfig:REMOVE_PEER RPC for tablet 94ab4c1af029444d88c5cda186da78b0 with cas_config_opid_index 3: ChangeConfig:REMOVE_PEER succeeded (attempt 1)
I20260710 13:20:08.397416 17733 raft_consensus.cc:2955] T 94ab4c1af029444d88c5cda186da78b0 P 685bc413083a4fe7be8fc36077a6e4ce [term 1 FOLLOWER]: Committing config change with OpId 1.4: config changed from index 3 to 4, VOTER 5b051976434b49a9995995eb11b8462e (127.16.20.65) evicted. New config: { opid_index: 4 OBSOLETE_local: false peers { permanent_uuid: "8a2029523b334704ad9490d03d5a0169" member_type: VOTER last_known_addr { host: "127.16.20.66" port: 41935 } } peers { permanent_uuid: "685bc413083a4fe7be8fc36077a6e4ce" member_type: VOTER last_known_addr { host: "127.16.20.67" port: 38297 } } peers { permanent_uuid: "55d89277cd4c4ef59bebc57453da9a82" member_type: VOTER last_known_addr { host: "127.16.20.68" port: 41459 } attrs { promote: false } } }
I20260710 13:20:08.399821 17725 tablet_service.cc:1558] Processing DeleteTablet for tablet 969dd0f3fb4a43bca9041b65a10bb562 with delete_type TABLET_DATA_TOMBSTONED (TS 685bc413083a4fe7be8fc36077a6e4ce not found in new config with opid_index 4) from {username='slave'} at 127.0.0.1:41194
I20260710 13:20:08.404246 17649 tablet_service.cc:1558] Processing DeleteTablet for tablet 1a3efa0e2805446d93f979e00f436733 with delete_type TABLET_DATA_TOMBSTONED (TS 8a2029523b334704ad9490d03d5a0169 not found in new config with opid_index 4) from {username='slave'} at 127.0.0.1:38530
I20260710 13:20:08.409550 17482 catalog_manager.cc:5697] T 4c474ed074c4499cb3f598ee4ac17094 P 5b051976434b49a9995995eb11b8462e reported cstate change: config changed from index 3 to 4, VOTER 8a2029523b334704ad9490d03d5a0169 (127.16.20.66) evicted. New cstate: current_term: 1 leader_uuid: "5b051976434b49a9995995eb11b8462e" committed_config { opid_index: 4 OBSOLETE_local: false peers { permanent_uuid: "5b051976434b49a9995995eb11b8462e" member_type: VOTER last_known_addr { host: "127.16.20.65" port: 34407 } health_report { overall_health: HEALTHY } } peers { permanent_uuid: "685bc413083a4fe7be8fc36077a6e4ce" member_type: VOTER last_known_addr { host: "127.16.20.67" port: 38297 } health_report { overall_health: HEALTHY } } peers { permanent_uuid: "55d89277cd4c4ef59bebc57453da9a82" member_type: VOTER last_known_addr { host: "127.16.20.68" port: 41459 } attrs { promote: false } health_report { overall_health: HEALTHY } } }
I20260710 13:20:08.416678 18122 tablet_replica.cc:333] T 969dd0f3fb4a43bca9041b65a10bb562 P 685bc413083a4fe7be8fc36077a6e4ce: stopping tablet replica
I20260710 13:20:08.418045 18122 raft_consensus.cc:2243] T 969dd0f3fb4a43bca9041b65a10bb562 P 685bc413083a4fe7be8fc36077a6e4ce [term 1 FOLLOWER]: Raft consensus shutting down.
I20260710 13:20:08.420295 18123 tablet_replica.cc:333] T 1a3efa0e2805446d93f979e00f436733 P 8a2029523b334704ad9490d03d5a0169: stopping tablet replica
I20260710 13:20:08.421384 18123 raft_consensus.cc:2243] T 1a3efa0e2805446d93f979e00f436733 P 8a2029523b334704ad9490d03d5a0169 [term 1 FOLLOWER]: Raft consensus shutting down.
I20260710 13:20:08.422825 18122 raft_consensus.cc:2272] T 969dd0f3fb4a43bca9041b65a10bb562 P 685bc413083a4fe7be8fc36077a6e4ce [term 1 FOLLOWER]: Raft consensus is shut down!
I20260710 13:20:08.425321 18123 raft_consensus.cc:2272] T 1a3efa0e2805446d93f979e00f436733 P 8a2029523b334704ad9490d03d5a0169 [term 1 FOLLOWER]: Raft consensus is shut down!
I20260710 13:20:08.427537 18122 ts_tablet_manager.cc:1916] T 969dd0f3fb4a43bca9041b65a10bb562 P 685bc413083a4fe7be8fc36077a6e4ce: Deleting tablet data with delete state TABLET_DATA_TOMBSTONED
I20260710 13:20:08.432504 17483 catalog_manager.cc:5697] T 94ab4c1af029444d88c5cda186da78b0 P 8a2029523b334704ad9490d03d5a0169 reported cstate change: config changed from index 3 to 4, VOTER 5b051976434b49a9995995eb11b8462e (127.16.20.65) evicted. New cstate: current_term: 1 leader_uuid: "8a2029523b334704ad9490d03d5a0169" committed_config { opid_index: 4 OBSOLETE_local: false peers { permanent_uuid: "8a2029523b334704ad9490d03d5a0169" member_type: VOTER last_known_addr { host: "127.16.20.66" port: 41935 } health_report { overall_health: HEALTHY } } peers { permanent_uuid: "685bc413083a4fe7be8fc36077a6e4ce" member_type: VOTER last_known_addr { host: "127.16.20.67" port: 38297 } health_report { overall_health: HEALTHY } } peers { permanent_uuid: "55d89277cd4c4ef59bebc57453da9a82" member_type: VOTER last_known_addr { host: "127.16.20.68" port: 41459 } attrs { promote: false } health_report { overall_health: HEALTHY } } }
I20260710 13:20:08.432720 18123 ts_tablet_manager.cc:1916] T 1a3efa0e2805446d93f979e00f436733 P 8a2029523b334704ad9490d03d5a0169: Deleting tablet data with delete state TABLET_DATA_TOMBSTONED
I20260710 13:20:08.454562 17577 tablet_service.cc:1558] Processing DeleteTablet for tablet 94ab4c1af029444d88c5cda186da78b0 with delete_type TABLET_DATA_TOMBSTONED (TS 5b051976434b49a9995995eb11b8462e not found in new config with opid_index 4) from {username='slave'} at 127.0.0.1:41760
I20260710 13:20:08.455919 18123 ts_tablet_manager.cc:1929] T 1a3efa0e2805446d93f979e00f436733 P 8a2029523b334704ad9490d03d5a0169: tablet deleted with delete type TABLET_DATA_TOMBSTONED: last-logged OpId 1.3
I20260710 13:20:08.456508 18123 log.cc:1199] T 1a3efa0e2805446d93f979e00f436733 P 8a2029523b334704ad9490d03d5a0169: Deleting WAL directory at /tmp/dist-test-task9jBGkG/test-tmp/auto_leader_rebalancer-test.0.LeaderRebalancerTest.AddTserver.1783689577187165-16465-0/minicluster-data/ts-1-root/wals/1a3efa0e2805446d93f979e00f436733
I20260710 13:20:08.458348 17471 catalog_manager.cc:5028] TS 8a2029523b334704ad9490d03d5a0169 (127.16.20.66:41935): tablet 1a3efa0e2805446d93f979e00f436733 (table test-workload [id=ee61792caf05469d8dfb3f2217ee3764]) successfully deleted
I20260710 13:20:08.467243 18122 ts_tablet_manager.cc:1929] T 969dd0f3fb4a43bca9041b65a10bb562 P 685bc413083a4fe7be8fc36077a6e4ce: tablet deleted with delete type TABLET_DATA_TOMBSTONED: last-logged OpId 1.3
I20260710 13:20:08.467949 18122 log.cc:1199] T 969dd0f3fb4a43bca9041b65a10bb562 P 685bc413083a4fe7be8fc36077a6e4ce: Deleting WAL directory at /tmp/dist-test-task9jBGkG/test-tmp/auto_leader_rebalancer-test.0.LeaderRebalancerTest.AddTserver.1783689577187165-16465-0/minicluster-data/ts-2-root/wals/969dd0f3fb4a43bca9041b65a10bb562
I20260710 13:20:08.470157 17470 catalog_manager.cc:5028] TS 685bc413083a4fe7be8fc36077a6e4ce (127.16.20.67:38297): tablet 969dd0f3fb4a43bca9041b65a10bb562 (table test-workload [id=ee61792caf05469d8dfb3f2217ee3764]) successfully deleted
I20260710 13:20:08.470356 18124 tablet_replica.cc:333] T 94ab4c1af029444d88c5cda186da78b0 P 5b051976434b49a9995995eb11b8462e: stopping tablet replica
I20260710 13:20:08.473984 18124 raft_consensus.cc:2243] T 94ab4c1af029444d88c5cda186da78b0 P 5b051976434b49a9995995eb11b8462e [term 1 FOLLOWER]: Raft consensus shutting down.
I20260710 13:20:08.474630 18124 raft_consensus.cc:2272] T 94ab4c1af029444d88c5cda186da78b0 P 5b051976434b49a9995995eb11b8462e [term 1 FOLLOWER]: Raft consensus is shut down!
I20260710 13:20:08.476958 17649 tablet_service.cc:1558] Processing DeleteTablet for tablet 4c474ed074c4499cb3f598ee4ac17094 with delete_type TABLET_DATA_TOMBSTONED (TS 8a2029523b334704ad9490d03d5a0169 not found in new config with opid_index 4) from {username='slave'} at 127.0.0.1:38530
I20260710 13:20:08.478387 18123 tablet_replica.cc:333] T 4c474ed074c4499cb3f598ee4ac17094 P 8a2029523b334704ad9490d03d5a0169: stopping tablet replica
I20260710 13:20:08.479677 18123 raft_consensus.cc:2243] T 4c474ed074c4499cb3f598ee4ac17094 P 8a2029523b334704ad9490d03d5a0169 [term 1 FOLLOWER]: Raft consensus shutting down.
I20260710 13:20:08.479985 18124 ts_tablet_manager.cc:1916] T 94ab4c1af029444d88c5cda186da78b0 P 5b051976434b49a9995995eb11b8462e: Deleting tablet data with delete state TABLET_DATA_TOMBSTONED
I20260710 13:20:08.480602 18123 raft_consensus.cc:2272] T 4c474ed074c4499cb3f598ee4ac17094 P 8a2029523b334704ad9490d03d5a0169 [term 1 FOLLOWER]: Raft consensus is shut down!
I20260710 13:20:08.484416 18123 ts_tablet_manager.cc:1916] T 4c474ed074c4499cb3f598ee4ac17094 P 8a2029523b334704ad9490d03d5a0169: Deleting tablet data with delete state TABLET_DATA_TOMBSTONED
I20260710 13:20:08.497426 18124 ts_tablet_manager.cc:1929] T 94ab4c1af029444d88c5cda186da78b0 P 5b051976434b49a9995995eb11b8462e: tablet deleted with delete type TABLET_DATA_TOMBSTONED: last-logged OpId 1.3
I20260710 13:20:08.497982 18124 log.cc:1199] T 94ab4c1af029444d88c5cda186da78b0 P 5b051976434b49a9995995eb11b8462e: Deleting WAL directory at /tmp/dist-test-task9jBGkG/test-tmp/auto_leader_rebalancer-test.0.LeaderRebalancerTest.AddTserver.1783689577187165-16465-0/minicluster-data/ts-0-root/wals/94ab4c1af029444d88c5cda186da78b0
I20260710 13:20:08.499907 17469 catalog_manager.cc:5028] TS 5b051976434b49a9995995eb11b8462e (127.16.20.65:34407): tablet 94ab4c1af029444d88c5cda186da78b0 (table test-workload [id=ee61792caf05469d8dfb3f2217ee3764]) successfully deleted
I20260710 13:20:08.500811 18123 ts_tablet_manager.cc:1929] T 4c474ed074c4499cb3f598ee4ac17094 P 8a2029523b334704ad9490d03d5a0169: tablet deleted with delete type TABLET_DATA_TOMBSTONED: last-logged OpId 1.3
I20260710 13:20:08.501202 18123 log.cc:1199] T 4c474ed074c4499cb3f598ee4ac17094 P 8a2029523b334704ad9490d03d5a0169: Deleting WAL directory at /tmp/dist-test-task9jBGkG/test-tmp/auto_leader_rebalancer-test.0.LeaderRebalancerTest.AddTserver.1783689577187165-16465-0/minicluster-data/ts-1-root/wals/4c474ed074c4499cb3f598ee4ac17094
I20260710 13:20:08.502620 17471 catalog_manager.cc:5028] TS 8a2029523b334704ad9490d03d5a0169 (127.16.20.66:41935): tablet 4c474ed074c4499cb3f598ee4ac17094 (table test-workload [id=ee61792caf05469d8dfb3f2217ee3764]) successfully deleted
I20260710 13:20:09.508807 17662 consensus_queue.cc:237] T 58f571e533c7411aaf7500107a4839d6 P 8a2029523b334704ad9490d03d5a0169 [LEADER]: Queue going to LEADER mode. State: All replicated index: 0, Majority replicated index: 1, Committed index: 1, Last appended: 1.1, Last appended by leader: 0, Current term: 1, Majority size: 2, State: 0, Mode: LEADER, active raft config: opid_index: 2 OBSOLETE_local: false peers { permanent_uuid: "5b051976434b49a9995995eb11b8462e" member_type: VOTER last_known_addr { host: "127.16.20.65" port: 34407 } attrs { replace: true } } peers { permanent_uuid: "8a2029523b334704ad9490d03d5a0169" member_type: VOTER last_known_addr { host: "127.16.20.66" port: 41935 } } peers { permanent_uuid: "685bc413083a4fe7be8fc36077a6e4ce" member_type: VOTER last_known_addr { host: "127.16.20.67" port: 38297 } } peers { permanent_uuid: "55d89277cd4c4ef59bebc57453da9a82" member_type: NON_VOTER last_known_addr { host: "127.16.20.68" port: 41459 } attrs { promote: true } }
W20260710 13:20:09.514889 17627 consensus_peers.cc:597] T 58f571e533c7411aaf7500107a4839d6 P 8a2029523b334704ad9490d03d5a0169 -> Peer 55d89277cd4c4ef59bebc57453da9a82 (127.16.20.68:41459): Couldn't send request to peer 55d89277cd4c4ef59bebc57453da9a82. Error code: TABLET_NOT_FOUND (6). Status: Not found: Tablet not found: 58f571e533c7411aaf7500107a4839d6. This is attempt 1: this message will repeat every 5th retry.
I20260710 13:20:09.515292 17732 raft_consensus.cc:1275] T 58f571e533c7411aaf7500107a4839d6 P 685bc413083a4fe7be8fc36077a6e4ce [term 1 FOLLOWER]: Refusing update from remote peer 8a2029523b334704ad9490d03d5a0169: Log matching property violated. Preceding OpId in replica: term: 1 index: 1. Preceding OpId from leader: term: 1 index: 2. (index mismatch)
I20260710 13:20:09.515308 17584 raft_consensus.cc:1275] T 58f571e533c7411aaf7500107a4839d6 P 5b051976434b49a9995995eb11b8462e [term 1 FOLLOWER]: Refusing update from remote peer 8a2029523b334704ad9490d03d5a0169: Log matching property violated. Preceding OpId in replica: term: 1 index: 1. Preceding OpId from leader: term: 1 index: 2. (index mismatch)
I20260710 13:20:09.516644 18126 consensus_queue.cc:1048] T 58f571e533c7411aaf7500107a4839d6 P 8a2029523b334704ad9490d03d5a0169 [LEADER]: Connected to new peer: Peer: permanent_uuid: "685bc413083a4fe7be8fc36077a6e4ce" member_type: VOTER last_known_addr { host: "127.16.20.67" port: 38297 }, Status: LMP_MISMATCH, Last received: 0.0, Next index: 2, Last known committed idx: 1, Time since last communication: 0.000s
I20260710 13:20:09.517513 18127 consensus_queue.cc:1048] T 58f571e533c7411aaf7500107a4839d6 P 8a2029523b334704ad9490d03d5a0169 [LEADER]: Connected to new peer: Peer: permanent_uuid: "5b051976434b49a9995995eb11b8462e" member_type: VOTER last_known_addr { host: "127.16.20.65" port: 34407 } attrs { replace: true }, Status: LMP_MISMATCH, Last received: 0.0, Next index: 2, Last known committed idx: 1, Time since last communication: 0.000s
I20260710 13:20:09.524525 18126 raft_consensus.cc:2955] T 58f571e533c7411aaf7500107a4839d6 P 8a2029523b334704ad9490d03d5a0169 [term 1 LEADER]: Committing config change with OpId 1.2: config changed from index -1 to 2, NON_VOTER 55d89277cd4c4ef59bebc57453da9a82 (127.16.20.68) added. New config: { opid_index: 2 OBSOLETE_local: false peers { permanent_uuid: "5b051976434b49a9995995eb11b8462e" member_type: VOTER last_known_addr { host: "127.16.20.65" port: 34407 } attrs { replace: true } } peers { permanent_uuid: "8a2029523b334704ad9490d03d5a0169" member_type: VOTER last_known_addr { host: "127.16.20.66" port: 41935 } } peers { permanent_uuid: "685bc413083a4fe7be8fc36077a6e4ce" member_type: VOTER last_known_addr { host: "127.16.20.67" port: 38297 } } peers { permanent_uuid: "55d89277cd4c4ef59bebc57453da9a82" member_type: NON_VOTER last_known_addr { host: "127.16.20.68" port: 41459 } attrs { promote: true } } }
I20260710 13:20:09.527027 17584 raft_consensus.cc:2955] T 58f571e533c7411aaf7500107a4839d6 P 5b051976434b49a9995995eb11b8462e [term 1 FOLLOWER]: Committing config change with OpId 1.2: config changed from index -1 to 2, NON_VOTER 55d89277cd4c4ef59bebc57453da9a82 (127.16.20.68) added. New config: { opid_index: 2 OBSOLETE_local: false peers { permanent_uuid: "5b051976434b49a9995995eb11b8462e" member_type: VOTER last_known_addr { host: "127.16.20.65" port: 34407 } attrs { replace: true } } peers { permanent_uuid: "8a2029523b334704ad9490d03d5a0169" member_type: VOTER last_known_addr { host: "127.16.20.66" port: 41935 } } peers { permanent_uuid: "685bc413083a4fe7be8fc36077a6e4ce" member_type: VOTER last_known_addr { host: "127.16.20.67" port: 38297 } } peers { permanent_uuid: "55d89277cd4c4ef59bebc57453da9a82" member_type: NON_VOTER last_known_addr { host: "127.16.20.68" port: 41459 } attrs { promote: true } } }
I20260710 13:20:09.528012 17732 raft_consensus.cc:2955] T 58f571e533c7411aaf7500107a4839d6 P 685bc413083a4fe7be8fc36077a6e4ce [term 1 FOLLOWER]: Committing config change with OpId 1.2: config changed from index -1 to 2, NON_VOTER 55d89277cd4c4ef59bebc57453da9a82 (127.16.20.68) added. New config: { opid_index: 2 OBSOLETE_local: false peers { permanent_uuid: "5b051976434b49a9995995eb11b8462e" member_type: VOTER last_known_addr { host: "127.16.20.65" port: 34407 } attrs { replace: true } } peers { permanent_uuid: "8a2029523b334704ad9490d03d5a0169" member_type: VOTER last_known_addr { host: "127.16.20.66" port: 41935 } } peers { permanent_uuid: "685bc413083a4fe7be8fc36077a6e4ce" member_type: VOTER last_known_addr { host: "127.16.20.67" port: 38297 } } peers { permanent_uuid: "55d89277cd4c4ef59bebc57453da9a82" member_type: NON_VOTER last_known_addr { host: "127.16.20.68" port: 41459 } attrs { promote: true } } }
I20260710 13:20:09.539150 17586 consensus_queue.cc:237] T a3441663055f4edbbf3e3a859c672827 P 5b051976434b49a9995995eb11b8462e [LEADER]: Queue going to LEADER mode. State: All replicated index: 0, Majority replicated index: 1, Committed index: 1, Last appended: 1.1, Last appended by leader: 0, Current term: 1, Majority size: 2, State: 0, Mode: LEADER, active raft config: opid_index: 2 OBSOLETE_local: false peers { permanent_uuid: "5b051976434b49a9995995eb11b8462e" member_type: VOTER last_known_addr { host: "127.16.20.65" port: 34407 } } peers { permanent_uuid: "8a2029523b334704ad9490d03d5a0169" member_type: VOTER last_known_addr { host: "127.16.20.66" port: 41935 } } peers { permanent_uuid: "685bc413083a4fe7be8fc36077a6e4ce" member_type: VOTER last_known_addr { host: "127.16.20.67" port: 38297 } attrs { replace: true } } peers { permanent_uuid: "55d89277cd4c4ef59bebc57453da9a82" member_type: NON_VOTER last_known_addr { host: "127.16.20.68" port: 41459 } attrs { promote: true } }
I20260710 13:20:09.539361 17482 catalog_manager.cc:5697] T 58f571e533c7411aaf7500107a4839d6 P 685bc413083a4fe7be8fc36077a6e4ce reported cstate change: config changed from index -1 to 2, NON_VOTER 55d89277cd4c4ef59bebc57453da9a82 (127.16.20.68) added. New cstate: current_term: 1 leader_uuid: "8a2029523b334704ad9490d03d5a0169" committed_config { opid_index: 2 OBSOLETE_local: false peers { permanent_uuid: "5b051976434b49a9995995eb11b8462e" member_type: VOTER last_known_addr { host: "127.16.20.65" port: 34407 } attrs { replace: true } } peers { permanent_uuid: "8a2029523b334704ad9490d03d5a0169" member_type: VOTER last_known_addr { host: "127.16.20.66" port: 41935 } } peers { permanent_uuid: "685bc413083a4fe7be8fc36077a6e4ce" member_type: VOTER last_known_addr { host: "127.16.20.67" port: 38297 } } peers { permanent_uuid: "55d89277cd4c4ef59bebc57453da9a82" member_type: NON_VOTER last_known_addr { host: "127.16.20.68" port: 41459 } attrs { promote: true } } }
I20260710 13:20:09.547065 17732 raft_consensus.cc:1275] T a3441663055f4edbbf3e3a859c672827 P 685bc413083a4fe7be8fc36077a6e4ce [term 1 FOLLOWER]: Refusing update from remote peer 5b051976434b49a9995995eb11b8462e: Log matching property violated. Preceding OpId in replica: term: 1 index: 1. Preceding OpId from leader: term: 1 index: 2. (index mismatch)
W20260710 13:20:09.547796 17552 consensus_peers.cc:597] T a3441663055f4edbbf3e3a859c672827 P 5b051976434b49a9995995eb11b8462e -> Peer 55d89277cd4c4ef59bebc57453da9a82 (127.16.20.68:41459): Couldn't send request to peer 55d89277cd4c4ef59bebc57453da9a82. Error code: TABLET_NOT_FOUND (6). Status: Not found: Tablet not found: a3441663055f4edbbf3e3a859c672827. This is attempt 1: this message will repeat every 5th retry.
I20260710 13:20:09.550382 18114 consensus_queue.cc:1048] T a3441663055f4edbbf3e3a859c672827 P 5b051976434b49a9995995eb11b8462e [LEADER]: Connected to new peer: Peer: permanent_uuid: "685bc413083a4fe7be8fc36077a6e4ce" member_type: VOTER last_known_addr { host: "127.16.20.67" port: 38297 } attrs { replace: true }, Status: LMP_MISMATCH, Last received: 0.0, Next index: 2, Last known committed idx: 1, Time since last communication: 0.001s
I20260710 13:20:09.555851 17662 raft_consensus.cc:1275] T a3441663055f4edbbf3e3a859c672827 P 8a2029523b334704ad9490d03d5a0169 [term 1 FOLLOWER]: Refusing update from remote peer 5b051976434b49a9995995eb11b8462e: Log matching property violated. Preceding OpId in replica: term: 1 index: 1. Preceding OpId from leader: term: 1 index: 2. (index mismatch)
I20260710 13:20:09.558706 18132 consensus_queue.cc:1048] T a3441663055f4edbbf3e3a859c672827 P 5b051976434b49a9995995eb11b8462e [LEADER]: Connected to new peer: Peer: permanent_uuid: "8a2029523b334704ad9490d03d5a0169" member_type: VOTER last_known_addr { host: "127.16.20.66" port: 41935 }, Status: LMP_MISMATCH, Last received: 0.0, Next index: 2, Last known committed idx: 1, Time since last communication: 0.000s
I20260710 13:20:09.572738 18114 raft_consensus.cc:2955] T a3441663055f4edbbf3e3a859c672827 P 5b051976434b49a9995995eb11b8462e [term 1 LEADER]: Committing config change with OpId 1.2: config changed from index -1 to 2, NON_VOTER 55d89277cd4c4ef59bebc57453da9a82 (127.16.20.68) added. New config: { opid_index: 2 OBSOLETE_local: false peers { permanent_uuid: "5b051976434b49a9995995eb11b8462e" member_type: VOTER last_known_addr { host: "127.16.20.65" port: 34407 } } peers { permanent_uuid: "8a2029523b334704ad9490d03d5a0169" member_type: VOTER last_known_addr { host: "127.16.20.66" port: 41935 } } peers { permanent_uuid: "685bc413083a4fe7be8fc36077a6e4ce" member_type: VOTER last_known_addr { host: "127.16.20.67" port: 38297 } attrs { replace: true } } peers { permanent_uuid: "55d89277cd4c4ef59bebc57453da9a82" member_type: NON_VOTER last_known_addr { host: "127.16.20.68" port: 41459 } attrs { promote: true } } }
I20260710 13:20:09.575284 17662 raft_consensus.cc:2955] T a3441663055f4edbbf3e3a859c672827 P 8a2029523b334704ad9490d03d5a0169 [term 1 FOLLOWER]: Committing config change with OpId 1.2: config changed from index -1 to 2, NON_VOTER 55d89277cd4c4ef59bebc57453da9a82 (127.16.20.68) added. New config: { opid_index: 2 OBSOLETE_local: false peers { permanent_uuid: "5b051976434b49a9995995eb11b8462e" member_type: VOTER last_known_addr { host: "127.16.20.65" port: 34407 } } peers { permanent_uuid: "8a2029523b334704ad9490d03d5a0169" member_type: VOTER last_known_addr { host: "127.16.20.66" port: 41935 } } peers { permanent_uuid: "685bc413083a4fe7be8fc36077a6e4ce" member_type: VOTER last_known_addr { host: "127.16.20.67" port: 38297 } attrs { replace: true } } peers { permanent_uuid: "55d89277cd4c4ef59bebc57453da9a82" member_type: NON_VOTER last_known_addr { host: "127.16.20.68" port: 41459 } attrs { promote: true } } }
I20260710 13:20:09.577572 17733 raft_consensus.cc:2955] T a3441663055f4edbbf3e3a859c672827 P 685bc413083a4fe7be8fc36077a6e4ce [term 1 FOLLOWER]: Committing config change with OpId 1.2: config changed from index -1 to 2, NON_VOTER 55d89277cd4c4ef59bebc57453da9a82 (127.16.20.68) added. New config: { opid_index: 2 OBSOLETE_local: false peers { permanent_uuid: "5b051976434b49a9995995eb11b8462e" member_type: VOTER last_known_addr { host: "127.16.20.65" port: 34407 } } peers { permanent_uuid: "8a2029523b334704ad9490d03d5a0169" member_type: VOTER last_known_addr { host: "127.16.20.66" port: 41935 } } peers { permanent_uuid: "685bc413083a4fe7be8fc36077a6e4ce" member_type: VOTER last_known_addr { host: "127.16.20.67" port: 38297 } attrs { replace: true } } peers { permanent_uuid: "55d89277cd4c4ef59bebc57453da9a82" member_type: NON_VOTER last_known_addr { host: "127.16.20.68" port: 41459 } attrs { promote: true } } }
I20260710 13:20:09.589707 17732 consensus_queue.cc:237] T f00f1b11c1054ca29fae9ee803f19e05 P 685bc413083a4fe7be8fc36077a6e4ce [LEADER]: Queue going to LEADER mode. State: All replicated index: 0, Majority replicated index: 1, Committed index: 1, Last appended: 1.1, Last appended by leader: 0, Current term: 1, Majority size: 2, State: 0, Mode: LEADER, active raft config: opid_index: 2 OBSOLETE_local: false peers { permanent_uuid: "5b051976434b49a9995995eb11b8462e" member_type: VOTER last_known_addr { host: "127.16.20.65" port: 34407 } attrs { replace: true } } peers { permanent_uuid: "8a2029523b334704ad9490d03d5a0169" member_type: VOTER last_known_addr { host: "127.16.20.66" port: 41935 } } peers { permanent_uuid: "685bc413083a4fe7be8fc36077a6e4ce" member_type: VOTER last_known_addr { host: "127.16.20.67" port: 38297 } } peers { permanent_uuid: "55d89277cd4c4ef59bebc57453da9a82" member_type: NON_VOTER last_known_addr { host: "127.16.20.68" port: 41459 } attrs { promote: true } }
I20260710 13:20:09.591148 17485 catalog_manager.cc:5697] T a3441663055f4edbbf3e3a859c672827 P 5b051976434b49a9995995eb11b8462e reported cstate change: config changed from index -1 to 2, NON_VOTER 55d89277cd4c4ef59bebc57453da9a82 (127.16.20.68) added. New cstate: current_term: 1 leader_uuid: "5b051976434b49a9995995eb11b8462e" committed_config { opid_index: 2 OBSOLETE_local: false peers { permanent_uuid: "5b051976434b49a9995995eb11b8462e" member_type: VOTER last_known_addr { host: "127.16.20.65" port: 34407 } health_report { overall_health: HEALTHY } } peers { permanent_uuid: "8a2029523b334704ad9490d03d5a0169" member_type: VOTER last_known_addr { host: "127.16.20.66" port: 41935 } health_report { overall_health: HEALTHY } } peers { permanent_uuid: "685bc413083a4fe7be8fc36077a6e4ce" member_type: VOTER last_known_addr { host: "127.16.20.67" port: 38297 } attrs { replace: true } health_report { overall_health: HEALTHY } } peers { permanent_uuid: "55d89277cd4c4ef59bebc57453da9a82" member_type: NON_VOTER last_known_addr { host: "127.16.20.68" port: 41459 } attrs { promote: true } health_report { overall_health: UNKNOWN } } }
I20260710 13:20:09.602191 17586 raft_consensus.cc:1275] T f00f1b11c1054ca29fae9ee803f19e05 P 5b051976434b49a9995995eb11b8462e [term 1 FOLLOWER]: Refusing update from remote peer 685bc413083a4fe7be8fc36077a6e4ce: Log matching property violated. Preceding OpId in replica: term: 1 index: 1. Preceding OpId from leader: term: 1 index: 2. (index mismatch)
I20260710 13:20:09.602191 17662 raft_consensus.cc:1275] T f00f1b11c1054ca29fae9ee803f19e05 P 8a2029523b334704ad9490d03d5a0169 [term 1 FOLLOWER]: Refusing update from remote peer 685bc413083a4fe7be8fc36077a6e4ce: Log matching property violated. Preceding OpId in replica: term: 1 index: 1. Preceding OpId from leader: term: 1 index: 2. (index mismatch)
W20260710 13:20:09.602699 17701 consensus_peers.cc:597] T f00f1b11c1054ca29fae9ee803f19e05 P 685bc413083a4fe7be8fc36077a6e4ce -> Peer 55d89277cd4c4ef59bebc57453da9a82 (127.16.20.68:41459): Couldn't send request to peer 55d89277cd4c4ef59bebc57453da9a82. Error code: TABLET_NOT_FOUND (6). Status: Not found: Tablet not found: f00f1b11c1054ca29fae9ee803f19e05. This is attempt 1: this message will repeat every 5th retry.
I20260710 13:20:09.603858 18141 consensus_queue.cc:1048] T f00f1b11c1054ca29fae9ee803f19e05 P 685bc413083a4fe7be8fc36077a6e4ce [LEADER]: Connected to new peer: Peer: permanent_uuid: "8a2029523b334704ad9490d03d5a0169" member_type: VOTER last_known_addr { host: "127.16.20.66" port: 41935 }, Status: LMP_MISMATCH, Last received: 0.0, Next index: 2, Last known committed idx: 1, Time since last communication: 0.000s
I20260710 13:20:09.609426 17875 consensus_queue.cc:1048] T f00f1b11c1054ca29fae9ee803f19e05 P 685bc413083a4fe7be8fc36077a6e4ce [LEADER]: Connected to new peer: Peer: permanent_uuid: "5b051976434b49a9995995eb11b8462e" member_type: VOTER last_known_addr { host: "127.16.20.65" port: 34407 } attrs { replace: true }, Status: LMP_MISMATCH, Last received: 0.0, Next index: 2, Last known committed idx: 1, Time since last communication: 0.001s
I20260710 13:20:09.614625 18140 raft_consensus.cc:2955] T f00f1b11c1054ca29fae9ee803f19e05 P 685bc413083a4fe7be8fc36077a6e4ce [term 1 LEADER]: Committing config change with OpId 1.2: config changed from index -1 to 2, NON_VOTER 55d89277cd4c4ef59bebc57453da9a82 (127.16.20.68) added. New config: { opid_index: 2 OBSOLETE_local: false peers { permanent_uuid: "5b051976434b49a9995995eb11b8462e" member_type: VOTER last_known_addr { host: "127.16.20.65" port: 34407 } attrs { replace: true } } peers { permanent_uuid: "8a2029523b334704ad9490d03d5a0169" member_type: VOTER last_known_addr { host: "127.16.20.66" port: 41935 } } peers { permanent_uuid: "685bc413083a4fe7be8fc36077a6e4ce" member_type: VOTER last_known_addr { host: "127.16.20.67" port: 38297 } } peers { permanent_uuid: "55d89277cd4c4ef59bebc57453da9a82" member_type: NON_VOTER last_known_addr { host: "127.16.20.68" port: 41459 } attrs { promote: true } } }
I20260710 13:20:09.625710 17662 raft_consensus.cc:2955] T f00f1b11c1054ca29fae9ee803f19e05 P 8a2029523b334704ad9490d03d5a0169 [term 1 FOLLOWER]: Committing config change with OpId 1.2: config changed from index -1 to 2, NON_VOTER 55d89277cd4c4ef59bebc57453da9a82 (127.16.20.68) added. New config: { opid_index: 2 OBSOLETE_local: false peers { permanent_uuid: "5b051976434b49a9995995eb11b8462e" member_type: VOTER last_known_addr { host: "127.16.20.65" port: 34407 } attrs { replace: true } } peers { permanent_uuid: "8a2029523b334704ad9490d03d5a0169" member_type: VOTER last_known_addr { host: "127.16.20.66" port: 41935 } } peers { permanent_uuid: "685bc413083a4fe7be8fc36077a6e4ce" member_type: VOTER last_known_addr { host: "127.16.20.67" port: 38297 } } peers { permanent_uuid: "55d89277cd4c4ef59bebc57453da9a82" member_type: NON_VOTER last_known_addr { host: "127.16.20.68" port: 41459 } attrs { promote: true } } }
I20260710 13:20:09.631608 17732 consensus_queue.cc:237] T e33387d160d4421499da54226ff01520 P 685bc413083a4fe7be8fc36077a6e4ce [LEADER]: Queue going to LEADER mode. State: All replicated index: 0, Majority replicated index: 1, Committed index: 1, Last appended: 1.1, Last appended by leader: 0, Current term: 1, Majority size: 2, State: 0, Mode: LEADER, active raft config: opid_index: 2 OBSOLETE_local: false peers { permanent_uuid: "5b051976434b49a9995995eb11b8462e" member_type: VOTER last_known_addr { host: "127.16.20.65" port: 34407 } } peers { permanent_uuid: "8a2029523b334704ad9490d03d5a0169" member_type: VOTER last_known_addr { host: "127.16.20.66" port: 41935 } attrs { replace: true } } peers { permanent_uuid: "685bc413083a4fe7be8fc36077a6e4ce" member_type: VOTER last_known_addr { host: "127.16.20.67" port: 38297 } } peers { permanent_uuid: "55d89277cd4c4ef59bebc57453da9a82" member_type: NON_VOTER last_known_addr { host: "127.16.20.68" port: 41459 } attrs { promote: true } }
I20260710 13:20:09.636996 17586 raft_consensus.cc:2955] T f00f1b11c1054ca29fae9ee803f19e05 P 5b051976434b49a9995995eb11b8462e [term 1 FOLLOWER]: Committing config change with OpId 1.2: config changed from index -1 to 2, NON_VOTER 55d89277cd4c4ef59bebc57453da9a82 (127.16.20.68) added. New config: { opid_index: 2 OBSOLETE_local: false peers { permanent_uuid: "5b051976434b49a9995995eb11b8462e" member_type: VOTER last_known_addr { host: "127.16.20.65" port: 34407 } attrs { replace: true } } peers { permanent_uuid: "8a2029523b334704ad9490d03d5a0169" member_type: VOTER last_known_addr { host: "127.16.20.66" port: 41935 } } peers { permanent_uuid: "685bc413083a4fe7be8fc36077a6e4ce" member_type: VOTER last_known_addr { host: "127.16.20.67" port: 38297 } } peers { permanent_uuid: "55d89277cd4c4ef59bebc57453da9a82" member_type: NON_VOTER last_known_addr { host: "127.16.20.68" port: 41459 } attrs { promote: true } } }
I20260710 13:20:09.643815 17482 catalog_manager.cc:5697] T f00f1b11c1054ca29fae9ee803f19e05 P 8a2029523b334704ad9490d03d5a0169 reported cstate change: config changed from index -1 to 2, NON_VOTER 55d89277cd4c4ef59bebc57453da9a82 (127.16.20.68) added. New cstate: current_term: 1 leader_uuid: "685bc413083a4fe7be8fc36077a6e4ce" committed_config { opid_index: 2 OBSOLETE_local: false peers { permanent_uuid: "5b051976434b49a9995995eb11b8462e" member_type: VOTER last_known_addr { host: "127.16.20.65" port: 34407 } attrs { replace: true } } peers { permanent_uuid: "8a2029523b334704ad9490d03d5a0169" member_type: VOTER last_known_addr { host: "127.16.20.66" port: 41935 } } peers { permanent_uuid: "685bc413083a4fe7be8fc36077a6e4ce" member_type: VOTER last_known_addr { host: "127.16.20.67" port: 38297 } } peers { permanent_uuid: "55d89277cd4c4ef59bebc57453da9a82" member_type: NON_VOTER last_known_addr { host: "127.16.20.68" port: 41459 } attrs { promote: true } } }
W20260710 13:20:09.655827 17701 consensus_peers.cc:597] T e33387d160d4421499da54226ff01520 P 685bc413083a4fe7be8fc36077a6e4ce -> Peer 55d89277cd4c4ef59bebc57453da9a82 (127.16.20.68:41459): Couldn't send request to peer 55d89277cd4c4ef59bebc57453da9a82. Error code: TABLET_NOT_FOUND (6). Status: Not found: Tablet not found: e33387d160d4421499da54226ff01520. This is attempt 1: this message will repeat every 5th retry.
I20260710 13:20:09.657111 17586 raft_consensus.cc:1275] T e33387d160d4421499da54226ff01520 P 5b051976434b49a9995995eb11b8462e [term 1 FOLLOWER]: Refusing update from remote peer 685bc413083a4fe7be8fc36077a6e4ce: Log matching property violated. Preceding OpId in replica: term: 1 index: 1. Preceding OpId from leader: term: 1 index: 2. (index mismatch)
I20260710 13:20:09.658722 18141 consensus_queue.cc:1048] T e33387d160d4421499da54226ff01520 P 685bc413083a4fe7be8fc36077a6e4ce [LEADER]: Connected to new peer: Peer: permanent_uuid: "5b051976434b49a9995995eb11b8462e" member_type: VOTER last_known_addr { host: "127.16.20.65" port: 34407 }, Status: LMP_MISMATCH, Last received: 0.0, Next index: 2, Last known committed idx: 1, Time since last communication: 0.000s
I20260710 13:20:09.662153 17662 raft_consensus.cc:1275] T e33387d160d4421499da54226ff01520 P 8a2029523b334704ad9490d03d5a0169 [term 1 FOLLOWER]: Refusing update from remote peer 685bc413083a4fe7be8fc36077a6e4ce: Log matching property violated. Preceding OpId in replica: term: 1 index: 1. Preceding OpId from leader: term: 1 index: 2. (index mismatch)
I20260710 13:20:09.663908 18141 consensus_queue.cc:1048] T e33387d160d4421499da54226ff01520 P 685bc413083a4fe7be8fc36077a6e4ce [LEADER]: Connected to new peer: Peer: permanent_uuid: "8a2029523b334704ad9490d03d5a0169" member_type: VOTER last_known_addr { host: "127.16.20.66" port: 41935 } attrs { replace: true }, Status: LMP_MISMATCH, Last received: 0.0, Next index: 2, Last known committed idx: 1, Time since last communication: 0.000s
I20260710 13:20:09.669761 18140 raft_consensus.cc:2955] T e33387d160d4421499da54226ff01520 P 685bc413083a4fe7be8fc36077a6e4ce [term 1 LEADER]: Committing config change with OpId 1.2: config changed from index -1 to 2, NON_VOTER 55d89277cd4c4ef59bebc57453da9a82 (127.16.20.68) added. New config: { opid_index: 2 OBSOLETE_local: false peers { permanent_uuid: "5b051976434b49a9995995eb11b8462e" member_type: VOTER last_known_addr { host: "127.16.20.65" port: 34407 } } peers { permanent_uuid: "8a2029523b334704ad9490d03d5a0169" member_type: VOTER last_known_addr { host: "127.16.20.66" port: 41935 } attrs { replace: true } } peers { permanent_uuid: "685bc413083a4fe7be8fc36077a6e4ce" member_type: VOTER last_known_addr { host: "127.16.20.67" port: 38297 } } peers { permanent_uuid: "55d89277cd4c4ef59bebc57453da9a82" member_type: NON_VOTER last_known_addr { host: "127.16.20.68" port: 41459 } attrs { promote: true } } }
I20260710 13:20:09.672022 17586 raft_consensus.cc:2955] T e33387d160d4421499da54226ff01520 P 5b051976434b49a9995995eb11b8462e [term 1 FOLLOWER]: Committing config change with OpId 1.2: config changed from index -1 to 2, NON_VOTER 55d89277cd4c4ef59bebc57453da9a82 (127.16.20.68) added. New config: { opid_index: 2 OBSOLETE_local: false peers { permanent_uuid: "5b051976434b49a9995995eb11b8462e" member_type: VOTER last_known_addr { host: "127.16.20.65" port: 34407 } } peers { permanent_uuid: "8a2029523b334704ad9490d03d5a0169" member_type: VOTER last_known_addr { host: "127.16.20.66" port: 41935 } attrs { replace: true } } peers { permanent_uuid: "685bc413083a4fe7be8fc36077a6e4ce" member_type: VOTER last_known_addr { host: "127.16.20.67" port: 38297 } } peers { permanent_uuid: "55d89277cd4c4ef59bebc57453da9a82" member_type: NON_VOTER last_known_addr { host: "127.16.20.68" port: 41459 } attrs { promote: true } } }
I20260710 13:20:09.674580 17662 raft_consensus.cc:2955] T e33387d160d4421499da54226ff01520 P 8a2029523b334704ad9490d03d5a0169 [term 1 FOLLOWER]: Committing config change with OpId 1.2: config changed from index -1 to 2, NON_VOTER 55d89277cd4c4ef59bebc57453da9a82 (127.16.20.68) added. New config: { opid_index: 2 OBSOLETE_local: false peers { permanent_uuid: "5b051976434b49a9995995eb11b8462e" member_type: VOTER last_known_addr { host: "127.16.20.65" port: 34407 } } peers { permanent_uuid: "8a2029523b334704ad9490d03d5a0169" member_type: VOTER last_known_addr { host: "127.16.20.66" port: 41935 } attrs { replace: true } } peers { permanent_uuid: "685bc413083a4fe7be8fc36077a6e4ce" member_type: VOTER last_known_addr { host: "127.16.20.67" port: 38297 } } peers { permanent_uuid: "55d89277cd4c4ef59bebc57453da9a82" member_type: NON_VOTER last_known_addr { host: "127.16.20.68" port: 41459 } attrs { promote: true } } }
I20260710 13:20:09.685060 17485 catalog_manager.cc:5697] T e33387d160d4421499da54226ff01520 P 685bc413083a4fe7be8fc36077a6e4ce reported cstate change: config changed from index -1 to 2, NON_VOTER 55d89277cd4c4ef59bebc57453da9a82 (127.16.20.68) added. New cstate: current_term: 1 leader_uuid: "685bc413083a4fe7be8fc36077a6e4ce" committed_config { opid_index: 2 OBSOLETE_local: false peers { permanent_uuid: "5b051976434b49a9995995eb11b8462e" member_type: VOTER last_known_addr { host: "127.16.20.65" port: 34407 } health_report { overall_health: HEALTHY } } peers { permanent_uuid: "8a2029523b334704ad9490d03d5a0169" member_type: VOTER last_known_addr { host: "127.16.20.66" port: 41935 } attrs { replace: true } health_report { overall_health: HEALTHY } } peers { permanent_uuid: "685bc413083a4fe7be8fc36077a6e4ce" member_type: VOTER last_known_addr { host: "127.16.20.67" port: 38297 } health_report { overall_health: HEALTHY } } peers { permanent_uuid: "55d89277cd4c4ef59bebc57453da9a82" member_type: NON_VOTER last_known_addr { host: "127.16.20.68" port: 41459 } attrs { promote: true } health_report { overall_health: UNKNOWN } } }
I20260710 13:20:09.915145 18147 ts_tablet_manager.cc:933] T 58f571e533c7411aaf7500107a4839d6 P 55d89277cd4c4ef59bebc57453da9a82: Initiating tablet copy from peer 8a2029523b334704ad9490d03d5a0169 (127.16.20.66:41935)
I20260710 13:20:09.917183 18147 tablet_copy_client.cc:323] T 58f571e533c7411aaf7500107a4839d6 P 55d89277cd4c4ef59bebc57453da9a82: tablet copy: Beginning tablet copy session from remote peer at address 127.16.20.66:41935
I20260710 13:20:09.919130 17672 tablet_copy_service.cc:140] P 8a2029523b334704ad9490d03d5a0169: Received BeginTabletCopySession request for tablet 58f571e533c7411aaf7500107a4839d6 from peer 55d89277cd4c4ef59bebc57453da9a82 ({username='slave'} at 127.0.0.1:55930)
I20260710 13:20:09.919694 17672 tablet_copy_service.cc:161] P 8a2029523b334704ad9490d03d5a0169: Beginning new tablet copy session on tablet 58f571e533c7411aaf7500107a4839d6 from peer 55d89277cd4c4ef59bebc57453da9a82 at {username='slave'} at 127.0.0.1:55930: session id = 55d89277cd4c4ef59bebc57453da9a82-58f571e533c7411aaf7500107a4839d6
I20260710 13:20:09.925143 17672 tablet_copy_source_session.cc:215] T 58f571e533c7411aaf7500107a4839d6 P 8a2029523b334704ad9490d03d5a0169: Tablet Copy: opened 0 blocks and 1 log segments
I20260710 13:20:09.927901 18147 data_dirs.cc:400] Could only allocate 1 dirs of requested 3 for tablet 58f571e533c7411aaf7500107a4839d6. 1 dirs total, 0 dirs full, 0 dirs failed
I20260710 13:20:09.938257 18147 tablet_copy_client.cc:806] T 58f571e533c7411aaf7500107a4839d6 P 55d89277cd4c4ef59bebc57453da9a82: tablet copy: Starting download of 0 data blocks...
I20260710 13:20:09.938831 18147 tablet_copy_client.cc:670] T 58f571e533c7411aaf7500107a4839d6 P 55d89277cd4c4ef59bebc57453da9a82: tablet copy: Starting download of 1 WAL segments...
I20260710 13:20:09.942503 18147 tablet_copy_client.cc:538] T 58f571e533c7411aaf7500107a4839d6 P 55d89277cd4c4ef59bebc57453da9a82: tablet copy: Tablet Copy complete. Replacing tablet superblock.
I20260710 13:20:09.948547 18147 tablet_bootstrap.cc:492] T 58f571e533c7411aaf7500107a4839d6 P 55d89277cd4c4ef59bebc57453da9a82: Bootstrap starting.
I20260710 13:20:09.964880 18147 tablet_bootstrap.cc:492] T 58f571e533c7411aaf7500107a4839d6 P 55d89277cd4c4ef59bebc57453da9a82: Bootstrap replayed 1/1 log segments. Stats: ops{read=2 overwritten=0 applied=2 ignored=0} inserts{seen=0 ignored=0} mutations{seen=0 ignored=0} orphaned_commits=0. Pending: 0 replicates
I20260710 13:20:09.965639 18147 tablet_bootstrap.cc:492] T 58f571e533c7411aaf7500107a4839d6 P 55d89277cd4c4ef59bebc57453da9a82: Bootstrap complete.
I20260710 13:20:09.966360 18147 ts_tablet_manager.cc:1403] T 58f571e533c7411aaf7500107a4839d6 P 55d89277cd4c4ef59bebc57453da9a82: Time spent bootstrapping tablet: real 0.018s	user 0.012s	sys 0.004s
I20260710 13:20:09.969815 18147 raft_consensus.cc:359] T 58f571e533c7411aaf7500107a4839d6 P 55d89277cd4c4ef59bebc57453da9a82 [term 1 LEARNER]: Replica starting. Triggering 0 pending ops. Active config: opid_index: 2 OBSOLETE_local: false peers { permanent_uuid: "5b051976434b49a9995995eb11b8462e" member_type: VOTER last_known_addr { host: "127.16.20.65" port: 34407 } attrs { replace: true } } peers { permanent_uuid: "8a2029523b334704ad9490d03d5a0169" member_type: VOTER last_known_addr { host: "127.16.20.66" port: 41935 } } peers { permanent_uuid: "685bc413083a4fe7be8fc36077a6e4ce" member_type: VOTER last_known_addr { host: "127.16.20.67" port: 38297 } } peers { permanent_uuid: "55d89277cd4c4ef59bebc57453da9a82" member_type: NON_VOTER last_known_addr { host: "127.16.20.68" port: 41459 } attrs { promote: true } }
I20260710 13:20:09.970502 18147 raft_consensus.cc:740] T 58f571e533c7411aaf7500107a4839d6 P 55d89277cd4c4ef59bebc57453da9a82 [term 1 LEARNER]: Becoming Follower/Learner. State: Replica: 55d89277cd4c4ef59bebc57453da9a82, State: Initialized, Role: LEARNER
I20260710 13:20:09.971033 18147 consensus_queue.cc:260] T 58f571e533c7411aaf7500107a4839d6 P 55d89277cd4c4ef59bebc57453da9a82 [NON_LEADER]: Queue going to NON_LEADER mode. State: All replicated index: 0, Majority replicated index: 0, Committed index: 2, Last appended: 1.2, Last appended by leader: 2, Current term: 0, Majority size: -1, State: 0, Mode: NON_LEADER, active raft config: opid_index: 2 OBSOLETE_local: false peers { permanent_uuid: "5b051976434b49a9995995eb11b8462e" member_type: VOTER last_known_addr { host: "127.16.20.65" port: 34407 } attrs { replace: true } } peers { permanent_uuid: "8a2029523b334704ad9490d03d5a0169" member_type: VOTER last_known_addr { host: "127.16.20.66" port: 41935 } } peers { permanent_uuid: "685bc413083a4fe7be8fc36077a6e4ce" member_type: VOTER last_known_addr { host: "127.16.20.67" port: 38297 } } peers { permanent_uuid: "55d89277cd4c4ef59bebc57453da9a82" member_type: NON_VOTER last_known_addr { host: "127.16.20.68" port: 41459 } attrs { promote: true } }
I20260710 13:20:09.973855 18147 ts_tablet_manager.cc:1434] T 58f571e533c7411aaf7500107a4839d6 P 55d89277cd4c4ef59bebc57453da9a82: Time spent starting tablet: real 0.007s	user 0.002s	sys 0.003s
I20260710 13:20:09.975601 17672 tablet_copy_service.cc:342] P 8a2029523b334704ad9490d03d5a0169: Request end of tablet copy session 55d89277cd4c4ef59bebc57453da9a82-58f571e533c7411aaf7500107a4839d6 received from {username='slave'} at 127.0.0.1:55930
I20260710 13:20:09.976016 17672 tablet_copy_service.cc:434] P 8a2029523b334704ad9490d03d5a0169: ending tablet copy session 55d89277cd4c4ef59bebc57453da9a82-58f571e533c7411aaf7500107a4839d6 on tablet 58f571e533c7411aaf7500107a4839d6 with peer 55d89277cd4c4ef59bebc57453da9a82
I20260710 13:20:10.037765 18147 ts_tablet_manager.cc:933] T f00f1b11c1054ca29fae9ee803f19e05 P 55d89277cd4c4ef59bebc57453da9a82: Initiating tablet copy from peer 685bc413083a4fe7be8fc36077a6e4ce (127.16.20.67:38297)
I20260710 13:20:10.039575 18147 tablet_copy_client.cc:323] T f00f1b11c1054ca29fae9ee803f19e05 P 55d89277cd4c4ef59bebc57453da9a82: tablet copy: Beginning tablet copy session from remote peer at address 127.16.20.67:38297
I20260710 13:20:10.041262 17746 tablet_copy_service.cc:140] P 685bc413083a4fe7be8fc36077a6e4ce: Received BeginTabletCopySession request for tablet f00f1b11c1054ca29fae9ee803f19e05 from peer 55d89277cd4c4ef59bebc57453da9a82 ({username='slave'} at 127.0.0.1:59838)
I20260710 13:20:10.041800 17746 tablet_copy_service.cc:161] P 685bc413083a4fe7be8fc36077a6e4ce: Beginning new tablet copy session on tablet f00f1b11c1054ca29fae9ee803f19e05 from peer 55d89277cd4c4ef59bebc57453da9a82 at {username='slave'} at 127.0.0.1:59838: session id = 55d89277cd4c4ef59bebc57453da9a82-f00f1b11c1054ca29fae9ee803f19e05
I20260710 13:20:10.050977 17746 tablet_copy_source_session.cc:215] T f00f1b11c1054ca29fae9ee803f19e05 P 685bc413083a4fe7be8fc36077a6e4ce: Tablet Copy: opened 0 blocks and 1 log segments
I20260710 13:20:10.053781 18147 data_dirs.cc:400] Could only allocate 1 dirs of requested 3 for tablet f00f1b11c1054ca29fae9ee803f19e05. 1 dirs total, 0 dirs full, 0 dirs failed
I20260710 13:20:10.066288 18147 tablet_copy_client.cc:806] T f00f1b11c1054ca29fae9ee803f19e05 P 55d89277cd4c4ef59bebc57453da9a82: tablet copy: Starting download of 0 data blocks...
I20260710 13:20:10.066844 18147 tablet_copy_client.cc:670] T f00f1b11c1054ca29fae9ee803f19e05 P 55d89277cd4c4ef59bebc57453da9a82: tablet copy: Starting download of 1 WAL segments...
I20260710 13:20:10.070116 18147 tablet_copy_client.cc:538] T f00f1b11c1054ca29fae9ee803f19e05 P 55d89277cd4c4ef59bebc57453da9a82: tablet copy: Tablet Copy complete. Replacing tablet superblock.
I20260710 13:20:10.076164 18147 tablet_bootstrap.cc:492] T f00f1b11c1054ca29fae9ee803f19e05 P 55d89277cd4c4ef59bebc57453da9a82: Bootstrap starting.
I20260710 13:20:10.091674 18147 tablet_bootstrap.cc:492] T f00f1b11c1054ca29fae9ee803f19e05 P 55d89277cd4c4ef59bebc57453da9a82: Bootstrap replayed 1/1 log segments. Stats: ops{read=2 overwritten=0 applied=2 ignored=0} inserts{seen=0 ignored=0} mutations{seen=0 ignored=0} orphaned_commits=0. Pending: 0 replicates
I20260710 13:20:10.092391 18147 tablet_bootstrap.cc:492] T f00f1b11c1054ca29fae9ee803f19e05 P 55d89277cd4c4ef59bebc57453da9a82: Bootstrap complete.
I20260710 13:20:10.092940 18147 ts_tablet_manager.cc:1403] T f00f1b11c1054ca29fae9ee803f19e05 P 55d89277cd4c4ef59bebc57453da9a82: Time spent bootstrapping tablet: real 0.017s	user 0.010s	sys 0.006s
I20260710 13:20:10.095263 18147 raft_consensus.cc:359] T f00f1b11c1054ca29fae9ee803f19e05 P 55d89277cd4c4ef59bebc57453da9a82 [term 1 LEARNER]: Replica starting. Triggering 0 pending ops. Active config: opid_index: 2 OBSOLETE_local: false peers { permanent_uuid: "5b051976434b49a9995995eb11b8462e" member_type: VOTER last_known_addr { host: "127.16.20.65" port: 34407 } attrs { replace: true } } peers { permanent_uuid: "8a2029523b334704ad9490d03d5a0169" member_type: VOTER last_known_addr { host: "127.16.20.66" port: 41935 } } peers { permanent_uuid: "685bc413083a4fe7be8fc36077a6e4ce" member_type: VOTER last_known_addr { host: "127.16.20.67" port: 38297 } } peers { permanent_uuid: "55d89277cd4c4ef59bebc57453da9a82" member_type: NON_VOTER last_known_addr { host: "127.16.20.68" port: 41459 } attrs { promote: true } }
I20260710 13:20:10.095903 18147 raft_consensus.cc:740] T f00f1b11c1054ca29fae9ee803f19e05 P 55d89277cd4c4ef59bebc57453da9a82 [term 1 LEARNER]: Becoming Follower/Learner. State: Replica: 55d89277cd4c4ef59bebc57453da9a82, State: Initialized, Role: LEARNER
I20260710 13:20:10.096382 18147 consensus_queue.cc:260] T f00f1b11c1054ca29fae9ee803f19e05 P 55d89277cd4c4ef59bebc57453da9a82 [NON_LEADER]: Queue going to NON_LEADER mode. State: All replicated index: 0, Majority replicated index: 0, Committed index: 2, Last appended: 1.2, Last appended by leader: 2, Current term: 0, Majority size: -1, State: 0, Mode: NON_LEADER, active raft config: opid_index: 2 OBSOLETE_local: false peers { permanent_uuid: "5b051976434b49a9995995eb11b8462e" member_type: VOTER last_known_addr { host: "127.16.20.65" port: 34407 } attrs { replace: true } } peers { permanent_uuid: "8a2029523b334704ad9490d03d5a0169" member_type: VOTER last_known_addr { host: "127.16.20.66" port: 41935 } } peers { permanent_uuid: "685bc413083a4fe7be8fc36077a6e4ce" member_type: VOTER last_known_addr { host: "127.16.20.67" port: 38297 } } peers { permanent_uuid: "55d89277cd4c4ef59bebc57453da9a82" member_type: NON_VOTER last_known_addr { host: "127.16.20.68" port: 41459 } attrs { promote: true } }
I20260710 13:20:10.098042 18147 ts_tablet_manager.cc:1434] T f00f1b11c1054ca29fae9ee803f19e05 P 55d89277cd4c4ef59bebc57453da9a82: Time spent starting tablet: real 0.005s	user 0.000s	sys 0.003s
I20260710 13:20:10.100448 17746 tablet_copy_service.cc:342] P 685bc413083a4fe7be8fc36077a6e4ce: Request end of tablet copy session 55d89277cd4c4ef59bebc57453da9a82-f00f1b11c1054ca29fae9ee803f19e05 received from {username='slave'} at 127.0.0.1:59838
I20260710 13:20:10.100855 17746 tablet_copy_service.cc:434] P 685bc413083a4fe7be8fc36077a6e4ce: ending tablet copy session 55d89277cd4c4ef59bebc57453da9a82-f00f1b11c1054ca29fae9ee803f19e05 on tablet f00f1b11c1054ca29fae9ee803f19e05 with peer 55d89277cd4c4ef59bebc57453da9a82
I20260710 13:20:10.106514 18147 ts_tablet_manager.cc:933] T e33387d160d4421499da54226ff01520 P 55d89277cd4c4ef59bebc57453da9a82: Initiating tablet copy from peer 685bc413083a4fe7be8fc36077a6e4ce (127.16.20.67:38297)
